[INFO] fetching crate rpa_enum 0.1.2...
[INFO] checking rpa_enum-0.1.2 against beta-2020-07-24 for pr-75494-beta
[INFO] extracting crate rpa_enum 0.1.2 into /workspace/builds/worker-0/source
[INFO] validating manifest of crates.io crate rpa_enum 0.1.2 on toolchain beta-2020-07-24
[INFO] running `Command { std: "/workspace/cargo-home/bin/cargo" "+beta-2020-07-24" "read-manifest" "--manifest-path" "Cargo.toml", kill_on_drop: false }`
[INFO] started tweaking crates.io crate rpa_enum 0.1.2
[INFO] finished tweaking crates.io crate rpa_enum 0.1.2
[INFO] tweaked toml for crates.io crate rpa_enum 0.1.2 written to /workspace/builds/worker-0/source/Cargo.toml
[INFO] running `Command { std: "/workspace/cargo-home/bin/cargo" "+beta-2020-07-24" "generate-lockfile" "--manifest-path" "Cargo.toml" "-Zno-index-update", kill_on_drop: false }`
[INFO] running `Command { std: "/workspace/cargo-home/bin/cargo" "+beta-2020-07-24" "fetch" "--locked" "--manifest-path" "Cargo.toml", kill_on_drop: false }`
[INFO] running `Command { std: "docker" "create" "-v" "/var/lib/crater-agent-workspace/builds/worker-0/target:/opt/rustwide/target:rw,Z" "-v" "/var/lib/crater-agent-workspace/builds/worker-0/source:/opt/rustwide/workdir:ro,Z" "-v" "/var/lib/crater-agent-workspace/cargo-home:/opt/rustwide/cargo-home:ro,Z" "-v" "/var/lib/crater-agent-workspace/rustup-home:/opt/rustwide/rustup-home:ro,Z" "-e" "SOURCE_DIR=/opt/rustwide/workdir" "-e" "CARGO_TARGET_DIR=/opt/rustwide/target" "-e" "CARGO_HOME=/opt/rustwide/cargo-home" "-e" "RUSTUP_HOME=/opt/rustwide/rustup-home" "-w" "/opt/rustwide/workdir" "-m" "1610612736" "--user" "0:0" "--network" "none" "rustops/crates-build-env@sha256:a636fd89d022f18117e1dc8fb37a0a009933cdbbe082814857f0e2024962d47c" "/opt/rustwide/cargo-home/bin/cargo" "+beta-2020-07-24" "metadata" "--no-deps" "--format-version=1", kill_on_drop: false }`
[INFO] [stderr] WARNING: Your kernel does not support swap limit capabilities or the cgroup is not mounted. Memory limited without swap.
[INFO] [stdout] 9d77f1b510c70e8cdbd80d16675a6df3ba63b5ae8d8707ea2b18a318acdde08b
[INFO] running `Command { std: "docker" "start" "-a" "9d77f1b510c70e8cdbd80d16675a6df3ba63b5ae8d8707ea2b18a318acdde08b", kill_on_drop: false }`
[INFO] running `Command { std: "docker" "inspect" "9d77f1b510c70e8cdbd80d16675a6df3ba63b5ae8d8707ea2b18a318acdde08b", kill_on_drop: false }`
[INFO] running `Command { std: "docker" "rm" "-f" "9d77f1b510c70e8cdbd80d16675a6df3ba63b5ae8d8707ea2b18a318acdde08b", kill_on_drop: false }`
[INFO] [stdout] 9d77f1b510c70e8cdbd80d16675a6df3ba63b5ae8d8707ea2b18a318acdde08b
[INFO] running `Command { std: "docker" "create" "-v" "/var/lib/crater-agent-workspace/builds/worker-0/target:/opt/rustwide/target:rw,Z" "-v" "/var/lib/crater-agent-workspace/builds/worker-0/source:/opt/rustwide/workdir:ro,Z" "-v" "/var/lib/crater-agent-workspace/cargo-home:/opt/rustwide/cargo-home:ro,Z" "-v" "/var/lib/crater-agent-workspace/rustup-home:/opt/rustwide/rustup-home:ro,Z" "-e" "SOURCE_DIR=/opt/rustwide/workdir" "-e" "CARGO_TARGET_DIR=/opt/rustwide/target" "-e" "CARGO_INCREMENTAL=0" "-e" "RUST_BACKTRACE=full" "-e" "RUSTFLAGS=--cap-lints=forbid" "-e" "CARGO_HOME=/opt/rustwide/cargo-home" "-e" "RUSTUP_HOME=/opt/rustwide/rustup-home" "-w" "/opt/rustwide/workdir" "-m" "1610612736" "--user" "0:0" "--network" "none" "rustops/crates-build-env@sha256:a636fd89d022f18117e1dc8fb37a0a009933cdbbe082814857f0e2024962d47c" "/opt/rustwide/cargo-home/bin/cargo" "+beta-2020-07-24" "check" "--frozen" "--all" "--all-targets" "--message-format=json", kill_on_drop: false }`
[INFO] [stdout] 52312173725b05292de237ad701e83ffe27cfb6d53373d61d1abecb4b0d1d9f8
[INFO] [stderr] WARNING: Your kernel does not support swap limit capabilities or the cgroup is not mounted. Memory limited without swap.
[INFO] running `Command { std: "docker" "start" "-a" "52312173725b05292de237ad701e83ffe27cfb6d53373d61d1abecb4b0d1d9f8", kill_on_drop: false }`
[INFO] [stderr]    Compiling memchr v2.3.3
[INFO] [stderr]    Compiling unicode-xid v0.1.0
[INFO] [stderr]    Compiling proc-macro2 v1.0.19
[INFO] [stderr]     Checking unicode-xid v0.2.1
[INFO] [stderr]     Checking lazy_static v1.4.0
[INFO] [stderr]     Checking regex-syntax v0.6.18
[INFO] [stderr]    Compiling syn v1.0.39
[INFO] [stderr]    Compiling type-info v0.2.1
[INFO] [stdout] error[E0554]: `#![feature]` may not be used on the beta release channel
[INFO] [stdout]    --> /opt/rustwide/cargo-home/registry/src/github.com-1ecc6299db9ec823/type-info-0.2.1/src/lib.rs:107:1
[INFO] [stdout]     |
[INFO] [stdout] 107 | #![feature(const_type_id)]
[INFO] [stdout]     | ^^^^^^^^^^^^^^^^^^^^^^^^^^
[INFO] [stdout] 
[INFO] [stdout] 
[INFO] [stdout] error[E0554]: `#![feature]` may not be used on the beta release channel
[INFO] [stdout]    --> /opt/rustwide/cargo-home/registry/src/github.com-1ecc6299db9ec823/type-info-0.2.1/src/lib.rs:108:1
[INFO] [stdout]     |
[INFO] [stdout] 108 | #![feature(specialization)]
[INFO] [stdout]     | ^^^^^^^^^^^^^^^^^^^^^^^^^^^
[INFO] [stdout] 
[INFO] [stdout] 
[INFO] [stderr]    Compiling proc-macro2 v0.3.8
[INFO] [stdout] error[E0554]: `#![feature]` may not be used on the beta release channel
[INFO] [stdout]    --> /opt/rustwide/cargo-home/registry/src/github.com-1ecc6299db9ec823/type-info-0.2.1/src/lib.rs:107:1
[INFO] [stdout]     |
[INFO] [stdout] 107 | #![feature(const_type_id)]
[INFO] [stdout]     | ^^^^^^^^^^^^^^^^^^^^^^^^^^
[INFO] [stdout] 
[INFO] [stdout] 
[INFO] [stdout] error[E0554]: `#![feature]` may not be used on the beta release channel
[INFO] [stdout]    --> /opt/rustwide/cargo-home/registry/src/github.com-1ecc6299db9ec823/type-info-0.2.1/src/lib.rs:108:1
[INFO] [stdout]     |
[INFO] [stdout] 108 | #![feature(specialization)]
[INFO] [stdout]     | ^^^^^^^^^^^^^^^^^^^^^^^^^^^
[INFO] [stdout] 
[INFO] [stdout] 
[INFO] [stderr]     Checking thread_local v1.0.1
[INFO] [stdout] error: aborting due to 2 previous errors
[INFO] [stdout] 
[INFO] [stdout] 
[INFO] [stdout] error: aborting due to 2 previous errors
[INFO] [stdout] 
[INFO] [stdout] 
[INFO] [stdout] For more information about this error, try `rustc --explain E0554`.
[INFO] [stdout] 
[INFO] [stderr] error: could not compile `type-info`.
[INFO] [stderr] 
[INFO] [stderr] To learn more, run the command again with --verbose.
[INFO] [stderr] warning: build failed, waiting for other jobs to finish...
[INFO] [stdout] For more information about this error, try `rustc --explain E0554`.
[INFO] [stdout] 
[INFO] [stderr] error: build failed
[INFO] running `Command { std: "docker" "inspect" "52312173725b05292de237ad701e83ffe27cfb6d53373d61d1abecb4b0d1d9f8", kill_on_drop: false }`
[INFO] running `Command { std: "docker" "rm" "-f" "52312173725b05292de237ad701e83ffe27cfb6d53373d61d1abecb4b0d1d9f8", kill_on_drop: false }`
[INFO] [stdout] 52312173725b05292de237ad701e83ffe27cfb6d53373d61d1abecb4b0d1d9f8
