[INFO] fetching crate rovr 0.0.2...
[INFO] checking rovr-0.0.2 against beta-2020-07-24 for pr-75494-beta
[INFO] extracting crate rovr 0.0.2 into /workspace/builds/worker-13/source
[INFO] validating manifest of crates.io crate rovr 0.0.2 on toolchain beta-2020-07-24
[INFO] running `Command { std: "/workspace/cargo-home/bin/cargo" "+beta-2020-07-24" "read-manifest" "--manifest-path" "Cargo.toml", kill_on_drop: false }`
[INFO] started tweaking crates.io crate rovr 0.0.2
[INFO] finished tweaking crates.io crate rovr 0.0.2
[INFO] tweaked toml for crates.io crate rovr 0.0.2 written to /workspace/builds/worker-13/source/Cargo.toml
[INFO] running `Command { std: "/workspace/cargo-home/bin/cargo" "+beta-2020-07-24" "generate-lockfile" "--manifest-path" "Cargo.toml" "-Zno-index-update", kill_on_drop: false }`
[INFO] running `Command { std: "/workspace/cargo-home/bin/cargo" "+beta-2020-07-24" "fetch" "--locked" "--manifest-path" "Cargo.toml", kill_on_drop: false }`
[INFO] [stderr]     Blocking waiting for file lock on package cache
[INFO] running `Command { std: "docker" "create" "-v" "/var/lib/crater-agent-workspace/builds/worker-13/target:/opt/rustwide/target:rw,Z" "-v" "/var/lib/crater-agent-workspace/builds/worker-13/source:/opt/rustwide/workdir:ro,Z" "-v" "/var/lib/crater-agent-workspace/cargo-home:/opt/rustwide/cargo-home:ro,Z" "-v" "/var/lib/crater-agent-workspace/rustup-home:/opt/rustwide/rustup-home:ro,Z" "-e" "SOURCE_DIR=/opt/rustwide/workdir" "-e" "CARGO_TARGET_DIR=/opt/rustwide/target" "-e" "CARGO_HOME=/opt/rustwide/cargo-home" "-e" "RUSTUP_HOME=/opt/rustwide/rustup-home" "-w" "/opt/rustwide/workdir" "-m" "1610612736" "--user" "0:0" "--network" "none" "rustops/crates-build-env@sha256:a636fd89d022f18117e1dc8fb37a0a009933cdbbe082814857f0e2024962d47c" "/opt/rustwide/cargo-home/bin/cargo" "+beta-2020-07-24" "metadata" "--no-deps" "--format-version=1", kill_on_drop: false }`
[INFO] [stdout] 84cfd78069adde90b8c8185877712ac691dd43153575375fd4ba9964127ef126
[INFO] [stderr] WARNING: Your kernel does not support swap limit capabilities or the cgroup is not mounted. Memory limited without swap.
[INFO] running `Command { std: "docker" "start" "-a" "84cfd78069adde90b8c8185877712ac691dd43153575375fd4ba9964127ef126", kill_on_drop: false }`
[INFO] running `Command { std: "docker" "inspect" "84cfd78069adde90b8c8185877712ac691dd43153575375fd4ba9964127ef126", kill_on_drop: false }`
[INFO] running `Command { std: "docker" "rm" "-f" "84cfd78069adde90b8c8185877712ac691dd43153575375fd4ba9964127ef126", kill_on_drop: false }`
[INFO] [stdout] 84cfd78069adde90b8c8185877712ac691dd43153575375fd4ba9964127ef126
[INFO] running `Command { std: "docker" "create" "-v" "/var/lib/crater-agent-workspace/builds/worker-13/target:/opt/rustwide/target:rw,Z" "-v" "/var/lib/crater-agent-workspace/builds/worker-13/source:/opt/rustwide/workdir:ro,Z" "-v" "/var/lib/crater-agent-workspace/cargo-home:/opt/rustwide/cargo-home:ro,Z" "-v" "/var/lib/crater-agent-workspace/rustup-home:/opt/rustwide/rustup-home:ro,Z" "-e" "SOURCE_DIR=/opt/rustwide/workdir" "-e" "CARGO_TARGET_DIR=/opt/rustwide/target" "-e" "CARGO_INCREMENTAL=0" "-e" "RUST_BACKTRACE=full" "-e" "RUSTFLAGS=--cap-lints=forbid" "-e" "CARGO_HOME=/opt/rustwide/cargo-home" "-e" "RUSTUP_HOME=/opt/rustwide/rustup-home" "-w" "/opt/rustwide/workdir" "-m" "1610612736" "--user" "0:0" "--network" "none" "rustops/crates-build-env@sha256:a636fd89d022f18117e1dc8fb37a0a009933cdbbe082814857f0e2024962d47c" "/opt/rustwide/cargo-home/bin/cargo" "+beta-2020-07-24" "check" "--frozen" "--all" "--all-targets" "--message-format=json", kill_on_drop: false }`
[INFO] [stdout] 134658a2d7a2e2a3781e56f03c6f39e5dc711aab0b925f1cc348ec3bc76afcfb
[INFO] [stderr] WARNING: Your kernel does not support swap limit capabilities or the cgroup is not mounted. Memory limited without swap.
[INFO] running `Command { std: "docker" "start" "-a" "134658a2d7a2e2a3781e56f03c6f39e5dc711aab0b925f1cc348ec3bc76afcfb", kill_on_drop: false }`
[INFO] [stderr]    Compiling libc v0.2.76
[INFO] [stderr]    Compiling autocfg v1.0.1
[INFO] [stderr]    Compiling log v0.4.11
[INFO] [stderr]    Compiling cfg-if v0.1.10
[INFO] [stderr]    Compiling khronos_api v0.0.8
[INFO] [stderr]    Compiling khronos_api v0.0.5
[INFO] [stderr]    Compiling getrandom v0.1.14
[INFO] [stderr]     Checking remove_dir_all v0.5.3
[INFO] [stderr]     Checking libc v0.1.12
[INFO] [stderr]     Checking lazy_static v1.4.0
[INFO] [stderr]     Checking bitflags v0.1.1
[INFO] [stderr]     Checking lazy_static v0.1.16
[INFO] [stderr]     Checking ppv-lite86 v0.2.9
[INFO] [stderr]     Checking rustc-serialize v0.3.24
[INFO] [stderr]     Checking wayland-client v0.1.8
[INFO] [stdout] error[E0517]: attribute should be applied to struct, enum, or union
[INFO] [stdout]   --> /opt/rustwide/cargo-home/registry/src/github.com-1ecc6299db9ec823/wayland-client-0.1.8/src/ffi/abi.rs:45:8
[INFO] [stdout]    |
[INFO] [stdout] 45 |   #[repr(C)] pub type wl_dispatcher_func_t = extern fn(*const c_void, 
[INFO] [stdout]    |  ________^___-
[INFO] [stdout] 46 | |                                                      *mut c_void,
[INFO] [stdout] 47 | |                                                      uint32_t,
[INFO] [stdout] 48 | |                                                      *const wl_message,
[INFO] [stdout] 49 | |                                                      *mut wl_argument
[INFO] [stdout] 50 | |                                                     );
[INFO] [stdout]    | |______________________________________________________- not a struct, enum, or union
[INFO] [stdout] 
[INFO] [stdout] 
[INFO] [stdout] error[E0517]: attribute should be applied to struct, enum, or union
[INFO] [stdout]   --> /opt/rustwide/cargo-home/registry/src/github.com-1ecc6299db9ec823/wayland-client-0.1.8/src/ffi/abi.rs:51:8
[INFO] [stdout]    |
[INFO] [stdout] 51 | #[repr(C)] pub type wl_log_func_t = extern fn(_: *const c_char, ...);
[INFO] [stdout]    |        ^   ---------------------------------------------------------- not a struct, enum, or union
[INFO] [stdout] 
[INFO] [stdout] 
[INFO] [stdout] error[E0517]: attribute should be applied to struct, enum, or union
[INFO] [stdout]   --> /opt/rustwide/cargo-home/registry/src/github.com-1ecc6299db9ec823/wayland-client-0.1.8/src/ffi/abi.rs:53:8
[INFO] [stdout]    |
[INFO] [stdout] 53 | #[repr(C)] pub type wl_fixed_t = int32_t;
[INFO] [stdout]    |        ^   ------------------------------ not a struct, enum, or union
[INFO] [stdout] 
[INFO] [stdout] 
[INFO] [stderr]    Compiling num-traits v0.2.12
[INFO] [stderr]    Compiling num-integer v0.1.43
[INFO] [stderr]    Compiling num-bigint v0.3.0
[INFO] [stderr]    Compiling num-iter v0.1.41
[INFO] [stderr]    Compiling num-rational v0.3.0
[INFO] [stdout] error[E0277]: the size for values of type `Self` cannot be known at compilation time
[INFO] [stdout]    --> /opt/rustwide/cargo-home/registry/src/github.com-1ecc6299db9ec823/wayland-client-0.1.8/src/core/mod.rs:57:26
[INFO] [stdout]     |
[INFO] [stdout] 57  |     fn from(other: T) -> Option<Self>;
[INFO] [stdout]     |                          ^^^^^^^^^^^^ doesn't have a size known at compile-time
[INFO] [stdout]     |
[INFO] [stdout]     = help: the trait `std::marker::Sized` is not implemented for `Self`
[INFO] [stdout]     = note: to learn more, visit <https://doc.rust-lang.org/book/ch19-04-advanced-types.html#dynamically-sized-types-and-the-sized-trait>
[INFO] [stdout] help: consider further restricting `Self`
[INFO] [stdout]     |
[INFO] [stdout] 57  |     fn from(other: T) -> Option<Self> where Self: std::marker::Sized;
[INFO] [stdout]     |                                       ^^^^^^^^^^^^^^^^^^^^^^^^^^^^^^
[INFO] [stdout] 
[INFO] [stdout] 
[INFO] [stdout] error: aborting due to 4 previous errors
[INFO] [stdout] 
[INFO] [stdout] 
[INFO] [stdout] Some errors have detailed explanations: E0277, E0517.
[INFO] [stdout] 
[INFO] [stdout] For more information about an error, try `rustc --explain E0277`.
[INFO] [stdout] 
[INFO] [stderr] error: could not compile `wayland-client`.
[INFO] [stderr] 
[INFO] [stderr] To learn more, run the command again with --verbose.
[INFO] [stderr] warning: build failed, waiting for other jobs to finish...
[INFO] [stderr] error: build failed
[INFO] running `Command { std: "docker" "inspect" "134658a2d7a2e2a3781e56f03c6f39e5dc711aab0b925f1cc348ec3bc76afcfb", kill_on_drop: false }`
[INFO] running `Command { std: "docker" "rm" "-f" "134658a2d7a2e2a3781e56f03c6f39e5dc711aab0b925f1cc348ec3bc76afcfb", kill_on_drop: false }`
[INFO] [stdout] 134658a2d7a2e2a3781e56f03c6f39e5dc711aab0b925f1cc348ec3bc76afcfb
