[INFO] fetching crate riker-cqrs 0.2.3...
[INFO] checking riker-cqrs-0.2.3 against beta-2020-07-24 for pr-75494-beta
[INFO] extracting crate riker-cqrs 0.2.3 into /workspace/builds/worker-10/source
[INFO] validating manifest of crates.io crate riker-cqrs 0.2.3 on toolchain beta-2020-07-24
[INFO] running `Command { std: "/workspace/cargo-home/bin/cargo" "+beta-2020-07-24" "read-manifest" "--manifest-path" "Cargo.toml", kill_on_drop: false }`
[INFO] started tweaking crates.io crate riker-cqrs 0.2.3
[INFO] finished tweaking crates.io crate riker-cqrs 0.2.3
[INFO] tweaked toml for crates.io crate riker-cqrs 0.2.3 written to /workspace/builds/worker-10/source/Cargo.toml
[INFO] running `Command { std: "/workspace/cargo-home/bin/cargo" "+beta-2020-07-24" "generate-lockfile" "--manifest-path" "Cargo.toml" "-Zno-index-update", kill_on_drop: false }`
[INFO] running `Command { std: "/workspace/cargo-home/bin/cargo" "+beta-2020-07-24" "fetch" "--locked" "--manifest-path" "Cargo.toml", kill_on_drop: false }`
[INFO] [stderr]     Blocking waiting for file lock on package cache
[INFO] [stderr]     Blocking waiting for file lock on package cache
[INFO] running `Command { std: "docker" "create" "-v" "/var/lib/crater-agent-workspace/builds/worker-10/target:/opt/rustwide/target:rw,Z" "-v" "/var/lib/crater-agent-workspace/builds/worker-10/source:/opt/rustwide/workdir:ro,Z" "-v" "/var/lib/crater-agent-workspace/cargo-home:/opt/rustwide/cargo-home:ro,Z" "-v" "/var/lib/crater-agent-workspace/rustup-home:/opt/rustwide/rustup-home:ro,Z" "-e" "SOURCE_DIR=/opt/rustwide/workdir" "-e" "CARGO_TARGET_DIR=/opt/rustwide/target" "-e" "CARGO_HOME=/opt/rustwide/cargo-home" "-e" "RUSTUP_HOME=/opt/rustwide/rustup-home" "-w" "/opt/rustwide/workdir" "-m" "1610612736" "--user" "0:0" "--network" "none" "rustops/crates-build-env@sha256:a636fd89d022f18117e1dc8fb37a0a009933cdbbe082814857f0e2024962d47c" "/opt/rustwide/cargo-home/bin/cargo" "+beta-2020-07-24" "metadata" "--no-deps" "--format-version=1", kill_on_drop: false }`
[INFO] [stdout] 7409728873fe4da6c43cd312b430b737130e1647829c0635acb4241dec019249
[INFO] [stderr] WARNING: Your kernel does not support swap limit capabilities or the cgroup is not mounted. Memory limited without swap.
[INFO] running `Command { std: "docker" "start" "-a" "7409728873fe4da6c43cd312b430b737130e1647829c0635acb4241dec019249", kill_on_drop: false }`
[INFO] running `Command { std: "docker" "inspect" "7409728873fe4da6c43cd312b430b737130e1647829c0635acb4241dec019249", kill_on_drop: false }`
[INFO] running `Command { std: "docker" "rm" "-f" "7409728873fe4da6c43cd312b430b737130e1647829c0635acb4241dec019249", kill_on_drop: false }`
[INFO] [stdout] 7409728873fe4da6c43cd312b430b737130e1647829c0635acb4241dec019249
[INFO] running `Command { std: "docker" "create" "-v" "/var/lib/crater-agent-workspace/builds/worker-10/target:/opt/rustwide/target:rw,Z" "-v" "/var/lib/crater-agent-workspace/builds/worker-10/source:/opt/rustwide/workdir:ro,Z" "-v" "/var/lib/crater-agent-workspace/cargo-home:/opt/rustwide/cargo-home:ro,Z" "-v" "/var/lib/crater-agent-workspace/rustup-home:/opt/rustwide/rustup-home:ro,Z" "-e" "SOURCE_DIR=/opt/rustwide/workdir" "-e" "CARGO_TARGET_DIR=/opt/rustwide/target" "-e" "CARGO_INCREMENTAL=0" "-e" "RUST_BACKTRACE=full" "-e" "RUSTFLAGS=--cap-lints=forbid" "-e" "CARGO_HOME=/opt/rustwide/cargo-home" "-e" "RUSTUP_HOME=/opt/rustwide/rustup-home" "-w" "/opt/rustwide/workdir" "-m" "1610612736" "--user" "0:0" "--network" "none" "rustops/crates-build-env@sha256:a636fd89d022f18117e1dc8fb37a0a009933cdbbe082814857f0e2024962d47c" "/opt/rustwide/cargo-home/bin/cargo" "+beta-2020-07-24" "check" "--frozen" "--all" "--all-targets" "--message-format=json", kill_on_drop: false }`
[INFO] [stdout] a1f7dcb788f3dae8532d7ac2d66b60a89aadb2b7bbe9c54a62e8e2a08cb27783
[INFO] [stderr] WARNING: Your kernel does not support swap limit capabilities or the cgroup is not mounted. Memory limited without swap.
[INFO] running `Command { std: "docker" "start" "-a" "a1f7dcb788f3dae8532d7ac2d66b60a89aadb2b7bbe9c54a62e8e2a08cb27783", kill_on_drop: false }`
[INFO] [stderr]    Compiling libc v0.2.76
[INFO] [stderr]    Compiling memchr v2.3.3
[INFO] [stderr]    Compiling autocfg v1.0.1
[INFO] [stderr]     Checking lazy_static v1.4.0
[INFO] [stderr]    Compiling serde v1.0.115
[INFO] [stderr]     Checking serde v0.8.23
[INFO] [stderr]    Compiling ryu v1.0.5
[INFO] [stderr]    Compiling version_check v0.1.5
[INFO] [stderr]     Checking futures-sink-preview v0.3.0-alpha.19
[INFO] [stderr]     Checking futures-core-preview v0.3.0-alpha.19
[INFO] [stderr]     Checking slab v0.4.2
[INFO] [stderr]    Compiling byteorder v1.3.4
[INFO] [stderr]     Checking futures-io-preview v0.3.0-alpha.19
[INFO] [stderr]     Checking pin-utils v0.1.0
[INFO] [stderr]    Compiling serde_json v1.0.57
[INFO] [stderr]     Checking regex-syntax v0.6.18
[INFO] [stderr]     Checking ucd-util v0.1.8
[INFO] [stderr]     Checking cfg-if v0.1.10
[INFO] [stderr]    Compiling regex v0.2.11
[INFO] [stderr]     Checking linked-hash-map v0.5.3
[INFO] [stderr]     Checking itoa v0.4.6
[INFO] [stderr]     Checking lazy_static v0.2.11
[INFO] [stderr]    Compiling log v0.4.11
[INFO] [stderr]     Checking utf8-ranges v1.0.4
[INFO] [stderr]     Checking rust-ini v0.13.0
[INFO] [stderr]     Checking runtime-fmt v0.3.0
[INFO] [stderr]     Checking thread_local v1.0.1
[INFO] [stderr]     Checking thread_local v0.3.6
[INFO] [stderr]     Checking regex-syntax v0.5.6
[INFO] [stderr]     Checking futures-channel-preview v0.3.0-alpha.19
[INFO] [stdout] error[E0433]: failed to resolve: could not find `Position` in `v1`
[INFO] [stdout]    --> /opt/rustwide/cargo-home/registry/src/github.com-1ecc6299db9ec823/runtime-fmt-0.3.0/src/lib.rs:522:39
[INFO] [stdout]     |
[INFO] [stdout] 522 |                         position: v1::Position::At(i),
[INFO] [stdout]     |                                       ^^^^^^^^ not found in `v1`
[INFO] [stdout]     |
[INFO] [stdout] help: consider importing this enum
[INFO] [stdout]     |
[INFO] [stdout] 38  | use fmt_macros::Position;
[INFO] [stdout]     |
[INFO] [stdout] 
[INFO] [stdout] 
[INFO] [stdout] error[E0433]: failed to resolve: could not find `Position` in `v1`
[INFO] [stdout]    --> /opt/rustwide/cargo-home/registry/src/github.com-1ecc6299db9ec823/runtime-fmt-0.3.0/src/lib.rs:544:39
[INFO] [stdout]     |
[INFO] [stdout] 544 |                         position: v1::Position::At(argument_pos),
[INFO] [stdout]     |                                       ^^^^^^^^ not found in `v1`
[INFO] [stdout]     |
[INFO] [stdout] help: consider importing this enum
[INFO] [stdout]     |
[INFO] [stdout] 38  | use fmt_macros::Position;
[INFO] [stdout]     |
[INFO] [stdout] 
[INFO] [stdout] 
[INFO] [stdout] error[E0554]: `#![feature]` may not be used on the beta release channel
[INFO] [stdout]   --> /opt/rustwide/cargo-home/registry/src/github.com-1ecc6299db9ec823/runtime-fmt-0.3.0/src/lib.rs:17:1
[INFO] [stdout]    |
[INFO] [stdout] 17 | #![feature(fmt_internals)]
[INFO] [stdout]    | ^^^^^^^^^^^^^^^^^^^^^^^^^^
[INFO] [stdout] 
[INFO] [stdout] 
[INFO] [stdout] error[E0554]: `#![feature]` may not be used on the beta release channel
[INFO] [stdout]   --> /opt/rustwide/cargo-home/registry/src/github.com-1ecc6299db9ec823/runtime-fmt-0.3.0/src/lib.rs:18:1
[INFO] [stdout]    |
[INFO] [stdout] 18 | #![feature(conservative_impl_trait)]
[INFO] [stdout]    | ^^^^^^^^^^^^^^^^^^^^^^^^^^^^^^^^^^^^
[INFO] [stdout] 
[INFO] [stdout] 
[INFO] [stdout] error[E0554]: `#![feature]` may not be used on the beta release channel
[INFO] [stdout]   --> /opt/rustwide/cargo-home/registry/src/github.com-1ecc6299db9ec823/runtime-fmt-0.3.0/src/lib.rs:19:1
[INFO] [stdout]    |
[INFO] [stdout] 19 | #![feature(specialization)]
[INFO] [stdout]    | ^^^^^^^^^^^^^^^^^^^^^^^^^^^
[INFO] [stdout] 
[INFO] [stdout] 
[INFO] [stdout] error[E0554]: `#![feature]` may not be used on the beta release channel
[INFO] [stdout]   --> /opt/rustwide/cargo-home/registry/src/github.com-1ecc6299db9ec823/runtime-fmt-0.3.0/src/lib.rs:20:1
[INFO] [stdout]    |
[INFO] [stdout] 20 | #![feature(print_internals)]
[INFO] [stdout]    | ^^^^^^^^^^^^^^^^^^^^^^^^^^^^
[INFO] [stdout] 
[INFO] [stdout] 
[INFO] [stdout] error[E0554]: `#![feature]` may not be used on the beta release channel
[INFO] [stdout]   --> /opt/rustwide/cargo-home/registry/src/github.com-1ecc6299db9ec823/runtime-fmt-0.3.0/src/lib.rs:21:1
[INFO] [stdout]    |
[INFO] [stdout] 21 | #![feature(rustc_private)]
[INFO] [stdout]    | ^^^^^^^^^^^^^^^^^^^^^^^^^^
[INFO] [stdout] 
[INFO] [stdout] 
[INFO] [stdout] error[E0554]: `#![feature]` may not be used on the beta release channel
[INFO] [stdout]   --> /opt/rustwide/cargo-home/registry/src/github.com-1ecc6299db9ec823/runtime-fmt-0.3.0/src/lib.rs:22:1
[INFO] [stdout]    |
[INFO] [stdout] 22 | #![feature(try_from)]
[INFO] [stdout]    | ^^^^^^^^^^^^^^^^^^^^^
[INFO] [stdout] 
[INFO] [stdout] 
[INFO] [stderr]     Checking yaml-rust v0.4.4
[INFO] [stdout] error[E0599]: no method named `is_xid_start` found for type `char` in the current scope
[INFO] [stdout]    --> /opt/rustwide/cargo-home/registry/src/github.com-1ecc6299db9ec823/runtime-fmt-0.3.0/src/fmt_macros.rs:422:34
[INFO] [stdout]     |
[INFO] [stdout] 422 |             Some(&(pos, c)) if c.is_xid_start() => {
[INFO] [stdout]     |                                  ^^^^^^^^^^^^ method not found in `char`
[INFO] [stdout] 
[INFO] [stdout] 
[INFO] [stdout] error[E0599]: no method named `is_xid_continue` found for type `char` in the current scope
[INFO] [stdout]    --> /opt/rustwide/cargo-home/registry/src/github.com-1ecc6299db9ec823/runtime-fmt-0.3.0/src/fmt_macros.rs:431:18
[INFO] [stdout]     |
[INFO] [stdout] 431 |             if c.is_xid_continue() {
[INFO] [stdout]     |                  ^^^^^^^^^^^^^^^ method not found in `char`
[INFO] [stdout] 
[INFO] [stdout] 
[INFO] [stdout] error: aborting due to 10 previous errors
[INFO] [stdout] 
[INFO] [stdout] 
[INFO] [stdout] Some errors have detailed explanations: E0433, E0554, E0599.
[INFO] [stdout] 
[INFO] [stdout] For more information about an error, try `rustc --explain E0433`.
[INFO] [stdout] 
[INFO] [stderr] error: could not compile `runtime-fmt`.
[INFO] [stderr] 
[INFO] [stderr] To learn more, run the command again with --verbose.
[INFO] [stderr] warning: build failed, waiting for other jobs to finish...
[INFO] [stderr] error: build failed
[INFO] running `Command { std: "docker" "inspect" "a1f7dcb788f3dae8532d7ac2d66b60a89aadb2b7bbe9c54a62e8e2a08cb27783", kill_on_drop: false }`
[INFO] running `Command { std: "docker" "rm" "-f" "a1f7dcb788f3dae8532d7ac2d66b60a89aadb2b7bbe9c54a62e8e2a08cb27783", kill_on_drop: false }`
[INFO] [stdout] a1f7dcb788f3dae8532d7ac2d66b60a89aadb2b7bbe9c54a62e8e2a08cb27783
