[INFO] fetching crate psl 0.4.1...
[INFO] checking psl-0.4.1 against beta-2020-07-24 for pr-75494-beta
[INFO] extracting crate psl 0.4.1 into /workspace/builds/worker-14/source
[INFO] validating manifest of crates.io crate psl 0.4.1 on toolchain beta-2020-07-24
[INFO] running `Command { std: "/workspace/cargo-home/bin/cargo" "+beta-2020-07-24" "read-manifest" "--manifest-path" "Cargo.toml", kill_on_drop: false }`
[INFO] started tweaking crates.io crate psl 0.4.1
[INFO] finished tweaking crates.io crate psl 0.4.1
[INFO] tweaked toml for crates.io crate psl 0.4.1 written to /workspace/builds/worker-14/source/Cargo.toml
[INFO] running `Command { std: "/workspace/cargo-home/bin/cargo" "+beta-2020-07-24" "generate-lockfile" "--manifest-path" "Cargo.toml" "-Zno-index-update", kill_on_drop: false }`
[INFO] [stderr]     Blocking waiting for file lock on package cache
[INFO] running `Command { std: "/workspace/cargo-home/bin/cargo" "+beta-2020-07-24" "fetch" "--locked" "--manifest-path" "Cargo.toml", kill_on_drop: false }`
[INFO] running `Command { std: "docker" "create" "-v" "/var/lib/crater-agent-workspace/builds/worker-14/target:/opt/rustwide/target:rw,Z" "-v" "/var/lib/crater-agent-workspace/builds/worker-14/source:/opt/rustwide/workdir:ro,Z" "-v" "/var/lib/crater-agent-workspace/cargo-home:/opt/rustwide/cargo-home:ro,Z" "-v" "/var/lib/crater-agent-workspace/rustup-home:/opt/rustwide/rustup-home:ro,Z" "-e" "SOURCE_DIR=/opt/rustwide/workdir" "-e" "CARGO_TARGET_DIR=/opt/rustwide/target" "-e" "CARGO_HOME=/opt/rustwide/cargo-home" "-e" "RUSTUP_HOME=/opt/rustwide/rustup-home" "-w" "/opt/rustwide/workdir" "-m" "1610612736" "--user" "0:0" "--network" "none" "rustops/crates-build-env@sha256:a636fd89d022f18117e1dc8fb37a0a009933cdbbe082814857f0e2024962d47c" "/opt/rustwide/cargo-home/bin/cargo" "+beta-2020-07-24" "metadata" "--no-deps" "--format-version=1", kill_on_drop: false }`
[INFO] [stdout] 12586d45aa50da9bea83179ee099482f3a1a5ae34fa0e27e007d770c615d0389
[INFO] [stderr] WARNING: Your kernel does not support swap limit capabilities or the cgroup is not mounted. Memory limited without swap.
[INFO] running `Command { std: "docker" "start" "-a" "12586d45aa50da9bea83179ee099482f3a1a5ae34fa0e27e007d770c615d0389", kill_on_drop: false }`
[INFO] running `Command { std: "docker" "inspect" "12586d45aa50da9bea83179ee099482f3a1a5ae34fa0e27e007d770c615d0389", kill_on_drop: false }`
[INFO] running `Command { std: "docker" "rm" "-f" "12586d45aa50da9bea83179ee099482f3a1a5ae34fa0e27e007d770c615d0389", kill_on_drop: false }`
[INFO] [stdout] 12586d45aa50da9bea83179ee099482f3a1a5ae34fa0e27e007d770c615d0389
[INFO] running `Command { std: "docker" "create" "-v" "/var/lib/crater-agent-workspace/builds/worker-14/target:/opt/rustwide/target:rw,Z" "-v" "/var/lib/crater-agent-workspace/builds/worker-14/source:/opt/rustwide/workdir:ro,Z" "-v" "/var/lib/crater-agent-workspace/cargo-home:/opt/rustwide/cargo-home:ro,Z" "-v" "/var/lib/crater-agent-workspace/rustup-home:/opt/rustwide/rustup-home:ro,Z" "-e" "SOURCE_DIR=/opt/rustwide/workdir" "-e" "CARGO_TARGET_DIR=/opt/rustwide/target" "-e" "CARGO_INCREMENTAL=0" "-e" "RUST_BACKTRACE=full" "-e" "RUSTFLAGS=--cap-lints=forbid" "-e" "CARGO_HOME=/opt/rustwide/cargo-home" "-e" "RUSTUP_HOME=/opt/rustwide/rustup-home" "-w" "/opt/rustwide/workdir" "-m" "1610612736" "--user" "0:0" "--network" "none" "rustops/crates-build-env@sha256:a636fd89d022f18117e1dc8fb37a0a009933cdbbe082814857f0e2024962d47c" "/opt/rustwide/cargo-home/bin/cargo" "+beta-2020-07-24" "check" "--frozen" "--all" "--all-targets" "--message-format=json", kill_on_drop: false }`
[INFO] [stdout] 926023381dfeaa209fd5f77da053ec68177df9e5266e0f2ad3f86cab64d5ab89
[INFO] [stderr] WARNING: Your kernel does not support swap limit capabilities or the cgroup is not mounted. Memory limited without swap.
[INFO] running `Command { std: "docker" "start" "-a" "926023381dfeaa209fd5f77da053ec68177df9e5266e0f2ad3f86cab64d5ab89", kill_on_drop: false }`
[INFO] [stderr]    Compiling autocfg v1.0.1
[INFO] [stderr]    Compiling cc v1.0.59
[INFO] [stderr]    Compiling openssl v0.10.30
[INFO] [stderr]    Compiling matches v0.1.8
[INFO] [stderr]    Compiling tinyvec v0.3.4
[INFO] [stderr]    Compiling proc-macro2 v1.0.19
[INFO] [stderr]    Compiling foreign-types-shared v0.1.1
[INFO] [stderr]    Compiling unicode-xid v0.0.4
[INFO] [stderr]    Compiling unicode-xid v0.2.1
[INFO] [stderr]    Compiling quote v0.3.15
[INFO] [stderr]    Compiling syn v1.0.39
[INFO] [stderr]    Compiling percent-encoding v1.0.1
[INFO] [stderr]    Compiling openssl-probe v0.1.2
[INFO] [stderr]    Compiling derive_builder v0.5.1
[INFO] [stderr]    Compiling sequence_trie v0.3.6
[INFO] [stderr]    Compiling error-chain v0.12.4
[INFO] [stderr]    Compiling foreign-types v0.3.2
[INFO] [stderr]    Compiling libc v0.2.76
[INFO] [stderr]    Compiling bitflags v1.2.1
[INFO] [stderr]    Compiling unicode-bidi v0.3.4
[INFO] [stderr]    Compiling synom v0.11.3
[INFO] [stderr]    Compiling log v0.4.11
[INFO] [stderr]     Checking num_cpus v1.13.0
[INFO] [stderr]     Checking backtrace v0.3.50
[INFO] [stderr]     Checking atty v0.2.14
[INFO] [stderr]    Compiling psl v0.4.1 (/opt/rustwide/workdir)
[INFO] [stderr]     Checking colored v1.9.3
[INFO] [stderr]    Compiling syn v0.14.9
[INFO] [stderr]    Compiling syn v0.11.11
[INFO] [stderr]    Compiling unicode-normalization v0.1.13
[INFO] [stderr]    Compiling crossbeam-utils v0.7.2
[INFO] [stderr]    Compiling memoffset v0.5.5
[INFO] [stderr]    Compiling crossbeam-epoch v0.8.2
[INFO] [stderr]    Compiling quote v1.0.7
[INFO] [stderr]    Compiling openssl-sys v0.9.58
[INFO] [stderr]     Checking crossbeam-queue v0.2.3
[INFO] [stderr]    Compiling derive_builder_core v0.2.0
[INFO] [stderr]    Compiling idna v0.1.5
[INFO] [stderr]     Checking crossbeam-deque v0.7.3
[INFO] [stderr]     Checking rayon-core v1.7.1
[INFO] [stderr]    Compiling native-tls v0.2.4
[INFO] [stderr]     Checking url v1.7.2
[INFO] [stderr]     Checking rayon v0.8.2
[INFO] [stderr]    Compiling derive-new v0.5.8
[INFO] [stderr]     Checking psl-lexer v0.2.0
[INFO] [stderr]     Checking rspec v1.0.0-beta.4
[INFO] [stderr]    Compiling psl-codegen v0.4.2
[INFO] [stdout] error: proc-macro derive panicked
[INFO] [stdout]  --> src/list.rs:6:10
[INFO] [stdout]   |
[INFO] [stdout] 6 | #[derive(Psl, Copy, Clone, Eq, PartialEq, Ord, PartialOrd, Hash, Debug, Default)]
[INFO] [stdout]   |          ^^^
[INFO] [stdout]   |
[INFO] [stdout]   = help: message: failed to download the list: failed to lookup address information: Temporary failure in name resolution
[INFO] [stdout] 
[INFO] [stdout] 
[INFO] [stdout] error: proc-macro derive panicked
[INFO] [stdout]  --> src/list.rs:6:10
[INFO] [stdout]   |
[INFO] [stdout] 6 | #[derive(Psl, Copy, Clone, Eq, PartialEq, Ord, PartialOrd, Hash, Debug, Default)]
[INFO] [stdout]   |          ^^^
[INFO] [stdout]   |
[INFO] [stdout]   = help: message: failed to download the list: failed to lookup address information: Temporary failure in name resolution
[INFO] [stdout] 
[INFO] [stdout] 
[INFO] [stdout] error[E0599]: no method named `domain` found for struct `list::List` in the current scope
[INFO] [stdout]   --> src/list.rs:28:20
[INFO] [stdout]    |
[INFO] [stdout] 7  | pub struct List;
[INFO] [stdout]    | ---------------- method `domain` not found for this
[INFO] [stdout] ...
[INFO] [stdout] 28 |         match List.domain(input) {
[INFO] [stdout]    |                    ^^^^^^ method not found in `list::List`
[INFO] [stdout]    |
[INFO] [stdout]    = help: items from traits can only be used if the trait is implemented and in scope
[INFO] [stdout] note: `Psl` defines an item `domain`, perhaps you need to implement it
[INFO] [stdout]   --> src/lib.rs:48:1
[INFO] [stdout]    |
[INFO] [stdout] 48 | pub trait Psl {
[INFO] [stdout]    | ^^^^^^^^^^^^^
[INFO] [stdout] 
[INFO] [stdout] 
[INFO] [stdout] error[E0599]: no method named `suffix` found for struct `list::List` in the current scope
[INFO] [stdout]   --> src/list.rs:51:20
[INFO] [stdout]    |
[INFO] [stdout] 7  | pub struct List;
[INFO] [stdout]    | ---------------- method `suffix` not found for this
[INFO] [stdout] ...
[INFO] [stdout] 51 |         match List.suffix(input) {
[INFO] [stdout]    |                    ^^^^^^ method not found in `list::List`
[INFO] [stdout]    |
[INFO] [stdout]    = help: items from traits can only be used if the trait is implemented and in scope
[INFO] [stdout] note: `Psl` defines an item `suffix`, perhaps you need to implement it
[INFO] [stdout]   --> src/lib.rs:48:1
[INFO] [stdout]    |
[INFO] [stdout] 48 | pub trait Psl {
[INFO] [stdout]    | ^^^^^^^^^^^^^
[INFO] [stdout] 
[INFO] [stdout] 
[INFO] [stdout] warning: unused import: `Psl`
[INFO] [stdout]  --> src/list.rs:1:22
[INFO] [stdout]   |
[INFO] [stdout] 1 | use {Domain, Suffix, Psl};
[INFO] [stdout]   |                      ^^^
[INFO] [stdout]   |
[INFO] [stdout]   = note: `#[warn(unused_imports)]` on by default
[INFO] [stdout] 
[INFO] [stdout] 
[INFO] [stdout] error: aborting due to 3 previous errors; 1 warning emitted
[INFO] [stdout] 
[INFO] [stdout] 
[INFO] [stdout] For more information about this error, try `rustc --explain E0599`.
[INFO] [stdout] 
[INFO] [stderr] error: could not compile `psl`.
[INFO] [stderr] 
[INFO] [stderr] To learn more, run the command again with --verbose.
[INFO] [stderr] warning: build failed, waiting for other jobs to finish...
[INFO] [stdout] error[E0599]: no method named `domain` found for struct `list::List` in the current scope
[INFO] [stdout]   --> src/list.rs:28:20
[INFO] [stdout]    |
[INFO] [stdout] 7  | pub struct List;
[INFO] [stdout]    | ---------------- method `domain` not found for this
[INFO] [stdout] ...
[INFO] [stdout] 28 |         match List.domain(input) {
[INFO] [stdout]    |                    ^^^^^^ method not found in `list::List`
[INFO] [stdout]    |
[INFO] [stdout]    = help: items from traits can only be used if the trait is implemented and in scope
[INFO] [stdout] note: `Psl` defines an item `domain`, perhaps you need to implement it
[INFO] [stdout]   --> src/lib.rs:48:1
[INFO] [stdout]    |
[INFO] [stdout] 48 | pub trait Psl {
[INFO] [stdout]    | ^^^^^^^^^^^^^
[INFO] [stdout] 
[INFO] [stdout] 
[INFO] [stdout] error[E0599]: no method named `suffix` found for struct `list::List` in the current scope
[INFO] [stdout]   --> src/list.rs:51:20
[INFO] [stdout]    |
[INFO] [stdout] 7  | pub struct List;
[INFO] [stdout]    | ---------------- method `suffix` not found for this
[INFO] [stdout] ...
[INFO] [stdout] 51 |         match List.suffix(input) {
[INFO] [stdout]    |                    ^^^^^^ method not found in `list::List`
[INFO] [stdout]    |
[INFO] [stdout]    = help: items from traits can only be used if the trait is implemented and in scope
[INFO] [stdout] note: `Psl` defines an item `suffix`, perhaps you need to implement it
[INFO] [stdout]   --> src/lib.rs:48:1
[INFO] [stdout]    |
[INFO] [stdout] 48 | pub trait Psl {
[INFO] [stdout]    | ^^^^^^^^^^^^^
[INFO] [stdout] 
[INFO] [stdout] 
[INFO] [stdout] warning: unused import: `Psl`
[INFO] [stdout]  --> src/list.rs:1:22
[INFO] [stdout]   |
[INFO] [stdout] 1 | use {Domain, Suffix, Psl};
[INFO] [stdout]   |                      ^^^
[INFO] [stdout]   |
[INFO] [stdout]   = note: `#[warn(unused_imports)]` on by default
[INFO] [stdout] 
[INFO] [stdout] 
[INFO] [stdout] error: aborting due to 3 previous errors; 1 warning emitted
[INFO] [stdout] 
[INFO] [stdout] 
[INFO] [stdout] For more information about this error, try `rustc --explain E0599`.
[INFO] [stdout] 
[INFO] [stderr] error: build failed
[INFO] running `Command { std: "docker" "inspect" "926023381dfeaa209fd5f77da053ec68177df9e5266e0f2ad3f86cab64d5ab89", kill_on_drop: false }`
[INFO] running `Command { std: "docker" "rm" "-f" "926023381dfeaa209fd5f77da053ec68177df9e5266e0f2ad3f86cab64d5ab89", kill_on_drop: false }`
[INFO] [stdout] 926023381dfeaa209fd5f77da053ec68177df9e5266e0f2ad3f86cab64d5ab89
