[INFO] fetching crate proxy-wasm-experimental 0.0.3...
[INFO] checking proxy-wasm-experimental-0.0.3 against beta-2020-07-24 for pr-75494-beta
[INFO] extracting crate proxy-wasm-experimental 0.0.3 into /workspace/builds/worker-13/source
[INFO] validating manifest of crates.io crate proxy-wasm-experimental 0.0.3 on toolchain beta-2020-07-24
[INFO] running `Command { std: "/workspace/cargo-home/bin/cargo" "+beta-2020-07-24" "read-manifest" "--manifest-path" "Cargo.toml", kill_on_drop: false }`
[INFO] removed /workspace/builds/worker-13/source/.cargo/config
[INFO] started tweaking crates.io crate proxy-wasm-experimental 0.0.3
[INFO] removed 0 missing examples
[INFO] finished tweaking crates.io crate proxy-wasm-experimental 0.0.3
[INFO] tweaked toml for crates.io crate proxy-wasm-experimental 0.0.3 written to /workspace/builds/worker-13/source/Cargo.toml
[INFO] crate crates.io crate proxy-wasm-experimental 0.0.3 already has a lockfile, it will not be regenerated
[INFO] running `Command { std: "/workspace/cargo-home/bin/cargo" "+beta-2020-07-24" "fetch" "--locked" "--manifest-path" "Cargo.toml", kill_on_drop: false }`
[INFO] [stderr]     Blocking waiting for file lock on package cache
[INFO] running `Command { std: "docker" "create" "-v" "/var/lib/crater-agent-workspace/builds/worker-13/target:/opt/rustwide/target:rw,Z" "-v" "/var/lib/crater-agent-workspace/builds/worker-13/source:/opt/rustwide/workdir:ro,Z" "-v" "/var/lib/crater-agent-workspace/cargo-home:/opt/rustwide/cargo-home:ro,Z" "-v" "/var/lib/crater-agent-workspace/rustup-home:/opt/rustwide/rustup-home:ro,Z" "-e" "SOURCE_DIR=/opt/rustwide/workdir" "-e" "CARGO_TARGET_DIR=/opt/rustwide/target" "-e" "CARGO_HOME=/opt/rustwide/cargo-home" "-e" "RUSTUP_HOME=/opt/rustwide/rustup-home" "-w" "/opt/rustwide/workdir" "-m" "1610612736" "--user" "0:0" "--network" "none" "rustops/crates-build-env@sha256:a636fd89d022f18117e1dc8fb37a0a009933cdbbe082814857f0e2024962d47c" "/opt/rustwide/cargo-home/bin/cargo" "+beta-2020-07-24" "metadata" "--no-deps" "--format-version=1", kill_on_drop: false }`
[INFO] [stdout] a530bbf94fa3d61c36d7d1b426ba02f9ceaa5c5f8742f6ece1b655a37d0143ed
[INFO] [stderr] WARNING: Your kernel does not support swap limit capabilities or the cgroup is not mounted. Memory limited without swap.
[INFO] running `Command { std: "docker" "start" "-a" "a530bbf94fa3d61c36d7d1b426ba02f9ceaa5c5f8742f6ece1b655a37d0143ed", kill_on_drop: false }`
[INFO] running `Command { std: "docker" "inspect" "a530bbf94fa3d61c36d7d1b426ba02f9ceaa5c5f8742f6ece1b655a37d0143ed", kill_on_drop: false }`
[INFO] running `Command { std: "docker" "rm" "-f" "a530bbf94fa3d61c36d7d1b426ba02f9ceaa5c5f8742f6ece1b655a37d0143ed", kill_on_drop: false }`
[INFO] [stdout] a530bbf94fa3d61c36d7d1b426ba02f9ceaa5c5f8742f6ece1b655a37d0143ed
[INFO] running `Command { std: "docker" "create" "-v" "/var/lib/crater-agent-workspace/builds/worker-13/target:/opt/rustwide/target:rw,Z" "-v" "/var/lib/crater-agent-workspace/builds/worker-13/source:/opt/rustwide/workdir:ro,Z" "-v" "/var/lib/crater-agent-workspace/cargo-home:/opt/rustwide/cargo-home:ro,Z" "-v" "/var/lib/crater-agent-workspace/rustup-home:/opt/rustwide/rustup-home:ro,Z" "-e" "SOURCE_DIR=/opt/rustwide/workdir" "-e" "CARGO_TARGET_DIR=/opt/rustwide/target" "-e" "CARGO_INCREMENTAL=0" "-e" "RUST_BACKTRACE=full" "-e" "RUSTFLAGS=--cap-lints=forbid" "-e" "CARGO_HOME=/opt/rustwide/cargo-home" "-e" "RUSTUP_HOME=/opt/rustwide/rustup-home" "-w" "/opt/rustwide/workdir" "-m" "1610612736" "--user" "0:0" "--network" "none" "rustops/crates-build-env@sha256:a636fd89d022f18117e1dc8fb37a0a009933cdbbe082814857f0e2024962d47c" "/opt/rustwide/cargo-home/bin/cargo" "+beta-2020-07-24" "check" "--frozen" "--all" "--all-targets" "--message-format=json", kill_on_drop: false }`
[INFO] [stdout] 2a7ddf24d002d2ee75d475ac4019978ecf4a96075ad7f05007701bbeb2fa010f
[INFO] [stderr] WARNING: Your kernel does not support swap limit capabilities or the cgroup is not mounted. Memory limited without swap.
[INFO] running `Command { std: "docker" "start" "-a" "2a7ddf24d002d2ee75d475ac4019978ecf4a96075ad7f05007701bbeb2fa010f", kill_on_drop: false }`
[INFO] [stderr]    Compiling autocfg v1.0.0
[INFO] [stderr]    Compiling libc v0.2.69
[INFO] [stderr]     Checking cfg-if v0.1.10
[INFO] [stderr]    Compiling wee_alloc v0.4.5
[INFO] [stderr]    Compiling log v0.4.8
[INFO] [stderr]     Checking ahash v0.3.2
[INFO] [stderr]     Checking memory_units v0.4.0
[INFO] [stderr]    Compiling num-traits v0.2.11
[INFO] [stderr]    Compiling num-integer v0.1.42
[INFO] [stderr]    Compiling hashbrown v0.7.1
[INFO] [stderr]     Checking time v0.1.42
[INFO] [stderr]     Checking proxy-wasm-experimental v0.0.3 (/opt/rustwide/workdir)
[INFO] [stderr]     Checking chrono v0.4.11
[INFO] [stdout] error[E0433]: failed to resolve: use of undeclared type or module `proxy_wasm`
[INFO] [stdout]   --> examples/hello_world.rs:17:5
[INFO] [stdout]    |
[INFO] [stdout] 17 | use proxy_wasm::traits::*;
[INFO] [stdout]    |     ^^^^^^^^^^ use of undeclared type or module `proxy_wasm`
[INFO] [stdout] 
[INFO] [stdout] 
[INFO] [stdout] error[E0433]: failed to resolve: use of undeclared type or module `proxy_wasm`
[INFO] [stdout]   --> examples/hello_world.rs:18:5
[INFO] [stdout]    |
[INFO] [stdout] 18 | use proxy_wasm::types::*;
[INFO] [stdout]    |     ^^^^^^^^^^ use of undeclared type or module `proxy_wasm`
[INFO] [stdout] 
[INFO] [stdout] 
[INFO] [stdout] error[E0432]: unresolved imports `proxy_wasm::traits::*`, `proxy_wasm::types::*`
[INFO] [stdout]   --> examples/hello_world.rs:17:5
[INFO] [stdout]    |
[INFO] [stdout] 17 | use proxy_wasm::traits::*;
[INFO] [stdout]    |     ^^^^^^^^^^^^^^^^^^^^^
[INFO] [stdout] 18 | use proxy_wasm::types::*;
[INFO] [stdout]    |     ^^^^^^^^^^^^^^^^^^^^
[INFO] [stdout] 
[INFO] [stdout] 
[INFO] [stdout] error[E0433]: failed to resolve: use of undeclared type or module `proxy_wasm`
[INFO] [stdout]   --> examples/hello_world.rs:23:5
[INFO] [stdout]    |
[INFO] [stdout] 23 |     proxy_wasm::set_log_level(LogLevel::Trace);
[INFO] [stdout]    |     ^^^^^^^^^^ use of undeclared type or module `proxy_wasm`
[INFO] [stdout] 
[INFO] [stdout] 
[INFO] [stdout] error[E0433]: failed to resolve: use of undeclared type or module `LogLevel`
[INFO] [stdout]   --> examples/hello_world.rs:23:31
[INFO] [stdout]    |
[INFO] [stdout] 23 |     proxy_wasm::set_log_level(LogLevel::Trace);
[INFO] [stdout]    |                               ^^^^^^^^ use of undeclared type or module `LogLevel`
[INFO] [stdout] 
[INFO] [stdout] 
[INFO] [stdout] error[E0433]: failed to resolve: use of undeclared type or module `proxy_wasm`
[INFO] [stdout]   --> examples/hello_world.rs:24:5
[INFO] [stdout]    |
[INFO] [stdout] 24 |     proxy_wasm::set_root_context(|_| -> Box<dyn RootContext> { Box::new(HelloWorld) });
[INFO] [stdout]    |     ^^^^^^^^^^ use of undeclared type or module `proxy_wasm`
[INFO] [stdout] 
[INFO] [stdout] 
[INFO] [stdout] error[E0405]: cannot find trait `RootContext` in this scope
[INFO] [stdout]   --> examples/hello_world.rs:24:49
[INFO] [stdout]    |
[INFO] [stdout] 24 |     proxy_wasm::set_root_context(|_| -> Box<dyn RootContext> { Box::new(HelloWorld) });
[INFO] [stdout]    |                                                 ^^^^^^^^^^^ not found in this scope
[INFO] [stdout]    |
[INFO] [stdout] help: consider importing this trait
[INFO] [stdout]    |
[INFO] [stdout] 15 | use proxy_wasm_experimental::traits::RootContext;
[INFO] [stdout]    |
[INFO] [stdout] 
[INFO] [stdout] 
[INFO] [stdout] error[E0405]: cannot find trait `Context` in this scope
[INFO] [stdout]   --> examples/hello_world.rs:29:6
[INFO] [stdout]    |
[INFO] [stdout] 29 | impl Context for HelloWorld {}
[INFO] [stdout]    |      ^^^^^^^ not found in this scope
[INFO] [stdout]    |
[INFO] [stdout] help: consider importing this trait
[INFO] [stdout]    |
[INFO] [stdout] 15 | use proxy_wasm_experimental::traits::Context;
[INFO] [stdout]    |
[INFO] [stdout] 
[INFO] [stdout] 
[INFO] [stdout] error[E0405]: cannot find trait `RootContext` in this scope
[INFO] [stdout]   --> examples/hello_world.rs:31:6
[INFO] [stdout]    |
[INFO] [stdout] 31 | impl RootContext for HelloWorld {
[INFO] [stdout]    |      ^^^^^^^^^^^ not found in this scope
[INFO] [stdout]    |
[INFO] [stdout] help: consider importing this trait
[INFO] [stdout]    |
[INFO] [stdout] 15 | use proxy_wasm_experimental::traits::RootContext;
[INFO] [stdout]    |
[INFO] [stdout] 
[INFO] [stdout] 
[INFO] [stdout] error[E0433]: failed to resolve: use of undeclared type or module `proxy_wasm`
[INFO] [stdout]   --> examples/http_auth_random.rs:16:5
[INFO] [stdout]    |
[INFO] [stdout] 16 | use proxy_wasm::traits::*;
[INFO] [stdout]    |     ^^^^^^^^^^ use of undeclared type or module `proxy_wasm`
[INFO] [stdout] 
[INFO] [stdout] 
[INFO] [stdout] error[E0433]: failed to resolve: use of undeclared type or module `proxy_wasm`
[INFO] [stdout]   --> examples/http_auth_random.rs:17:5
[INFO] [stdout]    |
[INFO] [stdout] 17 | use proxy_wasm::types::*;
[INFO] [stdout]    |     ^^^^^^^^^^ use of undeclared type or module `proxy_wasm`
[INFO] [stdout] 
[INFO] [stdout] 
[INFO] [stdout] error[E0432]: unresolved imports `proxy_wasm::traits::*`, `proxy_wasm::types::*`
[INFO] [stdout]   --> examples/http_auth_random.rs:16:5
[INFO] [stdout]    |
[INFO] [stdout] 16 | use proxy_wasm::traits::*;
[INFO] [stdout]    |     ^^^^^^^^^^^^^^^^^^^^^
[INFO] [stdout] 17 | use proxy_wasm::types::*;
[INFO] [stdout]    |     ^^^^^^^^^^^^^^^^^^^^
[INFO] [stdout] 
[INFO] [stdout] 
[INFO] [stdout] error: aborting due to 9 previous errors
[INFO] [stdout] 
[INFO] [stdout] 
[INFO] [stdout] Some errors have detailed explanations: E0405, E0432, E0433.
[INFO] [stdout] 
[INFO] [stdout] For more information about an error, try `rustc --explain E0405`.
[INFO] [stdout] 
[INFO] [stdout] error[E0433]: failed to resolve: use of undeclared type or module `proxy_wasm`
[INFO] [stdout]   --> examples/http_headers.rs:16:5
[INFO] [stdout]    |
[INFO] [stdout] 16 | use proxy_wasm::traits::*;
[INFO] [stdout]    |     ^^^^^^^^^^ use of undeclared type or module `proxy_wasm`
[INFO] [stdout] 
[INFO] [stdout] 
[INFO] [stdout] error[E0433]: failed to resolve: use of undeclared type or module `proxy_wasm`
[INFO] [stdout]   --> examples/http_headers.rs:17:5
[INFO] [stdout]    |
[INFO] [stdout] 17 | use proxy_wasm::types::*;
[INFO] [stdout]    |     ^^^^^^^^^^ use of undeclared type or module `proxy_wasm`
[INFO] [stdout] 
[INFO] [stdout] 
[INFO] [stdout] error[E0432]: unresolved imports `proxy_wasm::traits::*`, `proxy_wasm::types::*`
[INFO] [stdout]   --> examples/http_headers.rs:16:5
[INFO] [stdout]    |
[INFO] [stdout] 16 | use proxy_wasm::traits::*;
[INFO] [stdout]    |     ^^^^^^^^^^^^^^^^^^^^^
[INFO] [stdout] 17 | use proxy_wasm::types::*;
[INFO] [stdout]    |     ^^^^^^^^^^^^^^^^^^^^
[INFO] [stdout] 
[INFO] [stdout] 
[INFO] [stdout] error[E0433]: failed to resolve: use of undeclared type or module `proxy_wasm`
[INFO] [stdout]   --> examples/http_auth_random.rs:22:5
[INFO] [stdout]    |
[INFO] [stdout] 22 |     proxy_wasm::set_log_level(LogLevel::Trace);
[INFO] [stdout]    |     ^^^^^^^^^^ use of undeclared type or module `proxy_wasm`
[INFO] [stdout] 
[INFO] [stdout] 
[INFO] [stdout] error[E0433]: failed to resolve: use of undeclared type or module `LogLevel`
[INFO] [stdout]   --> examples/http_auth_random.rs:22:31
[INFO] [stdout]    |
[INFO] [stdout] 22 |     proxy_wasm::set_log_level(LogLevel::Trace);
[INFO] [stdout]    |                               ^^^^^^^^ use of undeclared type or module `LogLevel`
[INFO] [stdout] 
[INFO] [stdout] 
[INFO] [stderr] error: could not compile `proxy-wasm-experimental`.
[INFO] [stdout] error[E0433]: failed to resolve: use of undeclared type or module `proxy_wasm`
[INFO] [stdout]   --> examples/http_auth_random.rs:23:5
[INFO] [stdout]    |
[INFO] [stdout] 23 |     proxy_wasm::set_http_context(|_, _| -> Box<dyn HttpContext> { Box::new(HttpAuthRandom) });
[INFO] [stdout]    |     ^^^^^^^^^^ use of undeclared type or module `proxy_wasm`
[INFO] [stdout] 
[INFO] [stdout] 
[INFO] [stderr] 
[INFO] [stdout] error[E0433]: failed to resolve: use of undeclared type or module `Action`
[INFO] [stdout]   --> examples/http_auth_random.rs:42:9
[INFO] [stdout]    |
[INFO] [stdout] 42 |         Action::Pause
[INFO] [stdout]    |         ^^^^^^ use of undeclared type or module `Action`
[INFO] [stdout] 
[INFO] [stdout] 
[INFO] [stderr] To learn more, run the command again with --verbose.
[INFO] [stdout] error[E0433]: failed to resolve: use of undeclared type or module `Action`
[INFO] [stdout]   --> examples/http_auth_random.rs:47:9
[INFO] [stdout]    |
[INFO] [stdout] 47 |         Action::Continue
[INFO] [stdout]    |         ^^^^^^ use of undeclared type or module `Action`
[INFO] [stdout] 
[INFO] [stdout] 
[INFO] [stderr] warning: build failed, waiting for other jobs to finish...
[INFO] [stdout] error[E0405]: cannot find trait `HttpContext` in this scope
[INFO] [stdout]   --> examples/http_auth_random.rs:23:52
[INFO] [stdout]    |
[INFO] [stdout] 23 |     proxy_wasm::set_http_context(|_, _| -> Box<dyn HttpContext> { Box::new(HttpAuthRandom) });
[INFO] [stdout]    |                                                    ^^^^^^^^^^^ not found in this scope
[INFO] [stdout]    |
[INFO] [stdout] help: consider importing this trait
[INFO] [stdout]    |
[INFO] [stdout] 15 | use proxy_wasm_experimental::traits::HttpContext;
[INFO] [stdout]    |
[INFO] [stdout] 
[INFO] [stdout] 
[INFO] [stdout] error[E0405]: cannot find trait `HttpContext` in this scope
[INFO] [stdout]   --> examples/http_auth_random.rs:28:6
[INFO] [stdout]    |
[INFO] [stdout] 28 | impl HttpContext for HttpAuthRandom {
[INFO] [stdout]    |      ^^^^^^^^^^^ not found in this scope
[INFO] [stdout]    |
[INFO] [stdout] help: consider importing this trait
[INFO] [stdout]    |
[INFO] [stdout] 15 | use proxy_wasm_experimental::traits::HttpContext;
[INFO] [stdout]    |
[INFO] [stdout] 
[INFO] [stdout] 
[INFO] [stdout] error[E0412]: cannot find type `Action` in this scope
[INFO] [stdout]    --> examples/http_auth_random.rs:29:56
[INFO] [stdout]     |
[INFO] [stdout] 29  |       fn on_http_request_headers(&mut self, _: usize) -> Action {
[INFO] [stdout]     |                                                          ^^^^^^
[INFO] [stdout]     |
[INFO] [stdout] help: an enum with a similar name exists
[INFO] [stdout]     |
[INFO] [stdout] 29  |     fn on_http_request_headers(&mut self, _: usize) -> Option {
[INFO] [stdout]     |                                                        ^^^^^^
[INFO] [stdout] help: consider importing this enum
[INFO] [stdout]     |
[INFO] [stdout] 15  | use proxy_wasm_experimental::types::Action;
[INFO] [stdout]     |
[INFO] [stdout] 
[INFO] [stdout] 
[INFO] [stdout] error[E0412]: cannot find type `Action` in this scope
[INFO] [stdout]    --> examples/http_auth_random.rs:45:57
[INFO] [stdout]     |
[INFO] [stdout] 45  |       fn on_http_response_headers(&mut self, _: usize) -> Action {
[INFO] [stdout]     |                                                           ^^^^^^
[INFO] [stdout]     |
[INFO] [stdout] help: an enum with a similar name exists
[INFO] [stdout]     |
[INFO] [stdout] 45  |     fn on_http_response_headers(&mut self, _: usize) -> Option {
[INFO] [stdout]     |                                                         ^^^^^^
[INFO] [stdout] help: consider importing this enum
[INFO] [stdout]     |
[INFO] [stdout] 15  | use proxy_wasm_experimental::types::Action;
[INFO] [stdout]     |
[INFO] [stdout] 
[INFO] [stdout] 
[INFO] [stdout] error[E0405]: cannot find trait `Context` in this scope
[INFO] [stdout]   --> examples/http_auth_random.rs:51:6
[INFO] [stdout]    |
[INFO] [stdout] 51 | impl Context for HttpAuthRandom {
[INFO] [stdout]    |      ^^^^^^^ not found in this scope
[INFO] [stdout]    |
[INFO] [stdout] help: consider importing this trait
[INFO] [stdout]    |
[INFO] [stdout] 15 | use proxy_wasm_experimental::traits::Context;
[INFO] [stdout]    |
[INFO] [stdout] 
[INFO] [stdout] 
[INFO] [stdout] error: aborting due to 13 previous errors
[INFO] [stdout] 
[INFO] [stdout] 
[INFO] [stdout] Some errors have detailed explanations: E0405, E0412, E0432, E0433.
[INFO] [stdout] 
[INFO] [stdout] For more information about an error, try `rustc --explain E0405`.
[INFO] [stdout] 
[INFO] [stdout] error[E0433]: failed to resolve: use of undeclared type or module `proxy_wasm`
[INFO] [stdout]   --> examples/http_headers.rs:21:5
[INFO] [stdout]    |
[INFO] [stdout] 21 |     proxy_wasm::set_log_level(LogLevel::Trace);
[INFO] [stdout]    |     ^^^^^^^^^^ use of undeclared type or module `proxy_wasm`
[INFO] [stdout] 
[INFO] [stdout] 
[INFO] [stdout] error[E0433]: failed to resolve: use of undeclared type or module `LogLevel`
[INFO] [stdout]   --> examples/http_headers.rs:21:31
[INFO] [stdout]    |
[INFO] [stdout] 21 |     proxy_wasm::set_log_level(LogLevel::Trace);
[INFO] [stdout]    |                               ^^^^^^^^ use of undeclared type or module `LogLevel`
[INFO] [stdout] 
[INFO] [stdout] 
[INFO] [stdout] error[E0433]: failed to resolve: use of undeclared type or module `proxy_wasm`
[INFO] [stdout]   --> examples/http_headers.rs:22:5
[INFO] [stdout]    |
[INFO] [stdout] 22 |     proxy_wasm::set_http_context(|context_id, _| -> Box<dyn HttpContext> {
[INFO] [stdout]    |     ^^^^^^^^^^ use of undeclared type or module `proxy_wasm`
[INFO] [stdout] 
[INFO] [stdout] 
[INFO] [stdout] error[E0433]: failed to resolve: use of undeclared type or module `Action`
[INFO] [stdout]   --> examples/http_headers.rs:46:17
[INFO] [stdout]    |
[INFO] [stdout] 46 |                 Action::Pause
[INFO] [stdout]    |                 ^^^^^^ use of undeclared type or module `Action`
[INFO] [stdout] 
[INFO] [stdout] 
[INFO] [stdout] error[E0433]: failed to resolve: use of undeclared type or module `Action`
[INFO] [stdout]   --> examples/http_headers.rs:48:18
[INFO] [stdout]    |
[INFO] [stdout] 48 |             _ => Action::Continue,
[INFO] [stdout]    |                  ^^^^^^ use of undeclared type or module `Action`
[INFO] [stdout] 
[INFO] [stdout] 
[INFO] [stdout] error[E0433]: failed to resolve: use of undeclared type or module `Action`
[INFO] [stdout]   --> examples/http_headers.rs:56:9
[INFO] [stdout]    |
[INFO] [stdout] 56 |         Action::Continue
[INFO] [stdout]    |         ^^^^^^ use of undeclared type or module `Action`
[INFO] [stdout] 
[INFO] [stdout] 
[INFO] [stdout] error[E0405]: cannot find trait `HttpContext` in this scope
[INFO] [stdout]   --> examples/http_headers.rs:22:61
[INFO] [stdout]    |
[INFO] [stdout] 22 |     proxy_wasm::set_http_context(|context_id, _| -> Box<dyn HttpContext> {
[INFO] [stdout]    |                                                             ^^^^^^^^^^^ not found in this scope
[INFO] [stdout]    |
[INFO] [stdout] help: consider importing this trait
[INFO] [stdout]    |
[INFO] [stdout] 15 | use proxy_wasm_experimental::traits::HttpContext;
[INFO] [stdout]    |
[INFO] [stdout] 
[INFO] [stdout] 
[INFO] [stdout] error[E0405]: cannot find trait `Context` in this scope
[INFO] [stdout]   --> examples/http_headers.rs:31:6
[INFO] [stdout]    |
[INFO] [stdout] 31 | impl Context for HttpHeaders {}
[INFO] [stdout]    |      ^^^^^^^ not found in this scope
[INFO] [stdout]    |
[INFO] [stdout] help: consider importing this trait
[INFO] [stdout]    |
[INFO] [stdout] 15 | use proxy_wasm_experimental::traits::Context;
[INFO] [stdout]    |
[INFO] [stdout] 
[INFO] [stdout] 
[INFO] [stdout] error[E0405]: cannot find trait `HttpContext` in this scope
[INFO] [stdout]   --> examples/http_headers.rs:33:6
[INFO] [stdout]    |
[INFO] [stdout] 33 | impl HttpContext for HttpHeaders {
[INFO] [stdout]    |      ^^^^^^^^^^^ not found in this scope
[INFO] [stdout]    |
[INFO] [stdout] help: consider importing this trait
[INFO] [stdout]    |
[INFO] [stdout] 15 | use proxy_wasm_experimental::traits::HttpContext;
[INFO] [stdout]    |
[INFO] [stdout] 
[INFO] [stdout] 
[INFO] [stdout] error[E0412]: cannot find type `Action` in this scope
[INFO] [stdout]    --> examples/http_headers.rs:34:56
[INFO] [stdout]     |
[INFO] [stdout] 34  |       fn on_http_request_headers(&mut self, _: usize) -> Action {
[INFO] [stdout]     |                                                          ^^^^^^
[INFO] [stdout]     |
[INFO] [stdout] help: an enum with a similar name exists
[INFO] [stdout]     |
[INFO] [stdout] 34  |     fn on_http_request_headers(&mut self, _: usize) -> Option {
[INFO] [stdout]     |                                                        ^^^^^^
[INFO] [stdout] help: consider importing this enum
[INFO] [stdout]     |
[INFO] [stdout] 15  | use proxy_wasm_experimental::types::Action;
[INFO] [stdout]     |
[INFO] [stdout] 
[INFO] [stdout] 
[INFO] [stdout] error[E0412]: cannot find type `Action` in this scope
[INFO] [stdout]    --> examples/http_headers.rs:52:57
[INFO] [stdout]     |
[INFO] [stdout] 52  |       fn on_http_response_headers(&mut self, _: usize) -> Action {
[INFO] [stdout]     |                                                           ^^^^^^
[INFO] [stdout]     |
[INFO] [stdout] help: an enum with a similar name exists
[INFO] [stdout]     |
[INFO] [stdout] 52  |     fn on_http_response_headers(&mut self, _: usize) -> Option {
[INFO] [stdout]     |                                                         ^^^^^^
[INFO] [stdout] help: consider importing this enum
[INFO] [stdout]     |
[INFO] [stdout] 15  | use proxy_wasm_experimental::types::Action;
[INFO] [stdout]     |
[INFO] [stdout] 
[INFO] [stdout] 
[INFO] [stdout] error: aborting due to 14 previous errors
[INFO] [stdout] 
[INFO] [stdout] 
[INFO] [stdout] Some errors have detailed explanations: E0405, E0412, E0432, E0433.
[INFO] [stdout] 
[INFO] [stdout] For more information about an error, try `rustc --explain E0405`.
[INFO] [stdout] 
[INFO] [stderr] error: build failed
[INFO] running `Command { std: "docker" "inspect" "2a7ddf24d002d2ee75d475ac4019978ecf4a96075ad7f05007701bbeb2fa010f", kill_on_drop: false }`
[INFO] running `Command { std: "docker" "rm" "-f" "2a7ddf24d002d2ee75d475ac4019978ecf4a96075ad7f05007701bbeb2fa010f", kill_on_drop: false }`
[INFO] [stdout] 2a7ddf24d002d2ee75d475ac4019978ecf4a96075ad7f05007701bbeb2fa010f
