[INFO] fetching crate pcsclite-sys 0.1.2...
[INFO] checking pcsclite-sys-0.1.2 against beta-2020-07-24 for pr-75494-beta
[INFO] extracting crate pcsclite-sys 0.1.2 into /workspace/builds/worker-14/source
[INFO] validating manifest of crates.io crate pcsclite-sys 0.1.2 on toolchain beta-2020-07-24
[INFO] running `Command { std: "/workspace/cargo-home/bin/cargo" "+beta-2020-07-24" "read-manifest" "--manifest-path" "Cargo.toml", kill_on_drop: false }`
[INFO] started tweaking crates.io crate pcsclite-sys 0.1.2
[INFO] finished tweaking crates.io crate pcsclite-sys 0.1.2
[INFO] tweaked toml for crates.io crate pcsclite-sys 0.1.2 written to /workspace/builds/worker-14/source/Cargo.toml
[INFO] running `Command { std: "/workspace/cargo-home/bin/cargo" "+beta-2020-07-24" "generate-lockfile" "--manifest-path" "Cargo.toml" "-Zno-index-update", kill_on_drop: false }`
[INFO] running `Command { std: "/workspace/cargo-home/bin/cargo" "+beta-2020-07-24" "fetch" "--locked" "--manifest-path" "Cargo.toml", kill_on_drop: false }`
[INFO] running `Command { std: "docker" "create" "-v" "/var/lib/crater-agent-workspace/builds/worker-14/target:/opt/rustwide/target:rw,Z" "-v" "/var/lib/crater-agent-workspace/builds/worker-14/source:/opt/rustwide/workdir:ro,Z" "-v" "/var/lib/crater-agent-workspace/cargo-home:/opt/rustwide/cargo-home:ro,Z" "-v" "/var/lib/crater-agent-workspace/rustup-home:/opt/rustwide/rustup-home:ro,Z" "-e" "SOURCE_DIR=/opt/rustwide/workdir" "-e" "CARGO_TARGET_DIR=/opt/rustwide/target" "-e" "CARGO_HOME=/opt/rustwide/cargo-home" "-e" "RUSTUP_HOME=/opt/rustwide/rustup-home" "-w" "/opt/rustwide/workdir" "-m" "1610612736" "--user" "0:0" "--network" "none" "rustops/crates-build-env@sha256:a636fd89d022f18117e1dc8fb37a0a009933cdbbe082814857f0e2024962d47c" "/opt/rustwide/cargo-home/bin/cargo" "+beta-2020-07-24" "metadata" "--no-deps" "--format-version=1", kill_on_drop: false }`
[INFO] [stdout] 25fbd8707c204b6302946ab2bcf467243bb30ec0ed97d121ed19833ab92523fe
[INFO] [stderr] WARNING: Your kernel does not support swap limit capabilities or the cgroup is not mounted. Memory limited without swap.
[INFO] running `Command { std: "docker" "start" "-a" "25fbd8707c204b6302946ab2bcf467243bb30ec0ed97d121ed19833ab92523fe", kill_on_drop: false }`
[INFO] running `Command { std: "docker" "inspect" "25fbd8707c204b6302946ab2bcf467243bb30ec0ed97d121ed19833ab92523fe", kill_on_drop: false }`
[INFO] running `Command { std: "docker" "rm" "-f" "25fbd8707c204b6302946ab2bcf467243bb30ec0ed97d121ed19833ab92523fe", kill_on_drop: false }`
[INFO] [stdout] 25fbd8707c204b6302946ab2bcf467243bb30ec0ed97d121ed19833ab92523fe
[INFO] running `Command { std: "docker" "create" "-v" "/var/lib/crater-agent-workspace/builds/worker-14/target:/opt/rustwide/target:rw,Z" "-v" "/var/lib/crater-agent-workspace/builds/worker-14/source:/opt/rustwide/workdir:ro,Z" "-v" "/var/lib/crater-agent-workspace/cargo-home:/opt/rustwide/cargo-home:ro,Z" "-v" "/var/lib/crater-agent-workspace/rustup-home:/opt/rustwide/rustup-home:ro,Z" "-e" "SOURCE_DIR=/opt/rustwide/workdir" "-e" "CARGO_TARGET_DIR=/opt/rustwide/target" "-e" "CARGO_INCREMENTAL=0" "-e" "RUST_BACKTRACE=full" "-e" "RUSTFLAGS=--cap-lints=forbid" "-e" "CARGO_HOME=/opt/rustwide/cargo-home" "-e" "RUSTUP_HOME=/opt/rustwide/rustup-home" "-w" "/opt/rustwide/workdir" "-m" "1610612736" "--user" "0:0" "--network" "none" "rustops/crates-build-env@sha256:a636fd89d022f18117e1dc8fb37a0a009933cdbbe082814857f0e2024962d47c" "/opt/rustwide/cargo-home/bin/cargo" "+beta-2020-07-24" "check" "--frozen" "--all" "--all-targets" "--message-format=json", kill_on_drop: false }`
[INFO] [stderr] WARNING: Your kernel does not support swap limit capabilities or the cgroup is not mounted. Memory limited without swap.
[INFO] [stdout] 2119a0a055b41250e4afc7883e075b343493b64ab056590637796971447bcde7
[INFO] running `Command { std: "docker" "start" "-a" "2119a0a055b41250e4afc7883e075b343493b64ab056590637796971447bcde7", kill_on_drop: false }`
[INFO] [stderr]    Compiling libc v0.2.76
[INFO] [stderr]    Compiling pcsclite-sys v0.1.2 (/opt/rustwide/workdir)
[INFO] [stdout] warning: unnecessary parentheses around assigned value
[INFO] [stdout]    --> src/lib.rs:260:45
[INFO] [stdout]     |
[INFO] [stdout] 260 | pub const MAX_BUFFER_SIZE_EXTENDED: usize = (4 + 3 + (1<<16) + 3 + 2);
[INFO] [stdout]     |                                             ^^^^^^^^^^^^^^^^^^^^^^^^^ help: remove these parentheses
[INFO] [stdout]     |
[INFO] [stdout]     = note: `#[warn(unused_parens)]` on by default
[INFO] [stdout] 
[INFO] [stdout] 
[INFO] [stdout] warning: unnecessary parentheses around assigned value
[INFO] [stdout]    --> src/lib.rs:260:45
[INFO] [stdout]     |
[INFO] [stdout] 260 | pub const MAX_BUFFER_SIZE_EXTENDED: usize = (4 + 3 + (1<<16) + 3 + 2);
[INFO] [stdout]     |                                             ^^^^^^^^^^^^^^^^^^^^^^^^^ help: remove these parentheses
[INFO] [stdout]     |
[INFO] [stdout]     = note: `#[warn(unused_parens)]` on by default
[INFO] [stdout] 
[INFO] [stdout] 
[INFO] [stdout] error[E0133]: use of extern static is unsafe and requires unsafe function or block
[INFO] [stdout]    --> src/lib.rs:313:13
[INFO] [stdout]     |
[INFO] [stdout] 313 |             &g_rgSCardT0Pci as *const SCARD_IO_REQUEST as *const c_void,
[INFO] [stdout]     |             ^^^^^^^^^^^^^^^ use of extern static
[INFO] [stdout]     |
[INFO] [stdout]     = note: extern statics are not controlled by the Rust type system: invalid data, aliasing violations or data races will cause undefined behavior
[INFO] [stdout] 
[INFO] [stdout] 
[INFO] [stdout] error[E0133]: use of extern static is unsafe and requires unsafe function or block
[INFO] [stdout]    --> src/lib.rs:314:13
[INFO] [stdout]     |
[INFO] [stdout] 314 |             &g_rgSCardT1Pci as *const SCARD_IO_REQUEST as *const c_void,
[INFO] [stdout]     |             ^^^^^^^^^^^^^^^ use of extern static
[INFO] [stdout]     |
[INFO] [stdout]     = note: extern statics are not controlled by the Rust type system: invalid data, aliasing violations or data races will cause undefined behavior
[INFO] [stdout] 
[INFO] [stdout] 
[INFO] [stdout] error[E0133]: use of extern static is unsafe and requires unsafe function or block
[INFO] [stdout]    --> src/lib.rs:315:13
[INFO] [stdout]     |
[INFO] [stdout] 315 |             &g_rgSCardRawPci as *const SCARD_IO_REQUEST as *const c_void,
[INFO] [stdout]     |             ^^^^^^^^^^^^^^^^ use of extern static
[INFO] [stdout]     |
[INFO] [stdout]     = note: extern statics are not controlled by the Rust type system: invalid data, aliasing violations or data races will cause undefined behavior
[INFO] [stdout] 
[INFO] [stdout] 
[INFO] [stdout] error: aborting due to 3 previous errors; 1 warning emitted
[INFO] [stdout] 
[INFO] [stdout] 
[INFO] [stdout] For more information about this error, try `rustc --explain E0133`.
[INFO] [stdout] 
[INFO] [stderr] error: could not compile `pcsclite-sys`.
[INFO] [stderr] 
[INFO] [stderr] To learn more, run the command again with --verbose.
[INFO] [stderr] warning: build failed, waiting for other jobs to finish...
[INFO] [stdout] warning: 1 warning emitted
[INFO] [stdout] 
[INFO] [stdout] 
[INFO] [stderr] error: build failed
[INFO] running `Command { std: "docker" "inspect" "2119a0a055b41250e4afc7883e075b343493b64ab056590637796971447bcde7", kill_on_drop: false }`
[INFO] running `Command { std: "docker" "rm" "-f" "2119a0a055b41250e4afc7883e075b343493b64ab056590637796971447bcde7", kill_on_drop: false }`
[INFO] [stdout] 2119a0a055b41250e4afc7883e075b343493b64ab056590637796971447bcde7
