[INFO] fetching crate orml-benchmarking 0.1.1...
[INFO] checking orml-benchmarking-0.1.1 against beta-2020-07-24 for pr-75494-beta
[INFO] extracting crate orml-benchmarking 0.1.1 into /workspace/builds/worker-4/source
[INFO] validating manifest of crates.io crate orml-benchmarking 0.1.1 on toolchain beta-2020-07-24
[INFO] running `Command { std: "/workspace/cargo-home/bin/cargo" "+beta-2020-07-24" "read-manifest" "--manifest-path" "Cargo.toml", kill_on_drop: false }`
[INFO] started tweaking crates.io crate orml-benchmarking 0.1.1
[INFO] finished tweaking crates.io crate orml-benchmarking 0.1.1
[INFO] tweaked toml for crates.io crate orml-benchmarking 0.1.1 written to /workspace/builds/worker-4/source/Cargo.toml
[INFO] running `Command { std: "/workspace/cargo-home/bin/cargo" "+beta-2020-07-24" "generate-lockfile" "--manifest-path" "Cargo.toml" "-Zno-index-update", kill_on_drop: false }`
[INFO] running `Command { std: "/workspace/cargo-home/bin/cargo" "+beta-2020-07-24" "fetch" "--locked" "--manifest-path" "Cargo.toml", kill_on_drop: false }`
[INFO] running `Command { std: "docker" "create" "-v" "/var/lib/crater-agent-workspace/builds/worker-4/target:/opt/rustwide/target:rw,Z" "-v" "/var/lib/crater-agent-workspace/builds/worker-4/source:/opt/rustwide/workdir:ro,Z" "-v" "/var/lib/crater-agent-workspace/cargo-home:/opt/rustwide/cargo-home:ro,Z" "-v" "/var/lib/crater-agent-workspace/rustup-home:/opt/rustwide/rustup-home:ro,Z" "-e" "SOURCE_DIR=/opt/rustwide/workdir" "-e" "CARGO_TARGET_DIR=/opt/rustwide/target" "-e" "CARGO_HOME=/opt/rustwide/cargo-home" "-e" "RUSTUP_HOME=/opt/rustwide/rustup-home" "-w" "/opt/rustwide/workdir" "-m" "1610612736" "--user" "0:0" "--network" "none" "rustops/crates-build-env@sha256:a636fd89d022f18117e1dc8fb37a0a009933cdbbe082814857f0e2024962d47c" "/opt/rustwide/cargo-home/bin/cargo" "+beta-2020-07-24" "metadata" "--no-deps" "--format-version=1", kill_on_drop: false }`
[INFO] [stdout] 98aa3eda084752c44ebe1111c63e375e741dee86f4db43d7f36dcdba174e84e3
[INFO] [stderr] WARNING: Your kernel does not support swap limit capabilities or the cgroup is not mounted. Memory limited without swap.
[INFO] running `Command { std: "docker" "start" "-a" "98aa3eda084752c44ebe1111c63e375e741dee86f4db43d7f36dcdba174e84e3", kill_on_drop: false }`
[INFO] running `Command { std: "docker" "inspect" "98aa3eda084752c44ebe1111c63e375e741dee86f4db43d7f36dcdba174e84e3", kill_on_drop: false }`
[INFO] running `Command { std: "docker" "rm" "-f" "98aa3eda084752c44ebe1111c63e375e741dee86f4db43d7f36dcdba174e84e3", kill_on_drop: false }`
[INFO] [stdout] 98aa3eda084752c44ebe1111c63e375e741dee86f4db43d7f36dcdba174e84e3
[INFO] running `Command { std: "docker" "create" "-v" "/var/lib/crater-agent-workspace/builds/worker-4/target:/opt/rustwide/target:rw,Z" "-v" "/var/lib/crater-agent-workspace/builds/worker-4/source:/opt/rustwide/workdir:ro,Z" "-v" "/var/lib/crater-agent-workspace/cargo-home:/opt/rustwide/cargo-home:ro,Z" "-v" "/var/lib/crater-agent-workspace/rustup-home:/opt/rustwide/rustup-home:ro,Z" "-e" "SOURCE_DIR=/opt/rustwide/workdir" "-e" "CARGO_TARGET_DIR=/opt/rustwide/target" "-e" "CARGO_INCREMENTAL=0" "-e" "RUST_BACKTRACE=full" "-e" "RUSTFLAGS=--cap-lints=forbid" "-e" "CARGO_HOME=/opt/rustwide/cargo-home" "-e" "RUSTUP_HOME=/opt/rustwide/rustup-home" "-w" "/opt/rustwide/workdir" "-m" "1610612736" "--user" "0:0" "--network" "none" "rustops/crates-build-env@sha256:a636fd89d022f18117e1dc8fb37a0a009933cdbbe082814857f0e2024962d47c" "/opt/rustwide/cargo-home/bin/cargo" "+beta-2020-07-24" "check" "--frozen" "--all" "--all-targets" "--message-format=json", kill_on_drop: false }`
[INFO] [stdout] 6147cda22122f84c7c1c40c04ad4f30da507908d032afe839c12c83cb3b85668
[INFO] [stderr] WARNING: Your kernel does not support swap limit capabilities or the cgroup is not mounted. Memory limited without swap.
[INFO] running `Command { std: "docker" "start" "-a" "6147cda22122f84c7c1c40c04ad4f30da507908d032afe839c12c83cb3b85668", kill_on_drop: false }`
[INFO] [stderr]    Compiling libm v0.2.1
[INFO] [stderr]     Checking rand_core v0.4.2
[INFO] [stderr]    Compiling autocfg v0.1.7
[INFO] [stderr]     Checking rawpointer v0.2.1
[INFO] [stderr]    Compiling nodrop v0.1.14
[INFO] [stderr]    Compiling num-traits v0.2.12
[INFO] [stderr]    Compiling num-complex v0.2.4
[INFO] [stderr]     Checking generic-array v0.13.2
[INFO] [stderr]     Checking rand_distr v0.2.2
[INFO] [stderr]     Checking statrs v0.12.0
[INFO] [stderr]     Checking matrixmultiply v0.2.3
[INFO] [stderr]    Compiling arrayvec v0.4.12
[INFO] [stderr]     Checking rand_core v0.3.1
[INFO] [stderr]     Checking rand_jitter v0.1.4
[INFO] [stderr]     Checking rand_os v0.1.3
[INFO] [stderr]     Checking rand_hc v0.1.0
[INFO] [stderr]     Checking rand_xorshift v0.1.1
[INFO] [stderr]     Checking rand_isaac v0.1.1
[INFO] [stderr]     Checking rand v0.5.6
[INFO] [stderr]    Compiling rand_pcg v0.1.2
[INFO] [stderr]    Compiling rand_chacha v0.1.1
[INFO] [stderr]    Compiling rand v0.6.5
[INFO] [stderr]    Compiling blake2-rfc v0.2.18
[INFO] [stderr]    Compiling sp-api-proc-macro v2.0.0-rc6
[INFO] [stderr]     Checking statrs v0.10.0
[INFO] [stderr]     Checking num-integer v0.1.43
[INFO] [stderr]     Checking approx v0.3.2
[INFO] [stderr]     Checking sp-arithmetic v2.0.0-rc6
[INFO] [stderr]     Checking num-bigint v0.2.6
[INFO] [stderr]     Checking alga v0.9.3
[INFO] [stderr]     Checking simba v0.1.5
[INFO] [stderr]     Checking num-rational v0.2.4
[INFO] [stderr]     Checking wasmi v0.6.2
[INFO] [stderr]     Checking nalgebra v0.18.1
[INFO] [stderr]     Checking nalgebra v0.21.1
[INFO] [stderr]     Checking sp-wasm-interface v2.0.0-rc6
[INFO] [stderr]     Checking sp-runtime-interface v2.0.0-rc6
[INFO] [stderr]     Checking sp-core v2.0.0-rc6
[INFO] [stderr]     Checking sp-trie v2.0.0-rc6
[INFO] [stderr]     Checking sp-inherents v2.0.0-rc6
[INFO] [stderr]     Checking frame-metadata v11.0.0-rc6
[INFO] [stderr]     Checking sp-state-machine v0.8.0-rc6
[INFO] [stderr]     Checking sp-io v2.0.0-rc6
[INFO] [stderr]     Checking sp-application-crypto v2.0.0-rc6
[INFO] [stderr]     Checking sp-runtime v2.0.0-rc6
[INFO] [stderr]     Checking linregress v0.1.7
[INFO] [stderr]     Checking sp-version v2.0.0-rc6
[INFO] [stderr]     Checking frame-support v2.0.0-rc6
[INFO] [stderr]     Checking sp-api v2.0.0-rc6
[INFO] [stderr]     Checking linregress v0.3.0
[INFO] [stderr]     Checking frame-system v2.0.0-rc6
[INFO] [stderr]     Checking frame-benchmarking v2.0.0-rc6
[INFO] [stderr]     Checking orml-benchmarking v0.1.1 (/opt/rustwide/workdir)
[INFO] [stdout] error[E0432]: unresolved import `frame_benchmarking::BenchmarkingSetupInstance`
[INFO] [stdout]   --> src/lib.rs:12:2
[INFO] [stdout]    |
[INFO] [stdout] 12 |     BenchmarkingSetupInstance,
[INFO] [stdout]    |     ^^^^^^^^^^^^^^^^^^^^^^^^^
[INFO] [stdout]    |     |
[INFO] [stdout]    |     no `BenchmarkingSetupInstance` in the root
[INFO] [stdout]    |     help: a similar name exists in the module: `BenchmarkingSetup`
[INFO] [stdout] 
[INFO] [stdout] 
[INFO] [stdout] error: aborting due to previous error
[INFO] [stdout] 
[INFO] [stdout] 
[INFO] [stdout] For more information about this error, try `rustc --explain E0432`.
[INFO] [stdout] 
[INFO] [stderr] error: could not compile `orml-benchmarking`.
[INFO] [stderr] 
[INFO] [stderr] To learn more, run the command again with --verbose.
[INFO] [stderr] warning: build failed, waiting for other jobs to finish...
[INFO] [stdout] error[E0432]: unresolved import `frame_benchmarking::BenchmarkingSetupInstance`
[INFO] [stdout]   --> src/lib.rs:12:2
[INFO] [stdout]    |
[INFO] [stdout] 12 |     BenchmarkingSetupInstance,
[INFO] [stdout]    |     ^^^^^^^^^^^^^^^^^^^^^^^^^
[INFO] [stdout]    |     |
[INFO] [stdout]    |     no `BenchmarkingSetupInstance` in the root
[INFO] [stdout]    |     help: a similar name exists in the module: `BenchmarkingSetup`
[INFO] [stdout] 
[INFO] [stdout] 
[INFO] [stdout] error[E0046]: not all trait items implemented, missing: `BaseCallFilter`, `SystemWeightInfo`
[INFO] [stdout]   --> src/tests.rs:57:1
[INFO] [stdout]    |
[INFO] [stdout] 57 | impl frame_system::Trait for Test {
[INFO] [stdout]    | ^^^^^^^^^^^^^^^^^^^^^^^^^^^^^^^^^ missing `BaseCallFilter`, `SystemWeightInfo` in implementation
[INFO] [stdout]    |
[INFO] [stdout]    = help: implement the missing item: `type BaseCallFilter = Type;`
[INFO] [stdout]    = help: implement the missing item: `type SystemWeightInfo = Type;`
[INFO] [stdout] 
[INFO] [stdout] 
[INFO] [stdout] error[E0050]: method `benchmarks` has 0 parameters but the declaration in trait `frame_benchmarking::Benchmarking::benchmarks` has 1
[INFO] [stdout]    --> src/lib.rs:724:4
[INFO] [stdout]     |
[INFO] [stdout] 724 |               fn benchmarks() -> Vec<&'static [u8]> {
[INFO] [stdout]     |               ^^^^^^^^^^^^^^^^^^^^^^^^^^^^^^^^^^^^^ expected 1 parameter, found 0
[INFO] [stdout]     | 
[INFO] [stdout]    ::: src/tests.rs:99:1
[INFO] [stdout]     |
[INFO] [stdout] 99  | / runtime_benchmarks! {
[INFO] [stdout] 100 | |     { Test, self }
[INFO] [stdout] 101 | |
[INFO] [stdout] 102 | |     _ {
[INFO] [stdout] ...   |
[INFO] [stdout] 145 | |     }
[INFO] [stdout] 146 | | }
[INFO] [stdout]     | |_- in this macro invocation
[INFO] [stdout]     |
[INFO] [stdout]     = note: `benchmarks` from trait: `fn(bool) -> std::vec::Vec<&'static [u8]>`
[INFO] [stdout]     = note: this error originates in a macro (in Nightly builds, run with -Z macro-backtrace for more info)
[INFO] [stdout] 
[INFO] [stdout] 
[INFO] [stdout] error[E0050]: method `run_benchmark` has 5 parameters but the declaration in trait `frame_benchmarking::Benchmarking::run_benchmark` has 6
[INFO] [stdout]    --> src/lib.rs:729:16
[INFO] [stdout]     |
[INFO] [stdout] 729 |                   extrinsic: &[u8],
[INFO] [stdout]     |  ____________________________^
[INFO] [stdout] 730 | |                 lowest_range_values: &[u32],
[INFO] [stdout] 731 | |                 highest_range_values: &[u32],
[INFO] [stdout] 732 | |                 steps: &[u32],
[INFO] [stdout] 733 | |                 repeat: u32,
[INFO] [stdout]     | |___________________________^ expected 6 parameters, found 5
[INFO] [stdout]     | 
[INFO] [stdout]    ::: src/tests.rs:99:1
[INFO] [stdout]     |
[INFO] [stdout] 99  | / runtime_benchmarks! {
[INFO] [stdout] 100 | |     { Test, self }
[INFO] [stdout] 101 | |
[INFO] [stdout] 102 | |     _ {
[INFO] [stdout] ...   |
[INFO] [stdout] 145 | |     }
[INFO] [stdout] 146 | | }
[INFO] [stdout]     | |_- in this macro invocation
[INFO] [stdout]     |
[INFO] [stdout]     = note: `run_benchmark` from trait: `fn(&[u8], &[u32], &[u32], &[u32], u32, &[frame_benchmarking::TrackedStorageKey]) -> std::result::Result<std::vec::Vec<T>, &'static str>`
[INFO] [stdout]     = note: this error originates in a macro (in Nightly builds, run with -Z macro-backtrace for more info)
[INFO] [stdout] 
[INFO] [stdout] 
[INFO] [stdout] error[E0277]: the trait bound `tests::Call<tests::Test>: sp_runtime::traits::Dispatchable` is not satisfied
[INFO] [stdout]    --> src/lib.rs:251:5
[INFO] [stdout]     |
[INFO] [stdout] 251 |                   <$pallet::Call<$runtime> as $crate::Dispatchable>::dispatch($pallet::Call::<$runtime>::$dispatch($($arg),*), $origin.into())?;
[INFO] [stdout]     |                   ^^^^^^^^^^^^^^^^^^^^^^^^^^^^^^^^^^^^^^^^^^^^^^^^^^^^^^^^^^^ the trait `sp_runtime::traits::Dispatchable` is not implemented for `tests::Call<tests::Test>`
[INFO] [stdout]     | 
[INFO] [stdout]    ::: src/tests.rs:99:1
[INFO] [stdout]     |
[INFO] [stdout] 99  | / runtime_benchmarks! {
[INFO] [stdout] 100 | |     { Test, self }
[INFO] [stdout] 101 | |
[INFO] [stdout] 102 | |     _ {
[INFO] [stdout] ...   |
[INFO] [stdout] 145 | |     }
[INFO] [stdout] 146 | | }
[INFO] [stdout]     | |_- in this macro invocation
[INFO] [stdout]     |
[INFO] [stdout]     = note: this error originates in a macro (in Nightly builds, run with -Z macro-backtrace for more info)
[INFO] [stdout] 
[INFO] [stdout] 
[INFO] [stdout] error[E0277]: the trait bound `tests::Call<tests::Test>: sp_runtime::traits::Dispatchable` is not satisfied
[INFO] [stdout]    --> src/lib.rs:251:5
[INFO] [stdout]     |
[INFO] [stdout] 251 |                   <$pallet::Call<$runtime> as $crate::Dispatchable>::dispatch($pallet::Call::<$runtime>::$dispatch($($arg),*), $origin.into())?;
[INFO] [stdout]     |                   ^^^^^^^^^^^^^^^^^^^^^^^^^^^^^^^^^^^^^^^^^^^^^^^^^^^^^^^^^^^ the trait `sp_runtime::traits::Dispatchable` is not implemented for `tests::Call<tests::Test>`
[INFO] [stdout]     | 
[INFO] [stdout]    ::: src/tests.rs:99:1
[INFO] [stdout]     |
[INFO] [stdout] 99  | / runtime_benchmarks! {
[INFO] [stdout] 100 | |     { Test, self }
[INFO] [stdout] 101 | |
[INFO] [stdout] 102 | |     _ {
[INFO] [stdout] ...   |
[INFO] [stdout] 145 | |     }
[INFO] [stdout] 146 | | }
[INFO] [stdout]     | |_- in this macro invocation
[INFO] [stdout]     |
[INFO] [stdout]     = note: this error originates in a macro (in Nightly builds, run with -Z macro-backtrace for more info)
[INFO] [stdout] 
[INFO] [stdout] 
[INFO] [stdout] error[E0277]: the trait bound `tests::Call<tests::Test>: sp_runtime::traits::Dispatchable` is not satisfied
[INFO] [stdout]    --> src/lib.rs:251:5
[INFO] [stdout]     |
[INFO] [stdout] 251 |                   <$pallet::Call<$runtime> as $crate::Dispatchable>::dispatch($pallet::Call::<$runtime>::$dispatch($($arg),*), $origin.into())?;
[INFO] [stdout]     |                   ^^^^^^^^^^^^^^^^^^^^^^^^^^^^^^^^^^^^^^^^^^^^^^^^^^^^^^^^^^^ the trait `sp_runtime::traits::Dispatchable` is not implemented for `tests::Call<tests::Test>`
[INFO] [stdout]     | 
[INFO] [stdout]    ::: src/tests.rs:99:1
[INFO] [stdout]     |
[INFO] [stdout] 99  | / runtime_benchmarks! {
[INFO] [stdout] 100 | |     { Test, self }
[INFO] [stdout] 101 | |
[INFO] [stdout] 102 | |     _ {
[INFO] [stdout] ...   |
[INFO] [stdout] 145 | |     }
[INFO] [stdout] 146 | | }
[INFO] [stdout]     | |_- in this macro invocation
[INFO] [stdout]     |
[INFO] [stdout]     = note: this error originates in a macro (in Nightly builds, run with -Z macro-backtrace for more info)
[INFO] [stdout] 
[INFO] [stdout] 
[INFO] [stdout] error[E0308]: mismatched types
[INFO] [stdout]    --> src/lib.rs:815:21
[INFO] [stdout]     |
[INFO] [stdout] 815 |                               results.push((c.clone(), elapsed_extrinsic, elapsed_storage_root));
[INFO] [stdout]     |                                            ^^^^^^^^^^^^^^^^^^^^^^^^^^^^^^^^^^^^^^^^^^^^^^^^^^^^ expected struct `frame_benchmarking::BenchmarkResults`, found tuple
[INFO] [stdout]     | 
[INFO] [stdout]    ::: src/tests.rs:99:1
[INFO] [stdout]     |
[INFO] [stdout] 99  | / runtime_benchmarks! {
[INFO] [stdout] 100 | |     { Test, self }
[INFO] [stdout] 101 | |
[INFO] [stdout] 102 | |     _ {
[INFO] [stdout] ...   |
[INFO] [stdout] 145 | |     }
[INFO] [stdout] 146 | | }
[INFO] [stdout]     | |_- in this macro invocation
[INFO] [stdout]     |
[INFO] [stdout]     = note: expected struct `frame_benchmarking::BenchmarkResults`
[INFO] [stdout]                 found tuple `(std::vec::Vec<(frame_benchmarking::BenchmarkParameter, u32)>, u128, u128)`
[INFO] [stdout]     = note: this error originates in a macro (in Nightly builds, run with -Z macro-backtrace for more info)
[INFO] [stdout] 
[INFO] [stdout] 
[INFO] [stdout] error: aborting due to 8 previous errors
[INFO] [stdout] 
[INFO] [stdout] 
[INFO] [stdout] Some errors have detailed explanations: E0046, E0050, E0277, E0308, E0432.
[INFO] [stdout] 
[INFO] [stdout] For more information about an error, try `rustc --explain E0046`.
[INFO] [stdout] 
[INFO] [stderr] error: build failed
[INFO] running `Command { std: "docker" "inspect" "6147cda22122f84c7c1c40c04ad4f30da507908d032afe839c12c83cb3b85668", kill_on_drop: false }`
[INFO] running `Command { std: "docker" "rm" "-f" "6147cda22122f84c7c1c40c04ad4f30da507908d032afe839c12c83cb3b85668", kill_on_drop: false }`
[INFO] [stdout] 6147cda22122f84c7c1c40c04ad4f30da507908d032afe839c12c83cb3b85668
