[INFO] fetching crate network-time 0.1.1...
[INFO] checking network-time-0.1.1 against beta-2020-07-24 for pr-75494-beta
[INFO] extracting crate network-time 0.1.1 into /workspace/builds/worker-3/source
[INFO] validating manifest of crates.io crate network-time 0.1.1 on toolchain beta-2020-07-24
[INFO] running `Command { std: "/workspace/cargo-home/bin/cargo" "+beta-2020-07-24" "read-manifest" "--manifest-path" "Cargo.toml", kill_on_drop: false }`
[INFO] started tweaking crates.io crate network-time 0.1.1
[INFO] finished tweaking crates.io crate network-time 0.1.1
[INFO] tweaked toml for crates.io crate network-time 0.1.1 written to /workspace/builds/worker-3/source/Cargo.toml
[INFO] running `Command { std: "/workspace/cargo-home/bin/cargo" "+beta-2020-07-24" "generate-lockfile" "--manifest-path" "Cargo.toml" "-Zno-index-update", kill_on_drop: false }`
[INFO] running `Command { std: "/workspace/cargo-home/bin/cargo" "+beta-2020-07-24" "fetch" "--locked" "--manifest-path" "Cargo.toml", kill_on_drop: false }`
[INFO] running `Command { std: "docker" "create" "-v" "/var/lib/crater-agent-workspace/builds/worker-3/target:/opt/rustwide/target:rw,Z" "-v" "/var/lib/crater-agent-workspace/builds/worker-3/source:/opt/rustwide/workdir:ro,Z" "-v" "/var/lib/crater-agent-workspace/cargo-home:/opt/rustwide/cargo-home:ro,Z" "-v" "/var/lib/crater-agent-workspace/rustup-home:/opt/rustwide/rustup-home:ro,Z" "-e" "SOURCE_DIR=/opt/rustwide/workdir" "-e" "CARGO_TARGET_DIR=/opt/rustwide/target" "-e" "CARGO_HOME=/opt/rustwide/cargo-home" "-e" "RUSTUP_HOME=/opt/rustwide/rustup-home" "-w" "/opt/rustwide/workdir" "-m" "1610612736" "--user" "0:0" "--network" "none" "rustops/crates-build-env@sha256:a636fd89d022f18117e1dc8fb37a0a009933cdbbe082814857f0e2024962d47c" "/opt/rustwide/cargo-home/bin/cargo" "+beta-2020-07-24" "metadata" "--no-deps" "--format-version=1", kill_on_drop: false }`
[INFO] [stdout] d00f35b59a87b3e57709e10da8a092e5ad3e4c90f73d24c91ea14628dc1c9f70
[INFO] [stderr] WARNING: Your kernel does not support swap limit capabilities or the cgroup is not mounted. Memory limited without swap.
[INFO] running `Command { std: "docker" "start" "-a" "d00f35b59a87b3e57709e10da8a092e5ad3e4c90f73d24c91ea14628dc1c9f70", kill_on_drop: false }`
[INFO] running `Command { std: "docker" "inspect" "d00f35b59a87b3e57709e10da8a092e5ad3e4c90f73d24c91ea14628dc1c9f70", kill_on_drop: false }`
[INFO] running `Command { std: "docker" "rm" "-f" "d00f35b59a87b3e57709e10da8a092e5ad3e4c90f73d24c91ea14628dc1c9f70", kill_on_drop: false }`
[INFO] [stdout] d00f35b59a87b3e57709e10da8a092e5ad3e4c90f73d24c91ea14628dc1c9f70
[INFO] running `Command { std: "docker" "create" "-v" "/var/lib/crater-agent-workspace/builds/worker-3/target:/opt/rustwide/target:rw,Z" "-v" "/var/lib/crater-agent-workspace/builds/worker-3/source:/opt/rustwide/workdir:ro,Z" "-v" "/var/lib/crater-agent-workspace/cargo-home:/opt/rustwide/cargo-home:ro,Z" "-v" "/var/lib/crater-agent-workspace/rustup-home:/opt/rustwide/rustup-home:ro,Z" "-e" "SOURCE_DIR=/opt/rustwide/workdir" "-e" "CARGO_TARGET_DIR=/opt/rustwide/target" "-e" "CARGO_INCREMENTAL=0" "-e" "RUST_BACKTRACE=full" "-e" "RUSTFLAGS=--cap-lints=forbid" "-e" "CARGO_HOME=/opt/rustwide/cargo-home" "-e" "RUSTUP_HOME=/opt/rustwide/rustup-home" "-w" "/opt/rustwide/workdir" "-m" "1610612736" "--user" "0:0" "--network" "none" "rustops/crates-build-env@sha256:a636fd89d022f18117e1dc8fb37a0a009933cdbbe082814857f0e2024962d47c" "/opt/rustwide/cargo-home/bin/cargo" "+beta-2020-07-24" "check" "--frozen" "--all" "--all-targets" "--message-format=json", kill_on_drop: false }`
[INFO] [stdout] 29cc05f6b288fa5a654832100cf3f4328d837bcd216cec098d536a4dc13a32ea
[INFO] [stderr] WARNING: Your kernel does not support swap limit capabilities or the cgroup is not mounted. Memory limited without swap.
[INFO] running `Command { std: "docker" "start" "-a" "29cc05f6b288fa5a654832100cf3f4328d837bcd216cec098d536a4dc13a32ea", kill_on_drop: false }`
[INFO] [stderr]     Checking likely v0.1.0
[INFO] [stderr]     Checking network-time v0.1.1 (/opt/rustwide/workdir)
[INFO] [stdout] error: the legacy LLVM-style asm! syntax is no longer supported
[INFO] [stdout]    --> src/MonotonicMillisecondTimestamp.rs:283:4
[INFO] [stdout]     |
[INFO] [stdout] 283 |               asm!
[INFO] [stdout]     |               ^---
[INFO] [stdout]     |               |
[INFO] [stdout]     |  _____________help: replace with: `llvm_asm!`
[INFO] [stdout]     | |
[INFO] [stdout] 284 | |             (
[INFO] [stdout] 285 | |                 "rdtsc"
[INFO] [stdout] 286 | |                 :
[INFO] [stdout] ...   |
[INFO] [stdout] 292 | |                     "volatile"
[INFO] [stdout] 293 | |             );
[INFO] [stdout]     | |______________^
[INFO] [stdout]     |
[INFO] [stdout]     = note: consider migrating to the new asm! syntax specified in RFC 2873
[INFO] [stdout]     = note: alternatively, switch to llvm_asm! to keep your code working as it is
[INFO] [stdout] 
[INFO] [stdout] 
[INFO] [stdout] error: the legacy LLVM-style asm! syntax is no longer supported
[INFO] [stdout]    --> src/MonotonicMillisecondTimestamp.rs:283:4
[INFO] [stdout]     |
[INFO] [stdout] 283 |               asm!
[INFO] [stdout]     |               ^---
[INFO] [stdout]     |               |
[INFO] [stdout]     |  _____________help: replace with: `llvm_asm!`
[INFO] [stdout]     | |
[INFO] [stdout] 284 | |             (
[INFO] [stdout] 285 | |                 "rdtsc"
[INFO] [stdout] 286 | |                 :
[INFO] [stdout] ...   |
[INFO] [stdout] 292 | |                     "volatile"
[INFO] [stdout] 293 | |             );
[INFO] [stdout]     | |______________^
[INFO] [stdout]     |
[INFO] [stdout]     = note: consider migrating to the new asm! syntax specified in RFC 2873
[INFO] [stdout]     = note: alternatively, switch to llvm_asm! to keep your code working as it is
[INFO] [stdout] 
[INFO] [stdout] 
[INFO] [stdout] error[E0554]: `#![feature]` may not be used on the beta release channel
[INFO] [stdout]  --> src/lib.rs:7:1
[INFO] [stdout]   |
[INFO] [stdout] 7 | #![feature(asm)]
[INFO] [stdout]   | ^^^^^^^^^^^^^^^^
[INFO] [stdout] 
[INFO] [stdout] 
[INFO] [stdout] error[E0554]: `#![feature]` may not be used on the beta release channel
[INFO] [stdout]  --> src/lib.rs:8:1
[INFO] [stdout]   |
[INFO] [stdout] 8 | #![feature(const_fn)]
[INFO] [stdout]   | ^^^^^^^^^^^^^^^^^^^^^
[INFO] [stdout] 
[INFO] [stdout] 
[INFO] [stdout] error[E0554]: `#![feature]` may not be used on the beta release channel
[INFO] [stdout]  --> src/lib.rs:7:1
[INFO] [stdout]   |
[INFO] [stdout] 7 | #![feature(asm)]
[INFO] [stdout]   | ^^^^^^^^^^^^^^^^
[INFO] [stdout] 
[INFO] [stdout] 
[INFO] [stdout] error[E0554]: `#![feature]` may not be used on the beta release channel
[INFO] [stdout]  --> src/lib.rs:8:1
[INFO] [stdout]   |
[INFO] [stdout] 8 | #![feature(const_fn)]
[INFO] [stdout]   | ^^^^^^^^^^^^^^^^^^^^^
[INFO] [stdout] 
[INFO] [stdout] 
[INFO] [stdout] error[E0554]: `#![feature]` may not be used on the beta release channel
[INFO] [stdout]  --> src/lib.rs:9:1
[INFO] [stdout]   |
[INFO] [stdout] 9 | #![feature(core_intrinsics)]
[INFO] [stdout]   | ^^^^^^^^^^^^^^^^^^^^^^^^^^^^
[INFO] [stdout] 
[INFO] [stdout] 
[INFO] [stdout] warning: trait objects without an explicit `dyn` are deprecated
[INFO] [stdout]    --> src/MonotonicMillisecondTimestamp.rs:241:57
[INFO] [stdout]     |
[INFO] [stdout] 241 |             fn read_model_specific_register() -> Result<u64, Box<error::Error + 'static>>
[INFO] [stdout]     |                                                                  ^^^^^^^^^^^^^^^^^^^^^^ help: use `dyn`: `dyn error::Error + 'static`
[INFO] [stdout]     |
[INFO] [stdout]     = note: `#[warn(bare_trait_objects)]` on by default
[INFO] [stdout] 
[INFO] [stdout] 
[INFO] [stdout] error[E0554]: `#![feature]` may not be used on the beta release channel
[INFO] [stdout]  --> src/lib.rs:9:1
[INFO] [stdout]   |
[INFO] [stdout] 9 | #![feature(core_intrinsics)]
[INFO] [stdout]   | ^^^^^^^^^^^^^^^^^^^^^^^^^^^^
[INFO] [stdout] 
[INFO] [stdout] 
[INFO] [stdout] warning: trait objects without an explicit `dyn` are deprecated
[INFO] [stdout]    --> src/MonotonicMillisecondTimestamp.rs:241:57
[INFO] [stdout]     |
[INFO] [stdout] 241 |             fn read_model_specific_register() -> Result<u64, Box<error::Error + 'static>>
[INFO] [stdout]     |                                                                  ^^^^^^^^^^^^^^^^^^^^^^ help: use `dyn`: `dyn error::Error + 'static`
[INFO] [stdout]     |
[INFO] [stdout]     = note: `#[warn(bare_trait_objects)]` on by default
[INFO] [stdout] 
[INFO] [stdout] 
[INFO] [stdout] warning: use of deprecated item 'std::mem::uninitialized': use `mem::MaybeUninit` instead
[INFO] [stdout]   --> src/lib.rs:28:5
[INFO] [stdout]    |
[INFO] [stdout] 28 | use ::std::mem::uninitialized;
[INFO] [stdout]    |     ^^^^^^^^^^^^^^^^^^^^^^^^^
[INFO] [stdout]    |
[INFO] [stdout]    = note: `#[warn(deprecated)]` on by default
[INFO] [stdout] 
[INFO] [stdout] 
[INFO] [stdout] warning: use of deprecated item 'std::mem::uninitialized': use `mem::MaybeUninit` instead
[INFO] [stdout]   --> src/lib.rs:28:5
[INFO] [stdout]    |
[INFO] [stdout] 28 | use ::std::mem::uninitialized;
[INFO] [stdout]    |     ^^^^^^^^^^^^^^^^^^^^^^^^^
[INFO] [stdout]    |
[INFO] [stdout]    = note: `#[warn(deprecated)]` on by default
[INFO] [stdout] 
[INFO] [stdout] 
[INFO] [stdout] warning: use of deprecated item 'std::mem::uninitialized': use `mem::MaybeUninit` instead
[INFO] [stdout]    --> src/MonotonicMillisecondTimestamp.rs:281:29
[INFO] [stdout]     |
[INFO] [stdout] 281 |             let mut cycles: Cycles = uninitialized();
[INFO] [stdout]     |                                      ^^^^^^^^^^^^^
[INFO] [stdout] 
[INFO] [stdout] 
[INFO] [stdout] warning: use of deprecated item 'std::mem::uninitialized': use `mem::MaybeUninit` instead
[INFO] [stdout]    --> src/MonotonicMillisecondTimestamp.rs:281:29
[INFO] [stdout]     |
[INFO] [stdout] 281 |             let mut cycles: Cycles = uninitialized();
[INFO] [stdout]     |                                      ^^^^^^^^^^^^^
[INFO] [stdout] 
[INFO] [stdout] 
[INFO] [stdout] error: aborting due to 4 previous errors; 3 warnings emitted
[INFO] [stdout] 
[INFO] [stdout] 
[INFO] [stdout] For more information about this error, try `rustc --explain E0554`.
[INFO] [stdout] 
[INFO] [stderr] error: could not compile `network-time`.
[INFO] [stderr] 
[INFO] [stderr] To learn more, run the command again with --verbose.
[INFO] [stderr] warning: build failed, waiting for other jobs to finish...
[INFO] [stdout] error: aborting due to 4 previous errors; 3 warnings emitted
[INFO] [stdout] 
[INFO] [stdout] 
[INFO] [stdout] For more information about this error, try `rustc --explain E0554`.
[INFO] [stdout] 
[INFO] [stderr] error: build failed
[INFO] running `Command { std: "docker" "inspect" "29cc05f6b288fa5a654832100cf3f4328d837bcd216cec098d536a4dc13a32ea", kill_on_drop: false }`
[INFO] running `Command { std: "docker" "rm" "-f" "29cc05f6b288fa5a654832100cf3f4328d837bcd216cec098d536a4dc13a32ea", kill_on_drop: false }`
[INFO] [stdout] 29cc05f6b288fa5a654832100cf3f4328d837bcd216cec098d536a4dc13a32ea
