[INFO] fetching crate mqtt 0.1.4...
[INFO] checking mqtt-0.1.4 against beta-2020-07-24 for pr-75494-beta
[INFO] extracting crate mqtt 0.1.4 into /workspace/builds/worker-13/source
[INFO] validating manifest of crates.io crate mqtt 0.1.4 on toolchain beta-2020-07-24
[INFO] running `Command { std: "/workspace/cargo-home/bin/cargo" "+beta-2020-07-24" "read-manifest" "--manifest-path" "Cargo.toml", kill_on_drop: false }`
[INFO] started tweaking crates.io crate mqtt 0.1.4
[INFO] removed 0 missing examples
[INFO] finished tweaking crates.io crate mqtt 0.1.4
[INFO] tweaked toml for crates.io crate mqtt 0.1.4 written to /workspace/builds/worker-13/source/Cargo.toml
[INFO] running `Command { std: "/workspace/cargo-home/bin/cargo" "+beta-2020-07-24" "generate-lockfile" "--manifest-path" "Cargo.toml" "-Zno-index-update", kill_on_drop: false }`
[INFO] running `Command { std: "/workspace/cargo-home/bin/cargo" "+beta-2020-07-24" "fetch" "--locked" "--manifest-path" "Cargo.toml", kill_on_drop: false }`
[INFO] running `Command { std: "docker" "create" "-v" "/var/lib/crater-agent-workspace/builds/worker-13/target:/opt/rustwide/target:rw,Z" "-v" "/var/lib/crater-agent-workspace/builds/worker-13/source:/opt/rustwide/workdir:ro,Z" "-v" "/var/lib/crater-agent-workspace/cargo-home:/opt/rustwide/cargo-home:ro,Z" "-v" "/var/lib/crater-agent-workspace/rustup-home:/opt/rustwide/rustup-home:ro,Z" "-e" "SOURCE_DIR=/opt/rustwide/workdir" "-e" "CARGO_TARGET_DIR=/opt/rustwide/target" "-e" "CARGO_HOME=/opt/rustwide/cargo-home" "-e" "RUSTUP_HOME=/opt/rustwide/rustup-home" "-w" "/opt/rustwide/workdir" "-m" "1610612736" "--user" "0:0" "--network" "none" "rustops/crates-build-env@sha256:a636fd89d022f18117e1dc8fb37a0a009933cdbbe082814857f0e2024962d47c" "/opt/rustwide/cargo-home/bin/cargo" "+beta-2020-07-24" "metadata" "--no-deps" "--format-version=1", kill_on_drop: false }`
[INFO] [stdout] 42f198add1ef9d517a71772485f35da55f3f3479897b940dba6586c45c65c857
[INFO] [stderr] WARNING: Your kernel does not support swap limit capabilities or the cgroup is not mounted. Memory limited without swap.
[INFO] running `Command { std: "docker" "start" "-a" "42f198add1ef9d517a71772485f35da55f3f3479897b940dba6586c45c65c857", kill_on_drop: false }`
[INFO] running `Command { std: "docker" "inspect" "42f198add1ef9d517a71772485f35da55f3f3479897b940dba6586c45c65c857", kill_on_drop: false }`
[INFO] running `Command { std: "docker" "rm" "-f" "42f198add1ef9d517a71772485f35da55f3f3479897b940dba6586c45c65c857", kill_on_drop: false }`
[INFO] [stdout] 42f198add1ef9d517a71772485f35da55f3f3479897b940dba6586c45c65c857
[INFO] running `Command { std: "docker" "create" "-v" "/var/lib/crater-agent-workspace/builds/worker-13/target:/opt/rustwide/target:rw,Z" "-v" "/var/lib/crater-agent-workspace/builds/worker-13/source:/opt/rustwide/workdir:ro,Z" "-v" "/var/lib/crater-agent-workspace/cargo-home:/opt/rustwide/cargo-home:ro,Z" "-v" "/var/lib/crater-agent-workspace/rustup-home:/opt/rustwide/rustup-home:ro,Z" "-e" "SOURCE_DIR=/opt/rustwide/workdir" "-e" "CARGO_TARGET_DIR=/opt/rustwide/target" "-e" "CARGO_INCREMENTAL=0" "-e" "RUST_BACKTRACE=full" "-e" "RUSTFLAGS=--cap-lints=forbid" "-e" "CARGO_HOME=/opt/rustwide/cargo-home" "-e" "RUSTUP_HOME=/opt/rustwide/rustup-home" "-w" "/opt/rustwide/workdir" "-m" "1610612736" "--user" "0:0" "--network" "none" "rustops/crates-build-env@sha256:a636fd89d022f18117e1dc8fb37a0a009933cdbbe082814857f0e2024962d47c" "/opt/rustwide/cargo-home/bin/cargo" "+beta-2020-07-24" "check" "--frozen" "--all" "--all-targets" "--message-format=json", kill_on_drop: false }`
[INFO] [stdout] 6c73d3ee609bfe942f79ecf86b544ba7c2fa1b935da2268f509192c8efea7d6a
[INFO] [stderr] WARNING: Your kernel does not support swap limit capabilities or the cgroup is not mounted. Memory limited without swap.
[INFO] running `Command { std: "docker" "start" "-a" "6c73d3ee609bfe942f79ecf86b544ba7c2fa1b935da2268f509192c8efea7d6a", kill_on_drop: false }`
[INFO] [stderr]    Compiling libc v0.2.76
[INFO] [stderr]     Checking cfg-if v0.1.10
[INFO] [stderr]    Compiling log v0.4.11
[INFO] [stderr]    Compiling memchr v2.3.3
[INFO] [stderr]     Checking adler v0.2.3
[INFO] [stderr]     Checking gimli v0.22.0
[INFO] [stderr]    Compiling byteorder v1.3.4
[INFO] [stderr]     Checking rustc-demangle v0.1.16
[INFO] [stderr]     Checking object v0.20.0
[INFO] [stderr]     Checking slab v0.1.3
[INFO] [stderr]     Checking bytes v0.3.0
[INFO] [stderr]     Checking lazy_static v1.4.0
[INFO] [stderr]     Checking unicode-width v0.1.8
[INFO] [stderr]     Checking void v1.0.2
[INFO] [stderr]     Checking quick-error v0.2.2
[INFO] [stderr]     Checking ansi_term v0.11.0
[INFO] [stderr]     Checking slab v0.4.2
[INFO] [stderr]     Checking vec_map v0.8.2
[INFO] [stderr]     Checking strsim v0.8.0
[INFO] [stderr]    Compiling ws2_32-sys v0.2.1
[INFO] [stderr]     Checking textwrap v0.11.0
[INFO] [stderr]     Checking miniz_oxide v0.4.0
[INFO] [stderr]     Checking thread_local v0.3.6
[INFO] [stderr]     Checking log v0.3.9
[INFO] [stderr]     Checking aho-corasick v0.6.10
[INFO] [stderr]     Checking net2 v0.2.34
[INFO] [stderr]     Checking time v0.1.43
[INFO] [stderr]     Checking iovec v0.1.4
[INFO] [stderr]     Checking nix v0.5.1
[INFO] [stderr]     Checking memchr v1.0.2
[INFO] [stderr]     Checking rand v0.4.6
[INFO] [stderr]     Checking atty v0.2.14
[INFO] [stderr]     Checking regex v0.2.11
[INFO] [stderr]     Checking clap v2.33.3
[INFO] [stderr]     Checking bytes v0.4.12
[INFO] [stderr]     Checking nom v3.2.1
[INFO] [stderr]     Checking miow v0.1.5
[INFO] [stderr]     Checking mio v0.6.22
[INFO] [stderr]     Checking rand v0.3.23
[INFO] [stderr]     Checking env_logger v0.4.3
[INFO] [stderr]     Checking mio v0.5.1
[INFO] [stderr]     Checking rotor v0.6.3
[INFO] [stderr]     Checking addr2line v0.13.0
[INFO] [stderr]     Checking backtrace v0.3.50
[INFO] [stderr]     Checking error-chain v0.11.0
[INFO] [stderr]     Checking mqtt v0.1.4 (/opt/rustwide/workdir)
[INFO] [stdout] warning: use of deprecated item 'std::error::Error::description': use the Display impl or to_string()
[INFO] [stdout]   --> src/error.rs:3:1
[INFO] [stdout]    |
[INFO] [stdout] 3  | / error_chain!{
[INFO] [stdout] 4  | |     foreign_links {
[INFO] [stdout] 5  | |         Fmt(::std::fmt::Error);
[INFO] [stdout] 6  | |         Io(::std::io::Error);
[INFO] [stdout] ...  |
[INFO] [stdout] 15 | |     }
[INFO] [stdout] 16 | | }
[INFO] [stdout]    | |_^
[INFO] [stdout]    |
[INFO] [stdout]    = note: `#[warn(deprecated)]` on by default
[INFO] [stdout]    = note: this warning originates in a macro (in Nightly builds, run with -Z macro-backtrace for more info)
[INFO] [stdout] 
[INFO] [stdout] 
[INFO] [stdout] warning: use of deprecated item 'std::error::Error::description': use the Display impl or to_string()
[INFO] [stdout]   --> src/error.rs:3:1
[INFO] [stdout]    |
[INFO] [stdout] 3  | / error_chain!{
[INFO] [stdout] 4  | |     foreign_links {
[INFO] [stdout] 5  | |         Fmt(::std::fmt::Error);
[INFO] [stdout] 6  | |         Io(::std::io::Error);
[INFO] [stdout] ...  |
[INFO] [stdout] 15 | |     }
[INFO] [stdout] 16 | | }
[INFO] [stdout]    | |_^
[INFO] [stdout]    |
[INFO] [stdout]    = note: this warning originates in a macro (in Nightly builds, run with -Z macro-backtrace for more info)
[INFO] [stdout] 
[INFO] [stdout] 
[INFO] [stdout] warning: use of deprecated item 'std::error::Error::description': use the Display impl or to_string()
[INFO] [stdout]   --> src/error.rs:3:1
[INFO] [stdout]    |
[INFO] [stdout] 3  | / error_chain!{
[INFO] [stdout] 4  | |     foreign_links {
[INFO] [stdout] 5  | |         Fmt(::std::fmt::Error);
[INFO] [stdout] 6  | |         Io(::std::io::Error);
[INFO] [stdout] ...  |
[INFO] [stdout] 15 | |     }
[INFO] [stdout] 16 | | }
[INFO] [stdout]    | |_^
[INFO] [stdout]    |
[INFO] [stdout]    = note: `#[warn(deprecated)]` on by default
[INFO] [stdout]    = note: this warning originates in a macro (in Nightly builds, run with -Z macro-backtrace for more info)
[INFO] [stdout] 
[INFO] [stdout] 
[INFO] [stdout] warning: use of deprecated item 'std::error::Error::description': use the Display impl or to_string()
[INFO] [stdout]   --> src/error.rs:3:1
[INFO] [stdout]    |
[INFO] [stdout] 3  | / error_chain!{
[INFO] [stdout] 4  | |     foreign_links {
[INFO] [stdout] 5  | |         Fmt(::std::fmt::Error);
[INFO] [stdout] 6  | |         Io(::std::io::Error);
[INFO] [stdout] ...  |
[INFO] [stdout] 15 | |     }
[INFO] [stdout] 16 | | }
[INFO] [stdout]    | |_^
[INFO] [stdout]    |
[INFO] [stdout]    = note: this warning originates in a macro (in Nightly builds, run with -Z macro-backtrace for more info)
[INFO] [stdout] 
[INFO] [stdout] 
[INFO] [stdout] warning: use of deprecated item 'std::error::Error::cause': replaced by Error::source, which can support downcasting
[INFO] [stdout]   --> src/error.rs:3:1
[INFO] [stdout]    |
[INFO] [stdout] 3  | / error_chain!{
[INFO] [stdout] 4  | |     foreign_links {
[INFO] [stdout] 5  | |         Fmt(::std::fmt::Error);
[INFO] [stdout] 6  | |         Io(::std::io::Error);
[INFO] [stdout] ...  |
[INFO] [stdout] 15 | |     }
[INFO] [stdout] 16 | | }
[INFO] [stdout]    | |_^
[INFO] [stdout]    |
[INFO] [stdout]    = note: this warning originates in a macro (in Nightly builds, run with -Z macro-backtrace for more info)
[INFO] [stdout] 
[INFO] [stdout] 
[INFO] [stdout] warning: use of deprecated item 'std::error::Error::cause': replaced by Error::source, which can support downcasting
[INFO] [stdout]   --> src/error.rs:3:1
[INFO] [stdout]    |
[INFO] [stdout] 3  | / error_chain!{
[INFO] [stdout] 4  | |     foreign_links {
[INFO] [stdout] 5  | |         Fmt(::std::fmt::Error);
[INFO] [stdout] 6  | |         Io(::std::io::Error);
[INFO] [stdout] ...  |
[INFO] [stdout] 15 | |     }
[INFO] [stdout] 16 | | }
[INFO] [stdout]    | |_^
[INFO] [stdout]    |
[INFO] [stdout]    = note: this warning originates in a macro (in Nightly builds, run with -Z macro-backtrace for more info)
[INFO] [stdout] 
[INFO] [stdout] 
[INFO] [stdout] warning: field is never read: `keep_alive`
[INFO] [stdout]    --> src/client.rs:294:5
[INFO] [stdout]     |
[INFO] [stdout] 294 |     keep_alive: Duration,
[INFO] [stdout]     |     ^^^^^^^^^^^^^^^^^^^^
[INFO] [stdout]     |
[INFO] [stdout]     = note: `#[warn(dead_code)]` on by default
[INFO] [stdout] 
[INFO] [stdout] 
[INFO] [stdout] warning: 4 warnings emitted
[INFO] [stdout] 
[INFO] [stdout] 
[INFO] [stdout] error[E0554]: `#![feature]` may not be used on the beta release channel
[INFO] [stdout]  --> benches/bench.rs:1:1
[INFO] [stdout]   |
[INFO] [stdout] 1 | #![feature(test)]
[INFO] [stdout]   | ^^^^^^^^^^^^^^^^^
[INFO] [stdout] 
[INFO] [stdout] 
[INFO] [stdout] error[E0601]: `main` function not found in crate `echo_client`
[INFO] [stdout]   |
[INFO] [stdout]   = note: consider adding a `main` function to `examples/echo_client.rs`
[INFO] [stdout] 
[INFO] [stdout] 
[INFO] [stdout] error: aborting due to previous error
[INFO] [stdout] 
[INFO] [stdout] 
[INFO] [stdout] For more information about this error, try `rustc --explain E0601`.
[INFO] [stdout] 
[INFO] [stderr] error: could not compile `mqtt`.
[INFO] [stderr] 
[INFO] [stderr] To learn more, run the command again with --verbose.
[INFO] [stderr] warning: build failed, waiting for other jobs to finish...
[INFO] [stdout] error: aborting due to previous error
[INFO] [stdout] 
[INFO] [stdout] 
[INFO] [stdout] For more information about this error, try `rustc --explain E0554`.
[INFO] [stdout] 
[INFO] [stdout] error[E0432]: unresolved imports `bytes::ByteBuf`, `bytes::SliceBuf`
[INFO] [stdout]   --> examples/echo_server.rs:27:26
[INFO] [stdout]    |
[INFO] [stdout] 27 | use bytes::{Buf, BufMut, ByteBuf, SliceBuf};
[INFO] [stdout]    |                          ^^^^^^^  ^^^^^^^^ no `SliceBuf` in the root
[INFO] [stdout]    |                          |
[INFO] [stdout]    |                          no `ByteBuf` in the root
[INFO] [stdout] 
[INFO] [stdout] 
[INFO] [stdout] warning: use of deprecated item 'std::error::Error::description': use the Display impl or to_string()
[INFO] [stdout]   --> examples/echo_server.rs:34:5
[INFO] [stdout]    |
[INFO] [stdout] 34 | /     error_chain!{
[INFO] [stdout] 35 | |         types {
[INFO] [stdout] 36 | |             Error, ErrorKind, ResultExt, Result;
[INFO] [stdout] 37 | |         }
[INFO] [stdout] ...  |
[INFO] [stdout] 50 | |         }
[INFO] [stdout] 51 | |     }
[INFO] [stdout]    | |_____^
[INFO] [stdout]    |
[INFO] [stdout]    = note: `#[warn(deprecated)]` on by default
[INFO] [stdout]    = note: this warning originates in a macro (in Nightly builds, run with -Z macro-backtrace for more info)
[INFO] [stdout] 
[INFO] [stdout] 
[INFO] [stdout] warning: use of deprecated item 'std::error::Error::description': use the Display impl or to_string()
[INFO] [stdout]   --> examples/echo_server.rs:34:5
[INFO] [stdout]    |
[INFO] [stdout] 34 | /     error_chain!{
[INFO] [stdout] 35 | |         types {
[INFO] [stdout] 36 | |             Error, ErrorKind, ResultExt, Result;
[INFO] [stdout] 37 | |         }
[INFO] [stdout] ...  |
[INFO] [stdout] 50 | |         }
[INFO] [stdout] 51 | |     }
[INFO] [stdout]    | |_____^
[INFO] [stdout]    |
[INFO] [stdout]    = note: this warning originates in a macro (in Nightly builds, run with -Z macro-backtrace for more info)
[INFO] [stdout] 
[INFO] [stdout] 
[INFO] [stdout] warning: use of deprecated item 'mio::Event::kind': use Event::readiness()
[INFO] [stdout]    --> examples/echo_server.rs:123:62
[INFO] [stdout]     |
[INFO] [stdout] 123 | ...                   entry.get_mut().handle(event.kind(), poll)?;
[INFO] [stdout]     |                                                    ^^^^
[INFO] [stdout] 
[INFO] [stdout] 
[INFO] [stdout] warning: use of deprecated item 'mio::Ready::is_hup': use UnixReady instead
[INFO] [stdout]    --> examples/echo_server.rs:308:24
[INFO] [stdout]     |
[INFO] [stdout] 308 |             _ if ready.is_hup() => {
[INFO] [stdout]     |                        ^^^^^^
[INFO] [stdout] 
[INFO] [stdout] 
[INFO] [stdout] warning: use of deprecated item 'mio::Ready::none': use Ready::empty instead
[INFO] [stdout]    --> examples/echo_server.rs:378:32
[INFO] [stdout]     |
[INFO] [stdout] 378 |                           _ => Ready::none(),
[INFO] [stdout]     |                                ^^^^^^^^^^^
[INFO] [stdout] 
[INFO] [stdout] 
[INFO] [stdout] warning: use of deprecated item 'std::error::Error::cause': replaced by Error::source, which can support downcasting
[INFO] [stdout]   --> examples/echo_server.rs:34:5
[INFO] [stdout]    |
[INFO] [stdout] 34 | /     error_chain!{
[INFO] [stdout] 35 | |         types {
[INFO] [stdout] 36 | |             Error, ErrorKind, ResultExt, Result;
[INFO] [stdout] 37 | |         }
[INFO] [stdout] ...  |
[INFO] [stdout] 50 | |         }
[INFO] [stdout] 51 | |     }
[INFO] [stdout]    | |_____^
[INFO] [stdout]    |
[INFO] [stdout]    = note: this warning originates in a macro (in Nightly builds, run with -Z macro-backtrace for more info)
[INFO] [stdout] 
[INFO] [stdout] 
[INFO] [stdout] warning: unused import: `Buf`
[INFO] [stdout]   --> examples/echo_server.rs:27:13
[INFO] [stdout]    |
[INFO] [stdout] 27 | use bytes::{Buf, BufMut, ByteBuf, SliceBuf};
[INFO] [stdout]    |             ^^^
[INFO] [stdout]    |
[INFO] [stdout]    = note: `#[warn(unused_imports)]` on by default
[INFO] [stdout] 
[INFO] [stdout] 
[INFO] [stdout] warning: unused import: `BufMut`
[INFO] [stdout]   --> examples/echo_server.rs:27:18
[INFO] [stdout]    |
[INFO] [stdout] 27 | use bytes::{Buf, BufMut, ByteBuf, SliceBuf};
[INFO] [stdout]    |                  ^^^^^^
[INFO] [stdout] 
[INFO] [stdout] 
[INFO] [stdout] error: aborting due to previous error; 8 warnings emitted
[INFO] [stdout] 
[INFO] [stdout] 
[INFO] [stdout] For more information about this error, try `rustc --explain E0432`.
[INFO] [stdout] 
[INFO] [stdout] warning: field is never read: `keep_alive`
[INFO] [stdout]    --> src/client.rs:294:5
[INFO] [stdout]     |
[INFO] [stdout] 294 |     keep_alive: Duration,
[INFO] [stdout]     |     ^^^^^^^^^^^^^^^^^^^^
[INFO] [stdout]     |
[INFO] [stdout]     = note: `#[warn(dead_code)]` on by default
[INFO] [stdout] 
[INFO] [stdout] 
[INFO] [stdout] warning: 4 warnings emitted
[INFO] [stdout] 
[INFO] [stdout] 
[INFO] [stderr] error: build failed
[INFO] running `Command { std: "docker" "inspect" "6c73d3ee609bfe942f79ecf86b544ba7c2fa1b935da2268f509192c8efea7d6a", kill_on_drop: false }`
[INFO] running `Command { std: "docker" "rm" "-f" "6c73d3ee609bfe942f79ecf86b544ba7c2fa1b935da2268f509192c8efea7d6a", kill_on_drop: false }`
[INFO] [stdout] 6c73d3ee609bfe942f79ecf86b544ba7c2fa1b935da2268f509192c8efea7d6a
