[INFO] fetching crate medina 0.0.2-alpha.6...
[INFO] checking medina-0.0.2-alpha.6 against beta-2020-07-24 for pr-75494-beta
[INFO] extracting crate medina 0.0.2-alpha.6 into /workspace/builds/worker-9/source
[INFO] validating manifest of crates.io crate medina 0.0.2-alpha.6 on toolchain beta-2020-07-24
[INFO] running `Command { std: "/workspace/cargo-home/bin/cargo" "+beta-2020-07-24" "read-manifest" "--manifest-path" "Cargo.toml", kill_on_drop: false }`
[INFO] started tweaking crates.io crate medina 0.0.2-alpha.6
[INFO] finished tweaking crates.io crate medina 0.0.2-alpha.6
[INFO] tweaked toml for crates.io crate medina 0.0.2-alpha.6 written to /workspace/builds/worker-9/source/Cargo.toml
[INFO] crate crates.io crate medina 0.0.2-alpha.6 already has a lockfile, it will not be regenerated
[INFO] running `Command { std: "/workspace/cargo-home/bin/cargo" "+beta-2020-07-24" "fetch" "--locked" "--manifest-path" "Cargo.toml", kill_on_drop: false }`
[INFO] running `Command { std: "docker" "create" "-v" "/var/lib/crater-agent-workspace/builds/worker-9/target:/opt/rustwide/target:rw,Z" "-v" "/var/lib/crater-agent-workspace/builds/worker-9/source:/opt/rustwide/workdir:ro,Z" "-v" "/var/lib/crater-agent-workspace/cargo-home:/opt/rustwide/cargo-home:ro,Z" "-v" "/var/lib/crater-agent-workspace/rustup-home:/opt/rustwide/rustup-home:ro,Z" "-e" "SOURCE_DIR=/opt/rustwide/workdir" "-e" "CARGO_TARGET_DIR=/opt/rustwide/target" "-e" "CARGO_HOME=/opt/rustwide/cargo-home" "-e" "RUSTUP_HOME=/opt/rustwide/rustup-home" "-w" "/opt/rustwide/workdir" "-m" "1610612736" "--user" "0:0" "--network" "none" "rustops/crates-build-env@sha256:a636fd89d022f18117e1dc8fb37a0a009933cdbbe082814857f0e2024962d47c" "/opt/rustwide/cargo-home/bin/cargo" "+beta-2020-07-24" "metadata" "--no-deps" "--format-version=1", kill_on_drop: false }`
[INFO] [stdout] ed971896ed2d710fbb21700668903017a7e48fe2b9becf64325ed6c214e97061
[INFO] [stderr] WARNING: Your kernel does not support swap limit capabilities or the cgroup is not mounted. Memory limited without swap.
[INFO] running `Command { std: "docker" "start" "-a" "ed971896ed2d710fbb21700668903017a7e48fe2b9becf64325ed6c214e97061", kill_on_drop: false }`
[INFO] running `Command { std: "docker" "inspect" "ed971896ed2d710fbb21700668903017a7e48fe2b9becf64325ed6c214e97061", kill_on_drop: false }`
[INFO] running `Command { std: "docker" "rm" "-f" "ed971896ed2d710fbb21700668903017a7e48fe2b9becf64325ed6c214e97061", kill_on_drop: false }`
[INFO] [stdout] ed971896ed2d710fbb21700668903017a7e48fe2b9becf64325ed6c214e97061
[INFO] running `Command { std: "docker" "create" "-v" "/var/lib/crater-agent-workspace/builds/worker-9/target:/opt/rustwide/target:rw,Z" "-v" "/var/lib/crater-agent-workspace/builds/worker-9/source:/opt/rustwide/workdir:ro,Z" "-v" "/var/lib/crater-agent-workspace/cargo-home:/opt/rustwide/cargo-home:ro,Z" "-v" "/var/lib/crater-agent-workspace/rustup-home:/opt/rustwide/rustup-home:ro,Z" "-e" "SOURCE_DIR=/opt/rustwide/workdir" "-e" "CARGO_TARGET_DIR=/opt/rustwide/target" "-e" "CARGO_INCREMENTAL=0" "-e" "RUST_BACKTRACE=full" "-e" "RUSTFLAGS=--cap-lints=forbid" "-e" "CARGO_HOME=/opt/rustwide/cargo-home" "-e" "RUSTUP_HOME=/opt/rustwide/rustup-home" "-w" "/opt/rustwide/workdir" "-m" "1610612736" "--user" "0:0" "--network" "none" "rustops/crates-build-env@sha256:a636fd89d022f18117e1dc8fb37a0a009933cdbbe082814857f0e2024962d47c" "/opt/rustwide/cargo-home/bin/cargo" "+beta-2020-07-24" "check" "--frozen" "--all" "--all-targets" "--message-format=json", kill_on_drop: false }`
[INFO] [stderr] WARNING: Your kernel does not support swap limit capabilities or the cgroup is not mounted. Memory limited without swap.
[INFO] [stdout] 2273e8d817a13d86b4e88678f2464e95c7a444548c5cdd2d74b54b14751ad98e
[INFO] running `Command { std: "docker" "start" "-a" "2273e8d817a13d86b4e88678f2464e95c7a444548c5cdd2d74b54b14751ad98e", kill_on_drop: false }`
[INFO] [stderr]    Compiling syn v1.0.38
[INFO] [stderr]     Checking once_cell v1.4.0
[INFO] [stderr]     Checking futures-core v0.3.5
[INFO] [stderr]     Checking matches v0.1.8
[INFO] [stderr]     Checking futures-io v0.3.5
[INFO] [stderr]     Checking pin-utils v0.1.0
[INFO] [stderr]     Checking tinyvec v0.3.3
[INFO] [stderr]     Checking slab v0.4.2
[INFO] [stderr]     Checking event-listener v2.3.3
[INFO] [stderr]     Checking bit-vec v0.6.2
[INFO] [stderr]     Checking percent-encoding v2.1.0
[INFO] [stderr]     Checking futures-timer v3.0.2
[INFO] [stderr]     Checking unicode-bidi v0.3.4
[INFO] [stderr]     Checking futures-channel v0.3.5
[INFO] [stderr]     Checking futures-task v0.3.5
[INFO] [stderr]     Checking async-mutex v1.1.5
[INFO] [stderr]     Checking plum v0.1.4
[INFO] [stderr]     Checking unicode-normalization v0.1.13
[INFO] [stderr]     Checking idna v0.2.0
[INFO] [stderr]     Checking url v2.1.1
[INFO] [stderr]    Compiling pin-project-internal v0.4.23
[INFO] [stderr]    Compiling futures-macro v0.3.5
[INFO] [stderr]    Compiling async-trait v0.1.36
[INFO] [stderr]     Checking pin-project v0.4.23
[INFO] [stderr]     Checking futures-util v0.3.5
[INFO] [stderr]     Checking futures-executor v0.3.5
[INFO] [stderr]     Checking futures v0.3.5
[INFO] [stderr]     Checking medina v0.0.2-alpha.6 (/opt/rustwide/workdir)
[INFO] [stdout] warning: unused import: `std::time::SystemTime`
[INFO] [stdout]  --> src/crawler_runner.rs:5:5
[INFO] [stdout]   |
[INFO] [stdout] 5 | use std::time::SystemTime;
[INFO] [stdout]   |     ^^^^^^^^^^^^^^^^^^^^^
[INFO] [stdout]   |
[INFO] [stdout]   = note: `#[warn(unused_imports)]` on by default
[INFO] [stdout] 
[INFO] [stdout] 
[INFO] [stdout] warning: unused import: `std::time::SystemTime`
[INFO] [stdout]  --> src/crawler_runner.rs:5:5
[INFO] [stdout]   |
[INFO] [stdout] 5 | use std::time::SystemTime;
[INFO] [stdout]   |     ^^^^^^^^^^^^^^^^^^^^^
[INFO] [stdout]   |
[INFO] [stdout]   = note: `#[warn(unused_imports)]` on by default
[INFO] [stdout] 
[INFO] [stdout] 
[INFO] [stdout] warning: field is never read: `internal`
[INFO] [stdout]   --> src/crawler_runner.rs:14:5
[INFO] [stdout]    |
[INFO] [stdout] 14 |     internal: (Mutex<Crawler>, Event),
[INFO] [stdout]    |     ^^^^^^^^^^^^^^^^^^^^^^^^^^^^^^^^^
[INFO] [stdout]    |
[INFO] [stdout]    = note: `#[warn(dead_code)]` on by default
[INFO] [stdout] 
[INFO] [stdout] 
[INFO] [stdout] warning: field is never read: `task_runner`
[INFO] [stdout]   --> src/crawler_runner.rs:15:5
[INFO] [stdout]    |
[INFO] [stdout] 15 |     task_runner: (Mutex<TaskRunner>, Event),
[INFO] [stdout]    |     ^^^^^^^^^^^^^^^^^^^^^^^^^^^^^^^^^^^^^^^
[INFO] [stdout] 
[INFO] [stdout] 
[INFO] [stdout] warning: field is never read: `item_count`
[INFO] [stdout]   --> src/crawler_runner.rs:18:5
[INFO] [stdout]    |
[INFO] [stdout] 18 |     item_count: usize,
[INFO] [stdout]    |     ^^^^^^^^^^^^^^^^^
[INFO] [stdout] 
[INFO] [stdout] 
[INFO] [stdout] warning: 4 warnings emitted
[INFO] [stdout] 
[INFO] [stdout] 
[INFO] [stdout] warning: field is never read: `internal`
[INFO] [stdout]   --> src/crawler_runner.rs:14:5
[INFO] [stdout]    |
[INFO] [stdout] 14 |     internal: (Mutex<Crawler>, Event),
[INFO] [stdout]    |     ^^^^^^^^^^^^^^^^^^^^^^^^^^^^^^^^^
[INFO] [stdout]    |
[INFO] [stdout]    = note: `#[warn(dead_code)]` on by default
[INFO] [stdout] 
[INFO] [stdout] 
[INFO] [stdout] warning: field is never read: `task_runner`
[INFO] [stdout]   --> src/crawler_runner.rs:15:5
[INFO] [stdout]    |
[INFO] [stdout] 15 |     task_runner: (Mutex<TaskRunner>, Event),
[INFO] [stdout]    |     ^^^^^^^^^^^^^^^^^^^^^^^^^^^^^^^^^^^^^^^
[INFO] [stdout] 
[INFO] [stdout] 
[INFO] [stdout] warning: field is never read: `item_count`
[INFO] [stdout]   --> src/crawler_runner.rs:18:5
[INFO] [stdout]    |
[INFO] [stdout] 18 |     item_count: usize,
[INFO] [stdout]    |     ^^^^^^^^^^^^^^^^^
[INFO] [stdout] 
[INFO] [stdout] 
[INFO] [stdout] warning: 4 warnings emitted
[INFO] [stdout] 
[INFO] [stdout] 
[INFO] [stdout] error[E0433]: failed to resolve: use of undeclared type or module `tokio`
[INFO] [stdout]   --> examples/fake_page_tokio.rs:47:3
[INFO] [stdout]    |
[INFO] [stdout] 47 | #[tokio::main]
[INFO] [stdout]    |   ^^^^^ use of undeclared type or module `tokio`
[INFO] [stdout] 
[INFO] [stdout] 
[INFO] [stdout] error[E0432]: unresolved import `async_std`
[INFO] [stdout]  --> examples/fake_page_async_std.rs:1:5
[INFO] [stdout]   |
[INFO] [stdout] 1 | use async_std::task;
[INFO] [stdout]   |     ^^^^^^^^^ use of undeclared type or module `async_std`
[INFO] [stdout] 
[INFO] [stdout] 
[INFO] [stdout] error[E0599]: no method named `spawn` found for struct `medina::CrawlerRunner` in the current scope
[INFO] [stdout]   --> examples/fake_page_tokio.rs:58:10
[INFO] [stdout]    |
[INFO] [stdout] 58 |         .spawn()
[INFO] [stdout]    |          ^^^^^ method not found in `medina::CrawlerRunner`
[INFO] [stdout] 
[INFO] [stdout] 
[INFO] [stdout] error[E0277]: `main` has invalid return type `impl std::future::Future`
[INFO] [stdout]   --> examples/fake_page_tokio.rs:48:17
[INFO] [stdout]    |
[INFO] [stdout] 48 | async fn main() {
[INFO] [stdout]    |                 ^ `main` can only return types that implement `std::process::Termination`
[INFO] [stdout]    |
[INFO] [stdout]    = help: consider using `()`, or a `Result`
[INFO] [stdout] 
[INFO] [stdout] 
[INFO] [stdout] error[E0599]: no method named `spawn` found for struct `medina::CrawlerRunner` in the current scope
[INFO] [stdout]   --> examples/fake_page_async_std.rs:59:14
[INFO] [stdout]    |
[INFO] [stdout] 59 |             .spawn()
[INFO] [stdout]    |              ^^^^^ method not found in `medina::CrawlerRunner`
[INFO] [stdout] 
[INFO] [stdout] 
[INFO] [stdout] error[E0752]: `main` function is not allowed to be `async`
[INFO] [stdout]   --> examples/fake_page_tokio.rs:48:1
[INFO] [stdout]    |
[INFO] [stdout] 48 | async fn main() {
[INFO] [stdout]    | ^^^^^^^^^^^^^^^ `main` function is not allowed to be `async`
[INFO] [stdout] 
[INFO] [stdout] 
[INFO] [stdout] error: aborting due to 2 previous errors
[INFO] [stdout] 
[INFO] [stdout] 
[INFO] [stdout] Some errors have detailed explanations: E0432, E0599.
[INFO] [stdout] 
[INFO] [stdout] For more information about an error, try `rustc --explain E0432`.
[INFO] [stdout] 
[INFO] [stdout] error: aborting due to 4 previous errors
[INFO] [stdout] 
[INFO] [stdout] 
[INFO] [stdout] Some errors have detailed explanations: E0277, E0433, E0599, E0752.
[INFO] [stdout] 
[INFO] [stdout] For more information about an error, try `rustc --explain E0277`.
[INFO] [stdout] 
[INFO] [stderr] error: could not compile `medina`.
[INFO] [stderr] 
[INFO] [stderr] To learn more, run the command again with --verbose.
[INFO] [stderr] warning: build failed, waiting for other jobs to finish...
[INFO] [stderr] error: build failed
[INFO] running `Command { std: "docker" "inspect" "2273e8d817a13d86b4e88678f2464e95c7a444548c5cdd2d74b54b14751ad98e", kill_on_drop: false }`
[INFO] running `Command { std: "docker" "rm" "-f" "2273e8d817a13d86b4e88678f2464e95c7a444548c5cdd2d74b54b14751ad98e", kill_on_drop: false }`
[INFO] [stdout] 2273e8d817a13d86b4e88678f2464e95c7a444548c5cdd2d74b54b14751ad98e
