[INFO] fetching crate leguichet 0.1.9...
[INFO] checking leguichet-0.1.9 against beta-2020-07-24 for pr-75494-beta
[INFO] extracting crate leguichet 0.1.9 into /workspace/builds/worker-11/source
[INFO] validating manifest of crates.io crate leguichet 0.1.9 on toolchain beta-2020-07-24
[INFO] running `Command { std: "/workspace/cargo-home/bin/cargo" "+beta-2020-07-24" "read-manifest" "--manifest-path" "Cargo.toml", kill_on_drop: false }`
[INFO] started tweaking crates.io crate leguichet 0.1.9
[INFO] finished tweaking crates.io crate leguichet 0.1.9
[INFO] tweaked toml for crates.io crate leguichet 0.1.9 written to /workspace/builds/worker-11/source/Cargo.toml
[INFO] crate crates.io crate leguichet 0.1.9 already has a lockfile, it will not be regenerated
[INFO] running `Command { std: "/workspace/cargo-home/bin/cargo" "+beta-2020-07-24" "fetch" "--locked" "--manifest-path" "Cargo.toml", kill_on_drop: false }`
[INFO] [stderr]     Blocking waiting for file lock on package cache
[INFO] running `Command { std: "docker" "create" "-v" "/var/lib/crater-agent-workspace/builds/worker-11/target:/opt/rustwide/target:rw,Z" "-v" "/var/lib/crater-agent-workspace/builds/worker-11/source:/opt/rustwide/workdir:ro,Z" "-v" "/var/lib/crater-agent-workspace/cargo-home:/opt/rustwide/cargo-home:ro,Z" "-v" "/var/lib/crater-agent-workspace/rustup-home:/opt/rustwide/rustup-home:ro,Z" "-e" "SOURCE_DIR=/opt/rustwide/workdir" "-e" "CARGO_TARGET_DIR=/opt/rustwide/target" "-e" "CARGO_HOME=/opt/rustwide/cargo-home" "-e" "RUSTUP_HOME=/opt/rustwide/rustup-home" "-w" "/opt/rustwide/workdir" "-m" "1610612736" "--user" "0:0" "--network" "none" "rustops/crates-build-env@sha256:a636fd89d022f18117e1dc8fb37a0a009933cdbbe082814857f0e2024962d47c" "/opt/rustwide/cargo-home/bin/cargo" "+beta-2020-07-24" "metadata" "--no-deps" "--format-version=1", kill_on_drop: false }`
[INFO] [stdout] f82f8690551e63a5233e3ec9fcb9f4e607a06754e932c4c1ce576bc2fffbd9d6
[INFO] [stderr] WARNING: Your kernel does not support swap limit capabilities or the cgroup is not mounted. Memory limited without swap.
[INFO] running `Command { std: "docker" "start" "-a" "f82f8690551e63a5233e3ec9fcb9f4e607a06754e932c4c1ce576bc2fffbd9d6", kill_on_drop: false }`
[INFO] running `Command { std: "docker" "inspect" "f82f8690551e63a5233e3ec9fcb9f4e607a06754e932c4c1ce576bc2fffbd9d6", kill_on_drop: false }`
[INFO] running `Command { std: "docker" "rm" "-f" "f82f8690551e63a5233e3ec9fcb9f4e607a06754e932c4c1ce576bc2fffbd9d6", kill_on_drop: false }`
[INFO] [stdout] f82f8690551e63a5233e3ec9fcb9f4e607a06754e932c4c1ce576bc2fffbd9d6
[INFO] running `Command { std: "docker" "create" "-v" "/var/lib/crater-agent-workspace/builds/worker-11/target:/opt/rustwide/target:rw,Z" "-v" "/var/lib/crater-agent-workspace/builds/worker-11/source:/opt/rustwide/workdir:ro,Z" "-v" "/var/lib/crater-agent-workspace/cargo-home:/opt/rustwide/cargo-home:ro,Z" "-v" "/var/lib/crater-agent-workspace/rustup-home:/opt/rustwide/rustup-home:ro,Z" "-e" "SOURCE_DIR=/opt/rustwide/workdir" "-e" "CARGO_TARGET_DIR=/opt/rustwide/target" "-e" "CARGO_INCREMENTAL=0" "-e" "RUST_BACKTRACE=full" "-e" "RUSTFLAGS=--cap-lints=forbid" "-e" "CARGO_HOME=/opt/rustwide/cargo-home" "-e" "RUSTUP_HOME=/opt/rustwide/rustup-home" "-w" "/opt/rustwide/workdir" "-m" "1610612736" "--user" "0:0" "--network" "none" "rustops/crates-build-env@sha256:a636fd89d022f18117e1dc8fb37a0a009933cdbbe082814857f0e2024962d47c" "/opt/rustwide/cargo-home/bin/cargo" "+beta-2020-07-24" "check" "--frozen" "--all" "--all-targets" "--message-format=json", kill_on_drop: false }`
[INFO] [stdout] bc1da1ecbed75e36c8682d49304e479bed207d6acd5610806e17d3288ebfca17
[INFO] [stderr] WARNING: Your kernel does not support swap limit capabilities or the cgroup is not mounted. Memory limited without swap.
[INFO] running `Command { std: "docker" "start" "-a" "bc1da1ecbed75e36c8682d49304e479bed207d6acd5610806e17d3288ebfca17", kill_on_drop: false }`
[INFO] [stderr]    Compiling libc v0.2.71
[INFO] [stderr]    Compiling syn v1.0.30
[INFO] [stderr]    Compiling log v0.4.8
[INFO] [stderr]    Compiling cc v1.0.54
[INFO] [stderr]    Compiling glob v0.3.0
[INFO] [stderr]    Compiling quick-error v1.2.3
[INFO] [stderr]    Compiling vec_map v0.8.2
[INFO] [stderr]    Compiling termcolor v1.1.0
[INFO] [stderr]    Compiling strsim v0.8.0
[INFO] [stderr]    Compiling bindgen v0.52.0
[INFO] [stderr]    Compiling ansi_term v0.11.0
[INFO] [stderr]    Compiling typenum v1.12.0
[INFO] [stderr]     Checking once_cell v1.4.0
[INFO] [stderr]    Compiling rustc-hash v1.1.0
[INFO] [stderr]    Compiling shlex v0.1.1
[INFO] [stderr]    Compiling peeking_take_while v0.1.2
[INFO] [stderr]     Checking object v0.19.0
[INFO] [stderr]     Checking cache-padded v1.1.0
[INFO] [stderr]     Checking parking v1.0.3
[INFO] [stderr]    Compiling seccomp-sys v0.1.3
[INFO] [stderr]     Checking unicode-width v0.1.7
[INFO] [stderr]     Checking adler32 v1.0.4
[INFO] [stderr]     Checking bytes v0.5.4
[INFO] [stderr]     Checking fastrand v1.3.2
[INFO] [stderr]     Checking cpuid-bool v0.1.0
[INFO] [stderr]     Checking same-file v1.0.6
[INFO] [stderr]     Checking strum v0.18.0
[INFO] [stderr]     Checking untrusted v0.7.1
[INFO] [stderr]     Checking spin v0.5.2
[INFO] [stderr]     Checking remove_dir_all v0.5.2
[INFO] [stderr]     Checking void v1.0.2
[INFO] [stderr]     Checking yansi v0.5.0
[INFO] [stderr]     Checking data-encoding v2.2.1
[INFO] [stderr]     Checking file v1.1.2
[INFO] [stderr]    Compiling nom v4.2.3
[INFO] [stderr]    Compiling generic-array v0.14.2
[INFO] [stderr]    Compiling error-chain v0.12.2
[INFO] [stderr]    Compiling rust-lzma v0.5.1
[INFO] [stderr]    Compiling syscallz v0.14.0
[INFO] [stderr]     Checking futures-channel v0.3.5
[INFO] [stderr]    Compiling humantime v1.3.0
[INFO] [stderr]     Checking addr2line v0.12.1
[INFO] [stderr]     Checking concurrent-queue v1.1.1
[INFO] [stderr]     Checking futures-task v0.3.5
[INFO] [stderr]     Checking miniz_oxide v0.3.6
[INFO] [stderr]     Checking textwrap v0.11.0
[INFO] [stderr]     Checking walkdir v2.3.1
[INFO] [stderr]    Compiling proc-macro2 v1.0.18
[INFO] [stderr]    Compiling bitflags v1.2.1
[INFO] [stderr]    Compiling aho-corasick v0.7.10
[INFO] [stderr]    Compiling clang-sys v0.28.1
[INFO] [stderr]     Checking kv-log-macro v1.0.6
[INFO] [stderr]    Compiling quote v1.0.7
[INFO] [stderr]    Compiling libloading v0.5.2
[INFO] [stderr]    Compiling ring v0.16.15
[INFO] [stderr]     Checking regex v1.3.9
[INFO] [stderr]    Compiling cexpr v0.3.6
[INFO] [stderr]     Checking block-buffer v0.9.0
[INFO] [stderr]     Checking digest v0.9.0
[INFO] [stderr]     Checking sha2 v0.9.1
[INFO] [stderr]     Checking getrandom v0.1.14
[INFO] [stderr]     Checking time v0.1.43
[INFO] [stderr]     Checking iovec v0.1.4
[INFO] [stderr]     Checking net2 v0.2.34
[INFO] [stderr]     Checking atty v0.2.14
[INFO] [stderr]     Checking socket2 v0.3.12
[INFO] [stderr]     Checking inotify-sys v0.1.3
[INFO] [stderr]     Checking xattr v0.2.2
[INFO] [stderr]     Checking num_cpus v1.13.0
[INFO] [stderr]     Checking errno v0.2.5
[INFO] [stderr]     Checking filetime v0.2.10
[INFO] [stderr]     Checking pledge v0.4.0
[INFO] [stderr]     Checking nix v0.17.0
[INFO] [stderr]     Checking unveil v0.2.1
[INFO] [stderr]     Checking flate2 v1.0.14
[INFO] [stderr]     Checking colored v1.9.3
[INFO] [stderr]     Checking clap v2.33.1
[INFO] [stderr]     Checking caps v0.3.4
[INFO] [stderr]     Checking rand_core v0.5.1
[INFO] [stderr]     Checking mio v0.6.22
[INFO] [stderr]     Checking tar v0.4.29
[INFO] [stderr]    Compiling which v3.1.1
[INFO] [stderr]     Checking rand_chacha v0.2.2
[INFO] [stderr]     Checking chrono v0.4.11
[INFO] [stderr]     Checking rand v0.7.3
[INFO] [stderr]    Compiling env_logger v0.7.1
[INFO] [stderr]     Checking tokio v0.2.21
[INFO] [stderr]     Checking backtrace v0.3.48
[INFO] [stderr]     Checking inotify v0.8.3
[INFO] [stderr]     Checking tempfile v3.1.0
[INFO] [stderr]    Compiling synstructure v0.12.3
[INFO] [stderr]    Compiling pin-project-internal v0.4.20
[INFO] [stderr]    Compiling failure_derive v0.1.8
[INFO] [stderr]    Compiling thiserror-impl v1.0.19
[INFO] [stderr]    Compiling strum_macros v0.18.0
[INFO] [stderr]     Checking failure v0.1.8
[INFO] [stderr]     Checking clam-client v0.1.1
[INFO] [stderr]     Checking thiserror v1.0.19
[INFO] [stderr]     Checking flexi_logger v0.15.5
[INFO] [stderr]    Compiling yara-sys v0.4.0
[INFO] [stderr]     Checking pin-project v0.4.20
[INFO] [stderr]     Checking futures-util v0.3.5
[INFO] [stderr] error: failed to run custom build command for `yara-sys v0.4.0`
[INFO] [stderr] 
[INFO] [stderr] Caused by:
[INFO] [stderr]   process didn't exit successfully: `/opt/rustwide/target/debug/build/yara-sys-13d808e599d5304f/build-script-build` (exit code: 101)
[INFO] [stderr]   --- stdout
[INFO] [stderr]   cargo:rustc-link-lib=yara
[INFO] [stderr] 
[INFO] [stderr]   --- stderr
[INFO] [stderr]   wrapper.h:1:10: fatal error: 'yara.h' file not found
[INFO] [stderr]   wrapper.h:1:10: fatal error: 'yara.h' file not found, err: true
[INFO] [stderr]   thread 'main' panicked at 'Unable to generate bindings: ()', /opt/rustwide/cargo-home/registry/src/github.com-1ecc6299db9ec823/yara-sys-0.4.0/build.rs:81:14
[INFO] [stderr]   stack backtrace:
[INFO] [stderr]      0:     0x55b4f9ff85a5 - backtrace::backtrace::libunwind::trace::h5e2646fa3eddf2ea
[INFO] [stderr]                                  at /cargo/registry/src/github.com-1ecc6299db9ec823/backtrace-0.3.46/src/backtrace/libunwind.rs:86
[INFO] [stderr]      1:     0x55b4f9ff85a5 - backtrace::backtrace::trace_unsynchronized::hb95dd7f77ce47877
[INFO] [stderr]                                  at /cargo/registry/src/github.com-1ecc6299db9ec823/backtrace-0.3.46/src/backtrace/mod.rs:66
[INFO] [stderr]      2:     0x55b4f9ff85a5 - std::sys_common::backtrace::_print_fmt::h5e71b67af43fd70d
[INFO] [stderr]                                  at src/libstd/sys_common/backtrace.rs:78
[INFO] [stderr]      3:     0x55b4f9ff85a5 - <std::sys_common::backtrace::_print::DisplayBacktrace as core::fmt::Display>::fmt::hdb4a83d2b61107e5
[INFO] [stderr]                                  at src/libstd/sys_common/backtrace.rs:59
[INFO] [stderr]      4:     0x55b4fa0223dc - core::fmt::write::ha20e7262fa3e8a7a
[INFO] [stderr]                                  at src/libcore/fmt/mod.rs:1076
[INFO] [stderr]      5:     0x55b4f9ff4da2 - std::io::Write::write_fmt::h1aebfe8a5a79e36d
[INFO] [stderr]                                  at src/libstd/io/mod.rs:1537
[INFO] [stderr]      6:     0x55b4f9ffae40 - std::sys_common::backtrace::_print::h9c07314cc66ba539
[INFO] [stderr]                                  at src/libstd/sys_common/backtrace.rs:62
[INFO] [stderr]      7:     0x55b4f9ffae40 - std::sys_common::backtrace::print::hd1fd65f49a2d8544
[INFO] [stderr]                                  at src/libstd/sys_common/backtrace.rs:49
[INFO] [stderr]      8:     0x55b4f9ffae40 - std::panicking::default_hook::{{closure}}::h222da46485ab36fc
[INFO] [stderr]                                  at src/libstd/panicking.rs:198
[INFO] [stderr]      9:     0x55b4f9ffab8c - std::panicking::default_hook::hc5868949d129ed00
[INFO] [stderr]                                  at src/libstd/panicking.rs:217
[INFO] [stderr]     10:     0x55b4f9ffb483 - std::panicking::rust_panic_with_hook::h26a6ab8b0993c0c8
[INFO] [stderr]                                  at src/libstd/panicking.rs:526
[INFO] [stderr]     11:     0x55b4f9ffb07b - rust_begin_unwind
[INFO] [stderr]                                  at src/libstd/panicking.rs:437
[INFO] [stderr]     12:     0x55b4fa020a91 - core::panicking::panic_fmt::h17139c2000299725
[INFO] [stderr]                                  at src/libcore/panicking.rs:85
[INFO] [stderr]     13:     0x55b4fa0208b3 - core::option::expect_none_failed::h972f96abb4ec8952
[INFO] [stderr]                                  at src/libcore/option.rs:1269
[INFO] [stderr]     14:     0x55b4f9a705be - core::result::Result<T,E>::expect::h6d65b8b2dbbc7f53
[INFO] [stderr]                                  at /rustc/6f959902b3103c49ca981fbc01871589c3498489/src/libcore/result.rs:963
[INFO] [stderr]     15:     0x55b4f9a71ce3 - build_script_build::build::add_bindings::hb11e283851be3017
[INFO] [stderr]                                  at /opt/rustwide/cargo-home/registry/src/github.com-1ecc6299db9ec823/yara-sys-0.4.0/build.rs:79
[INFO] [stderr]     16:     0x55b4f9a73371 - build_script_build::main::h880b3454708d5c31
[INFO] [stderr]                                  at /opt/rustwide/cargo-home/registry/src/github.com-1ecc6299db9ec823/yara-sys-0.4.0/build.rs:16
[INFO] [stderr]     17:     0x55b4f9a7093b - std::rt::lang_start::{{closure}}::ha7d8b996860e2e1d
[INFO] [stderr]                                  at /rustc/6f959902b3103c49ca981fbc01871589c3498489/src/libstd/rt.rs:67
[INFO] [stderr]     18:     0x55b4f9ffb923 - std::rt::lang_start_internal::{{closure}}::h84a998219831fa70
[INFO] [stderr]                                  at src/libstd/rt.rs:52
[INFO] [stderr]     19:     0x55b4f9ffb923 - std::panicking::try::do_call::he8e1d689a3e26def
[INFO] [stderr]                                  at src/libstd/panicking.rs:348
[INFO] [stderr]     20:     0x55b4f9ffb923 - std::panicking::try::h264b6eebc2fa7bbf
[INFO] [stderr]                                  at src/libstd/panicking.rs:325
[INFO] [stderr]     21:     0x55b4f9ffb923 - std::panic::catch_unwind::hbf28fafa723b2128
[INFO] [stderr]                                  at src/libstd/panic.rs:394
[INFO] [stderr]     22:     0x55b4f9ffb923 - std::rt::lang_start_internal::he959aa59bc3ec202
[INFO] [stderr]                                  at src/libstd/rt.rs:51
[INFO] [stderr]     23:     0x55b4f9a70917 - std::rt::lang_start::h3537af6d0cd1e415
[INFO] [stderr]                                  at /rustc/6f959902b3103c49ca981fbc01871589c3498489/src/libstd/rt.rs:67
[INFO] [stderr]     24:     0x55b4f9a7343a - main
[INFO] [stderr]     25:     0x7f5d209fe0b3 - __libc_start_main
[INFO] [stderr]     26:     0x55b4f9a6f19e - _start
[INFO] [stderr]     27:                0x0 - <unknown>
[INFO] [stderr] warning: build failed, waiting for other jobs to finish...
[INFO] [stderr] error: build failed
[INFO] running `Command { std: "docker" "inspect" "bc1da1ecbed75e36c8682d49304e479bed207d6acd5610806e17d3288ebfca17", kill_on_drop: false }`
[INFO] running `Command { std: "docker" "rm" "-f" "bc1da1ecbed75e36c8682d49304e479bed207d6acd5610806e17d3288ebfca17", kill_on_drop: false }`
[INFO] [stdout] bc1da1ecbed75e36c8682d49304e479bed207d6acd5610806e17d3288ebfca17
