[INFO] fetching crate infinity 0.2.1...
[INFO] checking infinity-0.2.1 against beta-2020-07-24 for pr-75494-beta
[INFO] extracting crate infinity 0.2.1 into /workspace/builds/worker-0/source
[INFO] validating manifest of crates.io crate infinity 0.2.1 on toolchain beta-2020-07-24
[INFO] running `Command { std: "/workspace/cargo-home/bin/cargo" "+beta-2020-07-24" "read-manifest" "--manifest-path" "Cargo.toml", kill_on_drop: false }`
[INFO] started tweaking crates.io crate infinity 0.2.1
[INFO] finished tweaking crates.io crate infinity 0.2.1
[INFO] tweaked toml for crates.io crate infinity 0.2.1 written to /workspace/builds/worker-0/source/Cargo.toml
[INFO] running `Command { std: "/workspace/cargo-home/bin/cargo" "+beta-2020-07-24" "generate-lockfile" "--manifest-path" "Cargo.toml" "-Zno-index-update", kill_on_drop: false }`
[INFO] running `Command { std: "/workspace/cargo-home/bin/cargo" "+beta-2020-07-24" "fetch" "--locked" "--manifest-path" "Cargo.toml", kill_on_drop: false }`
[INFO] running `Command { std: "docker" "create" "-v" "/var/lib/crater-agent-workspace/builds/worker-0/target:/opt/rustwide/target:rw,Z" "-v" "/var/lib/crater-agent-workspace/builds/worker-0/source:/opt/rustwide/workdir:ro,Z" "-v" "/var/lib/crater-agent-workspace/cargo-home:/opt/rustwide/cargo-home:ro,Z" "-v" "/var/lib/crater-agent-workspace/rustup-home:/opt/rustwide/rustup-home:ro,Z" "-e" "SOURCE_DIR=/opt/rustwide/workdir" "-e" "CARGO_TARGET_DIR=/opt/rustwide/target" "-e" "CARGO_HOME=/opt/rustwide/cargo-home" "-e" "RUSTUP_HOME=/opt/rustwide/rustup-home" "-w" "/opt/rustwide/workdir" "-m" "1610612736" "--user" "0:0" "--network" "none" "rustops/crates-build-env@sha256:a636fd89d022f18117e1dc8fb37a0a009933cdbbe082814857f0e2024962d47c" "/opt/rustwide/cargo-home/bin/cargo" "+beta-2020-07-24" "metadata" "--no-deps" "--format-version=1", kill_on_drop: false }`
[INFO] [stderr] WARNING: Your kernel does not support swap limit capabilities or the cgroup is not mounted. Memory limited without swap.
[INFO] [stdout] 706f0a0d7c17dba0e9b07d996e0985b67674689aad8bb520d090a8854eb87bee
[INFO] running `Command { std: "docker" "start" "-a" "706f0a0d7c17dba0e9b07d996e0985b67674689aad8bb520d090a8854eb87bee", kill_on_drop: false }`
[INFO] running `Command { std: "docker" "inspect" "706f0a0d7c17dba0e9b07d996e0985b67674689aad8bb520d090a8854eb87bee", kill_on_drop: false }`
[INFO] running `Command { std: "docker" "rm" "-f" "706f0a0d7c17dba0e9b07d996e0985b67674689aad8bb520d090a8854eb87bee", kill_on_drop: false }`
[INFO] [stdout] 706f0a0d7c17dba0e9b07d996e0985b67674689aad8bb520d090a8854eb87bee
[INFO] running `Command { std: "docker" "create" "-v" "/var/lib/crater-agent-workspace/builds/worker-0/target:/opt/rustwide/target:rw,Z" "-v" "/var/lib/crater-agent-workspace/builds/worker-0/source:/opt/rustwide/workdir:ro,Z" "-v" "/var/lib/crater-agent-workspace/cargo-home:/opt/rustwide/cargo-home:ro,Z" "-v" "/var/lib/crater-agent-workspace/rustup-home:/opt/rustwide/rustup-home:ro,Z" "-e" "SOURCE_DIR=/opt/rustwide/workdir" "-e" "CARGO_TARGET_DIR=/opt/rustwide/target" "-e" "CARGO_INCREMENTAL=0" "-e" "RUST_BACKTRACE=full" "-e" "RUSTFLAGS=--cap-lints=forbid" "-e" "CARGO_HOME=/opt/rustwide/cargo-home" "-e" "RUSTUP_HOME=/opt/rustwide/rustup-home" "-w" "/opt/rustwide/workdir" "-m" "1610612736" "--user" "0:0" "--network" "none" "rustops/crates-build-env@sha256:a636fd89d022f18117e1dc8fb37a0a009933cdbbe082814857f0e2024962d47c" "/opt/rustwide/cargo-home/bin/cargo" "+beta-2020-07-24" "check" "--frozen" "--all" "--all-targets" "--message-format=json", kill_on_drop: false }`
[INFO] [stderr] WARNING: Your kernel does not support swap limit capabilities or the cgroup is not mounted. Memory limited without swap.
[INFO] [stdout] 8778399a6ff9b9823bcba18c9ee9585ae0edcfb949b38b1f88e723017f09eb65
[INFO] running `Command { std: "docker" "start" "-a" "8778399a6ff9b9823bcba18c9ee9585ae0edcfb949b38b1f88e723017f09eb65", kill_on_drop: false }`
[INFO] [stderr]    Compiling libc v0.2.76
[INFO] [stderr]    Compiling memchr v2.3.3
[INFO] [stderr]    Compiling lazy_static v1.4.0
[INFO] [stderr]    Compiling glob v0.2.11
[INFO] [stderr]    Compiling log v0.4.11
[INFO] [stderr]    Compiling bitflags v1.2.1
[INFO] [stderr]    Compiling cfg-if v0.1.10
[INFO] [stderr]    Compiling unicode-xid v0.1.0
[INFO] [stderr]    Compiling ucd-util v0.1.8
[INFO] [stderr]    Compiling bindgen v0.36.1
[INFO] [stderr]    Compiling utf8-ranges v1.0.4
[INFO] [stderr]    Compiling libloading v0.5.2
[INFO] [stderr]    Compiling thread_local v1.0.1
[INFO] [stderr]    Compiling thread_local v0.3.6
[INFO] [stderr]    Compiling proc-macro2 v0.3.5
[INFO] [stderr]    Compiling regex-syntax v0.5.6
[INFO] [stderr]    Compiling clang-sys v0.22.0
[INFO] [stderr]    Compiling aho-corasick v0.7.13
[INFO] [stderr]    Compiling aho-corasick v0.6.10
[INFO] [stderr]    Compiling quote v0.5.2
[INFO] [stderr]    Compiling atty v0.2.14
[INFO] [stderr]    Compiling memchr v1.0.2
[INFO] [stderr]    Compiling which v1.0.5
[INFO] [stderr]    Compiling nom v3.2.1
[INFO] [stderr]    Compiling clap v2.33.3
[INFO] [stderr]    Compiling regex v1.3.9
[INFO] [stderr]    Compiling cexpr v0.2.3
[INFO] [stderr]    Compiling regex v0.2.11
[INFO] [stderr]    Compiling env_logger v0.5.13
[INFO] [stderr]    Compiling infinity v0.2.1 (/opt/rustwide/workdir)
[INFO] [stderr] error: failed to run custom build command for `infinity v0.2.1 (/opt/rustwide/workdir)`
[INFO] [stderr] 
[INFO] [stderr] Caused by:
[INFO] [stderr]   process didn't exit successfully: `/opt/rustwide/target/debug/build/infinity-9d9f0fa4d17ec5f9/build-script-build` (exit code: 101)
[INFO] [stderr]   --- stdout
[INFO] [stderr]   cargo:include=vendor/infinity/release/include
[INFO] [stderr]   cargo:rustc-link-search=vendor/infinity/release
[INFO] [stderr]   cargo:include=helpers/release/include
[INFO] [stderr]   cargo:rustc-link-search=helpers/release
[INFO] [stderr]   cargo:rustc-link-lib=infinity
[INFO] [stderr]   cargo:rustc-link-lib=infinityhelpers
[INFO] [stderr]   cargo:rustc-link-lib=ibverbs
[INFO] [stderr]   cargo:rustc-link-lib=stdc++
[INFO] [stderr]   rm -rf build
[INFO] [stderr]   rm -rf release
[INFO] [stderr]   mkdir -p build
[INFO] [stderr]   rm -rf build
[INFO] [stderr]   rm -rf release
[INFO] [stderr]   mkdir -p build
[INFO] [stderr] 
[INFO] [stderr]   --- stderr
[INFO] [stderr]   mkdir: cannot create directory 'build': Read-only file system
[INFO] [stderr]   make: *** [Makefile:68: build/infinity/core/Context.o] Error 1
[INFO] [stderr]   mkdir: cannot create directory 'build': Read-only file system
[INFO] [stderr]   make: *** [Makefile:36: build/infinityhelpers/helpers.o] Error 1
[INFO] [stderr]   wrapper.h:1:10: fatal error: 'infinity/core/Configuration.h' file not found
[INFO] [stderr]   wrapper.h:1:10: fatal error: 'infinity/core/Configuration.h' file not found, err: true
[INFO] [stderr]   thread 'main' panicked at 'Unable to generate bindings: ()', build.rs:60:10
[INFO] [stderr]   stack backtrace:
[INFO] [stderr]      0:     0x55f8b28e8f25 - backtrace::backtrace::libunwind::trace::h5e2646fa3eddf2ea
[INFO] [stderr]                                  at /cargo/registry/src/github.com-1ecc6299db9ec823/backtrace-0.3.46/src/backtrace/libunwind.rs:86
[INFO] [stderr]      1:     0x55f8b28e8f25 - backtrace::backtrace::trace_unsynchronized::hb95dd7f77ce47877
[INFO] [stderr]                                  at /cargo/registry/src/github.com-1ecc6299db9ec823/backtrace-0.3.46/src/backtrace/mod.rs:66
[INFO] [stderr]      2:     0x55f8b28e8f25 - std::sys_common::backtrace::_print_fmt::h5e71b67af43fd70d
[INFO] [stderr]                                  at src/libstd/sys_common/backtrace.rs:78
[INFO] [stderr]      3:     0x55f8b28e8f25 - <std::sys_common::backtrace::_print::DisplayBacktrace as core::fmt::Display>::fmt::hdb4a83d2b61107e5
[INFO] [stderr]                                  at src/libstd/sys_common/backtrace.rs:59
[INFO] [stderr]      4:     0x55f8b2912c4c - core::fmt::write::ha20e7262fa3e8a7a
[INFO] [stderr]                                  at src/libcore/fmt/mod.rs:1076
[INFO] [stderr]      5:     0x55f8b28e5572 - std::io::Write::write_fmt::h1aebfe8a5a79e36d
[INFO] [stderr]                                  at src/libstd/io/mod.rs:1537
[INFO] [stderr]      6:     0x55f8b28eb650 - std::sys_common::backtrace::_print::h9c07314cc66ba539
[INFO] [stderr]                                  at src/libstd/sys_common/backtrace.rs:62
[INFO] [stderr]      7:     0x55f8b28eb650 - std::sys_common::backtrace::print::hd1fd65f49a2d8544
[INFO] [stderr]                                  at src/libstd/sys_common/backtrace.rs:49
[INFO] [stderr]      8:     0x55f8b28eb650 - std::panicking::default_hook::{{closure}}::h222da46485ab36fc
[INFO] [stderr]                                  at src/libstd/panicking.rs:198
[INFO] [stderr]      9:     0x55f8b28eb39c - std::panicking::default_hook::hc5868949d129ed00
[INFO] [stderr]                                  at src/libstd/panicking.rs:217
[INFO] [stderr]     10:     0x55f8b28ebc93 - std::panicking::rust_panic_with_hook::h26a6ab8b0993c0c8
[INFO] [stderr]                                  at src/libstd/panicking.rs:526
[INFO] [stderr]     11:     0x55f8b28eb88b - rust_begin_unwind
[INFO] [stderr]                                  at src/libstd/panicking.rs:437
[INFO] [stderr]     12:     0x55f8b2911301 - core::panicking::panic_fmt::h17139c2000299725
[INFO] [stderr]                                  at src/libcore/panicking.rs:85
[INFO] [stderr]     13:     0x55f8b2911123 - core::option::expect_none_failed::h972f96abb4ec8952
[INFO] [stderr]                                  at src/libcore/option.rs:1269
[INFO] [stderr]     14:     0x55f8b240c24e - core::result::Result<T,E>::expect::hfd99f2e1640f4ddb
[INFO] [stderr]                                  at /rustc/6f959902b3103c49ca981fbc01871589c3498489/src/libcore/result.rs:963
[INFO] [stderr]     15:     0x55f8b240ba4d - build_script_build::main::he86916eaea156359
[INFO] [stderr]                                  at /opt/rustwide/workdir/build.rs:42
[INFO] [stderr]     16:     0x55f8b240c30b - std::rt::lang_start::{{closure}}::hf61072ee117583f2
[INFO] [stderr]                                  at /rustc/6f959902b3103c49ca981fbc01871589c3498489/src/libstd/rt.rs:67
[INFO] [stderr]     17:     0x55f8b28ec063 - std::rt::lang_start_internal::{{closure}}::h84a998219831fa70
[INFO] [stderr]                                  at src/libstd/rt.rs:52
[INFO] [stderr]     18:     0x55f8b28ec063 - std::panicking::try::do_call::he8e1d689a3e26def
[INFO] [stderr]                                  at src/libstd/panicking.rs:348
[INFO] [stderr]     19:     0x55f8b28ec063 - std::panicking::try::h264b6eebc2fa7bbf
[INFO] [stderr]                                  at src/libstd/panicking.rs:325
[INFO] [stderr]     20:     0x55f8b28ec063 - std::panic::catch_unwind::hbf28fafa723b2128
[INFO] [stderr]                                  at src/libstd/panic.rs:394
[INFO] [stderr]     21:     0x55f8b28ec063 - std::rt::lang_start_internal::he959aa59bc3ec202
[INFO] [stderr]                                  at src/libstd/rt.rs:51
[INFO] [stderr]     22:     0x55f8b240c2e7 - std::rt::lang_start::hb08a62fdb36f23bd
[INFO] [stderr]                                  at /rustc/6f959902b3103c49ca981fbc01871589c3498489/src/libstd/rt.rs:67
[INFO] [stderr]     23:     0x55f8b240bbba - main
[INFO] [stderr]     24:     0x7f49aa8a30b3 - __libc_start_main
[INFO] [stderr]     25:     0x55f8b240b19e - _start
[INFO] [stderr]     26:                0x0 - <unknown>
[INFO] running `Command { std: "docker" "inspect" "8778399a6ff9b9823bcba18c9ee9585ae0edcfb949b38b1f88e723017f09eb65", kill_on_drop: false }`
[INFO] running `Command { std: "docker" "rm" "-f" "8778399a6ff9b9823bcba18c9ee9585ae0edcfb949b38b1f88e723017f09eb65", kill_on_drop: false }`
[INFO] [stdout] 8778399a6ff9b9823bcba18c9ee9585ae0edcfb949b38b1f88e723017f09eb65
