[INFO] fetching crate grammers-client 0.2.0...
[INFO] checking grammers-client-0.2.0 against beta-2020-07-24 for pr-75494-beta
[INFO] extracting crate grammers-client 0.2.0 into /workspace/builds/worker-1/source
[INFO] validating manifest of crates.io crate grammers-client 0.2.0 on toolchain beta-2020-07-24
[INFO] running `Command { std: "/workspace/cargo-home/bin/cargo" "+beta-2020-07-24" "read-manifest" "--manifest-path" "Cargo.toml", kill_on_drop: false }`
[INFO] started tweaking crates.io crate grammers-client 0.2.0
[INFO] finished tweaking crates.io crate grammers-client 0.2.0
[INFO] tweaked toml for crates.io crate grammers-client 0.2.0 written to /workspace/builds/worker-1/source/Cargo.toml
[INFO] crate crates.io crate grammers-client 0.2.0 already has a lockfile, it will not be regenerated
[INFO] running `Command { std: "/workspace/cargo-home/bin/cargo" "+beta-2020-07-24" "fetch" "--locked" "--manifest-path" "Cargo.toml", kill_on_drop: false }`
[INFO] [stderr]     Blocking waiting for file lock on package cache
[INFO] [stderr]     Blocking waiting for file lock on package cache
[INFO] running `Command { std: "docker" "create" "-v" "/var/lib/crater-agent-workspace/builds/worker-1/target:/opt/rustwide/target:rw,Z" "-v" "/var/lib/crater-agent-workspace/builds/worker-1/source:/opt/rustwide/workdir:ro,Z" "-v" "/var/lib/crater-agent-workspace/cargo-home:/opt/rustwide/cargo-home:ro,Z" "-v" "/var/lib/crater-agent-workspace/rustup-home:/opt/rustwide/rustup-home:ro,Z" "-e" "SOURCE_DIR=/opt/rustwide/workdir" "-e" "CARGO_TARGET_DIR=/opt/rustwide/target" "-e" "CARGO_HOME=/opt/rustwide/cargo-home" "-e" "RUSTUP_HOME=/opt/rustwide/rustup-home" "-w" "/opt/rustwide/workdir" "-m" "1610612736" "--user" "0:0" "--network" "none" "rustops/crates-build-env@sha256:a636fd89d022f18117e1dc8fb37a0a009933cdbbe082814857f0e2024962d47c" "/opt/rustwide/cargo-home/bin/cargo" "+beta-2020-07-24" "metadata" "--no-deps" "--format-version=1", kill_on_drop: false }`
[INFO] [stdout] 63bccf2a7fad837b07486e6e8fecead00fabb498e16715358da22877f02f1665
[INFO] [stderr] WARNING: Your kernel does not support swap limit capabilities or the cgroup is not mounted. Memory limited without swap.
[INFO] running `Command { std: "docker" "start" "-a" "63bccf2a7fad837b07486e6e8fecead00fabb498e16715358da22877f02f1665", kill_on_drop: false }`
[INFO] running `Command { std: "docker" "inspect" "63bccf2a7fad837b07486e6e8fecead00fabb498e16715358da22877f02f1665", kill_on_drop: false }`
[INFO] running `Command { std: "docker" "rm" "-f" "63bccf2a7fad837b07486e6e8fecead00fabb498e16715358da22877f02f1665", kill_on_drop: false }`
[INFO] [stdout] 63bccf2a7fad837b07486e6e8fecead00fabb498e16715358da22877f02f1665
[INFO] running `Command { std: "docker" "create" "-v" "/var/lib/crater-agent-workspace/builds/worker-1/target:/opt/rustwide/target:rw,Z" "-v" "/var/lib/crater-agent-workspace/builds/worker-1/source:/opt/rustwide/workdir:ro,Z" "-v" "/var/lib/crater-agent-workspace/cargo-home:/opt/rustwide/cargo-home:ro,Z" "-v" "/var/lib/crater-agent-workspace/rustup-home:/opt/rustwide/rustup-home:ro,Z" "-e" "SOURCE_DIR=/opt/rustwide/workdir" "-e" "CARGO_TARGET_DIR=/opt/rustwide/target" "-e" "CARGO_INCREMENTAL=0" "-e" "RUST_BACKTRACE=full" "-e" "RUSTFLAGS=--cap-lints=forbid" "-e" "CARGO_HOME=/opt/rustwide/cargo-home" "-e" "RUSTUP_HOME=/opt/rustwide/rustup-home" "-w" "/opt/rustwide/workdir" "-m" "1610612736" "--user" "0:0" "--network" "none" "rustops/crates-build-env@sha256:a636fd89d022f18117e1dc8fb37a0a009933cdbbe082814857f0e2024962d47c" "/opt/rustwide/cargo-home/bin/cargo" "+beta-2020-07-24" "check" "--frozen" "--all" "--all-targets" "--message-format=json", kill_on_drop: false }`
[INFO] [stdout] aa9943bf278b8a1bea973ff48c5af864a6d71c369ad9b0a574965b7ab06a4790
[INFO] [stderr] WARNING: Your kernel does not support swap limit capabilities or the cgroup is not mounted. Memory limited without swap.
[INFO] running `Command { std: "docker" "start" "-a" "aa9943bf278b8a1bea973ff48c5af864a6d71c369ad9b0a574965b7ab06a4790", kill_on_drop: false }`
[INFO] [stderr]    Compiling autocfg v1.0.0
[INFO] [stderr]    Compiling libc v0.2.73
[INFO] [stderr]    Compiling proc-macro2 v1.0.19
[INFO] [stderr]    Compiling syn v1.0.35
[INFO] [stderr]     Checking once_cell v1.4.0
[INFO] [stderr]    Compiling memchr v2.3.3
[INFO] [stderr]    Compiling pin-project-internal v0.4.22
[INFO] [stderr]     Checking futures-io v0.3.5
[INFO] [stderr]    Compiling proc-macro-hack v0.5.16
[INFO] [stderr]     Checking futures-sink v0.3.5
[INFO] [stderr]     Checking event-listener v2.2.0
[INFO] [stderr]     Checking fastrand v1.3.3
[INFO] [stderr]     Checking parking v1.0.5
[INFO] [stderr]     Checking scoped-tls v1.0.0
[INFO] [stderr]     Checking locate-locale v0.1.0
[INFO] [stderr]     Checking concurrent-queue v1.1.1
[INFO] [stderr]     Checking log v0.4.11
[INFO] [stderr]     Checking futures-channel v0.3.5
[INFO] [stderr]     Checking futures-task v0.3.5
[INFO] [stderr]    Compiling grammers-tl-types v0.2.0
[INFO] [stderr]     Checking async-channel v1.1.1
[INFO] [stderr]    Compiling num-traits v0.2.12
[INFO] [stderr]    Compiling num-integer v0.1.43
[INFO] [stderr]    Compiling num-bigint v0.2.6
[INFO] [stderr]    Compiling crossbeam-utils v0.7.2
[INFO] [stderr]     Checking kv-log-macro v1.0.7
[INFO] [stderr]     Checking os_info v2.0.6
[INFO] [stderr]     Checking futures-lite v0.1.6
[INFO] [stderr]    Compiling quote v1.0.7
[INFO] [stderr]     Checking getrandom v0.1.14
[INFO] [stderr]     Checking socket2 v0.3.12
[INFO] [stderr]     Checking flate2 v1.0.16
[INFO] [stderr]     Checking time v0.1.43
[INFO] [stderr]     Checking atty v0.2.14
[INFO] [stderr]     Checking num_cpus v1.13.0
[INFO] [stderr]     Checking colored v1.9.3
[INFO] [stderr]     Checking blocking v0.4.7
[INFO] [stderr]     Checking chrono v0.4.13
[INFO] [stderr]     Checking simple_logger v1.6.0
[INFO] [stderr]     Checking grammers-crypto v0.2.0
[INFO] [stderr]     Checking grammers-session v0.2.0
[INFO] [stderr]    Compiling futures-macro v0.3.5
[INFO] [stderr]     Checking pin-project v0.4.22
[INFO] [stderr]     Checking futures-util v0.3.5
[INFO] [stderr]     Checking grammers-mtproto v0.2.0
[INFO] [stderr]     Checking futures-executor v0.3.5
[INFO] [stderr]     Checking smol v0.1.18
[INFO] [stderr]     Checking futures v0.3.5
[INFO] [stderr]     Checking grammers-mtsender v0.2.0
[INFO] [stderr]     Checking async-std v1.6.2
[INFO] [stderr]     Checking grammers-client v0.2.0 (/opt/rustwide/workdir)
[INFO] [stdout] error[E0061]: this function takes 1 argument but 0 arguments were supplied
[INFO] [stdout]   --> examples/ping.rs:13:22
[INFO] [stdout]    |
[INFO] [stdout] 13 |     let mut client = Client::connect().await?;
[INFO] [stdout]    |                      ^^^^^^^^^^^^^^^-- supplied 0 arguments
[INFO] [stdout]    |                      |
[INFO] [stdout]    |                      expected 1 argument
[INFO] [stdout] 
[INFO] [stdout] 
[INFO] [stdout] error[E0432]: unresolved import `grammers_client::iterators`
[INFO] [stdout]   --> examples/print_dialogs.rs:10:22
[INFO] [stdout]    |
[INFO] [stdout] 10 | use grammers_client::iterators::RPCIterator;
[INFO] [stdout]    |                      ^^^^^^^^^ could not find `iterators` in `grammers_client`
[INFO] [stdout] 
[INFO] [stdout] 
[INFO] [stdout] error[E0432]: unresolved import `grammers_client::Dialogs`
[INFO] [stdout]   --> examples/print_dialogs.rs:11:51
[INFO] [stdout]    |
[INFO] [stdout] 11 | use grammers_client::{AuthorizationError, Client, Dialogs, InvocationError};
[INFO] [stdout]    |                                                   ^^^^^^^ no `Dialogs` in the root
[INFO] [stdout] 
[INFO] [stdout] 
[INFO] [stdout] error[E0432]: unresolved import `grammers_session::TextSession`
[INFO] [stdout]   --> examples/print_dialogs.rs:12:5
[INFO] [stdout]    |
[INFO] [stdout] 12 | use grammers_session::TextSession;
[INFO] [stdout]    |     ^^^^^^^^^^^^^^^^^^^^^^^^^^^^^ no `TextSession` in the root
[INFO] [stdout] 
[INFO] [stdout] 
[INFO] [stdout] error: aborting due to previous error
[INFO] [stdout] 
[INFO] [stdout] 
[INFO] [stdout] For more information about this error, try `rustc --explain E0061`.
[INFO] [stdout] 
[INFO] [stderr] error: could not compile `grammers-client`.
[INFO] [stderr] 
[INFO] [stderr] To learn more, run the command again with --verbose.
[INFO] [stderr] warning: build failed, waiting for other jobs to finish...
[INFO] [stdout] error[E0599]: no function or associated item named `with_session` found for struct `grammers_client::Client` in the current scope
[INFO] [stdout]   --> examples/print_dialogs.rs:40:30
[INFO] [stdout]    |
[INFO] [stdout] 40 |     let mut client = Client::with_session(session)?;
[INFO] [stdout]    |                              ^^^^^^^^^^^^ function or associated item not found in `grammers_client::Client`
[INFO] [stdout] 
[INFO] [stdout] 
[INFO] [stdout] error: aborting due to 4 previous errors
[INFO] [stdout] 
[INFO] [stdout] 
[INFO] [stdout] Some errors have detailed explanations: E0432, E0599.
[INFO] [stdout] 
[INFO] [stdout] For more information about an error, try `rustc --explain E0432`.
[INFO] [stdout] 
[INFO] [stderr] error: build failed
[INFO] running `Command { std: "docker" "inspect" "aa9943bf278b8a1bea973ff48c5af864a6d71c369ad9b0a574965b7ab06a4790", kill_on_drop: false }`
[INFO] running `Command { std: "docker" "rm" "-f" "aa9943bf278b8a1bea973ff48c5af864a6d71c369ad9b0a574965b7ab06a4790", kill_on_drop: false }`
[INFO] [stdout] aa9943bf278b8a1bea973ff48c5af864a6d71c369ad9b0a574965b7ab06a4790
