[INFO] fetching crate gen-stream 0.2.4...
[INFO] checking gen-stream-0.2.4 against beta-2020-07-24 for pr-75494-beta
[INFO] extracting crate gen-stream 0.2.4 into /workspace/builds/worker-5/source
[INFO] validating manifest of crates.io crate gen-stream 0.2.4 on toolchain beta-2020-07-24
[INFO] running `Command { std: "/workspace/cargo-home/bin/cargo" "+beta-2020-07-24" "read-manifest" "--manifest-path" "Cargo.toml", kill_on_drop: false }`
[INFO] started tweaking crates.io crate gen-stream 0.2.4
[INFO] finished tweaking crates.io crate gen-stream 0.2.4
[INFO] tweaked toml for crates.io crate gen-stream 0.2.4 written to /workspace/builds/worker-5/source/Cargo.toml
[INFO] running `Command { std: "/workspace/cargo-home/bin/cargo" "+beta-2020-07-24" "generate-lockfile" "--manifest-path" "Cargo.toml" "-Zno-index-update", kill_on_drop: false }`
[INFO] running `Command { std: "/workspace/cargo-home/bin/cargo" "+beta-2020-07-24" "fetch" "--locked" "--manifest-path" "Cargo.toml", kill_on_drop: false }`
[INFO] [stderr]     Blocking waiting for file lock on package cache
[INFO] running `Command { std: "docker" "create" "-v" "/var/lib/crater-agent-workspace/builds/worker-5/target:/opt/rustwide/target:rw,Z" "-v" "/var/lib/crater-agent-workspace/builds/worker-5/source:/opt/rustwide/workdir:ro,Z" "-v" "/var/lib/crater-agent-workspace/cargo-home:/opt/rustwide/cargo-home:ro,Z" "-v" "/var/lib/crater-agent-workspace/rustup-home:/opt/rustwide/rustup-home:ro,Z" "-e" "SOURCE_DIR=/opt/rustwide/workdir" "-e" "CARGO_TARGET_DIR=/opt/rustwide/target" "-e" "CARGO_HOME=/opt/rustwide/cargo-home" "-e" "RUSTUP_HOME=/opt/rustwide/rustup-home" "-w" "/opt/rustwide/workdir" "-m" "1610612736" "--user" "0:0" "--network" "none" "rustops/crates-build-env@sha256:a636fd89d022f18117e1dc8fb37a0a009933cdbbe082814857f0e2024962d47c" "/opt/rustwide/cargo-home/bin/cargo" "+beta-2020-07-24" "metadata" "--no-deps" "--format-version=1", kill_on_drop: false }`
[INFO] [stdout] 77d1e72e26cbe12c9ddf74a5151726bde99ec9dbe17e22e7d469e0995ed98551
[INFO] [stderr] WARNING: Your kernel does not support swap limit capabilities or the cgroup is not mounted. Memory limited without swap.
[INFO] running `Command { std: "docker" "start" "-a" "77d1e72e26cbe12c9ddf74a5151726bde99ec9dbe17e22e7d469e0995ed98551", kill_on_drop: false }`
[INFO] running `Command { std: "docker" "inspect" "77d1e72e26cbe12c9ddf74a5151726bde99ec9dbe17e22e7d469e0995ed98551", kill_on_drop: false }`
[INFO] running `Command { std: "docker" "rm" "-f" "77d1e72e26cbe12c9ddf74a5151726bde99ec9dbe17e22e7d469e0995ed98551", kill_on_drop: false }`
[INFO] [stdout] 77d1e72e26cbe12c9ddf74a5151726bde99ec9dbe17e22e7d469e0995ed98551
[INFO] running `Command { std: "docker" "create" "-v" "/var/lib/crater-agent-workspace/builds/worker-5/target:/opt/rustwide/target:rw,Z" "-v" "/var/lib/crater-agent-workspace/builds/worker-5/source:/opt/rustwide/workdir:ro,Z" "-v" "/var/lib/crater-agent-workspace/cargo-home:/opt/rustwide/cargo-home:ro,Z" "-v" "/var/lib/crater-agent-workspace/rustup-home:/opt/rustwide/rustup-home:ro,Z" "-e" "SOURCE_DIR=/opt/rustwide/workdir" "-e" "CARGO_TARGET_DIR=/opt/rustwide/target" "-e" "CARGO_INCREMENTAL=0" "-e" "RUST_BACKTRACE=full" "-e" "RUSTFLAGS=--cap-lints=forbid" "-e" "CARGO_HOME=/opt/rustwide/cargo-home" "-e" "RUSTUP_HOME=/opt/rustwide/rustup-home" "-w" "/opt/rustwide/workdir" "-m" "1610612736" "--user" "0:0" "--network" "none" "rustops/crates-build-env@sha256:a636fd89d022f18117e1dc8fb37a0a009933cdbbe082814857f0e2024962d47c" "/opt/rustwide/cargo-home/bin/cargo" "+beta-2020-07-24" "check" "--frozen" "--all" "--all-targets" "--message-format=json", kill_on_drop: false }`
[INFO] [stdout] 9242e5ead7475b5d9d0dd19764ffcf22293b2e2b37f26f9ffb78f79f8f5ecbfa
[INFO] [stderr] WARNING: Your kernel does not support swap limit capabilities or the cgroup is not mounted. Memory limited without swap.
[INFO] running `Command { std: "docker" "start" "-a" "9242e5ead7475b5d9d0dd19764ffcf22293b2e2b37f26f9ffb78f79f8f5ecbfa", kill_on_drop: false }`
[INFO] [stderr]     Checking cfg-if v0.1.10
[INFO] [stderr]    Compiling autocfg v1.0.1
[INFO] [stderr]    Compiling libc v0.2.76
[INFO] [stderr]     Checking futures v0.1.29
[INFO] [stderr]     Checking lazy_static v1.4.0
[INFO] [stderr]    Compiling log v0.4.11
[INFO] [stderr]    Compiling byteorder v1.3.4
[INFO] [stderr]     Checking fnv v1.0.7
[INFO] [stderr]    Compiling memchr v2.3.3
[INFO] [stderr]     Checking gen-stream v0.2.4 (/opt/rustwide/workdir)
[INFO] [stderr]     Checking futures-channel-preview v0.3.0-alpha.19
[INFO] [stderr]    Compiling parking_lot_core v0.6.2
[INFO] [stderr]    Compiling parking_lot v0.9.0
[INFO] [stderr]     Checking smallvec v0.6.13
[INFO] [stdout] error[E0432]: unresolved import `std::future::set_task_context`
[INFO] [stdout]   --> src/lib.rs:79:5
[INFO] [stdout]    |
[INFO] [stdout] 79 |     std::future::set_task_context,
[INFO] [stdout]    |     ^^^^^^^^^^^^^^^^^^^^^^^^^^^^^ no `set_task_context` in `future`
[INFO] [stdout] 
[INFO] [stdout] 
[INFO] [stdout] error[E0554]: `#![feature]` may not be used on the beta release channel
[INFO] [stdout]   --> src/lib.rs:67:1
[INFO] [stdout]    |
[INFO] [stdout] 67 | #![feature(generator_trait)]
[INFO] [stdout]    | ^^^^^^^^^^^^^^^^^^^^^^^^^^^^
[INFO] [stdout] 
[INFO] [stdout] 
[INFO] [stdout] error[E0554]: `#![feature]` may not be used on the beta release channel
[INFO] [stdout]   --> src/lib.rs:68:1
[INFO] [stdout]    |
[INFO] [stdout] 68 | #![feature(gen_future)]
[INFO] [stdout]    | ^^^^^^^^^^^^^^^^^^^^^^^
[INFO] [stdout] 
[INFO] [stdout] 
[INFO] [stdout] error[E0554]: `#![feature]` may not be used on the beta release channel
[INFO] [stdout]   --> src/lib.rs:69:1
[INFO] [stdout]    |
[INFO] [stdout] 69 | #![feature(never_type)]
[INFO] [stdout]    | ^^^^^^^^^^^^^^^^^^^^^^^
[INFO] [stdout] 
[INFO] [stdout] 
[INFO] [stdout] error[E0061]: this function takes 1 argument but 0 arguments were supplied
[INFO] [stdout]    --> src/lib.rs:120:52
[INFO] [stdout]     |
[INFO] [stdout] 120 |         set_task_context(cx, || match self.inner().resume() {
[INFO] [stdout]     |                                                    ^^^^^^- supplied 0 arguments
[INFO] [stdout]     |
[INFO] [stdout] help: expected the unit value `()`; create it with empty parentheses
[INFO] [stdout]     |
[INFO] [stdout] 120 |         set_task_context(cx, || match self.inner().resume(()) {
[INFO] [stdout]     |                                                           ^^
[INFO] [stdout] 
[INFO] [stdout] 
[INFO] [stdout] error[E0061]: this function takes 1 argument but 0 arguments were supplied
[INFO] [stdout]    --> src/lib.rs:151:52
[INFO] [stdout]     |
[INFO] [stdout] 151 |         set_task_context(cx, || match self.inner().resume() {
[INFO] [stdout]     |                                                    ^^^^^^- supplied 0 arguments
[INFO] [stdout]     |
[INFO] [stdout] help: expected the unit value `()`; create it with empty parentheses
[INFO] [stdout]     |
[INFO] [stdout] 151 |         set_task_context(cx, || match self.inner().resume(()) {
[INFO] [stdout]     |                                                           ^^
[INFO] [stdout] 
[INFO] [stdout] 
[INFO] [stdout] error[E0061]: this function takes 1 argument but 0 arguments were supplied
[INFO] [stdout]    --> src/lib.rs:191:61
[INFO] [stdout]     |
[INFO] [stdout] 191 |         set_task_context(cx, || match self.as_mut().inner().resume() {
[INFO] [stdout]     |                                                             ^^^^^^- supplied 0 arguments
[INFO] [stdout]     |
[INFO] [stdout] help: expected the unit value `()`; create it with empty parentheses
[INFO] [stdout]     |
[INFO] [stdout] 191 |         set_task_context(cx, || match self.as_mut().inner().resume(()) {
[INFO] [stdout]     |                                                                    ^^
[INFO] [stdout] 
[INFO] [stdout] 
[INFO] [stdout] error: aborting due to 7 previous errors
[INFO] [stdout] 
[INFO] [stdout] 
[INFO] [stdout] Some errors have detailed explanations: E0061, E0432, E0554.
[INFO] [stdout] 
[INFO] [stdout] For more information about an error, try `rustc --explain E0061`.
[INFO] [stdout] 
[INFO] [stderr] error: could not compile `gen-stream`.
[INFO] [stderr] 
[INFO] [stderr] To learn more, run the command again with --verbose.
[INFO] [stderr] warning: build failed, waiting for other jobs to finish...
[INFO] [stderr] error: build failed
[INFO] running `Command { std: "docker" "inspect" "9242e5ead7475b5d9d0dd19764ffcf22293b2e2b37f26f9ffb78f79f8f5ecbfa", kill_on_drop: false }`
[INFO] running `Command { std: "docker" "rm" "-f" "9242e5ead7475b5d9d0dd19764ffcf22293b2e2b37f26f9ffb78f79f8f5ecbfa", kill_on_drop: false }`
[INFO] [stdout] 9242e5ead7475b5d9d0dd19764ffcf22293b2e2b37f26f9ffb78f79f8f5ecbfa
