[INFO] fetching crate gapbuffer 0.1.1...
[INFO] checking gapbuffer-0.1.1 against beta-2020-07-24 for pr-75494-beta
[INFO] extracting crate gapbuffer 0.1.1 into /workspace/builds/worker-2/source
[INFO] validating manifest of crates.io crate gapbuffer 0.1.1 on toolchain beta-2020-07-24
[INFO] running `Command { std: "/workspace/cargo-home/bin/cargo" "+beta-2020-07-24" "read-manifest" "--manifest-path" "Cargo.toml", kill_on_drop: false }`
[INFO] started tweaking crates.io crate gapbuffer 0.1.1
[INFO] finished tweaking crates.io crate gapbuffer 0.1.1
[INFO] tweaked toml for crates.io crate gapbuffer 0.1.1 written to /workspace/builds/worker-2/source/Cargo.toml
[INFO] running `Command { std: "/workspace/cargo-home/bin/cargo" "+beta-2020-07-24" "generate-lockfile" "--manifest-path" "Cargo.toml" "-Zno-index-update", kill_on_drop: false }`
[INFO] running `Command { std: "/workspace/cargo-home/bin/cargo" "+beta-2020-07-24" "fetch" "--locked" "--manifest-path" "Cargo.toml", kill_on_drop: false }`
[INFO] running `Command { std: "docker" "create" "-v" "/var/lib/crater-agent-workspace/builds/worker-2/target:/opt/rustwide/target:rw,Z" "-v" "/var/lib/crater-agent-workspace/builds/worker-2/source:/opt/rustwide/workdir:ro,Z" "-v" "/var/lib/crater-agent-workspace/cargo-home:/opt/rustwide/cargo-home:ro,Z" "-v" "/var/lib/crater-agent-workspace/rustup-home:/opt/rustwide/rustup-home:ro,Z" "-e" "SOURCE_DIR=/opt/rustwide/workdir" "-e" "CARGO_TARGET_DIR=/opt/rustwide/target" "-e" "CARGO_HOME=/opt/rustwide/cargo-home" "-e" "RUSTUP_HOME=/opt/rustwide/rustup-home" "-w" "/opt/rustwide/workdir" "-m" "1610612736" "--user" "0:0" "--network" "none" "rustops/crates-build-env@sha256:a636fd89d022f18117e1dc8fb37a0a009933cdbbe082814857f0e2024962d47c" "/opt/rustwide/cargo-home/bin/cargo" "+beta-2020-07-24" "metadata" "--no-deps" "--format-version=1", kill_on_drop: false }`
[INFO] [stdout] c2ef49d0594b8c60d170cf489de0313af973915ccce3784e13b4cbe419818da7
[INFO] [stderr] WARNING: Your kernel does not support swap limit capabilities or the cgroup is not mounted. Memory limited without swap.
[INFO] running `Command { std: "docker" "start" "-a" "c2ef49d0594b8c60d170cf489de0313af973915ccce3784e13b4cbe419818da7", kill_on_drop: false }`
[INFO] running `Command { std: "docker" "inspect" "c2ef49d0594b8c60d170cf489de0313af973915ccce3784e13b4cbe419818da7", kill_on_drop: false }`
[INFO] running `Command { std: "docker" "rm" "-f" "c2ef49d0594b8c60d170cf489de0313af973915ccce3784e13b4cbe419818da7", kill_on_drop: false }`
[INFO] [stdout] c2ef49d0594b8c60d170cf489de0313af973915ccce3784e13b4cbe419818da7
[INFO] running `Command { std: "docker" "create" "-v" "/var/lib/crater-agent-workspace/builds/worker-2/target:/opt/rustwide/target:rw,Z" "-v" "/var/lib/crater-agent-workspace/builds/worker-2/source:/opt/rustwide/workdir:ro,Z" "-v" "/var/lib/crater-agent-workspace/cargo-home:/opt/rustwide/cargo-home:ro,Z" "-v" "/var/lib/crater-agent-workspace/rustup-home:/opt/rustwide/rustup-home:ro,Z" "-e" "SOURCE_DIR=/opt/rustwide/workdir" "-e" "CARGO_TARGET_DIR=/opt/rustwide/target" "-e" "CARGO_INCREMENTAL=0" "-e" "RUST_BACKTRACE=full" "-e" "RUSTFLAGS=--cap-lints=forbid" "-e" "CARGO_HOME=/opt/rustwide/cargo-home" "-e" "RUSTUP_HOME=/opt/rustwide/rustup-home" "-w" "/opt/rustwide/workdir" "-m" "1610612736" "--user" "0:0" "--network" "none" "rustops/crates-build-env@sha256:a636fd89d022f18117e1dc8fb37a0a009933cdbbe082814857f0e2024962d47c" "/opt/rustwide/cargo-home/bin/cargo" "+beta-2020-07-24" "check" "--frozen" "--all" "--all-targets" "--message-format=json", kill_on_drop: false }`
[INFO] [stdout] 70ab41281c6f25f257aebd09009831e3014adf130aa321b4bef4e0bafb5bbea5
[INFO] [stderr] WARNING: Your kernel does not support swap limit capabilities or the cgroup is not mounted. Memory limited without swap.
[INFO] running `Command { std: "docker" "start" "-a" "70ab41281c6f25f257aebd09009831e3014adf130aa321b4bef4e0bafb5bbea5", kill_on_drop: false }`
[INFO] [stderr]     Checking gapbuffer v0.1.1 (/opt/rustwide/workdir)
[INFO] [stdout] warning: use of deprecated item 'try': use the `?` operator instead
[INFO] [stdout]    --> src/lib.rs:260:9
[INFO] [stdout]     |
[INFO] [stdout] 260 |         try!(write!(f, "["));
[INFO] [stdout]     |         ^^^
[INFO] [stdout]     |
[INFO] [stdout]     = note: `#[warn(deprecated)]` on by default
[INFO] [stdout] 
[INFO] [stdout] 
[INFO] [stdout] warning: use of deprecated item 'try': use the `?` operator instead
[INFO] [stdout]    --> src/lib.rs:263:13
[INFO] [stdout]     |
[INFO] [stdout] 263 |             try!(write!(f, "{:?}", fst));
[INFO] [stdout]     |             ^^^
[INFO] [stdout] 
[INFO] [stdout] 
[INFO] [stdout] warning: use of deprecated item 'try': use the `?` operator instead
[INFO] [stdout]    --> src/lib.rs:265:17
[INFO] [stdout]     |
[INFO] [stdout] 265 |                 try!(write!(f, ",{:?}", e));
[INFO] [stdout]     |                 ^^^
[INFO] [stdout] 
[INFO] [stdout] 
[INFO] [stdout] error[E0425]: cannot find function `range` in this scope
[INFO] [stdout]    --> src/lib.rs:336:18
[INFO] [stdout]     |
[INFO] [stdout] 336 |         for x in range(0, 100) {
[INFO] [stdout]     |                  ^^^^^ not found in this scope
[INFO] [stdout] 
[INFO] [stdout] 
[INFO] [stdout] error[E0425]: cannot find function `range` in this scope
[INFO] [stdout]    --> src/lib.rs:342:18
[INFO] [stdout]     |
[INFO] [stdout] 342 |         for x in range(0, 100) {
[INFO] [stdout]     |                  ^^^^^ not found in this scope
[INFO] [stdout] 
[INFO] [stdout] 
[INFO] [stdout] error[E0425]: cannot find function `range` in this scope
[INFO] [stdout]    --> src/lib.rs:353:18
[INFO] [stdout]     |
[INFO] [stdout] 353 |         for x in range(0, 100) {
[INFO] [stdout]     |                  ^^^^^ not found in this scope
[INFO] [stdout] 
[INFO] [stdout] 
[INFO] [stdout] error[E0425]: cannot find function `range` in this scope
[INFO] [stdout]    --> src/lib.rs:358:25
[INFO] [stdout]     |
[INFO] [stdout] 358 |         let mut index = range(0,100);
[INFO] [stdout]     |                         ^^^^^ not found in this scope
[INFO] [stdout] 
[INFO] [stdout] 
[INFO] [stdout] error[E0425]: cannot find function `range` in this scope
[INFO] [stdout]    --> src/lib.rs:374:18
[INFO] [stdout]     |
[INFO] [stdout] 374 |         for x in range(0, 100) {
[INFO] [stdout]     |                  ^^^^^ not found in this scope
[INFO] [stdout] 
[INFO] [stdout] 
[INFO] [stdout] error[E0425]: cannot find function `range` in this scope
[INFO] [stdout]    --> src/lib.rs:378:18
[INFO] [stdout]     |
[INFO] [stdout] 378 |         for x in range(0,100) {
[INFO] [stdout]     |                  ^^^^^ not found in this scope
[INFO] [stdout] 
[INFO] [stdout] 
[INFO] [stdout] error[E0425]: cannot find function `range` in this scope
[INFO] [stdout]    --> src/lib.rs:391:18
[INFO] [stdout]     |
[INFO] [stdout] 391 |         for x in range(0, 10) {
[INFO] [stdout]     |                  ^^^^^ not found in this scope
[INFO] [stdout] 
[INFO] [stdout] 
[INFO] [stdout] error[E0425]: cannot find function `range` in this scope
[INFO] [stdout]    --> src/lib.rs:395:18
[INFO] [stdout]     |
[INFO] [stdout] 395 |         for x in range(0,10) {
[INFO] [stdout]     |                  ^^^^^ not found in this scope
[INFO] [stdout] 
[INFO] [stdout] 
[INFO] [stdout] warning: use of deprecated item 'try': use the `?` operator instead
[INFO] [stdout]    --> src/lib.rs:260:9
[INFO] [stdout]     |
[INFO] [stdout] 260 |         try!(write!(f, "["));
[INFO] [stdout]     |         ^^^
[INFO] [stdout]     |
[INFO] [stdout]     = note: `#[warn(deprecated)]` on by default
[INFO] [stdout] 
[INFO] [stdout] 
[INFO] [stdout] warning: use of deprecated item 'try': use the `?` operator instead
[INFO] [stdout]    --> src/lib.rs:263:13
[INFO] [stdout]     |
[INFO] [stdout] 263 |             try!(write!(f, "{:?}", fst));
[INFO] [stdout]     |             ^^^
[INFO] [stdout] 
[INFO] [stdout] 
[INFO] [stdout] warning: use of deprecated item 'try': use the `?` operator instead
[INFO] [stdout]    --> src/lib.rs:265:17
[INFO] [stdout]     |
[INFO] [stdout] 265 |                 try!(write!(f, ",{:?}", e));
[INFO] [stdout]     |                 ^^^
[INFO] [stdout] 
[INFO] [stdout] 
[INFO] [stdout] warning: 3 warnings emitted
[INFO] [stdout] 
[INFO] [stdout] 
[INFO] [stdout] error: aborting due to 8 previous errors; 3 warnings emitted
[INFO] [stdout] 
[INFO] [stdout] 
[INFO] [stdout] For more information about this error, try `rustc --explain E0425`.
[INFO] [stdout] 
[INFO] [stderr] error: could not compile `gapbuffer`.
[INFO] [stderr] 
[INFO] [stderr] To learn more, run the command again with --verbose.
[INFO] running `Command { std: "docker" "inspect" "70ab41281c6f25f257aebd09009831e3014adf130aa321b4bef4e0bafb5bbea5", kill_on_drop: false }`
[INFO] running `Command { std: "docker" "rm" "-f" "70ab41281c6f25f257aebd09009831e3014adf130aa321b4bef4e0bafb5bbea5", kill_on_drop: false }`
[INFO] [stdout] 70ab41281c6f25f257aebd09009831e3014adf130aa321b4bef4e0bafb5bbea5
