[INFO] fetching crate ftp2mfs 0.1.1...
[INFO] checking ftp2mfs-0.1.1 against beta-2020-07-24 for pr-75494-beta
[INFO] extracting crate ftp2mfs 0.1.1 into /workspace/builds/worker-12/source
[INFO] validating manifest of crates.io crate ftp2mfs 0.1.1 on toolchain beta-2020-07-24
[INFO] running `Command { std: "/workspace/cargo-home/bin/cargo" "+beta-2020-07-24" "read-manifest" "--manifest-path" "Cargo.toml", kill_on_drop: false }`
[INFO] started tweaking crates.io crate ftp2mfs 0.1.1
[INFO] finished tweaking crates.io crate ftp2mfs 0.1.1
[INFO] tweaked toml for crates.io crate ftp2mfs 0.1.1 written to /workspace/builds/worker-12/source/Cargo.toml
[INFO] crate crates.io crate ftp2mfs 0.1.1 already has a lockfile, it will not be regenerated
[INFO] running `Command { std: "/workspace/cargo-home/bin/cargo" "+beta-2020-07-24" "fetch" "--locked" "--manifest-path" "Cargo.toml", kill_on_drop: false }`
[INFO] [stderr]     Blocking waiting for file lock on package cache
[INFO] [stderr]     Blocking waiting for file lock on package cache
[INFO] running `Command { std: "docker" "create" "-v" "/var/lib/crater-agent-workspace/builds/worker-12/target:/opt/rustwide/target:rw,Z" "-v" "/var/lib/crater-agent-workspace/builds/worker-12/source:/opt/rustwide/workdir:ro,Z" "-v" "/var/lib/crater-agent-workspace/cargo-home:/opt/rustwide/cargo-home:ro,Z" "-v" "/var/lib/crater-agent-workspace/rustup-home:/opt/rustwide/rustup-home:ro,Z" "-e" "SOURCE_DIR=/opt/rustwide/workdir" "-e" "CARGO_TARGET_DIR=/opt/rustwide/target" "-e" "CARGO_HOME=/opt/rustwide/cargo-home" "-e" "RUSTUP_HOME=/opt/rustwide/rustup-home" "-w" "/opt/rustwide/workdir" "-m" "1610612736" "--user" "0:0" "--network" "none" "rustops/crates-build-env@sha256:a636fd89d022f18117e1dc8fb37a0a009933cdbbe082814857f0e2024962d47c" "/opt/rustwide/cargo-home/bin/cargo" "+beta-2020-07-24" "metadata" "--no-deps" "--format-version=1", kill_on_drop: false }`
[INFO] [stdout] 24b43618707a863347d5f9defb27710e3e47d242f3f361d7542b769b4ce7b77c
[INFO] [stderr] WARNING: Your kernel does not support swap limit capabilities or the cgroup is not mounted. Memory limited without swap.
[INFO] running `Command { std: "docker" "start" "-a" "24b43618707a863347d5f9defb27710e3e47d242f3f361d7542b769b4ce7b77c", kill_on_drop: false }`
[INFO] running `Command { std: "docker" "inspect" "24b43618707a863347d5f9defb27710e3e47d242f3f361d7542b769b4ce7b77c", kill_on_drop: false }`
[INFO] running `Command { std: "docker" "rm" "-f" "24b43618707a863347d5f9defb27710e3e47d242f3f361d7542b769b4ce7b77c", kill_on_drop: false }`
[INFO] [stdout] 24b43618707a863347d5f9defb27710e3e47d242f3f361d7542b769b4ce7b77c
[INFO] running `Command { std: "docker" "create" "-v" "/var/lib/crater-agent-workspace/builds/worker-12/target:/opt/rustwide/target:rw,Z" "-v" "/var/lib/crater-agent-workspace/builds/worker-12/source:/opt/rustwide/workdir:ro,Z" "-v" "/var/lib/crater-agent-workspace/cargo-home:/opt/rustwide/cargo-home:ro,Z" "-v" "/var/lib/crater-agent-workspace/rustup-home:/opt/rustwide/rustup-home:ro,Z" "-e" "SOURCE_DIR=/opt/rustwide/workdir" "-e" "CARGO_TARGET_DIR=/opt/rustwide/target" "-e" "CARGO_INCREMENTAL=0" "-e" "RUST_BACKTRACE=full" "-e" "RUSTFLAGS=--cap-lints=forbid" "-e" "CARGO_HOME=/opt/rustwide/cargo-home" "-e" "RUSTUP_HOME=/opt/rustwide/rustup-home" "-w" "/opt/rustwide/workdir" "-m" "1610612736" "--user" "0:0" "--network" "none" "rustops/crates-build-env@sha256:a636fd89d022f18117e1dc8fb37a0a009933cdbbe082814857f0e2024962d47c" "/opt/rustwide/cargo-home/bin/cargo" "+beta-2020-07-24" "check" "--frozen" "--all" "--all-targets" "--message-format=json", kill_on_drop: false }`
[INFO] [stdout] cf47af9b1e42b89e9209af779bd9c69a6438e69e3e501c8dab73be3f34877a7c
[INFO] [stderr] WARNING: Your kernel does not support swap limit capabilities or the cgroup is not mounted. Memory limited without swap.
[INFO] running `Command { std: "docker" "start" "-a" "cf47af9b1e42b89e9209af779bd9c69a6438e69e3e501c8dab73be3f34877a7c", kill_on_drop: false }`
[INFO] [stderr]    Compiling libc v0.2.70
[INFO] [stderr]    Compiling proc-macro2 v1.0.13
[INFO] [stderr]    Compiling unicode-xid v0.2.0
[INFO] [stderr]    Compiling syn v1.0.23
[INFO] [stderr]     Checking cfg-if v0.1.10
[INFO] [stderr]    Compiling autocfg v1.0.0
[INFO] [stderr]    Compiling log v0.4.8
[INFO] [stderr]    Compiling memchr v2.3.3
[INFO] [stderr]     Checking lazy_static v1.4.0
[INFO] [stderr]    Compiling cc v1.0.54
[INFO] [stderr]    Compiling byteorder v1.3.4
[INFO] [stderr]     Checking slab v0.4.2
[INFO] [stderr]     Checking fnv v1.0.7
[INFO] [stderr]     Checking once_cell v1.4.0
[INFO] [stderr]     Checking futures-core v0.3.5
[INFO] [stderr]     Checking bytes v0.5.5
[INFO] [stderr]     Checking rand_core v0.4.2
[INFO] [stderr]    Compiling serde v1.0.110
[INFO] [stderr]    Compiling typenum v1.12.0
[INFO] [stderr]     Checking futures-sink v0.3.5
[INFO] [stderr]    Compiling proc-macro-nested v0.1.4
[INFO] [stderr]    Compiling proc-macro-hack v0.5.15
[INFO] [stderr]     Checking pin-project-lite v0.1.5
[INFO] [stderr]    Compiling pkg-config v0.3.17
[INFO] [stderr]     Checking itoa v0.4.5
[INFO] [stderr]     Checking futures-io v0.3.5
[INFO] [stderr]     Checking pin-utils v0.1.0
[INFO] [stderr]     Checking smallvec v1.4.1
[INFO] [stderr]     Checking matches v0.1.8
[INFO] [stderr]     Checking byte-tools v0.3.1
[INFO] [stderr]    Compiling bitflags v1.2.1
[INFO] [stderr]     Checking regex-syntax v0.6.18
[INFO] [stderr]     Checking arrayvec v0.5.1
[INFO] [stderr]    Compiling openssl v0.10.29
[INFO] [stderr]    Compiling httparse v1.3.4
[INFO] [stderr]     Checking constant_time_eq v0.1.5
[INFO] [stderr]     Checking arrayref v0.3.6
[INFO] [stderr]     Checking opaque-debug v0.2.3
[INFO] [stderr]     Checking foreign-types-shared v0.1.1
[INFO] [stderr]    Compiling getrandom v0.1.14
[INFO] [stderr]     Checking try-lock v0.2.2
[INFO] [stderr]    Compiling native-tls v0.2.4
[INFO] [stderr]     Checking gimli v0.21.0
[INFO] [stderr]     Checking fake-simd v0.1.2
[INFO] [stderr]     Checking spin v0.5.2
[INFO] [stderr]    Compiling failure_derive v0.1.8
[INFO] [stderr]     Checking percent-encoding v2.1.0
[INFO] [stderr]     Checking untrusted v0.7.1
[INFO] [stderr]    Compiling ryu v1.0.4
[INFO] [stderr]     Checking keccak v0.1.0
[INFO] [stderr]     Checking openssl-probe v0.1.2
[INFO] [stderr]     Checking object v0.19.0
[INFO] [stderr]     Checking tower-service v0.3.0
[INFO] [stderr]     Checking rustc-demangle v0.1.16
[INFO] [stderr]     Checking dtoa v0.4.5
[INFO] [stderr]     Checking unsigned-varint v0.3.3
[INFO] [stderr]     Checking mime v0.3.16
[INFO] [stderr]     Checking static_assertions v1.1.0
[INFO] [stderr]     Checking data-encoding v2.2.0
[INFO] [stderr]     Checking ppv-lite86 v0.2.8
[INFO] [stderr]     Checking bs58 v0.3.1
[INFO] [stderr]     Checking unsigned-varint v0.4.0
[INFO] [stderr]    Compiling protobuf v2.14.0
[INFO] [stderr]     Checking quick-error v1.2.3
[INFO] [stderr]     Checking linked-hash-map v0.5.3
[INFO] [stderr]     Checking base64 v0.11.0
[INFO] [stderr]     Checking subtle v1.0.0
[INFO] [stderr]     Checking termcolor v1.1.0
[INFO] [stderr]     Checking vec_map v0.8.2
[INFO] [stderr]     Checking strsim v0.10.0
[INFO] [stderr]     Checking os_str_bytes v2.3.1
[INFO] [stderr]     Checking std_prelude v0.2.12
[INFO] [stderr]     Checking match_cfg v0.1.0
[INFO] [stderr]     Checking either v1.5.3
[INFO] [stderr]     Checking pathdiff v0.2.0
[INFO] [stderr]     Checking humantime v2.0.0
[INFO] [stderr]     Checking thread_local v1.0.1
[INFO] [stderr]     Checking futures-task v0.3.5
[INFO] [stderr]     Checking futures-channel v0.3.5
[INFO] [stderr]     Checking rand_core v0.3.1
[INFO] [stderr]     Checking rand_jitter v0.1.4
[INFO] [stderr]    Compiling rand_chacha v0.1.1
[INFO] [stderr]    Compiling rand_pcg v0.1.2
[INFO] [stderr]    Compiling rand v0.6.5
[INFO] [stderr]     Checking unicode-bidi v0.3.4
[INFO] [stderr]     Checking block-padding v0.1.5
[INFO] [stderr]     Checking http v0.2.1
[INFO] [stderr]     Checking unicode-normalization v0.1.12
[INFO] [stderr]     Checking foreign-types v0.3.2
[INFO] [stderr]    Compiling indexmap v1.3.2
[INFO] [stderr]    Compiling num-traits v0.2.11
[INFO] [stderr]    Compiling num-integer v0.1.42
[INFO] [stderr]    Compiling crossbeam-utils v0.7.2
[INFO] [stderr]     Checking blake2s_simd v0.5.10
[INFO] [stderr]     Checking blake2b_simd v0.5.10
[INFO] [stderr]     Checking humantime v1.3.0
[INFO] [stderr]     Checking yaml-rust v0.4.4
[INFO] [stderr]     Checking itertools v0.9.0
[INFO] [stderr]     Checking rand_isaac v0.1.1
[INFO] [stderr]     Checking rand_hc v0.1.0
[INFO] [stderr]     Checking rand_xorshift v0.1.1
[INFO] [stderr]     Checking want v0.3.0
[INFO] [stderr]     Checking aho-corasick v0.7.10
[INFO] [stderr]     Checking bstr v0.2.13
[INFO] [stderr]    Compiling openssl-sys v0.9.56
[INFO] [stderr]    Compiling ring v0.16.13
[INFO] [stderr]    Compiling blake3 v0.3.4
[INFO] [stderr]    Compiling quote v1.0.6
[INFO] [stderr]     Checking idna v0.2.0
[INFO] [stderr]     Checking idna v0.1.5
[INFO] [stderr]     Checking http-body v0.3.1
[INFO] [stderr]     Checking iovec v0.1.4
[INFO] [stderr]     Checking net2 v0.2.34
[INFO] [stderr]     Checking signal-hook-registry v1.2.0
[INFO] [stderr]     Checking num_cpus v1.13.0
[INFO] [stderr]     Checking time v0.1.43
[INFO] [stderr]     Checking rand v0.5.6
[INFO] [stderr]     Checking dirs-sys v0.3.5
[INFO] [stderr]     Checking rand_os v0.1.3
[INFO] [stderr]     Checking atty v0.2.14
[INFO] [stderr]     Checking hostname v0.3.1
[INFO] [stderr]     Checking generic-array v0.12.3
[INFO] [stderr]     Checking addr2line v0.12.1
[INFO] [stderr]     Checking bytes v0.4.12
[INFO] [stderr]     Checking crossbeam-channel v0.4.2
[INFO] [stderr]     Checking dirs v3.0.1
[INFO] [stderr]     Checking rand_core v0.5.1
[INFO] [stderr]     Checking regex v1.3.9
[INFO] [stderr]     Checking mio v0.6.22
[INFO] [stderr]     Checking url v1.7.2
[INFO] [stderr]     Checking url v2.1.1
[INFO] [stderr]     Checking digest v0.8.1
[INFO] [stderr]     Checking block-buffer v0.7.3
[INFO] [stderr]     Checking crypto-mac v0.7.0
[INFO] [stderr]     Checking rand_chacha v0.2.2
[INFO] [stderr]     Checking sha2 v0.8.1
[INFO] [stderr]     Checking sha-1 v0.8.2
[INFO] [stderr]     Checking sha3 v0.8.2
[INFO] [stderr]     Checking tokio-io v0.1.13
[INFO] [stderr]     Checking rand v0.7.3
[INFO] [stderr]     Checking multihash v0.11.2
[INFO] [stderr]     Checking backtrace v0.3.48
[INFO] [stderr]     Checking mio-uds v0.6.8
[INFO] [stderr]     Checking nanoid v0.3.0
[INFO] [stderr]     Checking globset v0.4.5
[INFO] [stderr]     Checking stfu8 v0.2.4
[INFO] [stderr]     Checking env_logger v0.7.1
[INFO] [stderr]     Checking uuid v0.8.1
[INFO] [stderr]     Checking sct v0.6.0
[INFO] [stderr]     Checking webpki v0.21.2
[INFO] [stderr]     Checking ignore v0.4.16
[INFO] [stderr]     Checking rustls v0.17.0
[INFO] [stderr]    Compiling synstructure v0.12.3
[INFO] [stderr]    Compiling syn-mid v0.5.0
[INFO] [stderr]    Compiling pin-project-internal v0.4.17
[INFO] [stderr]    Compiling serde_derive v1.0.110
[INFO] [stderr]    Compiling tokio-macros v0.2.5
[INFO] [stderr]    Compiling futures-macro v0.3.5
[INFO] [stderr]    Compiling thiserror-impl v1.0.19
[INFO] [stderr]    Compiling proc-macro-error-attr v0.4.12
[INFO] [stderr]    Compiling typed-builder v0.6.0
[INFO] [stderr]    Compiling async-trait v0.1.31
[INFO] [stderr]    Compiling proc-macro-error v0.4.12
[INFO] [stderr]     Checking tokio v0.2.21
[INFO] [stderr]     Checking failure v0.1.8
[INFO] [stderr]    Compiling clap_derive v3.0.0-beta.1
[INFO] [stderr]     Checking thiserror v1.0.19
[INFO] [stderr]     Checking prometheus v0.8.0
[INFO] [stderr]     Checking proxy-protocol v0.1.1
[INFO] [stderr]     Checking pin-project v0.4.17
[INFO] [stderr]     Checking futures-util v0.3.5
[INFO] [stderr]     Checking tokio-util v0.3.1
[INFO] [stderr]     Checking tokio-tls v0.3.1
[INFO] [stderr]     Checking tokio-rustls v0.13.1
[INFO] [stderr]     Checking clap v3.0.0-beta.1
[INFO] [stderr]     Checking futures-executor v0.3.5
[INFO] [stderr]     Checking h2 v0.2.5
[INFO] [stderr]     Checking futures v0.3.5
[INFO] [stderr]     Checking common-multipart-rfc7578 v0.2.0-rc
[INFO] [stderr]     Checking parity-multiaddr v0.9.1
[INFO] [stderr]     Checking serde_urlencoded v0.6.1
[INFO] [stderr]     Checking chrono v0.4.11
[INFO] [stderr]     Checking serde_json v1.0.53
[INFO] [stderr]     Checking serde_yaml v0.8.12
[INFO] [stderr]     Checking url_serde v0.2.0
[INFO] [stderr]     Checking serde-humantime v0.1.1
[INFO] [stderr]     Checking path_abs v0.5.0
[INFO] [stderr]     Checking hyper v0.13.5
[INFO] [stderr]     Checking async_ftp v4.0.1
[INFO] [stderr]     Checking libunftp v0.11.0
[INFO] [stderr]     Checking hyper-multipart-rfc7578 v0.4.0-rc
[INFO] [stderr]     Checking hyper-tls v0.4.1
[INFO] [stderr]     Checking ipfs-api v0.8.0-rc
[INFO] [stderr]     Checking ipfs-mfs v0.2.0
[INFO] [stderr]     Checking ftp2mfs v0.1.1 (/opt/rustwide/workdir)
[INFO] [stdout] error[E0432]: unresolved import `unmemftp`
[INFO] [stdout]  --> src/fromftp/memftp.rs:1:5
[INFO] [stdout]   |
[INFO] [stdout] 1 | use unmemftp::{ MemStorage, MemFile };
[INFO] [stdout]   |     ^^^^^^^^ use of undeclared type or module `unmemftp`
[INFO] [stdout] 
[INFO] [stdout] 
[INFO] [stdout] error[E0433]: failed to resolve: use of undeclared type or module `unmemftp`
[INFO] [stdout]   --> src/fromftp/recursor.rs:93:14
[INFO] [stdout]    |
[INFO] [stdout] 93 |         let addr = unmemftp::serve(Box::new(abc)).await;
[INFO] [stdout]    |                    ^^^^^^^^ use of undeclared type or module `unmemftp`
[INFO] [stdout] 
[INFO] [stdout] 
[INFO] [stdout] error[E0433]: failed to resolve: use of undeclared type or module `unmemftp`
[INFO] [stdout]  --> src/fromftp/memftp.rs:5:16
[INFO] [stdout]   |
[INFO] [stdout] 5 |     let addr = unmemftp::serve(files).await;
[INFO] [stdout]   |                ^^^^^^^^ use of undeclared type or module `unmemftp`
[INFO] [stdout] 
[INFO] [stdout] 
[INFO] [stdout] error: aborting due to 3 previous errors
[INFO] [stdout] 
[INFO] [stdout] 
[INFO] [stdout] Some errors have detailed explanations: E0432, E0433.
[INFO] [stdout] 
[INFO] [stdout] For more information about an error, try `rustc --explain E0432`.
[INFO] [stdout] 
[INFO] [stderr] error: could not compile `ftp2mfs`.
[INFO] [stderr] 
[INFO] [stderr] To learn more, run the command again with --verbose.
[INFO] running `Command { std: "docker" "inspect" "cf47af9b1e42b89e9209af779bd9c69a6438e69e3e501c8dab73be3f34877a7c", kill_on_drop: false }`
[INFO] running `Command { std: "docker" "rm" "-f" "cf47af9b1e42b89e9209af779bd9c69a6438e69e3e501c8dab73be3f34877a7c", kill_on_drop: false }`
[INFO] [stdout] cf47af9b1e42b89e9209af779bd9c69a6438e69e3e501c8dab73be3f34877a7c
