[INFO] fetching crate firebase 0.9.1...
[INFO] checking firebase-0.9.1 against beta-2020-07-24 for pr-75494-beta
[INFO] extracting crate firebase 0.9.1 into /workspace/builds/worker-8/source
[INFO] validating manifest of crates.io crate firebase 0.9.1 on toolchain beta-2020-07-24
[INFO] running `Command { std: "/workspace/cargo-home/bin/cargo" "+beta-2020-07-24" "read-manifest" "--manifest-path" "Cargo.toml", kill_on_drop: false }`
[INFO] started tweaking crates.io crate firebase 0.9.1
[INFO] finished tweaking crates.io crate firebase 0.9.1
[INFO] tweaked toml for crates.io crate firebase 0.9.1 written to /workspace/builds/worker-8/source/Cargo.toml
[INFO] running `Command { std: "/workspace/cargo-home/bin/cargo" "+beta-2020-07-24" "generate-lockfile" "--manifest-path" "Cargo.toml" "-Zno-index-update", kill_on_drop: false }`
[INFO] [stderr]     Blocking waiting for file lock on package cache
[INFO] running `Command { std: "/workspace/cargo-home/bin/cargo" "+beta-2020-07-24" "fetch" "--locked" "--manifest-path" "Cargo.toml", kill_on_drop: false }`
[INFO] running `Command { std: "docker" "create" "-v" "/var/lib/crater-agent-workspace/builds/worker-8/target:/opt/rustwide/target:rw,Z" "-v" "/var/lib/crater-agent-workspace/builds/worker-8/source:/opt/rustwide/workdir:ro,Z" "-v" "/var/lib/crater-agent-workspace/cargo-home:/opt/rustwide/cargo-home:ro,Z" "-v" "/var/lib/crater-agent-workspace/rustup-home:/opt/rustwide/rustup-home:ro,Z" "-e" "SOURCE_DIR=/opt/rustwide/workdir" "-e" "CARGO_TARGET_DIR=/opt/rustwide/target" "-e" "CARGO_HOME=/opt/rustwide/cargo-home" "-e" "RUSTUP_HOME=/opt/rustwide/rustup-home" "-w" "/opt/rustwide/workdir" "-m" "1610612736" "--user" "0:0" "--network" "none" "rustops/crates-build-env@sha256:a636fd89d022f18117e1dc8fb37a0a009933cdbbe082814857f0e2024962d47c" "/opt/rustwide/cargo-home/bin/cargo" "+beta-2020-07-24" "metadata" "--no-deps" "--format-version=1", kill_on_drop: false }`
[INFO] [stdout] 32a34a12f1fbce3f46dc4f259b82255ec05ee186070177da7ed357f096044c9c
[INFO] [stderr] WARNING: Your kernel does not support swap limit capabilities or the cgroup is not mounted. Memory limited without swap.
[INFO] running `Command { std: "docker" "start" "-a" "32a34a12f1fbce3f46dc4f259b82255ec05ee186070177da7ed357f096044c9c", kill_on_drop: false }`
[INFO] running `Command { std: "docker" "inspect" "32a34a12f1fbce3f46dc4f259b82255ec05ee186070177da7ed357f096044c9c", kill_on_drop: false }`
[INFO] running `Command { std: "docker" "rm" "-f" "32a34a12f1fbce3f46dc4f259b82255ec05ee186070177da7ed357f096044c9c", kill_on_drop: false }`
[INFO] [stdout] 32a34a12f1fbce3f46dc4f259b82255ec05ee186070177da7ed357f096044c9c
[INFO] running `Command { std: "docker" "create" "-v" "/var/lib/crater-agent-workspace/builds/worker-8/target:/opt/rustwide/target:rw,Z" "-v" "/var/lib/crater-agent-workspace/builds/worker-8/source:/opt/rustwide/workdir:ro,Z" "-v" "/var/lib/crater-agent-workspace/cargo-home:/opt/rustwide/cargo-home:ro,Z" "-v" "/var/lib/crater-agent-workspace/rustup-home:/opt/rustwide/rustup-home:ro,Z" "-e" "SOURCE_DIR=/opt/rustwide/workdir" "-e" "CARGO_TARGET_DIR=/opt/rustwide/target" "-e" "CARGO_INCREMENTAL=0" "-e" "RUST_BACKTRACE=full" "-e" "RUSTFLAGS=--cap-lints=forbid" "-e" "CARGO_HOME=/opt/rustwide/cargo-home" "-e" "RUSTUP_HOME=/opt/rustwide/rustup-home" "-w" "/opt/rustwide/workdir" "-m" "1610612736" "--user" "0:0" "--network" "none" "rustops/crates-build-env@sha256:a636fd89d022f18117e1dc8fb37a0a009933cdbbe082814857f0e2024962d47c" "/opt/rustwide/cargo-home/bin/cargo" "+beta-2020-07-24" "check" "--frozen" "--all" "--all-targets" "--message-format=json", kill_on_drop: false }`
[INFO] [stdout] 4f7e2471995191d05437ba7c800e37da05a6609eafb448854f78c021a6816308
[INFO] [stderr] WARNING: Your kernel does not support swap limit capabilities or the cgroup is not mounted. Memory limited without swap.
[INFO] running `Command { std: "docker" "start" "-a" "4f7e2471995191d05437ba7c800e37da05a6609eafb448854f78c021a6816308", kill_on_drop: false }`
[INFO] [stderr]    Compiling pkg-config v0.3.18
[INFO] [stderr]    Compiling cc v1.0.59
[INFO] [stderr]     Checking matches v0.1.8
[INFO] [stderr]     Checking tinyvec v0.3.4
[INFO] [stderr]     Checking percent-encoding v1.0.1
[INFO] [stderr]     Checking rustc-serialize v0.3.24
[INFO] [stderr]     Checking rand v0.4.6
[INFO] [stderr]     Checking log v0.3.9
[INFO] [stderr]     Checking unicode-bidi v0.3.4
[INFO] [stderr]     Checking unicode-normalization v0.1.13
[INFO] [stderr]    Compiling openssl-sys v0.7.17
[INFO] [stderr]    Compiling curl-sys v0.1.35
[INFO] [stderr]     Checking rand v0.3.23
[INFO] [stderr]    Compiling libz-sys v1.1.0
[INFO] [stderr]     Checking idna v0.1.5
[INFO] [stderr]     Checking url v1.7.2
[INFO] [stderr]     Checking uuid v0.1.18
[INFO] [stderr]     Checking url v0.2.38
[INFO] [stderr]     Checking curl v0.2.19
[INFO] [stderr]     Checking firebase v0.9.1 (/opt/rustwide/workdir)
[INFO] [stdout] warning: use of deprecated item 'try': use the `?` operator instead
[INFO] [stdout]   --> src/lib.rs:46:19
[INFO] [stdout]    |
[INFO] [stdout] 46 |         let url = try!( parse(&url) );
[INFO] [stdout]    |                   ^^^
[INFO] [stdout]    |
[INFO] [stdout]    = note: `#[warn(deprecated)]` on by default
[INFO] [stdout] 
[INFO] [stdout] 
[INFO] [stdout] warning: use of deprecated item 'try': use the `?` operator instead
[INFO] [stdout]   --> src/lib.rs:50:9
[INFO] [stdout]    |
[INFO] [stdout] 50 |         try!( unwrap_path(&url) );
[INFO] [stdout]    |         ^^^
[INFO] [stdout] 
[INFO] [stdout] 
[INFO] [stdout] warning: use of deprecated item 'try': use the `?` operator instead
[INFO] [stdout]   --> src/lib.rs:65:9
[INFO] [stdout]    |
[INFO] [stdout] 65 |         try!( unwrap_path(&url) );
[INFO] [stdout]    |         ^^^
[INFO] [stdout] 
[INFO] [stdout] 
[INFO] [stdout] warning: use of deprecated item 'try': use the `?` operator instead
[INFO] [stdout]   --> src/lib.rs:87:23
[INFO] [stdout]    |
[INFO] [stdout] 87 |         let mut url = try!( parse(&url) );
[INFO] [stdout]    |                       ^^^
[INFO] [stdout] 
[INFO] [stdout] 
[INFO] [stdout] warning: use of deprecated item 'try': use the `?` operator instead
[INFO] [stdout]   --> src/lib.rs:91:9
[INFO] [stdout]    |
[INFO] [stdout] 91 |         try!( unwrap_path(&url) );
[INFO] [stdout]    |         ^^^
[INFO] [stdout] 
[INFO] [stdout] 
[INFO] [stdout] warning: use of deprecated item 'try': use the `?` operator instead
[INFO] [stdout]   --> src/lib.rs:46:19
[INFO] [stdout]    |
[INFO] [stdout] 46 |         let url = try!( parse(&url) );
[INFO] [stdout]    |                   ^^^
[INFO] [stdout]    |
[INFO] [stdout]    = note: `#[warn(deprecated)]` on by default
[INFO] [stdout] 
[INFO] [stdout] 
[INFO] [stdout] warning: use of deprecated item 'try': use the `?` operator instead
[INFO] [stdout]   --> src/lib.rs:50:9
[INFO] [stdout]    |
[INFO] [stdout] 50 |         try!( unwrap_path(&url) );
[INFO] [stdout]    |         ^^^
[INFO] [stdout] 
[INFO] [stdout] 
[INFO] [stdout] warning: use of deprecated item 'try': use the `?` operator instead
[INFO] [stdout]   --> src/lib.rs:65:9
[INFO] [stdout]    |
[INFO] [stdout] 65 |         try!( unwrap_path(&url) );
[INFO] [stdout]    |         ^^^
[INFO] [stdout] 
[INFO] [stdout] 
[INFO] [stdout] warning: use of deprecated item 'try': use the `?` operator instead
[INFO] [stdout]   --> src/lib.rs:87:23
[INFO] [stdout]    |
[INFO] [stdout] 87 |         let mut url = try!( parse(&url) );
[INFO] [stdout]    |                       ^^^
[INFO] [stdout] 
[INFO] [stdout] 
[INFO] [stdout] warning: use of deprecated item 'try': use the `?` operator instead
[INFO] [stdout]   --> src/lib.rs:91:9
[INFO] [stdout]    |
[INFO] [stdout] 91 |         try!( unwrap_path(&url) );
[INFO] [stdout]    |         ^^^
[INFO] [stdout] 
[INFO] [stdout] 
[INFO] [stdout] warning: use of deprecated item 'core::str::<impl str>::trim_right_matches': superseded by `trim_end_matches`
[INFO] [stdout]    --> src/lib.rs:121:31
[INFO] [stdout]     |
[INFO] [stdout] 121 |                 path.push(end.trim_right_matches(".json").to_string());
[INFO] [stdout]     |                               ^^^^^^^^^^^^^^^^^^ help: replace the use of the deprecated item: `trim_end_matches`
[INFO] [stdout] 
[INFO] [stdout] 
[INFO] [stdout] warning: use of deprecated item 'core::str::<impl str>::trim_right_matches': superseded by `trim_end_matches`
[INFO] [stdout]    --> src/lib.rs:121:31
[INFO] [stdout]     |
[INFO] [stdout] 121 |                 path.push(end.trim_right_matches(".json").to_string());
[INFO] [stdout]     |                               ^^^^^^^^^^^^^^^^^^ help: replace the use of the deprecated item: `trim_end_matches`
[INFO] [stdout] 
[INFO] [stdout] 
[INFO] [stdout] error[E0277]: the trait bound `&url::Url: curl::http::handle::ToUrl` is not satisfied
[INFO] [stdout]    --> src/lib.rs:343:47
[INFO] [stdout]     |
[INFO] [stdout] 343 |             Method::GET     => handler.get(   url),
[INFO] [stdout]     |                                               ^^^ the trait `curl::http::handle::ToUrl` is not implemented for `&url::Url`
[INFO] [stdout] 
[INFO] [stdout] 
[INFO] [stdout] error[E0277]: the trait bound `&url::Url: curl::http::handle::ToUrl` is not satisfied
[INFO] [stdout]    --> src/lib.rs:344:40
[INFO] [stdout]     |
[INFO] [stdout] 344 |             Method::POST    => handler.post(  url, data.unwrap()),
[INFO] [stdout]     |                                        ^^^^ the trait `curl::http::handle::ToUrl` is not implemented for `&url::Url`
[INFO] [stdout] 
[INFO] [stdout] 
[INFO] [stdout] error[E0277]: the trait bound `&url::Url: curl::http::handle::ToUrl` is not satisfied
[INFO] [stdout]    --> src/lib.rs:345:40
[INFO] [stdout]     |
[INFO] [stdout] 345 |             Method::PUT     => handler.put(   url, data.unwrap()),
[INFO] [stdout]     |                                        ^^^ the trait `curl::http::handle::ToUrl` is not implemented for `&url::Url`
[INFO] [stdout] 
[INFO] [stdout] 
[INFO] [stdout] error[E0277]: the trait bound `&url::Url: curl::http::handle::ToUrl` is not satisfied
[INFO] [stdout]    --> src/lib.rs:346:40
[INFO] [stdout]     |
[INFO] [stdout] 346 |             Method::PATCH   => handler.patch( url, data.unwrap()),
[INFO] [stdout]     |                                        ^^^^^ the trait `curl::http::handle::ToUrl` is not implemented for `&url::Url`
[INFO] [stdout] 
[INFO] [stdout] 
[INFO] [stdout] error[E0277]: the trait bound `&url::Url: curl::http::handle::ToUrl` is not satisfied
[INFO] [stdout]    --> src/lib.rs:347:47
[INFO] [stdout]     |
[INFO] [stdout] 347 |             Method::DELETE  => handler.delete(url),
[INFO] [stdout]     |                                               ^^^ the trait `curl::http::handle::ToUrl` is not implemented for `&url::Url`
[INFO] [stdout] 
[INFO] [stdout] 
[INFO] [stdout] error[E0277]: the trait bound `&url::Url: curl::http::handle::ToUrl` is not satisfied
[INFO] [stdout]    --> src/lib.rs:343:47
[INFO] [stdout]     |
[INFO] [stdout] 343 |             Method::GET     => handler.get(   url),
[INFO] [stdout]     |                                               ^^^ the trait `curl::http::handle::ToUrl` is not implemented for `&url::Url`
[INFO] [stdout] 
[INFO] [stdout] 
[INFO] [stdout] error[E0277]: the trait bound `&url::Url: curl::http::handle::ToUrl` is not satisfied
[INFO] [stdout]    --> src/lib.rs:344:40
[INFO] [stdout]     |
[INFO] [stdout] 344 |             Method::POST    => handler.post(  url, data.unwrap()),
[INFO] [stdout]     |                                        ^^^^ the trait `curl::http::handle::ToUrl` is not implemented for `&url::Url`
[INFO] [stdout] 
[INFO] [stdout] 
[INFO] [stdout] error[E0277]: the trait bound `&url::Url: curl::http::handle::ToUrl` is not satisfied
[INFO] [stdout]    --> src/lib.rs:345:40
[INFO] [stdout]     |
[INFO] [stdout] 345 |             Method::PUT     => handler.put(   url, data.unwrap()),
[INFO] [stdout]     |                                        ^^^ the trait `curl::http::handle::ToUrl` is not implemented for `&url::Url`
[INFO] [stdout] 
[INFO] [stdout] 
[INFO] [stdout] error[E0277]: the trait bound `&url::Url: curl::http::handle::ToUrl` is not satisfied
[INFO] [stdout]    --> src/lib.rs:346:40
[INFO] [stdout]     |
[INFO] [stdout] 346 |             Method::PATCH   => handler.patch( url, data.unwrap()),
[INFO] [stdout]     |                                        ^^^^^ the trait `curl::http::handle::ToUrl` is not implemented for `&url::Url`
[INFO] [stdout] 
[INFO] [stdout] 
[INFO] [stdout] error[E0277]: the trait bound `&url::Url: curl::http::handle::ToUrl` is not satisfied
[INFO] [stdout]    --> src/lib.rs:347:47
[INFO] [stdout]     |
[INFO] [stdout] 347 |             Method::DELETE  => handler.delete(url),
[INFO] [stdout]     |                                               ^^^ the trait `curl::http::handle::ToUrl` is not implemented for `&url::Url`
[INFO] [stdout] 
[INFO] [stdout] 
[INFO] [stdout] error: aborting due to 5 previous errors; 6 warnings emitted
[INFO] [stdout] 
[INFO] [stdout] 
[INFO] [stdout] For more information about this error, try `rustc --explain E0277`.
[INFO] [stdout] 
[INFO] [stderr] error: could not compile `firebase`.
[INFO] [stderr] 
[INFO] [stderr] To learn more, run the command again with --verbose.
[INFO] [stderr] warning: build failed, waiting for other jobs to finish...
[INFO] [stdout] error: aborting due to 5 previous errors; 6 warnings emitted
[INFO] [stdout] 
[INFO] [stdout] 
[INFO] [stdout] For more information about this error, try `rustc --explain E0277`.
[INFO] [stdout] 
[INFO] [stderr] error: build failed
[INFO] running `Command { std: "docker" "inspect" "4f7e2471995191d05437ba7c800e37da05a6609eafb448854f78c021a6816308", kill_on_drop: false }`
[INFO] running `Command { std: "docker" "rm" "-f" "4f7e2471995191d05437ba7c800e37da05a6609eafb448854f78c021a6816308", kill_on_drop: false }`
[INFO] [stdout] 4f7e2471995191d05437ba7c800e37da05a6609eafb448854f78c021a6816308
