[INFO] fetching crate espa 0.3.2...
[INFO] checking espa-0.3.2 against beta-2020-07-24 for pr-75494-beta
[INFO] extracting crate espa 0.3.2 into /workspace/builds/worker-2/source
[INFO] validating manifest of crates.io crate espa 0.3.2 on toolchain beta-2020-07-24
[INFO] running `Command { std: "/workspace/cargo-home/bin/cargo" "+beta-2020-07-24" "read-manifest" "--manifest-path" "Cargo.toml", kill_on_drop: false }`
[INFO] started tweaking crates.io crate espa 0.3.2
[INFO] finished tweaking crates.io crate espa 0.3.2
[INFO] tweaked toml for crates.io crate espa 0.3.2 written to /workspace/builds/worker-2/source/Cargo.toml
[INFO] crate crates.io crate espa 0.3.2 already has a lockfile, it will not be regenerated
[INFO] running `Command { std: "/workspace/cargo-home/bin/cargo" "+beta-2020-07-24" "fetch" "--locked" "--manifest-path" "Cargo.toml", kill_on_drop: false }`
[INFO] running `Command { std: "docker" "create" "-v" "/var/lib/crater-agent-workspace/builds/worker-2/target:/opt/rustwide/target:rw,Z" "-v" "/var/lib/crater-agent-workspace/builds/worker-2/source:/opt/rustwide/workdir:ro,Z" "-v" "/var/lib/crater-agent-workspace/cargo-home:/opt/rustwide/cargo-home:ro,Z" "-v" "/var/lib/crater-agent-workspace/rustup-home:/opt/rustwide/rustup-home:ro,Z" "-e" "SOURCE_DIR=/opt/rustwide/workdir" "-e" "CARGO_TARGET_DIR=/opt/rustwide/target" "-e" "CARGO_HOME=/opt/rustwide/cargo-home" "-e" "RUSTUP_HOME=/opt/rustwide/rustup-home" "-w" "/opt/rustwide/workdir" "-m" "1610612736" "--user" "0:0" "--network" "none" "rustops/crates-build-env@sha256:a636fd89d022f18117e1dc8fb37a0a009933cdbbe082814857f0e2024962d47c" "/opt/rustwide/cargo-home/bin/cargo" "+beta-2020-07-24" "metadata" "--no-deps" "--format-version=1", kill_on_drop: false }`
[INFO] [stdout] 2e76b15940731845211670bd5e8cfdbe8b57e8e79e47020daead616fcd1e44be
[INFO] [stderr] WARNING: Your kernel does not support swap limit capabilities or the cgroup is not mounted. Memory limited without swap.
[INFO] running `Command { std: "docker" "start" "-a" "2e76b15940731845211670bd5e8cfdbe8b57e8e79e47020daead616fcd1e44be", kill_on_drop: false }`
[INFO] running `Command { std: "docker" "inspect" "2e76b15940731845211670bd5e8cfdbe8b57e8e79e47020daead616fcd1e44be", kill_on_drop: false }`
[INFO] running `Command { std: "docker" "rm" "-f" "2e76b15940731845211670bd5e8cfdbe8b57e8e79e47020daead616fcd1e44be", kill_on_drop: false }`
[INFO] [stdout] 2e76b15940731845211670bd5e8cfdbe8b57e8e79e47020daead616fcd1e44be
[INFO] running `Command { std: "docker" "create" "-v" "/var/lib/crater-agent-workspace/builds/worker-2/target:/opt/rustwide/target:rw,Z" "-v" "/var/lib/crater-agent-workspace/builds/worker-2/source:/opt/rustwide/workdir:ro,Z" "-v" "/var/lib/crater-agent-workspace/cargo-home:/opt/rustwide/cargo-home:ro,Z" "-v" "/var/lib/crater-agent-workspace/rustup-home:/opt/rustwide/rustup-home:ro,Z" "-e" "SOURCE_DIR=/opt/rustwide/workdir" "-e" "CARGO_TARGET_DIR=/opt/rustwide/target" "-e" "CARGO_INCREMENTAL=0" "-e" "RUST_BACKTRACE=full" "-e" "RUSTFLAGS=--cap-lints=forbid" "-e" "CARGO_HOME=/opt/rustwide/cargo-home" "-e" "RUSTUP_HOME=/opt/rustwide/rustup-home" "-w" "/opt/rustwide/workdir" "-m" "1610612736" "--user" "0:0" "--network" "none" "rustops/crates-build-env@sha256:a636fd89d022f18117e1dc8fb37a0a009933cdbbe082814857f0e2024962d47c" "/opt/rustwide/cargo-home/bin/cargo" "+beta-2020-07-24" "check" "--frozen" "--all" "--all-targets" "--message-format=json", kill_on_drop: false }`
[INFO] [stdout] 5c443db7c120755f3fc5f32256d22c7aca42423b5739eb4928b346e62e60c7a0
[INFO] [stderr] WARNING: Your kernel does not support swap limit capabilities or the cgroup is not mounted. Memory limited without swap.
[INFO] running `Command { std: "docker" "start" "-a" "5c443db7c120755f3fc5f32256d22c7aca42423b5739eb4928b346e62e60c7a0", kill_on_drop: false }`
[INFO] [stderr]    Compiling libc v0.2.74
[INFO] [stderr]     Checking cfg-if v0.1.10
[INFO] [stderr]     Checking encoding_index_tests v0.1.4
[INFO] [stderr]    Compiling version_check v0.9.2
[INFO] [stderr]    Compiling memchr v2.3.3
[INFO] [stderr]     Checking static_assertions v1.1.0
[INFO] [stderr]     Checking unicode-width v0.1.8
[INFO] [stderr]     Checking macro-attr v0.2.0
[INFO] [stderr]     Checking strsim v0.8.0
[INFO] [stderr]     Checking nameof v1.2.1
[INFO] [stderr]     Checking once_cell v1.4.0
[INFO] [stderr]     Checking enum_derive v0.1.7
[INFO] [stderr]     Checking ansi_term v0.11.0
[INFO] [stderr]     Checking vec_map v0.8.2
[INFO] [stderr]    Compiling num-traits v0.2.12
[INFO] [stderr]     Checking yaml-rust v0.4.4
[INFO] [stderr]     Checking encoding-index-singlebyte v1.20141219.5
[INFO] [stderr]     Checking encoding-index-korean v1.20141219.5
[INFO] [stderr]     Checking encoding-index-tradchinese v1.20141219.5
[INFO] [stderr]     Checking encoding-index-japanese v1.20141219.5
[INFO] [stderr]     Checking encoding-index-simpchinese v1.20141219.5
[INFO] [stderr]     Checking crc32fast v1.2.0
[INFO] [stderr]     Checking textwrap v0.11.0
[INFO] [stderr]     Checking lexical-core v0.7.4
[INFO] [stderr]    Compiling syn v1.0.38
[INFO] [stderr]    Compiling nom v5.1.2
[INFO] [stderr]     Checking encoding v0.2.33
[INFO] [stderr]     Checking getrandom v0.1.14
[INFO] [stderr]     Checking flate2 v1.0.16
[INFO] [stderr]     Checking atty v0.2.14
[INFO] [stderr]     Checking clap v2.33.3
[INFO] [stderr]     Checking rand_core v0.5.1
[INFO] [stderr]     Checking rand_chacha v0.2.2
[INFO] [stderr]     Checking rand v0.7.3
[INFO] [stderr]     Checking uuid v0.8.1
[INFO] [stderr]    Compiling serde_derive v1.0.115
[INFO] [stderr]    Compiling enum-primitive-derive v0.2.1
[INFO] [stderr]    Compiling derivative v2.1.1
[INFO] [stderr]     Checking serde v1.0.115
[INFO] [stderr]     Checking either v1.6.0
[INFO] [stderr]     Checking serde_yaml v0.8.13
[INFO] [stderr]    Compiling esl v0.4.2
[INFO] [stdout] error[E0554]: `#![feature]` may not be used on the beta release channel
[INFO] [stdout]  --> /opt/rustwide/cargo-home/registry/src/github.com-1ecc6299db9ec823/esl-0.4.2/src/lib.rs:1:1
[INFO] [stdout]   |
[INFO] [stdout] 1 | #![feature(ptr_offset_from)]
[INFO] [stdout]   | ^^^^^^^^^^^^^^^^^^^^^^^^^^^^
[INFO] [stdout] 
[INFO] [stdout] 
[INFO] [stdout] error[E0554]: `#![feature]` may not be used on the beta release channel
[INFO] [stdout]  --> /opt/rustwide/cargo-home/registry/src/github.com-1ecc6299db9ec823/esl-0.4.2/src/lib.rs:2:1
[INFO] [stdout]   |
[INFO] [stdout] 2 | #![feature(type_alias_impl_trait)]
[INFO] [stdout]   | ^^^^^^^^^^^^^^^^^^^^^^^^^^^^^^^^^^
[INFO] [stdout] 
[INFO] [stdout] 
[INFO] [stdout] error[E0554]: `#![feature]` may not be used on the beta release channel
[INFO] [stdout]  --> /opt/rustwide/cargo-home/registry/src/github.com-1ecc6299db9ec823/esl-0.4.2/src/lib.rs:3:1
[INFO] [stdout]   |
[INFO] [stdout] 3 | #![feature(stmt_expr_attributes)]
[INFO] [stdout]   | ^^^^^^^^^^^^^^^^^^^^^^^^^^^^^^^^^
[INFO] [stdout] 
[INFO] [stdout] 
[INFO] [stdout] error: aborting due to 3 previous errors
[INFO] [stdout] 
[INFO] [stdout] 
[INFO] [stdout] For more information about this error, try `rustc --explain E0554`.
[INFO] [stdout] 
[INFO] [stderr] error: could not compile `esl`.
[INFO] [stderr] 
[INFO] [stderr] To learn more, run the command again with --verbose.
[INFO] running `Command { std: "docker" "inspect" "5c443db7c120755f3fc5f32256d22c7aca42423b5739eb4928b346e62e60c7a0", kill_on_drop: false }`
[INFO] running `Command { std: "docker" "rm" "-f" "5c443db7c120755f3fc5f32256d22c7aca42423b5739eb4928b346e62e60c7a0", kill_on_drop: false }`
[INFO] [stdout] 5c443db7c120755f3fc5f32256d22c7aca42423b5739eb4928b346e62e60c7a0
