[INFO] fetching crate erdos 0.3.0...
[INFO] checking erdos-0.3.0 against beta-2020-07-24 for pr-75494-beta
[INFO] extracting crate erdos 0.3.0 into /workspace/builds/worker-4/source
[INFO] validating manifest of crates.io crate erdos 0.3.0 on toolchain beta-2020-07-24
[INFO] running `Command { std: "/workspace/cargo-home/bin/cargo" "+beta-2020-07-24" "read-manifest" "--manifest-path" "Cargo.toml", kill_on_drop: false }`
[INFO] started tweaking crates.io crate erdos 0.3.0
[INFO] finished tweaking crates.io crate erdos 0.3.0
[INFO] tweaked toml for crates.io crate erdos 0.3.0 written to /workspace/builds/worker-4/source/Cargo.toml
[INFO] crate crates.io crate erdos 0.3.0 already has a lockfile, it will not be regenerated
[INFO] running `Command { std: "/workspace/cargo-home/bin/cargo" "+beta-2020-07-24" "fetch" "--locked" "--manifest-path" "Cargo.toml", kill_on_drop: false }`
[INFO] running `Command { std: "docker" "create" "-v" "/var/lib/crater-agent-workspace/builds/worker-4/target:/opt/rustwide/target:rw,Z" "-v" "/var/lib/crater-agent-workspace/builds/worker-4/source:/opt/rustwide/workdir:ro,Z" "-v" "/var/lib/crater-agent-workspace/cargo-home:/opt/rustwide/cargo-home:ro,Z" "-v" "/var/lib/crater-agent-workspace/rustup-home:/opt/rustwide/rustup-home:ro,Z" "-e" "SOURCE_DIR=/opt/rustwide/workdir" "-e" "CARGO_TARGET_DIR=/opt/rustwide/target" "-e" "CARGO_HOME=/opt/rustwide/cargo-home" "-e" "RUSTUP_HOME=/opt/rustwide/rustup-home" "-w" "/opt/rustwide/workdir" "-m" "1610612736" "--user" "0:0" "--network" "none" "rustops/crates-build-env@sha256:a636fd89d022f18117e1dc8fb37a0a009933cdbbe082814857f0e2024962d47c" "/opt/rustwide/cargo-home/bin/cargo" "+beta-2020-07-24" "metadata" "--no-deps" "--format-version=1", kill_on_drop: false }`
[INFO] [stdout] 69eadff9f1799d2f9350c7da7ab046f19b7617e7674c836c3b2bfb8b53727b26
[INFO] [stderr] WARNING: Your kernel does not support swap limit capabilities or the cgroup is not mounted. Memory limited without swap.
[INFO] running `Command { std: "docker" "start" "-a" "69eadff9f1799d2f9350c7da7ab046f19b7617e7674c836c3b2bfb8b53727b26", kill_on_drop: false }`
[INFO] running `Command { std: "docker" "inspect" "69eadff9f1799d2f9350c7da7ab046f19b7617e7674c836c3b2bfb8b53727b26", kill_on_drop: false }`
[INFO] running `Command { std: "docker" "rm" "-f" "69eadff9f1799d2f9350c7da7ab046f19b7617e7674c836c3b2bfb8b53727b26", kill_on_drop: false }`
[INFO] [stdout] 69eadff9f1799d2f9350c7da7ab046f19b7617e7674c836c3b2bfb8b53727b26
[INFO] running `Command { std: "docker" "create" "-v" "/var/lib/crater-agent-workspace/builds/worker-4/target:/opt/rustwide/target:rw,Z" "-v" "/var/lib/crater-agent-workspace/builds/worker-4/source:/opt/rustwide/workdir:ro,Z" "-v" "/var/lib/crater-agent-workspace/cargo-home:/opt/rustwide/cargo-home:ro,Z" "-v" "/var/lib/crater-agent-workspace/rustup-home:/opt/rustwide/rustup-home:ro,Z" "-e" "SOURCE_DIR=/opt/rustwide/workdir" "-e" "CARGO_TARGET_DIR=/opt/rustwide/target" "-e" "CARGO_INCREMENTAL=0" "-e" "RUST_BACKTRACE=full" "-e" "RUSTFLAGS=--cap-lints=forbid" "-e" "CARGO_HOME=/opt/rustwide/cargo-home" "-e" "RUSTUP_HOME=/opt/rustwide/rustup-home" "-w" "/opt/rustwide/workdir" "-m" "1610612736" "--user" "0:0" "--network" "none" "rustops/crates-build-env@sha256:a636fd89d022f18117e1dc8fb37a0a009933cdbbe082814857f0e2024962d47c" "/opt/rustwide/cargo-home/bin/cargo" "+beta-2020-07-24" "check" "--frozen" "--all" "--all-targets" "--message-format=json", kill_on_drop: false }`
[INFO] [stderr] WARNING: Your kernel does not support swap limit capabilities or the cgroup is not mounted. Memory limited without swap.
[INFO] [stdout] 88f8e6b375c1e9427e3a8f7f0133225f3c5a28d2461f01672125cd5de88aa5c0
[INFO] running `Command { std: "docker" "start" "-a" "88f8e6b375c1e9427e3a8f7f0133225f3c5a28d2461f01672125cd5de88aa5c0", kill_on_drop: false }`
[INFO] [stderr]     Blocking waiting for file lock on package cache
[INFO] [stderr]     Blocking waiting for file lock on package cache
[INFO] [stderr]    Compiling libc v0.2.68
[INFO] [stderr]    Compiling autocfg v1.0.0
[INFO] [stderr]    Compiling proc-macro2 v1.0.9
[INFO] [stderr]    Compiling syn v1.0.16
[INFO] [stderr]     Checking rand_core v0.4.2
[INFO] [stderr]    Compiling serde v1.0.105
[INFO] [stderr]    Compiling byteorder v1.3.4
[INFO] [stderr]    Compiling cfg-if v0.1.10
[INFO] [stderr]     Checking slab v0.4.2
[INFO] [stderr]    Compiling proc-macro-nested v0.1.4
[INFO] [stderr]    Compiling bitflags v1.2.1
[INFO] [stderr]    Compiling log v0.4.8
[INFO] [stderr]    Compiling semver-parser v0.7.0
[INFO] [stderr]     Checking futures v0.1.29
[INFO] [stderr]     Checking strsim v0.8.0
[INFO] [stderr]    Compiling rayon-core v1.7.0
[INFO] [stderr]     Checking ansi_term v0.11.0
[INFO] [stderr]    Compiling nix v0.17.0
[INFO] [stderr]     Checking abomonation v0.7.3
[INFO] [stderr]     Checking same-file v1.0.6
[INFO] [stderr]     Checking void v1.0.2
[INFO] [stderr]     Checking thread_local v1.0.1
[INFO] [stderr]     Checking rand_core v0.3.1
[INFO] [stderr]     Checking rand_jitter v0.1.4
[INFO] [stderr]    Compiling semver v0.9.0
[INFO] [stderr]     Checking regex v1.3.5
[INFO] [stderr]    Compiling slog v2.5.2
[INFO] [stderr]     Checking walkdir v2.3.1
[INFO] [stderr]     Checking csv-core v0.1.10
[INFO] [stderr]     Checking rand_pcg v0.1.2
[INFO] [stderr]     Checking rand_chacha v0.1.1
[INFO] [stderr]     Checking rand_isaac v0.1.1
[INFO] [stderr]     Checking rand_xorshift v0.1.1
[INFO] [stderr]     Checking rand_hc v0.1.0
[INFO] [stderr]    Compiling rustc_version v0.2.3
[INFO] [stderr]    Compiling num-traits v0.2.11
[INFO] [stderr]    Compiling num-integer v0.1.42
[INFO] [stderr]    Compiling crossbeam-utils v0.7.2
[INFO] [stderr]    Compiling memoffset v0.5.4
[INFO] [stderr]    Compiling crossbeam-epoch v0.8.2
[INFO] [stderr]    Compiling indexmap v1.3.2
[INFO] [stderr]     Checking regex-automata v0.1.9
[INFO] [stderr]    Compiling cast v0.2.3
[INFO] [stderr]    Compiling quote v1.0.3
[INFO] [stderr]     Checking crossbeam-queue v0.2.1
[INFO] [stderr]     Checking criterion-plot v0.4.1
[INFO] [stderr]    Compiling criterion-macro v0.3.1
[INFO] [stderr]     Checking crossbeam-deque v0.7.3
[INFO] [stderr]     Checking petgraph v0.5.0
[INFO] [stderr]     Checking plotters v0.2.12
[INFO] [stderr]    Compiling dirs-sys v0.3.4
[INFO] [stderr]    Compiling time v0.1.42
[INFO] [stderr]    Compiling atty v0.2.14
[INFO] [stderr]    Compiling dirs v2.0.2
[INFO] [stderr]     Checking iovec v0.1.4
[INFO] [stderr]     Checking num_cpus v1.12.0
[INFO] [stderr]     Checking net2 v0.2.33
[INFO] [stderr]     Checking rand_os v0.1.3
[INFO] [stderr]     Checking rand v0.4.6
[INFO] [stderr]    Compiling term v0.6.1
[INFO] [stderr]     Checking clap v2.33.0
[INFO] [stderr]     Checking bytes v0.4.12
[INFO] [stderr]     Checking rand v0.6.5
[INFO] [stderr]     Checking mio v0.6.21
[INFO] [stderr]    Compiling chrono v0.4.11
[INFO] [stderr]     Checking rayon v1.3.0
[INFO] [stderr]     Checking tokio-serde v0.3.0
[INFO] [stderr]     Checking rand v0.3.23
[INFO] [stderr]     Checking slog-term v2.5.0
[INFO] [stderr]    Compiling erdos v0.3.0 (/opt/rustwide/workdir)
[INFO] [stderr]    Compiling synstructure v0.12.3
[INFO] [stderr]    Compiling serde_derive v1.0.105
[INFO] [stderr]    Compiling proc-macro-hack v0.5.12
[INFO] [stderr]    Compiling tokio-macros v0.2.5
[INFO] [stderr]    Compiling async-trait v0.1.24
[INFO] [stderr]    Compiling abomonation_derive v0.5.0
[INFO] [stderr]     Checking tokio v0.2.21
[INFO] [stderr]    Compiling futures-macro v0.3.4
[INFO] [stderr]     Checking futures-util v0.3.4
[INFO] [stderr]     Checking tokio-util v0.2.0
[INFO] [stderr]     Checking futures-executor v0.3.4
[INFO] [stderr]     Checking futures v0.3.4
[INFO] [stderr]     Checking bincode v1.2.1
[INFO] [stderr]     Checking bstr v0.2.12
[INFO] [stderr]     Checking uuid v0.7.4
[INFO] [stderr]     Checking serde_json v1.0.48
[INFO] [stderr]     Checking tokio-serde-bincode v0.2.1
[INFO] [stderr]     Checking csv v1.1.3
[INFO] [stderr]     Checking tinytemplate v1.0.3
[INFO] [stderr]     Checking criterion v0.3.1
[INFO] [stdout] error[E0554]: `#![feature]` may not be used on the beta release channel
[INFO] [stdout]    --> src/lib.rs:153:1
[INFO] [stdout]     |
[INFO] [stdout] 153 | #![feature(get_mut_unchecked)]
[INFO] [stdout]     | ^^^^^^^^^^^^^^^^^^^^^^^^^^^^^^
[INFO] [stdout] 
[INFO] [stdout] 
[INFO] [stdout] error[E0554]: `#![feature]` may not be used on the beta release channel
[INFO] [stdout]    --> src/lib.rs:154:1
[INFO] [stdout]     |
[INFO] [stdout] 154 | #![feature(specialization)]
[INFO] [stdout]     | ^^^^^^^^^^^^^^^^^^^^^^^^^^^
[INFO] [stdout] 
[INFO] [stdout] 
[INFO] [stdout] error[E0554]: `#![feature]` may not be used on the beta release channel
[INFO] [stdout]    --> src/lib.rs:155:1
[INFO] [stdout]     |
[INFO] [stdout] 155 | #![feature(box_into_pin)]
[INFO] [stdout]     | ^^^^^^^^^^^^^^^^^^^^^^^^^
[INFO] [stdout] 
[INFO] [stdout] 
[INFO] [stdout] error[E0554]: `#![feature]` may not be used on the beta release channel
[INFO] [stdout]    --> src/lib.rs:153:1
[INFO] [stdout]     |
[INFO] [stdout] 153 | #![feature(get_mut_unchecked)]
[INFO] [stdout]     | ^^^^^^^^^^^^^^^^^^^^^^^^^^^^^^
[INFO] [stdout] 
[INFO] [stdout] 
[INFO] [stdout] error[E0554]: `#![feature]` may not be used on the beta release channel
[INFO] [stdout]    --> src/lib.rs:154:1
[INFO] [stdout]     |
[INFO] [stdout] 154 | #![feature(specialization)]
[INFO] [stdout]     | ^^^^^^^^^^^^^^^^^^^^^^^^^^^
[INFO] [stdout] 
[INFO] [stdout] 
[INFO] [stdout] error[E0554]: `#![feature]` may not be used on the beta release channel
[INFO] [stdout]    --> src/lib.rs:155:1
[INFO] [stdout]     |
[INFO] [stdout] 155 | #![feature(box_into_pin)]
[INFO] [stdout]     | ^^^^^^^^^^^^^^^^^^^^^^^^^
[INFO] [stdout] 
[INFO] [stdout] 
[INFO] [stderr] error: could not compile `erdos`.
[INFO] [stderr] 
[INFO] [stderr] Caused by:
[INFO] [stderr]   process didn't exit successfully: `rustc --crate-name erdos --edition=2018 src/lib.rs --error-format=json --json=diagnostic-rendered-ansi --crate-type rlib --crate-type cdylib --emit=dep-info,metadata -Cembed-bitcode=no -C debuginfo=2 --cfg 'feature="default"' -C metadata=d24b69cdc8e00757 -C extra-filename=-d24b69cdc8e00757 --out-dir /opt/rustwide/target/debug/deps -L dependency=/opt/rustwide/target/debug/deps --extern abomonation=/opt/rustwide/target/debug/deps/libabomonation-bcefed56adfd9128.rmeta --extern abomonation_derive=/opt/rustwide/target/debug/deps/libabomonation_derive-c1b60ce1a5cbba6a.so --extern async_trait=/opt/rustwide/target/debug/deps/libasync_trait-2ca3180ac322e405.so --extern bincode=/opt/rustwide/target/debug/deps/libbincode-8a3e4f91fb63d4cd.rmeta --extern byteorder=/opt/rustwide/target/debug/deps/libbyteorder-364c148656283980.rmeta --extern bytes=/opt/rustwide/target/debug/deps/libbytes-698f4871cab58c10.rmeta --extern clap=/opt/rustwide/target/debug/deps/libclap-6b67864dd90da446.rmeta --extern futures=/opt/rustwide/target/debug/deps/libfutures-fb4a80adc6d97b0c.rmeta --extern futures_util=/opt/rustwide/target/debug/deps/libfutures_util-4a5bc2901c1998c2.rmeta --extern lazy_static=/opt/rustwide/target/debug/deps/liblazy_static-db88f49d9e5662e7.rmeta --extern petgraph=/opt/rustwide/target/debug/deps/libpetgraph-838346e87e697c78.rmeta --extern rand=/opt/rustwide/target/debug/deps/librand-13f8ea2f1e73baa5.rmeta --extern serde=/opt/rustwide/target/debug/deps/libserde-a3d225fa32e8bf43.rmeta --extern slog=/opt/rustwide/target/debug/deps/libslog-e72c3bd4498bdb8c.rmeta --extern slog_term=/opt/rustwide/target/debug/deps/libslog_term-5b28f8211cbdebd1.rmeta --extern tokio=/opt/rustwide/target/debug/deps/libtokio-e0d06eddb7fa3595.rmeta --extern tokio_serde_bincode=/opt/rustwide/target/debug/deps/libtokio_serde_bincode-7921f25ce78a89f1.rmeta --extern tokio_util=/opt/rustwide/target/debug/deps/libtokio_util-f56ff607813049bc.rmeta --extern uuid=/opt/rustwide/target/debug/deps/libuuid-ef4bc2cd8a1955c2.rmeta --cap-lints=forbid` (signal: 9, SIGKILL: kill)
[INFO] [stderr] warning: build failed, waiting for other jobs to finish...
[INFO] [stdout] error: aborting due to 3 previous errors
[INFO] [stdout] 
[INFO] [stdout] 
[INFO] [stdout] For more information about this error, try `rustc --explain E0554`.
[INFO] [stdout] 
[INFO] [stderr] error: build failed
[INFO] running `Command { std: "docker" "inspect" "88f8e6b375c1e9427e3a8f7f0133225f3c5a28d2461f01672125cd5de88aa5c0", kill_on_drop: false }`
[INFO] running `Command { std: "docker" "rm" "-f" "88f8e6b375c1e9427e3a8f7f0133225f3c5a28d2461f01672125cd5de88aa5c0", kill_on_drop: false }`
[INFO] [stdout] 88f8e6b375c1e9427e3a8f7f0133225f3c5a28d2461f01672125cd5de88aa5c0
