[INFO] fetching crate edit_tree 0.2.0...
[INFO] checking edit_tree-0.2.0 against beta-2020-07-24 for pr-75494-beta
[INFO] extracting crate edit_tree 0.2.0 into /workspace/builds/worker-3/source
[INFO] validating manifest of crates.io crate edit_tree 0.2.0 on toolchain beta-2020-07-24
[INFO] running `Command { std: "/workspace/cargo-home/bin/cargo" "+beta-2020-07-24" "read-manifest" "--manifest-path" "Cargo.toml", kill_on_drop: false }`
[INFO] started tweaking crates.io crate edit_tree 0.2.0
[INFO] finished tweaking crates.io crate edit_tree 0.2.0
[INFO] tweaked toml for crates.io crate edit_tree 0.2.0 written to /workspace/builds/worker-3/source/Cargo.toml
[INFO] running `Command { std: "/workspace/cargo-home/bin/cargo" "+beta-2020-07-24" "generate-lockfile" "--manifest-path" "Cargo.toml" "-Zno-index-update", kill_on_drop: false }`
[INFO] running `Command { std: "/workspace/cargo-home/bin/cargo" "+beta-2020-07-24" "fetch" "--locked" "--manifest-path" "Cargo.toml", kill_on_drop: false }`
[INFO] [stderr]     Blocking waiting for file lock on package cache
[INFO] running `Command { std: "docker" "create" "-v" "/var/lib/crater-agent-workspace/builds/worker-3/target:/opt/rustwide/target:rw,Z" "-v" "/var/lib/crater-agent-workspace/builds/worker-3/source:/opt/rustwide/workdir:ro,Z" "-v" "/var/lib/crater-agent-workspace/cargo-home:/opt/rustwide/cargo-home:ro,Z" "-v" "/var/lib/crater-agent-workspace/rustup-home:/opt/rustwide/rustup-home:ro,Z" "-e" "SOURCE_DIR=/opt/rustwide/workdir" "-e" "CARGO_TARGET_DIR=/opt/rustwide/target" "-e" "CARGO_HOME=/opt/rustwide/cargo-home" "-e" "RUSTUP_HOME=/opt/rustwide/rustup-home" "-w" "/opt/rustwide/workdir" "-m" "1610612736" "--user" "0:0" "--network" "none" "rustops/crates-build-env@sha256:a636fd89d022f18117e1dc8fb37a0a009933cdbbe082814857f0e2024962d47c" "/opt/rustwide/cargo-home/bin/cargo" "+beta-2020-07-24" "metadata" "--no-deps" "--format-version=1", kill_on_drop: false }`
[INFO] [stdout] 154637752d2d9752c985ddc404ce2a131be7b06ddf968c3060285916a7deb8f8
[INFO] [stderr] WARNING: Your kernel does not support swap limit capabilities or the cgroup is not mounted. Memory limited without swap.
[INFO] running `Command { std: "docker" "start" "-a" "154637752d2d9752c985ddc404ce2a131be7b06ddf968c3060285916a7deb8f8", kill_on_drop: false }`
[INFO] running `Command { std: "docker" "inspect" "154637752d2d9752c985ddc404ce2a131be7b06ddf968c3060285916a7deb8f8", kill_on_drop: false }`
[INFO] running `Command { std: "docker" "rm" "-f" "154637752d2d9752c985ddc404ce2a131be7b06ddf968c3060285916a7deb8f8", kill_on_drop: false }`
[INFO] [stdout] 154637752d2d9752c985ddc404ce2a131be7b06ddf968c3060285916a7deb8f8
[INFO] running `Command { std: "docker" "create" "-v" "/var/lib/crater-agent-workspace/builds/worker-3/target:/opt/rustwide/target:rw,Z" "-v" "/var/lib/crater-agent-workspace/builds/worker-3/source:/opt/rustwide/workdir:ro,Z" "-v" "/var/lib/crater-agent-workspace/cargo-home:/opt/rustwide/cargo-home:ro,Z" "-v" "/var/lib/crater-agent-workspace/rustup-home:/opt/rustwide/rustup-home:ro,Z" "-e" "SOURCE_DIR=/opt/rustwide/workdir" "-e" "CARGO_TARGET_DIR=/opt/rustwide/target" "-e" "CARGO_INCREMENTAL=0" "-e" "RUST_BACKTRACE=full" "-e" "RUSTFLAGS=--cap-lints=forbid" "-e" "CARGO_HOME=/opt/rustwide/cargo-home" "-e" "RUSTUP_HOME=/opt/rustwide/rustup-home" "-w" "/opt/rustwide/workdir" "-m" "1610612736" "--user" "0:0" "--network" "none" "rustops/crates-build-env@sha256:a636fd89d022f18117e1dc8fb37a0a009933cdbbe082814857f0e2024962d47c" "/opt/rustwide/cargo-home/bin/cargo" "+beta-2020-07-24" "check" "--frozen" "--all" "--all-targets" "--message-format=json", kill_on_drop: false }`
[INFO] [stdout] 3a666f106e9b765a96b77457d01a15fda74f940d533a2dcfe215bf207ef454ef
[INFO] [stderr] WARNING: Your kernel does not support swap limit capabilities or the cgroup is not mounted. Memory limited without swap.
[INFO] running `Command { std: "docker" "start" "-a" "3a666f106e9b765a96b77457d01a15fda74f940d533a2dcfe215bf207ef454ef", kill_on_drop: false }`
[INFO] [stderr]    Compiling syn v1.0.39
[INFO] [stderr]    Compiling serde v1.0.115
[INFO] [stderr]     Checking seqalign v0.2.2
[INFO] [stderr]    Compiling serde_derive v1.0.115
[INFO] [stderr]     Checking serde_json v1.0.57
[INFO] [stderr]     Checking edit_tree v0.2.0 (/opt/rustwide/workdir)
[INFO] [stdout] warning: unnecessary braces around block return value
[INFO] [stdout]   --> src/edit_tree.rs:14:31
[INFO] [stdout]    |
[INFO] [stdout] 14 |     static ref MEASURE: LCS = { LCS::new(1, 1) };
[INFO] [stdout]    |                               ^^^^^^^^^^^^^^^^^^ help: remove these braces
[INFO] [stdout]    |
[INFO] [stdout]    = note: `#[warn(unused_braces)]` on by default
[INFO] [stdout] 
[INFO] [stdout] 
[INFO] [stdout] warning: unnecessary braces around block return value
[INFO] [stdout]   --> src/edit_tree.rs:14:31
[INFO] [stdout]    |
[INFO] [stdout] 14 |     static ref MEASURE: LCS = { LCS::new(1, 1) };
[INFO] [stdout]    |                               ^^^^^^^^^^^^^^^^^^ help: remove these braces
[INFO] [stdout]    |
[INFO] [stdout]    = note: `#[warn(unused_braces)]` on by default
[INFO] [stdout] 
[INFO] [stdout] 
[INFO] [stdout] warning: 1 warning emitted
[INFO] [stdout] 
[INFO] [stdout] 
[INFO] [stdout] warning: 1 warning emitted
[INFO] [stdout] 
[INFO] [stdout] 
[INFO] [stdout] error[E0425]: cannot find function `get_graph` in crate `edit_tree`
[INFO] [stdout]   --> benches/edit_tree.rs:39:34
[INFO] [stdout]    |
[INFO] [stdout] 39 |             black_box(edit_tree::get_graph(&form, &lemma));
[INFO] [stdout]    |                                  ^^^^^^^^^ not found in `edit_tree`
[INFO] [stdout] 
[INFO] [stdout] 
[INFO] [stdout] error[E0425]: cannot find function `get_graph` in crate `edit_tree`
[INFO] [stdout]   --> benches/edit_tree.rs:50:24
[INFO] [stdout]    |
[INFO] [stdout] 50 |             edit_tree::get_graph(&form.to_lower_char_vec(), &lemma.to_lower_char_vec())
[INFO] [stdout]    |                        ^^^^^^^^^ not found in `edit_tree`
[INFO] [stdout] 
[INFO] [stdout] 
[INFO] [stdout] error[E0554]: `#![feature]` may not be used on the beta release channel
[INFO] [stdout]  --> benches/edit_tree.rs:1:1
[INFO] [stdout]   |
[INFO] [stdout] 1 | #![feature(test)]
[INFO] [stdout]   | ^^^^^^^^^^^^^^^^^
[INFO] [stdout] 
[INFO] [stdout] 
[INFO] [stdout] error: aborting due to 3 previous errors
[INFO] [stdout] 
[INFO] [stdout] 
[INFO] [stdout] Some errors have detailed explanations: E0425, E0554.
[INFO] [stdout] 
[INFO] [stdout] For more information about an error, try `rustc --explain E0425`.
[INFO] [stdout] 
[INFO] [stderr] error: could not compile `edit_tree`.
[INFO] [stderr] 
[INFO] [stderr] To learn more, run the command again with --verbose.
[INFO] running `Command { std: "docker" "inspect" "3a666f106e9b765a96b77457d01a15fda74f940d533a2dcfe215bf207ef454ef", kill_on_drop: false }`
[INFO] running `Command { std: "docker" "rm" "-f" "3a666f106e9b765a96b77457d01a15fda74f940d533a2dcfe215bf207ef454ef", kill_on_drop: false }`
[INFO] [stdout] 3a666f106e9b765a96b77457d01a15fda74f940d533a2dcfe215bf207ef454ef
