[INFO] fetching crate deep_rust 0.1.1...
[INFO] checking deep_rust-0.1.1 against beta-2020-07-24 for pr-75494-beta
[INFO] extracting crate deep_rust 0.1.1 into /workspace/builds/worker-10/source
[INFO] validating manifest of crates.io crate deep_rust 0.1.1 on toolchain beta-2020-07-24
[INFO] running `Command { std: "/workspace/cargo-home/bin/cargo" "+beta-2020-07-24" "read-manifest" "--manifest-path" "Cargo.toml", kill_on_drop: false }`
[INFO] started tweaking crates.io crate deep_rust 0.1.1
[INFO] finished tweaking crates.io crate deep_rust 0.1.1
[INFO] tweaked toml for crates.io crate deep_rust 0.1.1 written to /workspace/builds/worker-10/source/Cargo.toml
[INFO] running `Command { std: "/workspace/cargo-home/bin/cargo" "+beta-2020-07-24" "generate-lockfile" "--manifest-path" "Cargo.toml" "-Zno-index-update", kill_on_drop: false }`
[INFO] running `Command { std: "/workspace/cargo-home/bin/cargo" "+beta-2020-07-24" "fetch" "--locked" "--manifest-path" "Cargo.toml", kill_on_drop: false }`
[INFO] [stderr] warning: only one of `license` or `license-file` is necessary
[INFO] running `Command { std: "docker" "create" "-v" "/var/lib/crater-agent-workspace/builds/worker-10/target:/opt/rustwide/target:rw,Z" "-v" "/var/lib/crater-agent-workspace/builds/worker-10/source:/opt/rustwide/workdir:ro,Z" "-v" "/var/lib/crater-agent-workspace/cargo-home:/opt/rustwide/cargo-home:ro,Z" "-v" "/var/lib/crater-agent-workspace/rustup-home:/opt/rustwide/rustup-home:ro,Z" "-e" "SOURCE_DIR=/opt/rustwide/workdir" "-e" "CARGO_TARGET_DIR=/opt/rustwide/target" "-e" "CARGO_HOME=/opt/rustwide/cargo-home" "-e" "RUSTUP_HOME=/opt/rustwide/rustup-home" "-w" "/opt/rustwide/workdir" "-m" "1610612736" "--user" "0:0" "--network" "none" "rustops/crates-build-env@sha256:a636fd89d022f18117e1dc8fb37a0a009933cdbbe082814857f0e2024962d47c" "/opt/rustwide/cargo-home/bin/cargo" "+beta-2020-07-24" "metadata" "--no-deps" "--format-version=1", kill_on_drop: false }`
[INFO] [stderr] WARNING: Your kernel does not support swap limit capabilities or the cgroup is not mounted. Memory limited without swap.
[INFO] [stdout] 8115a7912d6893741abf89b676f7382260415de0af8a64b6c3088d3cf922695c
[INFO] running `Command { std: "docker" "start" "-a" "8115a7912d6893741abf89b676f7382260415de0af8a64b6c3088d3cf922695c", kill_on_drop: false }`
[INFO] running `Command { std: "docker" "inspect" "8115a7912d6893741abf89b676f7382260415de0af8a64b6c3088d3cf922695c", kill_on_drop: false }`
[INFO] running `Command { std: "docker" "rm" "-f" "8115a7912d6893741abf89b676f7382260415de0af8a64b6c3088d3cf922695c", kill_on_drop: false }`
[INFO] [stdout] 8115a7912d6893741abf89b676f7382260415de0af8a64b6c3088d3cf922695c
[INFO] running `Command { std: "docker" "create" "-v" "/var/lib/crater-agent-workspace/builds/worker-10/target:/opt/rustwide/target:rw,Z" "-v" "/var/lib/crater-agent-workspace/builds/worker-10/source:/opt/rustwide/workdir:ro,Z" "-v" "/var/lib/crater-agent-workspace/cargo-home:/opt/rustwide/cargo-home:ro,Z" "-v" "/var/lib/crater-agent-workspace/rustup-home:/opt/rustwide/rustup-home:ro,Z" "-e" "SOURCE_DIR=/opt/rustwide/workdir" "-e" "CARGO_TARGET_DIR=/opt/rustwide/target" "-e" "CARGO_INCREMENTAL=0" "-e" "RUST_BACKTRACE=full" "-e" "RUSTFLAGS=--cap-lints=forbid" "-e" "CARGO_HOME=/opt/rustwide/cargo-home" "-e" "RUSTUP_HOME=/opt/rustwide/rustup-home" "-w" "/opt/rustwide/workdir" "-m" "1610612736" "--user" "0:0" "--network" "none" "rustops/crates-build-env@sha256:a636fd89d022f18117e1dc8fb37a0a009933cdbbe082814857f0e2024962d47c" "/opt/rustwide/cargo-home/bin/cargo" "+beta-2020-07-24" "check" "--frozen" "--all" "--all-targets" "--message-format=json", kill_on_drop: false }`
[INFO] [stdout] 40d9040956600fdeaa910d00c34271273b0c3ceae993cfd8eb9a7a5b66538707
[INFO] [stderr] WARNING: Your kernel does not support swap limit capabilities or the cgroup is not mounted. Memory limited without swap.
[INFO] running `Command { std: "docker" "start" "-a" "40d9040956600fdeaa910d00c34271273b0c3ceae993cfd8eb9a7a5b66538707", kill_on_drop: false }`
[INFO] [stderr] warning: only one of `license` or `license-file` is necessary
[INFO] [stderr]     Blocking waiting for file lock on package cache
[INFO] [stderr]     Checking deep_rust v0.1.1 (/opt/rustwide/workdir)
[INFO] [stderr] error: could not compile `deep_rust`.
[INFO] [stdout] error[E0463]: can't find crate for `deeprust`
[INFO] [stdout]  --> examples/confusion_matrix_sample.rs:7:1
[INFO] [stdout]   |
[INFO] [stdout] 7 | extern crate deeprust;
[INFO] [stdout]   | ^^^^^^^^^^^^^^^^^^^^^^ can't find crate
[INFO] [stdout] 
[INFO] [stdout] 
[INFO] [stderr] 
[INFO] [stdout] error[E0463]: can't find crate for `deeprust`
[INFO] [stdout]  --> examples/regularizer_sample.rs:6:1
[INFO] [stdout]   |
[INFO] [stdout] 6 | extern crate deeprust;
[INFO] [stdout]   | ^^^^^^^^^^^^^^^^^^^^^^ can't find crate
[INFO] [stdout] 
[INFO] [stdout] 
[INFO] [stderr] To learn more, run the command again with --verbose.
[INFO] [stdout] error: aborting due to previous error
[INFO] [stdout] 
[INFO] [stdout] 
[INFO] [stderr] warning: build failed, waiting for other jobs to finish...
[INFO] [stdout] For more information about this error, try `rustc --explain E0463`.
[INFO] [stdout] 
[INFO] [stdout] error: aborting due to previous error
[INFO] [stdout] 
[INFO] [stdout] 
[INFO] [stdout] For more information about this error, try `rustc --explain E0463`.
[INFO] [stdout] 
[INFO] [stdout] error[E0463]: can't find crate for `deeprust`
[INFO] [stdout]  --> tests/integration_test.rs:7:1
[INFO] [stdout]   |
[INFO] [stdout] 7 | extern crate deeprust;
[INFO] [stdout]   | ^^^^^^^^^^^^^^^^^^^^^^ can't find crate
[INFO] [stdout] 
[INFO] [stdout] 
[INFO] [stdout] error: aborting due to previous error
[INFO] [stdout] 
[INFO] [stdout] 
[INFO] [stdout] For more information about this error, try `rustc --explain E0463`.
[INFO] [stdout] 
[INFO] [stderr] error: build failed
[INFO] running `Command { std: "docker" "inspect" "40d9040956600fdeaa910d00c34271273b0c3ceae993cfd8eb9a7a5b66538707", kill_on_drop: false }`
[INFO] running `Command { std: "docker" "rm" "-f" "40d9040956600fdeaa910d00c34271273b0c3ceae993cfd8eb9a7a5b66538707", kill_on_drop: false }`
[INFO] [stdout] 40d9040956600fdeaa910d00c34271273b0c3ceae993cfd8eb9a7a5b66538707
