[INFO] fetching crate cxmr-ws-client-binance 0.0.1...
[INFO] checking cxmr-ws-client-binance-0.0.1 against beta-2020-07-24 for pr-75494-beta
[INFO] extracting crate cxmr-ws-client-binance 0.0.1 into /workspace/builds/worker-0/source
[INFO] validating manifest of crates.io crate cxmr-ws-client-binance 0.0.1 on toolchain beta-2020-07-24
[INFO] running `Command { std: "/workspace/cargo-home/bin/cargo" "+beta-2020-07-24" "read-manifest" "--manifest-path" "Cargo.toml", kill_on_drop: false }`
[INFO] started tweaking crates.io crate cxmr-ws-client-binance 0.0.1
[INFO] finished tweaking crates.io crate cxmr-ws-client-binance 0.0.1
[INFO] tweaked toml for crates.io crate cxmr-ws-client-binance 0.0.1 written to /workspace/builds/worker-0/source/Cargo.toml
[INFO] crate crates.io crate cxmr-ws-client-binance 0.0.1 already has a lockfile, it will not be regenerated
[INFO] running `Command { std: "/workspace/cargo-home/bin/cargo" "+beta-2020-07-24" "fetch" "--locked" "--manifest-path" "Cargo.toml", kill_on_drop: false }`
[INFO] [stderr]     Blocking waiting for file lock on package cache
[INFO] running `Command { std: "docker" "create" "-v" "/var/lib/crater-agent-workspace/builds/worker-0/target:/opt/rustwide/target:rw,Z" "-v" "/var/lib/crater-agent-workspace/builds/worker-0/source:/opt/rustwide/workdir:ro,Z" "-v" "/var/lib/crater-agent-workspace/cargo-home:/opt/rustwide/cargo-home:ro,Z" "-v" "/var/lib/crater-agent-workspace/rustup-home:/opt/rustwide/rustup-home:ro,Z" "-e" "SOURCE_DIR=/opt/rustwide/workdir" "-e" "CARGO_TARGET_DIR=/opt/rustwide/target" "-e" "CARGO_HOME=/opt/rustwide/cargo-home" "-e" "RUSTUP_HOME=/opt/rustwide/rustup-home" "-w" "/opt/rustwide/workdir" "-m" "1610612736" "--user" "0:0" "--network" "none" "rustops/crates-build-env@sha256:a636fd89d022f18117e1dc8fb37a0a009933cdbbe082814857f0e2024962d47c" "/opt/rustwide/cargo-home/bin/cargo" "+beta-2020-07-24" "metadata" "--no-deps" "--format-version=1", kill_on_drop: false }`
[INFO] [stdout] d9ce6d65c7f8ff6d5583ff17dd6c4c169d67a4e400659d042f96b05ee7e3ecab
[INFO] [stderr] WARNING: Your kernel does not support swap limit capabilities or the cgroup is not mounted. Memory limited without swap.
[INFO] running `Command { std: "docker" "start" "-a" "d9ce6d65c7f8ff6d5583ff17dd6c4c169d67a4e400659d042f96b05ee7e3ecab", kill_on_drop: false }`
[INFO] running `Command { std: "docker" "inspect" "d9ce6d65c7f8ff6d5583ff17dd6c4c169d67a4e400659d042f96b05ee7e3ecab", kill_on_drop: false }`
[INFO] running `Command { std: "docker" "rm" "-f" "d9ce6d65c7f8ff6d5583ff17dd6c4c169d67a4e400659d042f96b05ee7e3ecab", kill_on_drop: false }`
[INFO] [stdout] d9ce6d65c7f8ff6d5583ff17dd6c4c169d67a4e400659d042f96b05ee7e3ecab
[INFO] running `Command { std: "docker" "create" "-v" "/var/lib/crater-agent-workspace/builds/worker-0/target:/opt/rustwide/target:rw,Z" "-v" "/var/lib/crater-agent-workspace/builds/worker-0/source:/opt/rustwide/workdir:ro,Z" "-v" "/var/lib/crater-agent-workspace/cargo-home:/opt/rustwide/cargo-home:ro,Z" "-v" "/var/lib/crater-agent-workspace/rustup-home:/opt/rustwide/rustup-home:ro,Z" "-e" "SOURCE_DIR=/opt/rustwide/workdir" "-e" "CARGO_TARGET_DIR=/opt/rustwide/target" "-e" "CARGO_INCREMENTAL=0" "-e" "RUST_BACKTRACE=full" "-e" "RUSTFLAGS=--cap-lints=forbid" "-e" "CARGO_HOME=/opt/rustwide/cargo-home" "-e" "RUSTUP_HOME=/opt/rustwide/rustup-home" "-w" "/opt/rustwide/workdir" "-m" "1610612736" "--user" "0:0" "--network" "none" "rustops/crates-build-env@sha256:a636fd89d022f18117e1dc8fb37a0a009933cdbbe082814857f0e2024962d47c" "/opt/rustwide/cargo-home/bin/cargo" "+beta-2020-07-24" "check" "--frozen" "--all" "--all-targets" "--message-format=json", kill_on_drop: false }`
[INFO] [stdout] 702bc8c990051e3c7b18ccec5ae21d6139047522c0fbdc0bf087712b0bb2e28d
[INFO] [stderr] WARNING: Your kernel does not support swap limit capabilities or the cgroup is not mounted. Memory limited without swap.
[INFO] running `Command { std: "docker" "start" "-a" "702bc8c990051e3c7b18ccec5ae21d6139047522c0fbdc0bf087712b0bb2e28d", kill_on_drop: false }`
[INFO] [stderr]    Compiling libc v0.2.66
[INFO] [stderr]    Compiling proc-macro2 v1.0.6
[INFO] [stderr]    Compiling unicode-xid v0.2.0
[INFO] [stderr]    Compiling syn v1.0.11
[INFO] [stderr]     Checking cfg-if v0.1.10
[INFO] [stderr]    Compiling cc v1.0.48
[INFO] [stderr]    Compiling log v0.4.8
[INFO] [stderr]     Checking futures-core v0.3.1
[INFO] [stderr]     Checking slab v0.4.2
[INFO] [stderr]     Checking fnv v1.0.6
[INFO] [stderr]     Checking futures-sink v0.3.1
[INFO] [stderr]     Checking bytes v0.5.3
[INFO] [stderr]     Checking arc-swap v0.4.4
[INFO] [stderr]     Checking pin-project-lite v0.1.1
[INFO] [stderr]     Checking futures-io v0.3.1
[INFO] [stderr]     Checking futures-task v0.3.1
[INFO] [stderr]     Checking foreign-types-shared v0.1.1
[INFO] [stderr]    Compiling openssl v0.10.26
[INFO] [stderr]     Checking rustc-demangle v0.1.16
[INFO] [stderr]    Compiling native-tls v0.2.3
[INFO] [stderr]    Compiling getrandom v0.1.13
[INFO] [stderr]     Checking openssl-probe v0.1.2
[INFO] [stderr]     Checking try-lock v0.2.2
[INFO] [stderr]     Checking err-convert-macro v0.0.1
[INFO] [stderr]    Compiling ryu v1.0.2
[INFO] [stderr]     Checking ppv-lite86 v0.2.6
[INFO] [stderr]     Checking matches v0.1.8
[INFO] [stderr]     Checking smallvec v1.1.0
[INFO] [stderr]     Checking base64 v0.11.0
[INFO] [stderr]     Checking percent-encoding v2.1.0
[INFO] [stderr]     Checking untrusted v0.7.0
[INFO] [stderr]     Checking spin v0.5.2
[INFO] [stderr]     Checking quick-error v1.2.2
[INFO] [stderr]     Checking hex v0.4.0
[INFO] [stderr]     Checking termcolor v1.0.5
[INFO] [stderr]    Compiling indexmap v1.3.0
[INFO] [stderr]    Compiling num-traits v0.2.10
[INFO] [stderr]    Compiling num-integer v0.1.41
[INFO] [stderr]     Checking thread_local v0.3.6
[INFO] [stderr]     Checking foreign-types v0.3.2
[INFO] [stderr]     Checking futures-channel v0.3.1
[INFO] [stderr]     Checking unicode-bidi v0.3.4
[INFO] [stderr]     Checking memchr v2.2.1
[INFO] [stderr]     Checking humantime v1.3.0
[INFO] [stderr]     Checking byteorder v1.3.2
[INFO] [stderr]     Checking httparse v1.3.4
[INFO] [stderr]     Checking unicode-normalization v0.1.11
[INFO] [stderr]     Checking http v0.2.0
[INFO] [stderr]     Checking aho-corasick v0.7.6
[INFO] [stderr]     Checking want v0.3.0
[INFO] [stderr]     Checking serde_json v1.0.44
[INFO] [stderr]     Checking hashbrown v0.1.8
[INFO] [stderr]     Checking c2-chacha v0.2.3
[INFO] [stderr]    Compiling openssl-sys v0.9.53
[INFO] [stderr]    Compiling backtrace-sys v0.1.32
[INFO] [stderr]    Compiling ring v0.16.9
[INFO] [stderr]     Checking net2 v0.2.33
[INFO] [stderr]     Checking iovec v0.1.4
[INFO] [stderr]     Checking num_cpus v1.11.1
[INFO] [stderr]     Checking signal-hook-registry v1.2.0
[INFO] [stderr]     Checking time v0.1.42
[INFO] [stderr]     Checking atty v0.2.13
[INFO] [stderr]     Checking idna v0.2.0
[INFO] [stderr]    Compiling quote v1.0.2
[INFO] [stderr]     Checking rand_core v0.5.1
[INFO] [stderr]     Checking mio v0.6.21
[INFO] [stderr]     Checking rand_chacha v0.2.1
[INFO] [stderr]     Checking regex v1.3.1
[INFO] [stderr]     Checking rand v0.7.2
[INFO] [stderr]     Checking chrono v0.4.10
[INFO] [stderr]     Checking url v2.1.0
[INFO] [stderr]     Checking backtrace v0.3.40
[INFO] [stderr]     Checking mio-uds v0.6.7
[INFO] [stderr]     Checking http-body v0.3.1
[INFO] [stderr]     Checking env_logger v0.6.2
[INFO] [stderr]     Checking pretty_env_logger v0.3.1
[INFO] [stderr]    Compiling synstructure v0.12.3
[INFO] [stderr]    Compiling tokio-macros v0.2.1
[INFO] [stderr]    Compiling proc-macro-hack v0.5.11
[INFO] [stderr]    Compiling failure_derive v0.1.6
[INFO] [stderr]    Compiling serde_derive v1.0.104
[INFO] [stderr]    Compiling pin-project-internal v0.4.6
[INFO] [stderr]    Compiling async-trait v0.1.22
[INFO] [stderr]    Compiling futures-async-stream-macro v0.1.2
[INFO] [stderr]     Checking failure v0.1.6
[INFO] [stderr]     Checking tokio v0.2.6
[INFO] [stderr]    Compiling futures-macro v0.3.1
[INFO] [stderr]     Checking pin-project v0.4.6
[INFO] [stderr]     Checking futures-async-stream v0.1.2
[INFO] [stdout] error[E0554]: `#![feature]` may not be used on the beta release channel
[INFO] [stdout]    --> /opt/rustwide/cargo-home/registry/src/github.com-1ecc6299db9ec823/futures-async-stream-0.1.2/src/lib.rs:215:1
[INFO] [stdout]     |
[INFO] [stdout] 215 | #![feature(generator_trait)]
[INFO] [stdout]     | ^^^^^^^^^^^^^^^^^^^^^^^^^^^^
[INFO] [stdout] 
[INFO] [stdout] 
[INFO] [stdout] error[E0061]: this function takes 1 argument but 0 arguments were supplied
[INFO] [stdout]    --> /opt/rustwide/cargo-home/registry/src/github.com-1ecc6299db9ec823/futures-async-stream-0.1.2/src/lib.rs:295:26
[INFO] [stdout]     |
[INFO] [stdout] 295 |             match this.0.resume() {
[INFO] [stdout]     |                          ^^^^^^- supplied 0 arguments
[INFO] [stdout]     |
[INFO] [stdout] help: expected the unit value `()`; create it with empty parentheses
[INFO] [stdout]     |
[INFO] [stdout] 295 |             match this.0.resume(()) {
[INFO] [stdout]     |                                 ^^
[INFO] [stdout] 
[INFO] [stdout] 
[INFO] [stdout] error[E0061]: this function takes 1 argument but 0 arguments were supplied
[INFO] [stdout]    --> /opt/rustwide/cargo-home/registry/src/github.com-1ecc6299db9ec823/futures-async-stream-0.1.2/src/lib.rs:377:28
[INFO] [stdout]     |
[INFO] [stdout] 377 |             match this.gen.resume() {
[INFO] [stdout]     |                            ^^^^^^- supplied 0 arguments
[INFO] [stdout]     |
[INFO] [stdout] help: expected the unit value `()`; create it with empty parentheses
[INFO] [stdout]     |
[INFO] [stdout] 377 |             match this.gen.resume(()) {
[INFO] [stdout]     |                                   ^^
[INFO] [stdout] 
[INFO] [stdout] 
[INFO] [stdout] error[E0061]: this function takes 1 argument but 0 arguments were supplied
[INFO] [stdout]    --> /opt/rustwide/cargo-home/registry/src/github.com-1ecc6299db9ec823/futures-async-stream-0.1.2/src/lib.rs:493:38
[INFO] [stdout]     |
[INFO] [stdout] 493 |             let res = match this.gen.resume() {
[INFO] [stdout]     |                                      ^^^^^^- supplied 0 arguments
[INFO] [stdout]     |
[INFO] [stdout] help: expected the unit value `()`; create it with empty parentheses
[INFO] [stdout]     |
[INFO] [stdout] 493 |             let res = match this.gen.resume(()) {
[INFO] [stdout]     |                                             ^^
[INFO] [stdout] 
[INFO] [stdout] 
[INFO] [stdout] error: aborting due to 4 previous errors
[INFO] [stdout] 
[INFO] [stdout] 
[INFO] [stdout] Some errors have detailed explanations: E0061, E0554.
[INFO] [stdout] 
[INFO] [stdout] For more information about an error, try `rustc --explain E0061`.
[INFO] [stdout] 
[INFO] [stderr] error: could not compile `futures-async-stream`.
[INFO] [stderr] 
[INFO] [stderr] To learn more, run the command again with --verbose.
[INFO] [stderr] warning: build failed, waiting for other jobs to finish...
[INFO] [stderr] error: build failed
[INFO] running `Command { std: "docker" "inspect" "702bc8c990051e3c7b18ccec5ae21d6139047522c0fbdc0bf087712b0bb2e28d", kill_on_drop: false }`
[INFO] running `Command { std: "docker" "rm" "-f" "702bc8c990051e3c7b18ccec5ae21d6139047522c0fbdc0bf087712b0bb2e28d", kill_on_drop: false }`
[INFO] [stdout] 702bc8c990051e3c7b18ccec5ae21d6139047522c0fbdc0bf087712b0bb2e28d
