[INFO] fetching crate crev-lib 0.17.0...
[INFO] checking crev-lib-0.17.0 against beta-2020-07-24 for pr-75494-beta
[INFO] extracting crate crev-lib 0.17.0 into /workspace/builds/worker-9/source
[INFO] validating manifest of crates.io crate crev-lib 0.17.0 on toolchain beta-2020-07-24
[INFO] running `Command { std: "/workspace/cargo-home/bin/cargo" "+beta-2020-07-24" "read-manifest" "--manifest-path" "Cargo.toml", kill_on_drop: false }`
[INFO] started tweaking crates.io crate crev-lib 0.17.0
[INFO] finished tweaking crates.io crate crev-lib 0.17.0
[INFO] tweaked toml for crates.io crate crev-lib 0.17.0 written to /workspace/builds/worker-9/source/Cargo.toml
[INFO] running `Command { std: "/workspace/cargo-home/bin/cargo" "+beta-2020-07-24" "generate-lockfile" "--manifest-path" "Cargo.toml" "-Zno-index-update", kill_on_drop: false }`
[INFO] running `Command { std: "/workspace/cargo-home/bin/cargo" "+beta-2020-07-24" "fetch" "--locked" "--manifest-path" "Cargo.toml", kill_on_drop: false }`
[INFO] running `Command { std: "docker" "create" "-v" "/var/lib/crater-agent-workspace/builds/worker-9/target:/opt/rustwide/target:rw,Z" "-v" "/var/lib/crater-agent-workspace/builds/worker-9/source:/opt/rustwide/workdir:ro,Z" "-v" "/var/lib/crater-agent-workspace/cargo-home:/opt/rustwide/cargo-home:ro,Z" "-v" "/var/lib/crater-agent-workspace/rustup-home:/opt/rustwide/rustup-home:ro,Z" "-e" "SOURCE_DIR=/opt/rustwide/workdir" "-e" "CARGO_TARGET_DIR=/opt/rustwide/target" "-e" "CARGO_HOME=/opt/rustwide/cargo-home" "-e" "RUSTUP_HOME=/opt/rustwide/rustup-home" "-w" "/opt/rustwide/workdir" "-m" "1610612736" "--user" "0:0" "--network" "none" "rustops/crates-build-env@sha256:a636fd89d022f18117e1dc8fb37a0a009933cdbbe082814857f0e2024962d47c" "/opt/rustwide/cargo-home/bin/cargo" "+beta-2020-07-24" "metadata" "--no-deps" "--format-version=1", kill_on_drop: false }`
[INFO] [stderr] WARNING: Your kernel does not support swap limit capabilities or the cgroup is not mounted. Memory limited without swap.
[INFO] [stdout] d9f973e13ba7242638ce3fd0aa6d20fdac5d53814f0618c1ebc5bbc7c12a2634
[INFO] running `Command { std: "docker" "start" "-a" "d9f973e13ba7242638ce3fd0aa6d20fdac5d53814f0618c1ebc5bbc7c12a2634", kill_on_drop: false }`
[INFO] running `Command { std: "docker" "inspect" "d9f973e13ba7242638ce3fd0aa6d20fdac5d53814f0618c1ebc5bbc7c12a2634", kill_on_drop: false }`
[INFO] running `Command { std: "docker" "rm" "-f" "d9f973e13ba7242638ce3fd0aa6d20fdac5d53814f0618c1ebc5bbc7c12a2634", kill_on_drop: false }`
[INFO] [stdout] d9f973e13ba7242638ce3fd0aa6d20fdac5d53814f0618c1ebc5bbc7c12a2634
[INFO] running `Command { std: "docker" "create" "-v" "/var/lib/crater-agent-workspace/builds/worker-9/target:/opt/rustwide/target:rw,Z" "-v" "/var/lib/crater-agent-workspace/builds/worker-9/source:/opt/rustwide/workdir:ro,Z" "-v" "/var/lib/crater-agent-workspace/cargo-home:/opt/rustwide/cargo-home:ro,Z" "-v" "/var/lib/crater-agent-workspace/rustup-home:/opt/rustwide/rustup-home:ro,Z" "-e" "SOURCE_DIR=/opt/rustwide/workdir" "-e" "CARGO_TARGET_DIR=/opt/rustwide/target" "-e" "CARGO_INCREMENTAL=0" "-e" "RUST_BACKTRACE=full" "-e" "RUSTFLAGS=--cap-lints=forbid" "-e" "CARGO_HOME=/opt/rustwide/cargo-home" "-e" "RUSTUP_HOME=/opt/rustwide/rustup-home" "-w" "/opt/rustwide/workdir" "-m" "1610612736" "--user" "0:0" "--network" "none" "rustops/crates-build-env@sha256:a636fd89d022f18117e1dc8fb37a0a009933cdbbe082814857f0e2024962d47c" "/opt/rustwide/cargo-home/bin/cargo" "+beta-2020-07-24" "check" "--frozen" "--all" "--all-targets" "--message-format=json", kill_on_drop: false }`
[INFO] [stderr] WARNING: Your kernel does not support swap limit capabilities or the cgroup is not mounted. Memory limited without swap.
[INFO] [stdout] df1138feb9c4836e1ee53670bf2d9060bfd0bdec7a4a577aa7fc9fce7e576b44
[INFO] running `Command { std: "docker" "start" "-a" "df1138feb9c4836e1ee53670bf2d9060bfd0bdec7a4a577aa7fc9fce7e576b44", kill_on_drop: false }`
[INFO] [stderr]    Compiling libc v0.2.76
[INFO] [stderr]    Compiling syn v1.0.39
[INFO] [stderr]    Compiling typenum v1.12.0
[INFO] [stderr]    Compiling serde v1.0.115
[INFO] [stderr]    Compiling failure_derive v0.1.8
[INFO] [stderr]    Compiling ident_case v1.0.1
[INFO] [stderr]    Compiling strsim v0.9.3
[INFO] [stderr]    Compiling fnv v1.0.7
[INFO] [stderr]     Checking gimli v0.22.0
[INFO] [stderr]     Checking opaque-debug v0.2.3
[INFO] [stderr]     Checking rustc-demangle v0.1.16
[INFO] [stderr]     Checking object v0.20.0
[INFO] [stderr]     Checking ppv-lite86 v0.2.9
[INFO] [stderr]    Compiling derive_builder v0.9.0
[INFO] [stderr]     Checking arrayvec v0.5.1
[INFO] [stderr]     Checking shell-escape v0.1.5
[INFO] [stderr]     Checking rprompt v1.0.5
[INFO] [stderr]     Checking same-file v1.0.6
[INFO] [stderr]     Checking half v1.6.0
[INFO] [stderr]     Checking zeroize v0.5.2
[INFO] [stderr]     Checking resiter v0.4.0
[INFO] [stderr]     Checking insideout v0.2.0
[INFO] [stderr]     Checking default v0.1.2
[INFO] [stderr]    Compiling generic-array v0.14.4
[INFO] [stderr]    Compiling num-traits v0.2.12
[INFO] [stderr]    Compiling num-integer v0.1.43
[INFO] [stderr]     Checking yaml-rust v0.4.4
[INFO] [stderr]     Checking walkdir v2.3.1
[INFO] [stderr]     Checking blake2b_simd v0.5.10
[INFO] [stderr]    Compiling memchr v2.3.3
[INFO] [stderr]    Compiling aho-corasick v0.7.13
[INFO] [stderr]     Checking rust-argon2 v0.8.2
[INFO] [stderr]     Checking getrandom v0.1.14
[INFO] [stderr]     Checking time v0.1.43
[INFO] [stderr]     Checking rpassword v4.0.5
[INFO] [stderr]     Checking dirs-sys v0.3.5
[INFO] [stderr]     Checking rand v0.4.6
[INFO] [stderr]     Checking num_cpus v1.13.0
[INFO] [stderr]     Checking directories v2.0.2
[INFO] [stderr]     Checking rand_core v0.5.1
[INFO] [stderr]    Compiling jobserver v0.1.21
[INFO] [stderr]     Checking rand_chacha v0.2.2
[INFO] [stderr]    Compiling cc v1.0.59
[INFO] [stderr]     Checking rand v0.7.3
[INFO] [stderr]     Checking tempdir v0.3.7
[INFO] [stderr]    Compiling regex v1.3.9
[INFO] [stderr]     Checking chrono v0.4.15
[INFO] [stderr]     Checking generic-array v0.12.3
[INFO] [stderr]     Checking block-cipher-trait v0.6.2
[INFO] [stderr]     Checking crypto-mac v0.7.0
[INFO] [stderr]     Checking digest v0.8.1
[INFO] [stderr]     Checking dbl v0.2.1
[INFO] [stderr]     Checking stream-cipher v0.3.2
[INFO] [stderr]     Checking aes-soft v0.3.3
[INFO] [stderr]     Checking blake2 v0.8.1
[INFO] [stderr]     Checking ctr v0.3.2
[INFO] [stderr]     Checking cmac v0.2.0
[INFO] [stderr]     Checking pmac v0.2.0
[INFO] [stderr]     Checking digest v0.9.0
[INFO] [stderr]     Checking block-buffer v0.9.0
[INFO] [stderr]     Checking aes v0.3.2
[INFO] [stderr]    Compiling openssl-sys v0.9.58
[INFO] [stderr]    Compiling libz-sys v1.1.0
[INFO] [stderr]    Compiling libssh2-sys v0.2.19
[INFO] [stderr]    Compiling libgit2-sys v0.10.0
[INFO] [stderr]     Checking sha2 v0.9.1
[INFO] [stderr]     Checking miscreant v0.4.2
[INFO] [stderr]     Checking addr2line v0.13.0
[INFO] [stderr]     Checking backtrace v0.3.50
[INFO] [stderr]    Compiling synstructure v0.12.4
[INFO] [stderr]    Compiling darling_core v0.10.2
[INFO] [stderr]     Checking git2 v0.11.0
[INFO] [stderr]    Compiling serde_derive v1.0.115
[INFO] [stderr]    Compiling zeroize_derive v1.0.0
[INFO] [stderr]    Compiling thiserror-impl v1.0.20
[INFO] [stderr]    Compiling typed-builder v0.5.1
[INFO] [stderr]    Compiling ifmt-impl v0.3.0
[INFO] [stderr]    Compiling darling_macro v0.10.2
[INFO] [stderr]     Checking zeroize v1.1.0
[INFO] [stderr]     Checking curve25519-dalek v3.0.0
[INFO] [stderr]     Checking failure v0.1.8
[INFO] [stderr]     Checking common_failures v0.1.1
[INFO] [stderr]     Checking thiserror v1.0.20
[INFO] [stderr]     Checking crev-recursive-digest v0.4.0
[INFO] [stderr]    Compiling darling v0.10.2
[INFO] [stderr]    Compiling derive_builder_core v0.9.0
[INFO] [stderr]     Checking ifmt v0.3.0
[INFO] [stderr]     Checking serde_yaml v0.8.13
[INFO] [stderr]     Checking semver v0.9.0
[INFO] [stderr]     Checking ed25519-dalek v1.0.0
[INFO] [stderr]     Checking serde_cbor v0.11.1
[INFO] [stderr]     Checking crev-common v0.17.0
[INFO] [stderr]     Checking crev-data v0.17.0
[INFO] [stdout] error[E0599]: no function or associated item named `from_bytes` found for struct `ed25519_dalek::Signature` in the current scope
[INFO] [stdout]   --> /opt/rustwide/cargo-home/registry/src/github.com-1ecc6299db9ec823/crev-data-0.17.0/src/id.rs:80:59
[INFO] [stdout]    |
[INFO] [stdout] 80 |                 let signature = ed25519_dalek::Signature::from_bytes(&sig_bytes)?;
[INFO] [stdout]    |                                                           ^^^^^^^^^^
[INFO] [stdout]    |                                                           |
[INFO] [stdout]    |                                                           function or associated item not found in `ed25519_dalek::Signature`
[INFO] [stdout]    |                                                           help: there is an associated function with a similar name: `to_bytes`
[INFO] [stdout]    |
[INFO] [stdout]    = help: items from traits can only be used if the trait is in scope
[INFO] [stdout]    = note: the following trait is implemented but not in scope; perhaps add a `use` for it:
[INFO] [stdout]            `use ed25519_dalek::ed25519::signature::Signature;`
[INFO] [stdout] 
[INFO] [stdout] 
[INFO] [stdout] error[E0599]: no method named `verify` found for struct `ed25519_dalek::PublicKey` in the current scope
[INFO] [stdout]   --> /opt/rustwide/cargo-home/registry/src/github.com-1ecc6299db9ec823/crev-data-0.17.0/src/id.rs:81:24
[INFO] [stdout]    |
[INFO] [stdout] 81 |                 pubkey.verify(&content, &signature)?;
[INFO] [stdout]    |                        ^^^^^^ method not found in `ed25519_dalek::PublicKey`
[INFO] [stdout]    |
[INFO] [stdout]    = help: items from traits can only be used if the trait is in scope
[INFO] [stdout]    = note: the following trait is implemented but not in scope; perhaps add a `use` for it:
[INFO] [stdout]            `use ed25519_dalek::Verifier;`
[INFO] [stdout] 
[INFO] [stdout] 
[INFO] [stdout] error[E0599]: no method named `sign` found for struct `ed25519_dalek::Keypair` in the current scope
[INFO] [stdout]    --> /opt/rustwide/cargo-home/registry/src/github.com-1ecc6299db9ec823/crev-data-0.17.0/src/id.rs:198:22
[INFO] [stdout]     |
[INFO] [stdout] 198 |         self.keypair.sign(msg).to_bytes().to_vec()
[INFO] [stdout]     |                      ^^^^ method not found in `ed25519_dalek::Keypair`
[INFO] [stdout]     |
[INFO] [stdout]     = help: items from traits can only be used if the trait is in scope
[INFO] [stdout]     = note: the following trait is implemented but not in scope; perhaps add a `use` for it:
[INFO] [stdout]             `use ed25519_dalek::Signer;`
[INFO] [stdout] 
[INFO] [stdout] 
[INFO] [stdout] error: aborting due to 3 previous errors
[INFO] [stdout] 
[INFO] [stdout] 
[INFO] [stdout] For more information about this error, try `rustc --explain E0599`.
[INFO] [stdout] 
[INFO] [stderr] error: could not compile `crev-data`.
[INFO] [stderr] 
[INFO] [stderr] To learn more, run the command again with --verbose.
[INFO] running `Command { std: "docker" "inspect" "df1138feb9c4836e1ee53670bf2d9060bfd0bdec7a4a577aa7fc9fce7e576b44", kill_on_drop: false }`
[INFO] running `Command { std: "docker" "rm" "-f" "df1138feb9c4836e1ee53670bf2d9060bfd0bdec7a4a577aa7fc9fce7e576b44", kill_on_drop: false }`
[INFO] [stdout] df1138feb9c4836e1ee53670bf2d9060bfd0bdec7a4a577aa7fc9fce7e576b44
