[INFO] fetching crate core-futures-stateless 0.1.0...
[INFO] checking core-futures-stateless-0.1.0 against beta-2020-07-24 for pr-75494-beta
[INFO] extracting crate core-futures-stateless 0.1.0 into /workspace/builds/worker-2/source
[INFO] validating manifest of crates.io crate core-futures-stateless 0.1.0 on toolchain beta-2020-07-24
[INFO] running `Command { std: "/workspace/cargo-home/bin/cargo" "+beta-2020-07-24" "read-manifest" "--manifest-path" "Cargo.toml", kill_on_drop: false }`
[INFO] started tweaking crates.io crate core-futures-stateless 0.1.0
[INFO] finished tweaking crates.io crate core-futures-stateless 0.1.0
[INFO] tweaked toml for crates.io crate core-futures-stateless 0.1.0 written to /workspace/builds/worker-2/source/Cargo.toml
[INFO] running `Command { std: "/workspace/cargo-home/bin/cargo" "+beta-2020-07-24" "generate-lockfile" "--manifest-path" "Cargo.toml" "-Zno-index-update", kill_on_drop: false }`
[INFO] running `Command { std: "/workspace/cargo-home/bin/cargo" "+beta-2020-07-24" "fetch" "--locked" "--manifest-path" "Cargo.toml", kill_on_drop: false }`
[INFO] running `Command { std: "docker" "create" "-v" "/var/lib/crater-agent-workspace/builds/worker-2/target:/opt/rustwide/target:rw,Z" "-v" "/var/lib/crater-agent-workspace/builds/worker-2/source:/opt/rustwide/workdir:ro,Z" "-v" "/var/lib/crater-agent-workspace/cargo-home:/opt/rustwide/cargo-home:ro,Z" "-v" "/var/lib/crater-agent-workspace/rustup-home:/opt/rustwide/rustup-home:ro,Z" "-e" "SOURCE_DIR=/opt/rustwide/workdir" "-e" "CARGO_TARGET_DIR=/opt/rustwide/target" "-e" "CARGO_HOME=/opt/rustwide/cargo-home" "-e" "RUSTUP_HOME=/opt/rustwide/rustup-home" "-w" "/opt/rustwide/workdir" "-m" "1610612736" "--user" "0:0" "--network" "none" "rustops/crates-build-env@sha256:a636fd89d022f18117e1dc8fb37a0a009933cdbbe082814857f0e2024962d47c" "/opt/rustwide/cargo-home/bin/cargo" "+beta-2020-07-24" "metadata" "--no-deps" "--format-version=1", kill_on_drop: false }`
[INFO] [stdout] 4c8a30dedef4adacc7174c8f96976fb040a3ecd05360b7b7f76b97f1ef09d763
[INFO] [stderr] WARNING: Your kernel does not support swap limit capabilities or the cgroup is not mounted. Memory limited without swap.
[INFO] running `Command { std: "docker" "start" "-a" "4c8a30dedef4adacc7174c8f96976fb040a3ecd05360b7b7f76b97f1ef09d763", kill_on_drop: false }`
[INFO] running `Command { std: "docker" "inspect" "4c8a30dedef4adacc7174c8f96976fb040a3ecd05360b7b7f76b97f1ef09d763", kill_on_drop: false }`
[INFO] running `Command { std: "docker" "rm" "-f" "4c8a30dedef4adacc7174c8f96976fb040a3ecd05360b7b7f76b97f1ef09d763", kill_on_drop: false }`
[INFO] [stdout] 4c8a30dedef4adacc7174c8f96976fb040a3ecd05360b7b7f76b97f1ef09d763
[INFO] running `Command { std: "docker" "create" "-v" "/var/lib/crater-agent-workspace/builds/worker-2/target:/opt/rustwide/target:rw,Z" "-v" "/var/lib/crater-agent-workspace/builds/worker-2/source:/opt/rustwide/workdir:ro,Z" "-v" "/var/lib/crater-agent-workspace/cargo-home:/opt/rustwide/cargo-home:ro,Z" "-v" "/var/lib/crater-agent-workspace/rustup-home:/opt/rustwide/rustup-home:ro,Z" "-e" "SOURCE_DIR=/opt/rustwide/workdir" "-e" "CARGO_TARGET_DIR=/opt/rustwide/target" "-e" "CARGO_INCREMENTAL=0" "-e" "RUST_BACKTRACE=full" "-e" "RUSTFLAGS=--cap-lints=forbid" "-e" "CARGO_HOME=/opt/rustwide/cargo-home" "-e" "RUSTUP_HOME=/opt/rustwide/rustup-home" "-w" "/opt/rustwide/workdir" "-m" "1610612736" "--user" "0:0" "--network" "none" "rustops/crates-build-env@sha256:a636fd89d022f18117e1dc8fb37a0a009933cdbbe082814857f0e2024962d47c" "/opt/rustwide/cargo-home/bin/cargo" "+beta-2020-07-24" "check" "--frozen" "--all" "--all-targets" "--message-format=json", kill_on_drop: false }`
[INFO] [stderr] WARNING: Your kernel does not support swap limit capabilities or the cgroup is not mounted. Memory limited without swap.
[INFO] [stdout] 43e885403df9076a6a500b3f214cae9aaacce63fc5c690afe378cf8e8d064c49
[INFO] running `Command { std: "docker" "start" "-a" "43e885403df9076a6a500b3f214cae9aaacce63fc5c690afe378cf8e8d064c49", kill_on_drop: false }`
[INFO] [stderr]     Checking core-futures-stateless v0.1.0 (/opt/rustwide/workdir)
[INFO] [stdout] error[E0554]: `#![feature]` may not be used on the beta release channel
[INFO] [stdout]  --> src/lib.rs:2:1
[INFO] [stdout]   |
[INFO] [stdout] 2 | #![feature(generator_trait, optin_builtin_traits)]
[INFO] [stdout]   | ^^^^^^^^^^^^^^^^^^^^^^^^^^^^^^^^^^^^^^^^^^^^^^^^^^
[INFO] [stdout] 
[INFO] [stdout] 
[INFO] [stdout] error[E0658]: negative trait bounds are not yet fully implemented; use marker types for now
[INFO] [stdout]   --> src/future.rs:15:32
[INFO] [stdout]    |
[INFO] [stdout] 15 | impl<T: Generator<Yield = ()>> !Unpin for GenFuture<T> {}
[INFO] [stdout]    |                                ^^^^^^
[INFO] [stdout]    |
[INFO] [stdout]    = note: see issue #68318 <https://github.com/rust-lang/rust/issues/68318> for more information
[INFO] [stdout] 
[INFO] [stdout] 
[INFO] [stdout] error[E0554]: `#![feature]` may not be used on the beta release channel
[INFO] [stdout]  --> src/lib.rs:2:1
[INFO] [stdout]   |
[INFO] [stdout] 2 | #![feature(generator_trait, optin_builtin_traits)]
[INFO] [stdout]   | ^^^^^^^^^^^^^^^^^^^^^^^^^^^^^^^^^^^^^^^^^^^^^^^^^^
[INFO] [stdout] 
[INFO] [stdout] 
[INFO] [stdout] error[E0658]: negative trait bounds are not yet fully implemented; use marker types for now
[INFO] [stdout]   --> src/future.rs:15:32
[INFO] [stdout]    |
[INFO] [stdout] 15 | impl<T: Generator<Yield = ()>> !Unpin for GenFuture<T> {}
[INFO] [stdout]    |                                ^^^^^^
[INFO] [stdout]    |
[INFO] [stdout]    = note: see issue #68318 <https://github.com/rust-lang/rust/issues/68318> for more information
[INFO] [stdout] 
[INFO] [stdout] 
[INFO] [stdout] error[E0061]: this function takes 1 argument but 0 arguments were supplied
[INFO] [stdout]   --> src/future.rs:22:43
[INFO] [stdout]    |
[INFO] [stdout] 22 |         set_task_context(cx, || match gen.resume() {
[INFO] [stdout]    |                                           ^^^^^^- supplied 0 arguments
[INFO] [stdout]    |
[INFO] [stdout] help: expected the unit value `()`; create it with empty parentheses
[INFO] [stdout]    |
[INFO] [stdout] 22 |         set_task_context(cx, || match gen.resume(()) {
[INFO] [stdout]    |                                                  ^^
[INFO] [stdout] 
[INFO] [stdout] 
[INFO] [stdout] error: aborting due to 3 previous errors
[INFO] [stdout] 
[INFO] [stdout] 
[INFO] [stdout] Some errors have detailed explanations: E0061, E0554, E0658.
[INFO] [stdout] 
[INFO] [stdout] For more information about an error, try `rustc --explain E0061`.
[INFO] [stdout] 
[INFO] [stderr] error: could not compile `core-futures-stateless`.
[INFO] [stderr] 
[INFO] [stderr] To learn more, run the command again with --verbose.
[INFO] [stderr] warning: build failed, waiting for other jobs to finish...
[INFO] [stdout] error[E0061]: this function takes 1 argument but 0 arguments were supplied
[INFO] [stdout]   --> src/future.rs:22:43
[INFO] [stdout]    |
[INFO] [stdout] 22 |         set_task_context(cx, || match gen.resume() {
[INFO] [stdout]    |                                           ^^^^^^- supplied 0 arguments
[INFO] [stdout]    |
[INFO] [stdout] help: expected the unit value `()`; create it with empty parentheses
[INFO] [stdout]    |
[INFO] [stdout] 22 |         set_task_context(cx, || match gen.resume(()) {
[INFO] [stdout]    |                                                  ^^
[INFO] [stdout] 
[INFO] [stdout] 
[INFO] [stdout] error: aborting due to 3 previous errors
[INFO] [stdout] 
[INFO] [stdout] 
[INFO] [stdout] Some errors have detailed explanations: E0061, E0554, E0658.
[INFO] [stdout] 
[INFO] [stdout] For more information about an error, try `rustc --explain E0061`.
[INFO] [stdout] 
[INFO] [stderr] error: build failed
[INFO] running `Command { std: "docker" "inspect" "43e885403df9076a6a500b3f214cae9aaacce63fc5c690afe378cf8e8d064c49", kill_on_drop: false }`
[INFO] running `Command { std: "docker" "rm" "-f" "43e885403df9076a6a500b3f214cae9aaacce63fc5c690afe378cf8e8d064c49", kill_on_drop: false }`
[INFO] [stdout] 43e885403df9076a6a500b3f214cae9aaacce63fc5c690afe378cf8e8d064c49
