[INFO] fetching crate chao 0.1.0...
[INFO] checking chao-0.1.0 against beta-2020-07-24 for pr-75494-beta
[INFO] extracting crate chao 0.1.0 into /workspace/builds/worker-9/source
[INFO] validating manifest of crates.io crate chao 0.1.0 on toolchain beta-2020-07-24
[INFO] running `Command { std: "/workspace/cargo-home/bin/cargo" "+beta-2020-07-24" "read-manifest" "--manifest-path" "Cargo.toml", kill_on_drop: false }`
[INFO] started tweaking crates.io crate chao 0.1.0
[INFO] finished tweaking crates.io crate chao 0.1.0
[INFO] tweaked toml for crates.io crate chao 0.1.0 written to /workspace/builds/worker-9/source/Cargo.toml
[INFO] running `Command { std: "/workspace/cargo-home/bin/cargo" "+beta-2020-07-24" "generate-lockfile" "--manifest-path" "Cargo.toml" "-Zno-index-update", kill_on_drop: false }`
[INFO] running `Command { std: "/workspace/cargo-home/bin/cargo" "+beta-2020-07-24" "fetch" "--locked" "--manifest-path" "Cargo.toml", kill_on_drop: false }`
[INFO] [stderr]     Blocking waiting for file lock on package cache
[INFO] running `Command { std: "docker" "create" "-v" "/var/lib/crater-agent-workspace/builds/worker-9/target:/opt/rustwide/target:rw,Z" "-v" "/var/lib/crater-agent-workspace/builds/worker-9/source:/opt/rustwide/workdir:ro,Z" "-v" "/var/lib/crater-agent-workspace/cargo-home:/opt/rustwide/cargo-home:ro,Z" "-v" "/var/lib/crater-agent-workspace/rustup-home:/opt/rustwide/rustup-home:ro,Z" "-e" "SOURCE_DIR=/opt/rustwide/workdir" "-e" "CARGO_TARGET_DIR=/opt/rustwide/target" "-e" "CARGO_HOME=/opt/rustwide/cargo-home" "-e" "RUSTUP_HOME=/opt/rustwide/rustup-home" "-w" "/opt/rustwide/workdir" "-m" "1610612736" "--user" "0:0" "--network" "none" "rustops/crates-build-env@sha256:a636fd89d022f18117e1dc8fb37a0a009933cdbbe082814857f0e2024962d47c" "/opt/rustwide/cargo-home/bin/cargo" "+beta-2020-07-24" "metadata" "--no-deps" "--format-version=1", kill_on_drop: false }`
[INFO] [stdout] 62933d988b8db8871eb233b218db03e8dd6266484a7a19ad9ac4286cb7cb4a5d
[INFO] [stderr] WARNING: Your kernel does not support swap limit capabilities or the cgroup is not mounted. Memory limited without swap.
[INFO] running `Command { std: "docker" "start" "-a" "62933d988b8db8871eb233b218db03e8dd6266484a7a19ad9ac4286cb7cb4a5d", kill_on_drop: false }`
[INFO] running `Command { std: "docker" "inspect" "62933d988b8db8871eb233b218db03e8dd6266484a7a19ad9ac4286cb7cb4a5d", kill_on_drop: false }`
[INFO] running `Command { std: "docker" "rm" "-f" "62933d988b8db8871eb233b218db03e8dd6266484a7a19ad9ac4286cb7cb4a5d", kill_on_drop: false }`
[INFO] [stdout] 62933d988b8db8871eb233b218db03e8dd6266484a7a19ad9ac4286cb7cb4a5d
[INFO] running `Command { std: "docker" "create" "-v" "/var/lib/crater-agent-workspace/builds/worker-9/target:/opt/rustwide/target:rw,Z" "-v" "/var/lib/crater-agent-workspace/builds/worker-9/source:/opt/rustwide/workdir:ro,Z" "-v" "/var/lib/crater-agent-workspace/cargo-home:/opt/rustwide/cargo-home:ro,Z" "-v" "/var/lib/crater-agent-workspace/rustup-home:/opt/rustwide/rustup-home:ro,Z" "-e" "SOURCE_DIR=/opt/rustwide/workdir" "-e" "CARGO_TARGET_DIR=/opt/rustwide/target" "-e" "CARGO_INCREMENTAL=0" "-e" "RUST_BACKTRACE=full" "-e" "RUSTFLAGS=--cap-lints=forbid" "-e" "CARGO_HOME=/opt/rustwide/cargo-home" "-e" "RUSTUP_HOME=/opt/rustwide/rustup-home" "-w" "/opt/rustwide/workdir" "-m" "1610612736" "--user" "0:0" "--network" "none" "rustops/crates-build-env@sha256:a636fd89d022f18117e1dc8fb37a0a009933cdbbe082814857f0e2024962d47c" "/opt/rustwide/cargo-home/bin/cargo" "+beta-2020-07-24" "check" "--frozen" "--all" "--all-targets" "--message-format=json", kill_on_drop: false }`
[INFO] [stdout] fb97e4ec51072e419fb83aaacabe13f7d1722f7d4c1678fa80191f941c06e5fc
[INFO] [stderr] WARNING: Your kernel does not support swap limit capabilities or the cgroup is not mounted. Memory limited without swap.
[INFO] running `Command { std: "docker" "start" "-a" "fb97e4ec51072e419fb83aaacabe13f7d1722f7d4c1678fa80191f941c06e5fc", kill_on_drop: false }`
[INFO] [stderr]     Checking bitflags v0.4.0
[INFO] [stderr]     Checking unicode-width v0.1.8
[INFO] [stderr]     Checking encode_unicode v0.1.3
[INFO] [stderr]     Checking itertools v0.7.11
[INFO] [stderr]     Checking atty v0.2.14
[INFO] [stderr]     Checking combine v3.8.1
[INFO] [stderr]     Checking nix v0.5.1
[INFO] [stderr]     Checking colored v1.9.3
[INFO] [stderr]     Checking rustyline v1.0.0
[INFO] [stderr]     Checking libchao v0.1.0
[INFO] [stdout] error[E0425]: cannot find value `rest` in this scope
[INFO] [stdout]    --> /opt/rustwide/cargo-home/registry/src/github.com-1ecc6299db9ec823/libchao-0.1.0/src/env.rs:118:20
[INFO] [stdout]     |
[INFO] [stdout] 118 |             [expr, rest..] => match self.eval(expr) {
[INFO] [stdout]     |                    ^^^^ not found in this scope
[INFO] [stdout] 
[INFO] [stdout] 
[INFO] [stdout] error[E0425]: cannot find value `rest` in this scope
[INFO] [stdout]    --> /opt/rustwide/cargo-home/registry/src/github.com-1ecc6299db9ec823/libchao-0.1.0/src/env.rs:122:33
[INFO] [stdout]     |
[INFO] [stdout] 122 |                     for expr in rest.iter() {
[INFO] [stdout]     |                                 ^^^^ not found in this scope
[INFO] [stdout] 
[INFO] [stdout] 
[INFO] [stdout] error[E0425]: cannot find value `rest` in this scope
[INFO] [stdout]    --> /opt/rustwide/cargo-home/registry/src/github.com-1ecc6299db9ec823/libchao-0.1.0/src/env.rs:132:36
[INFO] [stdout]     |
[INFO] [stdout] 132 |                     self.bind_args(rest.to_vec(), arg_names.clone());
[INFO] [stdout]     |                                    ^^^^ not found in this scope
[INFO] [stdout] 
[INFO] [stdout] 
[INFO] [stdout] error[E0425]: cannot find value `tail` in this scope
[INFO] [stdout]    --> /opt/rustwide/cargo-home/registry/src/github.com-1ecc6299db9ec823/libchao-0.1.0/src/env.rs:177:20
[INFO] [stdout]     |
[INFO] [stdout] 177 |             [head, tail..] => tail.iter().fold(head.clone(), |acc, x| acc - x.clone()),
[INFO] [stdout]     |                    ^^^^ not found in this scope
[INFO] [stdout] 
[INFO] [stdout] 
[INFO] [stdout] error[E0425]: cannot find value `tail` in this scope
[INFO] [stdout]    --> /opt/rustwide/cargo-home/registry/src/github.com-1ecc6299db9ec823/libchao-0.1.0/src/env.rs:177:31
[INFO] [stdout]     |
[INFO] [stdout] 177 |             [head, tail..] => tail.iter().fold(head.clone(), |acc, x| acc - x.clone()),
[INFO] [stdout]     |                               ^^^^ not found in this scope
[INFO] [stdout] 
[INFO] [stdout] 
[INFO] [stdout] error[E0425]: cannot find value `tail` in this scope
[INFO] [stdout]    --> /opt/rustwide/cargo-home/registry/src/github.com-1ecc6299db9ec823/libchao-0.1.0/src/env.rs:197:20
[INFO] [stdout]     |
[INFO] [stdout] 197 |             [head, tail..] => tail.iter().fold(head.clone(), |acc, x| acc / x.clone()),
[INFO] [stdout]     |                    ^^^^ not found in this scope
[INFO] [stdout] 
[INFO] [stdout] 
[INFO] [stdout] error[E0425]: cannot find value `tail` in this scope
[INFO] [stdout]    --> /opt/rustwide/cargo-home/registry/src/github.com-1ecc6299db9ec823/libchao-0.1.0/src/env.rs:197:31
[INFO] [stdout]     |
[INFO] [stdout] 197 |             [head, tail..] => tail.iter().fold(head.clone(), |acc, x| acc / x.clone()),
[INFO] [stdout]     |                               ^^^^ not found in this scope
[INFO] [stdout] 
[INFO] [stdout] 
[INFO] [stdout] error[E0425]: cannot find value `tail` in this scope
[INFO] [stdout]    --> /opt/rustwide/cargo-home/registry/src/github.com-1ecc6299db9ec823/libchao-0.1.0/src/env.rs:224:20
[INFO] [stdout]     |
[INFO] [stdout] 224 |             [head, tail..] => Bool(tail.iter().all(|ref x| *x == head)),
[INFO] [stdout]     |                    ^^^^ not found in this scope
[INFO] [stdout] 
[INFO] [stdout] 
[INFO] [stdout] error[E0425]: cannot find value `tail` in this scope
[INFO] [stdout]    --> /opt/rustwide/cargo-home/registry/src/github.com-1ecc6299db9ec823/libchao-0.1.0/src/env.rs:224:36
[INFO] [stdout]     |
[INFO] [stdout] 224 |             [head, tail..] => Bool(tail.iter().all(|ref x| *x == head)),
[INFO] [stdout]     |                                    ^^^^ not found in this scope
[INFO] [stdout] 
[INFO] [stdout] 
[INFO] [stdout] error[E0554]: `#![feature]` may not be used on the beta release channel
[INFO] [stdout]  --> /opt/rustwide/cargo-home/registry/src/github.com-1ecc6299db9ec823/libchao-0.1.0/src/lib.rs:1:1
[INFO] [stdout]   |
[INFO] [stdout] 1 | #![feature(slice_patterns)]
[INFO] [stdout]   | ^^^^^^^^^^^^^^^^^^^^^^^^^^^
[INFO] [stdout] 
[INFO] [stdout] 
[INFO] [stdout] error[E0658]: half-open range patterns are unstable
[INFO] [stdout]    --> /opt/rustwide/cargo-home/registry/src/github.com-1ecc6299db9ec823/libchao-0.1.0/src/env.rs:118:20
[INFO] [stdout]     |
[INFO] [stdout] 118 |             [expr, rest..] => match self.eval(expr) {
[INFO] [stdout]     |                    ^^^^^^
[INFO] [stdout]     |
[INFO] [stdout]     = note: see issue #67264 <https://github.com/rust-lang/rust/issues/67264> for more information
[INFO] [stdout] 
[INFO] [stdout] 
[INFO] [stdout] error[E0658]: half-open range patterns are unstable
[INFO] [stdout]    --> /opt/rustwide/cargo-home/registry/src/github.com-1ecc6299db9ec823/libchao-0.1.0/src/env.rs:177:20
[INFO] [stdout]     |
[INFO] [stdout] 177 |             [head, tail..] => tail.iter().fold(head.clone(), |acc, x| acc - x.clone()),
[INFO] [stdout]     |                    ^^^^^^
[INFO] [stdout]     |
[INFO] [stdout]     = note: see issue #67264 <https://github.com/rust-lang/rust/issues/67264> for more information
[INFO] [stdout] 
[INFO] [stdout] 
[INFO] [stdout] error[E0658]: half-open range patterns are unstable
[INFO] [stdout]    --> /opt/rustwide/cargo-home/registry/src/github.com-1ecc6299db9ec823/libchao-0.1.0/src/env.rs:197:20
[INFO] [stdout]     |
[INFO] [stdout] 197 |             [head, tail..] => tail.iter().fold(head.clone(), |acc, x| acc / x.clone()),
[INFO] [stdout]     |                    ^^^^^^
[INFO] [stdout]     |
[INFO] [stdout]     = note: see issue #67264 <https://github.com/rust-lang/rust/issues/67264> for more information
[INFO] [stdout] 
[INFO] [stdout] 
[INFO] [stdout] error[E0658]: half-open range patterns are unstable
[INFO] [stdout]    --> /opt/rustwide/cargo-home/registry/src/github.com-1ecc6299db9ec823/libchao-0.1.0/src/env.rs:224:20
[INFO] [stdout]     |
[INFO] [stdout] 224 |             [head, tail..] => Bool(tail.iter().all(|ref x| *x == head)),
[INFO] [stdout]     |                    ^^^^^^
[INFO] [stdout]     |
[INFO] [stdout]     = note: see issue #67264 <https://github.com/rust-lang/rust/issues/67264> for more information
[INFO] [stdout] 
[INFO] [stdout] 
[INFO] [stdout] error[E0658]: exclusive range pattern syntax is experimental
[INFO] [stdout]    --> /opt/rustwide/cargo-home/registry/src/github.com-1ecc6299db9ec823/libchao-0.1.0/src/env.rs:118:20
[INFO] [stdout]     |
[INFO] [stdout] 118 |             [expr, rest..] => match self.eval(expr) {
[INFO] [stdout]     |                    ^^^^^^
[INFO] [stdout]     |
[INFO] [stdout]     = note: see issue #37854 <https://github.com/rust-lang/rust/issues/37854> for more information
[INFO] [stdout] 
[INFO] [stdout] 
[INFO] [stdout] error[E0658]: exclusive range pattern syntax is experimental
[INFO] [stdout]    --> /opt/rustwide/cargo-home/registry/src/github.com-1ecc6299db9ec823/libchao-0.1.0/src/env.rs:177:20
[INFO] [stdout]     |
[INFO] [stdout] 177 |             [head, tail..] => tail.iter().fold(head.clone(), |acc, x| acc - x.clone()),
[INFO] [stdout]     |                    ^^^^^^
[INFO] [stdout]     |
[INFO] [stdout]     = note: see issue #37854 <https://github.com/rust-lang/rust/issues/37854> for more information
[INFO] [stdout] 
[INFO] [stdout] 
[INFO] [stdout] error[E0658]: exclusive range pattern syntax is experimental
[INFO] [stdout]    --> /opt/rustwide/cargo-home/registry/src/github.com-1ecc6299db9ec823/libchao-0.1.0/src/env.rs:197:20
[INFO] [stdout]     |
[INFO] [stdout] 197 |             [head, tail..] => tail.iter().fold(head.clone(), |acc, x| acc / x.clone()),
[INFO] [stdout]     |                    ^^^^^^
[INFO] [stdout]     |
[INFO] [stdout]     = note: see issue #37854 <https://github.com/rust-lang/rust/issues/37854> for more information
[INFO] [stdout] 
[INFO] [stdout] 
[INFO] [stdout] error[E0658]: exclusive range pattern syntax is experimental
[INFO] [stdout]    --> /opt/rustwide/cargo-home/registry/src/github.com-1ecc6299db9ec823/libchao-0.1.0/src/env.rs:224:20
[INFO] [stdout]     |
[INFO] [stdout] 224 |             [head, tail..] => Bool(tail.iter().all(|ref x| *x == head)),
[INFO] [stdout]     |                    ^^^^^^
[INFO] [stdout]     |
[INFO] [stdout]     = note: see issue #37854 <https://github.com/rust-lang/rust/issues/37854> for more information
[INFO] [stdout] 
[INFO] [stdout] 
[INFO] [stdout] error: aborting due to 18 previous errors
[INFO] [stdout] 
[INFO] [stdout] 
[INFO] [stdout] Some errors have detailed explanations: E0425, E0554, E0658.
[INFO] [stdout] 
[INFO] [stdout] For more information about an error, try `rustc --explain E0425`.
[INFO] [stdout] 
[INFO] [stderr] error: could not compile `libchao`.
[INFO] [stderr] 
[INFO] [stderr] To learn more, run the command again with --verbose.
[INFO] running `Command { std: "docker" "inspect" "fb97e4ec51072e419fb83aaacabe13f7d1722f7d4c1678fa80191f941c06e5fc", kill_on_drop: false }`
[INFO] running `Command { std: "docker" "rm" "-f" "fb97e4ec51072e419fb83aaacabe13f7d1722f7d4c1678fa80191f941c06e5fc", kill_on_drop: false }`
[INFO] [stdout] fb97e4ec51072e419fb83aaacabe13f7d1722f7d4c1678fa80191f941c06e5fc
