[INFO] fetching crate bstring_macros 0.1.0...
[INFO] checking bstring_macros-0.1.0 against beta-2020-07-24 for pr-75494-beta
[INFO] extracting crate bstring_macros 0.1.0 into /workspace/builds/worker-4/source
[INFO] validating manifest of crates.io crate bstring_macros 0.1.0 on toolchain beta-2020-07-24
[INFO] running `Command { std: "/workspace/cargo-home/bin/cargo" "+beta-2020-07-24" "read-manifest" "--manifest-path" "Cargo.toml", kill_on_drop: false }`
[INFO] started tweaking crates.io crate bstring_macros 0.1.0
[INFO] finished tweaking crates.io crate bstring_macros 0.1.0
[INFO] tweaked toml for crates.io crate bstring_macros 0.1.0 written to /workspace/builds/worker-4/source/Cargo.toml
[INFO] running `Command { std: "/workspace/cargo-home/bin/cargo" "+beta-2020-07-24" "generate-lockfile" "--manifest-path" "Cargo.toml" "-Zno-index-update", kill_on_drop: false }`
[INFO] running `Command { std: "/workspace/cargo-home/bin/cargo" "+beta-2020-07-24" "fetch" "--locked" "--manifest-path" "Cargo.toml", kill_on_drop: false }`
[INFO] running `Command { std: "docker" "create" "-v" "/var/lib/crater-agent-workspace/builds/worker-4/target:/opt/rustwide/target:rw,Z" "-v" "/var/lib/crater-agent-workspace/builds/worker-4/source:/opt/rustwide/workdir:ro,Z" "-v" "/var/lib/crater-agent-workspace/cargo-home:/opt/rustwide/cargo-home:ro,Z" "-v" "/var/lib/crater-agent-workspace/rustup-home:/opt/rustwide/rustup-home:ro,Z" "-e" "SOURCE_DIR=/opt/rustwide/workdir" "-e" "CARGO_TARGET_DIR=/opt/rustwide/target" "-e" "CARGO_HOME=/opt/rustwide/cargo-home" "-e" "RUSTUP_HOME=/opt/rustwide/rustup-home" "-w" "/opt/rustwide/workdir" "-m" "1610612736" "--user" "0:0" "--network" "none" "rustops/crates-build-env@sha256:a636fd89d022f18117e1dc8fb37a0a009933cdbbe082814857f0e2024962d47c" "/opt/rustwide/cargo-home/bin/cargo" "+beta-2020-07-24" "metadata" "--no-deps" "--format-version=1", kill_on_drop: false }`
[INFO] [stdout] a9297ac2e1b26d429a5b2f2c21c6d4366c2e47e2909f263a5746fd05ceba2847
[INFO] [stderr] WARNING: Your kernel does not support swap limit capabilities or the cgroup is not mounted. Memory limited without swap.
[INFO] running `Command { std: "docker" "start" "-a" "a9297ac2e1b26d429a5b2f2c21c6d4366c2e47e2909f263a5746fd05ceba2847", kill_on_drop: false }`
[INFO] running `Command { std: "docker" "inspect" "a9297ac2e1b26d429a5b2f2c21c6d4366c2e47e2909f263a5746fd05ceba2847", kill_on_drop: false }`
[INFO] running `Command { std: "docker" "rm" "-f" "a9297ac2e1b26d429a5b2f2c21c6d4366c2e47e2909f263a5746fd05ceba2847", kill_on_drop: false }`
[INFO] [stdout] a9297ac2e1b26d429a5b2f2c21c6d4366c2e47e2909f263a5746fd05ceba2847
[INFO] running `Command { std: "docker" "create" "-v" "/var/lib/crater-agent-workspace/builds/worker-4/target:/opt/rustwide/target:rw,Z" "-v" "/var/lib/crater-agent-workspace/builds/worker-4/source:/opt/rustwide/workdir:ro,Z" "-v" "/var/lib/crater-agent-workspace/cargo-home:/opt/rustwide/cargo-home:ro,Z" "-v" "/var/lib/crater-agent-workspace/rustup-home:/opt/rustwide/rustup-home:ro,Z" "-e" "SOURCE_DIR=/opt/rustwide/workdir" "-e" "CARGO_TARGET_DIR=/opt/rustwide/target" "-e" "CARGO_INCREMENTAL=0" "-e" "RUST_BACKTRACE=full" "-e" "RUSTFLAGS=--cap-lints=forbid" "-e" "CARGO_HOME=/opt/rustwide/cargo-home" "-e" "RUSTUP_HOME=/opt/rustwide/rustup-home" "-w" "/opt/rustwide/workdir" "-m" "1610612736" "--user" "0:0" "--network" "none" "rustops/crates-build-env@sha256:a636fd89d022f18117e1dc8fb37a0a009933cdbbe082814857f0e2024962d47c" "/opt/rustwide/cargo-home/bin/cargo" "+beta-2020-07-24" "check" "--frozen" "--all" "--all-targets" "--message-format=json", kill_on_drop: false }`
[INFO] [stdout] 29589a72d110bca2166e1eddf5255748e8c37d978b431db04733145cf3223bc1
[INFO] [stderr] WARNING: Your kernel does not support swap limit capabilities or the cgroup is not mounted. Memory limited without swap.
[INFO] running `Command { std: "docker" "start" "-a" "29589a72d110bca2166e1eddf5255748e8c37d978b431db04733145cf3223bc1", kill_on_drop: false }`
[INFO] [stderr]    Compiling proc-macro-hack-impl v0.3.3
[INFO] [stderr]    Compiling ref_slice v1.2.0
[INFO] [stderr]    Compiling syn v0.11.11
[INFO] [stderr]     Checking bstring v0.1.0
[INFO] [stderr]    Compiling proc-macro-hack v0.3.3
[INFO] [stderr]    Compiling bstring_macros_hack v0.1.0
[INFO] [stderr]     Checking bstring_macros v0.1.0 (/opt/rustwide/workdir)
[INFO] [stdout] error[E0425]: cannot find value `a` in this scope
[INFO] [stdout]   --> src/lib.rs:62:20
[INFO] [stdout]    |
[INFO] [stdout] 62 |         assert_eq!(bformat!("foo {}", a), "foo bar");
[INFO] [stdout]    |                    ^^^^^^^^^^^^^^^^^^^^^ not found in this scope
[INFO] [stdout]    |
[INFO] [stdout]    = note: this error originates in a macro (in Nightly builds, run with -Z macro-backtrace for more info)
[INFO] [stdout] 
[INFO] [stdout] 
[INFO] [stdout] error[E0425]: cannot find value `a` in this scope
[INFO] [stdout]   --> src/lib.rs:63:20
[INFO] [stdout]    |
[INFO] [stdout] 63 |         assert_eq!(bformat!("foo {} baz", a), "foo bar baz");
[INFO] [stdout]    |                    ^^^^^^^^^^^^^^^^^^^^^^^^^ not found in this scope
[INFO] [stdout]    |
[INFO] [stdout]    = note: this error originates in a macro (in Nightly builds, run with -Z macro-backtrace for more info)
[INFO] [stdout] 
[INFO] [stdout] 
[INFO] [stdout] error[E0425]: cannot find value `a` in this scope
[INFO] [stdout]   --> src/lib.rs:64:20
[INFO] [stdout]    |
[INFO] [stdout] 64 |         assert_eq!(bformat!("foo {} {}", a, b), "foo bar baz");
[INFO] [stdout]    |                    ^^^^^^^^^^^^^^^^^^^^^^^^^^^ not found in this scope
[INFO] [stdout]    |
[INFO] [stdout]    = note: this error originates in a macro (in Nightly builds, run with -Z macro-backtrace for more info)
[INFO] [stdout] 
[INFO] [stdout] 
[INFO] [stdout] error[E0425]: cannot find value `b` in this scope
[INFO] [stdout]   --> src/lib.rs:64:20
[INFO] [stdout]    |
[INFO] [stdout] 64 |         assert_eq!(bformat!("foo {} {}", a, b), "foo bar baz");
[INFO] [stdout]    |                    ^^^^^^^^^^^^^^^^^^^^^^^^^^^ not found in this scope
[INFO] [stdout]    |
[INFO] [stdout]    = note: this error originates in a macro (in Nightly builds, run with -Z macro-backtrace for more info)
[INFO] [stdout] 
[INFO] [stdout] 
[INFO] [stdout] error[E0425]: cannot find value `a` in this scope
[INFO] [stdout]   --> src/lib.rs:66:20
[INFO] [stdout]    |
[INFO] [stdout] 66 |         assert_eq!(bformat!("foo {} {} {}", a, 123, b), "foo bar 123 baz");
[INFO] [stdout]    |                    ^^^^^^^^^^^^^^^^^^^^^^^^^^^^^^^^^^^ not found in this scope
[INFO] [stdout]    |
[INFO] [stdout]    = note: this error originates in a macro (in Nightly builds, run with -Z macro-backtrace for more info)
[INFO] [stdout] 
[INFO] [stdout] 
[INFO] [stdout] error[E0425]: cannot find value `b` in this scope
[INFO] [stdout]   --> src/lib.rs:66:20
[INFO] [stdout]    |
[INFO] [stdout] 66 |         assert_eq!(bformat!("foo {} {} {}", a, 123, b), "foo bar 123 baz");
[INFO] [stdout]    |                    ^^^^^^^^^^^^^^^^^^^^^^^^^^^^^^^^^^^ not found in this scope
[INFO] [stdout]    |
[INFO] [stdout]    = note: this error originates in a macro (in Nightly builds, run with -Z macro-backtrace for more info)
[INFO] [stdout] 
[INFO] [stdout] 
[INFO] [stdout] error[E0425]: cannot find value `a` in this scope
[INFO] [stdout]   --> src/lib.rs:80:20
[INFO] [stdout]    |
[INFO] [stdout] 80 |         assert_eq!(bformat!("{} {} {}{}{}", a, b, c, d, e), "foo foo 123");
[INFO] [stdout]    |                    ^^^^^^^^^^^^^^^^^^^^^^^^^^^^^^^^^^^^^^^ not found in this scope
[INFO] [stdout]    |
[INFO] [stdout]    = note: this error originates in a macro (in Nightly builds, run with -Z macro-backtrace for more info)
[INFO] [stdout] 
[INFO] [stdout] 
[INFO] [stdout] error[E0425]: cannot find value `b` in this scope
[INFO] [stdout]   --> src/lib.rs:80:20
[INFO] [stdout]    |
[INFO] [stdout] 80 |         assert_eq!(bformat!("{} {} {}{}{}", a, b, c, d, e), "foo foo 123");
[INFO] [stdout]    |                    ^^^^^^^^^^^^^^^^^^^^^^^^^^^^^^^^^^^^^^^ not found in this scope
[INFO] [stdout]    |
[INFO] [stdout]    = note: this error originates in a macro (in Nightly builds, run with -Z macro-backtrace for more info)
[INFO] [stdout] 
[INFO] [stdout] 
[INFO] [stdout] error[E0425]: cannot find value `c` in this scope
[INFO] [stdout]   --> src/lib.rs:80:20
[INFO] [stdout]    |
[INFO] [stdout] 80 |         assert_eq!(bformat!("{} {} {}{}{}", a, b, c, d, e), "foo foo 123");
[INFO] [stdout]    |                    ^^^^^^^^^^^^^^^^^^^^^^^^^^^^^^^^^^^^^^^ not found in this scope
[INFO] [stdout]    |
[INFO] [stdout]    = note: this error originates in a macro (in Nightly builds, run with -Z macro-backtrace for more info)
[INFO] [stdout] 
[INFO] [stdout] 
[INFO] [stdout] error[E0425]: cannot find value `d` in this scope
[INFO] [stdout]   --> src/lib.rs:80:20
[INFO] [stdout]    |
[INFO] [stdout] 80 |         assert_eq!(bformat!("{} {} {}{}{}", a, b, c, d, e), "foo foo 123");
[INFO] [stdout]    |                    ^^^^^^^^^^^^^^^^^^^^^^^^^^^^^^^^^^^^^^^ not found in this scope
[INFO] [stdout]    |
[INFO] [stdout]    = note: this error originates in a macro (in Nightly builds, run with -Z macro-backtrace for more info)
[INFO] [stdout] 
[INFO] [stdout] 
[INFO] [stdout] error[E0425]: cannot find value `e` in this scope
[INFO] [stdout]   --> src/lib.rs:80:20
[INFO] [stdout]    |
[INFO] [stdout] 80 |         assert_eq!(bformat!("{} {} {}{}{}", a, b, c, d, e), "foo foo 123");
[INFO] [stdout]    |                    ^^^^^^^^^^^^^^^^^^^^^^^^^^^^^^^^^^^^^^^ not found in this scope
[INFO] [stdout]    |
[INFO] [stdout]    = note: this error originates in a macro (in Nightly builds, run with -Z macro-backtrace for more info)
[INFO] [stdout] 
[INFO] [stdout] 
[INFO] [stdout] error[E0425]: cannot find value `a` in this scope
[INFO] [stdout]   --> src/lib.rs:98:20
[INFO] [stdout]    |
[INFO] [stdout] 98 |         assert_eq!(bformat!("foo {bar}", bar = a), "foo bar");
[INFO] [stdout]    |                    ^^^^^^^^^^^^^^^^^^^^^^^^^^^^^^ not found in this scope
[INFO] [stdout]    |
[INFO] [stdout]    = note: this error originates in a macro (in Nightly builds, run with -Z macro-backtrace for more info)
[INFO] [stdout] 
[INFO] [stdout] 
[INFO] [stdout] error[E0425]: cannot find value `a` in this scope
[INFO] [stdout]   --> src/lib.rs:99:20
[INFO] [stdout]    |
[INFO] [stdout] 99 |         assert_eq!(bformat!("foo {bar} {baz}", bar = a, baz = b), "foo bar baz");
[INFO] [stdout]    |                    ^^^^^^^^^^^^^^^^^^^^^^^^^^^^^^^^^^^^^^^^^^^^^ not found in this scope
[INFO] [stdout]    |
[INFO] [stdout]    = note: this error originates in a macro (in Nightly builds, run with -Z macro-backtrace for more info)
[INFO] [stdout] 
[INFO] [stdout] 
[INFO] [stdout] error[E0425]: cannot find value `b` in this scope
[INFO] [stdout]   --> src/lib.rs:99:20
[INFO] [stdout]    |
[INFO] [stdout] 99 |         assert_eq!(bformat!("foo {bar} {baz}", bar = a, baz = b), "foo bar baz");
[INFO] [stdout]    |                    ^^^^^^^^^^^^^^^^^^^^^^^^^^^^^^^^^^^^^^^^^^^^^ not found in this scope
[INFO] [stdout]    |
[INFO] [stdout]    = note: this error originates in a macro (in Nightly builds, run with -Z macro-backtrace for more info)
[INFO] [stdout] 
[INFO] [stdout] 
[INFO] [stdout] error[E0425]: cannot find value `a` in this scope
[INFO] [stdout]    --> src/lib.rs:100:20
[INFO] [stdout]     |
[INFO] [stdout] 100 |           assert_eq!(bformat!("foo {bar} {n} {baz}",
[INFO] [stdout]     |  ____________________^
[INFO] [stdout] 101 | |             bar = a, baz = b, n = 123), "foo bar 123 baz");
[INFO] [stdout]     | |______________________________________^ not found in this scope
[INFO] [stdout]     |
[INFO] [stdout]     = note: this error originates in a macro (in Nightly builds, run with -Z macro-backtrace for more info)
[INFO] [stdout] 
[INFO] [stdout] 
[INFO] [stdout] error[E0425]: cannot find value `b` in this scope
[INFO] [stdout]    --> src/lib.rs:100:20
[INFO] [stdout]     |
[INFO] [stdout] 100 |           assert_eq!(bformat!("foo {bar} {n} {baz}",
[INFO] [stdout]     |  ____________________^
[INFO] [stdout] 101 | |             bar = a, baz = b, n = 123), "foo bar 123 baz");
[INFO] [stdout]     | |______________________________________^ not found in this scope
[INFO] [stdout]     |
[INFO] [stdout]     = note: this error originates in a macro (in Nightly builds, run with -Z macro-backtrace for more info)
[INFO] [stdout] 
[INFO] [stdout] 
[INFO] [stdout] error[E0425]: cannot find value `args` in this scope
[INFO] [stdout]    --> src/lib.rs:111:13
[INFO] [stdout]     |
[INFO] [stdout] 111 |             bformat!("sup {}", args)
[INFO] [stdout]     |             ^^^^^^^^^^^^^^^^^^^^^^^^ not found in this scope
[INFO] [stdout]     |
[INFO] [stdout]     = note: this error originates in a macro (in Nightly builds, run with -Z macro-backtrace for more info)
[INFO] [stdout] help: consider importing this function
[INFO] [stdout]     |
[INFO] [stdout] 48  |     use std::env::args;
[INFO] [stdout]     |
[INFO] [stdout] 
[INFO] [stdout] 
[INFO] [stdout] error: aborting due to 17 previous errors
[INFO] [stdout] 
[INFO] [stdout] 
[INFO] [stdout] For more information about this error, try `rustc --explain E0425`.
[INFO] [stdout] 
[INFO] [stderr] error: could not compile `bstring_macros`.
[INFO] [stderr] 
[INFO] [stderr] To learn more, run the command again with --verbose.
[INFO] running `Command { std: "docker" "inspect" "29589a72d110bca2166e1eddf5255748e8c37d978b431db04733145cf3223bc1", kill_on_drop: false }`
[INFO] running `Command { std: "docker" "rm" "-f" "29589a72d110bca2166e1eddf5255748e8c37d978b431db04733145cf3223bc1", kill_on_drop: false }`
[INFO] [stdout] 29589a72d110bca2166e1eddf5255748e8c37d978b431db04733145cf3223bc1
