[INFO] fetching crate bonzai 0.2.1...
[INFO] checking bonzai-0.2.1 against beta-2020-07-24 for pr-75494-beta
[INFO] extracting crate bonzai 0.2.1 into /workspace/builds/worker-0/source
[INFO] validating manifest of crates.io crate bonzai 0.2.1 on toolchain beta-2020-07-24
[INFO] running `Command { std: "/workspace/cargo-home/bin/cargo" "+beta-2020-07-24" "read-manifest" "--manifest-path" "Cargo.toml", kill_on_drop: false }`
[INFO] started tweaking crates.io crate bonzai 0.2.1
[INFO] finished tweaking crates.io crate bonzai 0.2.1
[INFO] tweaked toml for crates.io crate bonzai 0.2.1 written to /workspace/builds/worker-0/source/Cargo.toml
[INFO] running `Command { std: "/workspace/cargo-home/bin/cargo" "+beta-2020-07-24" "generate-lockfile" "--manifest-path" "Cargo.toml" "-Zno-index-update", kill_on_drop: false }`
[INFO] running `Command { std: "/workspace/cargo-home/bin/cargo" "+beta-2020-07-24" "fetch" "--locked" "--manifest-path" "Cargo.toml", kill_on_drop: false }`
[INFO] running `Command { std: "docker" "create" "-v" "/var/lib/crater-agent-workspace/builds/worker-0/target:/opt/rustwide/target:rw,Z" "-v" "/var/lib/crater-agent-workspace/builds/worker-0/source:/opt/rustwide/workdir:ro,Z" "-v" "/var/lib/crater-agent-workspace/cargo-home:/opt/rustwide/cargo-home:ro,Z" "-v" "/var/lib/crater-agent-workspace/rustup-home:/opt/rustwide/rustup-home:ro,Z" "-e" "SOURCE_DIR=/opt/rustwide/workdir" "-e" "CARGO_TARGET_DIR=/opt/rustwide/target" "-e" "CARGO_HOME=/opt/rustwide/cargo-home" "-e" "RUSTUP_HOME=/opt/rustwide/rustup-home" "-w" "/opt/rustwide/workdir" "-m" "1610612736" "--user" "0:0" "--network" "none" "rustops/crates-build-env@sha256:a636fd89d022f18117e1dc8fb37a0a009933cdbbe082814857f0e2024962d47c" "/opt/rustwide/cargo-home/bin/cargo" "+beta-2020-07-24" "metadata" "--no-deps" "--format-version=1", kill_on_drop: false }`
[INFO] [stdout] d3e14065671f2e834f381dfe335a15efd3a08c466d1818447ccbef40f1314a10
[INFO] [stderr] WARNING: Your kernel does not support swap limit capabilities or the cgroup is not mounted. Memory limited without swap.
[INFO] running `Command { std: "docker" "start" "-a" "d3e14065671f2e834f381dfe335a15efd3a08c466d1818447ccbef40f1314a10", kill_on_drop: false }`
[INFO] running `Command { std: "docker" "inspect" "d3e14065671f2e834f381dfe335a15efd3a08c466d1818447ccbef40f1314a10", kill_on_drop: false }`
[INFO] running `Command { std: "docker" "rm" "-f" "d3e14065671f2e834f381dfe335a15efd3a08c466d1818447ccbef40f1314a10", kill_on_drop: false }`
[INFO] [stdout] d3e14065671f2e834f381dfe335a15efd3a08c466d1818447ccbef40f1314a10
[INFO] running `Command { std: "docker" "create" "-v" "/var/lib/crater-agent-workspace/builds/worker-0/target:/opt/rustwide/target:rw,Z" "-v" "/var/lib/crater-agent-workspace/builds/worker-0/source:/opt/rustwide/workdir:ro,Z" "-v" "/var/lib/crater-agent-workspace/cargo-home:/opt/rustwide/cargo-home:ro,Z" "-v" "/var/lib/crater-agent-workspace/rustup-home:/opt/rustwide/rustup-home:ro,Z" "-e" "SOURCE_DIR=/opt/rustwide/workdir" "-e" "CARGO_TARGET_DIR=/opt/rustwide/target" "-e" "CARGO_INCREMENTAL=0" "-e" "RUST_BACKTRACE=full" "-e" "RUSTFLAGS=--cap-lints=forbid" "-e" "CARGO_HOME=/opt/rustwide/cargo-home" "-e" "RUSTUP_HOME=/opt/rustwide/rustup-home" "-w" "/opt/rustwide/workdir" "-m" "1610612736" "--user" "0:0" "--network" "none" "rustops/crates-build-env@sha256:a636fd89d022f18117e1dc8fb37a0a009933cdbbe082814857f0e2024962d47c" "/opt/rustwide/cargo-home/bin/cargo" "+beta-2020-07-24" "check" "--frozen" "--all" "--all-targets" "--message-format=json", kill_on_drop: false }`
[INFO] [stdout] 8aa709c275aabe01449265237a2932cda408f49d4f72300aeb71d1e6a6baed2a
[INFO] [stderr] WARNING: Your kernel does not support swap limit capabilities or the cgroup is not mounted. Memory limited without swap.
[INFO] running `Command { std: "docker" "start" "-a" "8aa709c275aabe01449265237a2932cda408f49d4f72300aeb71d1e6a6baed2a", kill_on_drop: false }`
[INFO] [stderr]     Blocking waiting for file lock on package cache
[INFO] [stderr]     Checking bonzai v0.2.1 (/opt/rustwide/workdir)
[INFO] [stdout] error[E0554]: `#![feature]` may not be used on the beta release channel
[INFO] [stdout]  --> src/lib.rs:1:1
[INFO] [stdout]   |
[INFO] [stdout] 1 | #![feature(fixed_size_array)]
[INFO] [stdout]   | ^^^^^^^^^^^^^^^^^^^^^^^^^^^^^
[INFO] [stdout] 
[INFO] [stdout] 
[INFO] [stdout] error[E0554]: `#![feature]` may not be used on the beta release channel
[INFO] [stdout]  --> src/lib.rs:2:1
[INFO] [stdout]   |
[INFO] [stdout] 2 | #![feature(optin_builtin_traits)]
[INFO] [stdout]   | ^^^^^^^^^^^^^^^^^^^^^^^^^^^^^^^^^
[INFO] [stdout] 
[INFO] [stdout] 
[INFO] [stdout] error[E0658]: negative trait bounds are not yet fully implemented; use marker types for now
[INFO] [stdout]    --> src/lib.rs:611:44
[INFO] [stdout]     |
[INFO] [stdout] 611 | impl<'tree, T, C: FixedSizeArray<ChildId>> !Send for TreeOperation<'tree, T, C> {}
[INFO] [stdout]     |                                            ^^^^^
[INFO] [stdout]     |
[INFO] [stdout]     = note: see issue #68318 <https://github.com/rust-lang/rust/issues/68318> for more information
[INFO] [stdout] 
[INFO] [stdout] 
[INFO] [stdout] error[E0658]: negative trait bounds are not yet fully implemented; use marker types for now
[INFO] [stdout]    --> src/lib.rs:612:44
[INFO] [stdout]     |
[INFO] [stdout] 612 | impl<'tree, T, C: FixedSizeArray<ChildId>> !Sync for TreeOperation<'tree, T, C> {}
[INFO] [stdout]     |                                            ^^^^^
[INFO] [stdout]     |
[INFO] [stdout]     = note: see issue #68318 <https://github.com/rust-lang/rust/issues/68318> for more information
[INFO] [stdout] 
[INFO] [stdout] 
[INFO] [stdout] error[E0658]: negative trait bounds are not yet fully implemented; use marker types for now
[INFO] [stdout]    --> src/lib.rs:737:58
[INFO] [stdout]     |
[INFO] [stdout] 737 | impl<'op, 'node, 't: 'op, T, C: FixedSizeArray<ChildId>> !Send for NodeWriteGuard<'op, 'node, 't, T, C> {}
[INFO] [stdout]     |                                                          ^^^^^
[INFO] [stdout]     |
[INFO] [stdout]     = note: see issue #68318 <https://github.com/rust-lang/rust/issues/68318> for more information
[INFO] [stdout] 
[INFO] [stdout] 
[INFO] [stdout] error[E0658]: negative trait bounds are not yet fully implemented; use marker types for now
[INFO] [stdout]    --> src/lib.rs:738:58
[INFO] [stdout]     |
[INFO] [stdout] 738 | impl<'op, 'node, 't: 'op, T, C: FixedSizeArray<ChildId>> !Sync for NodeWriteGuard<'op, 'node, 't, T, C> {}
[INFO] [stdout]     |                                                          ^^^^^
[INFO] [stdout]     |
[INFO] [stdout]     = note: see issue #68318 <https://github.com/rust-lang/rust/issues/68318> for more information
[INFO] [stdout] 
[INFO] [stdout] 
[INFO] [stdout] error[E0658]: negative trait bounds are not yet fully implemented; use marker types for now
[INFO] [stdout]     --> src/lib.rs:1135:58
[INFO] [stdout]      |
[INFO] [stdout] 1135 | impl<'op, 'node, 't: 'op, T, C: FixedSizeArray<ChildId>> !Send for ChildWriteGuard<'op, 'node, 't, T, C> {}
[INFO] [stdout]      |                                                          ^^^^^
[INFO] [stdout]      |
[INFO] [stdout]      = note: see issue #68318 <https://github.com/rust-lang/rust/issues/68318> for more information
[INFO] [stdout] 
[INFO] [stdout] 
[INFO] [stdout] error[E0658]: negative trait bounds are not yet fully implemented; use marker types for now
[INFO] [stdout]     --> src/lib.rs:1136:58
[INFO] [stdout]      |
[INFO] [stdout] 1136 | impl<'op, 'node, 't: 'op, T, C: FixedSizeArray<ChildId>> !Sync for ChildWriteGuard<'op, 'node, 't, T, C> {}
[INFO] [stdout]      |                                                          ^^^^^
[INFO] [stdout]      |
[INFO] [stdout]      = note: see issue #68318 <https://github.com/rust-lang/rust/issues/68318> for more information
[INFO] [stdout] 
[INFO] [stdout] 
[INFO] [stdout] error[E0554]: `#![feature]` may not be used on the beta release channel
[INFO] [stdout]  --> src/lib.rs:1:1
[INFO] [stdout]   |
[INFO] [stdout] 1 | #![feature(fixed_size_array)]
[INFO] [stdout]   | ^^^^^^^^^^^^^^^^^^^^^^^^^^^^^
[INFO] [stdout] 
[INFO] [stdout] 
[INFO] [stdout] error[E0554]: `#![feature]` may not be used on the beta release channel
[INFO] [stdout]  --> src/lib.rs:2:1
[INFO] [stdout]   |
[INFO] [stdout] 2 | #![feature(optin_builtin_traits)]
[INFO] [stdout]   | ^^^^^^^^^^^^^^^^^^^^^^^^^^^^^^^^^
[INFO] [stdout] 
[INFO] [stdout] 
[INFO] [stdout] error[E0658]: negative trait bounds are not yet fully implemented; use marker types for now
[INFO] [stdout]    --> src/lib.rs:611:44
[INFO] [stdout]     |
[INFO] [stdout] 611 | impl<'tree, T, C: FixedSizeArray<ChildId>> !Send for TreeOperation<'tree, T, C> {}
[INFO] [stdout]     |                                            ^^^^^
[INFO] [stdout]     |
[INFO] [stdout]     = note: see issue #68318 <https://github.com/rust-lang/rust/issues/68318> for more information
[INFO] [stdout] 
[INFO] [stdout] 
[INFO] [stdout] error[E0658]: negative trait bounds are not yet fully implemented; use marker types for now
[INFO] [stdout]    --> src/lib.rs:612:44
[INFO] [stdout]     |
[INFO] [stdout] 612 | impl<'tree, T, C: FixedSizeArray<ChildId>> !Sync for TreeOperation<'tree, T, C> {}
[INFO] [stdout]     |                                            ^^^^^
[INFO] [stdout]     |
[INFO] [stdout]     = note: see issue #68318 <https://github.com/rust-lang/rust/issues/68318> for more information
[INFO] [stdout] 
[INFO] [stdout] 
[INFO] [stdout] error[E0658]: negative trait bounds are not yet fully implemented; use marker types for now
[INFO] [stdout]    --> src/lib.rs:737:58
[INFO] [stdout]     |
[INFO] [stdout] 737 | impl<'op, 'node, 't: 'op, T, C: FixedSizeArray<ChildId>> !Send for NodeWriteGuard<'op, 'node, 't, T, C> {}
[INFO] [stdout]     |                                                          ^^^^^
[INFO] [stdout]     |
[INFO] [stdout]     = note: see issue #68318 <https://github.com/rust-lang/rust/issues/68318> for more information
[INFO] [stdout] 
[INFO] [stdout] 
[INFO] [stdout] error[E0658]: negative trait bounds are not yet fully implemented; use marker types for now
[INFO] [stdout]    --> src/lib.rs:738:58
[INFO] [stdout]     |
[INFO] [stdout] 738 | impl<'op, 'node, 't: 'op, T, C: FixedSizeArray<ChildId>> !Sync for NodeWriteGuard<'op, 'node, 't, T, C> {}
[INFO] [stdout]     |                                                          ^^^^^
[INFO] [stdout]     |
[INFO] [stdout]     = note: see issue #68318 <https://github.com/rust-lang/rust/issues/68318> for more information
[INFO] [stdout] 
[INFO] [stdout] 
[INFO] [stdout] error[E0658]: negative trait bounds are not yet fully implemented; use marker types for now
[INFO] [stdout]     --> src/lib.rs:1135:58
[INFO] [stdout]      |
[INFO] [stdout] 1135 | impl<'op, 'node, 't: 'op, T, C: FixedSizeArray<ChildId>> !Send for ChildWriteGuard<'op, 'node, 't, T, C> {}
[INFO] [stdout]      |                                                          ^^^^^
[INFO] [stdout]      |
[INFO] [stdout]      = note: see issue #68318 <https://github.com/rust-lang/rust/issues/68318> for more information
[INFO] [stdout] 
[INFO] [stdout] 
[INFO] [stdout] error[E0658]: negative trait bounds are not yet fully implemented; use marker types for now
[INFO] [stdout]     --> src/lib.rs:1136:58
[INFO] [stdout]      |
[INFO] [stdout] 1136 | impl<'op, 'node, 't: 'op, T, C: FixedSizeArray<ChildId>> !Sync for ChildWriteGuard<'op, 'node, 't, T, C> {}
[INFO] [stdout]      |                                                          ^^^^^
[INFO] [stdout]      |
[INFO] [stdout]      = note: see issue #68318 <https://github.com/rust-lang/rust/issues/68318> for more information
[INFO] [stdout] 
[INFO] [stdout] 
[INFO] [stdout] warning: unused import: `super::*`
[INFO] [stdout]  --> src/test.rs:2:5
[INFO] [stdout]   |
[INFO] [stdout] 2 | use super::*;
[INFO] [stdout]   |     ^^^^^^^^
[INFO] [stdout]   |
[INFO] [stdout]   = note: `#[warn(unused_imports)]` on by default
[INFO] [stdout] 
[INFO] [stdout] 
[INFO] [stdout] warning: use of deprecated item 'std::mem::uninitialized': use `mem::MaybeUninit` instead
[INFO] [stdout]    --> src/lib.rs:127:31
[INFO] [stdout]     |
[INFO] [stdout] 127 |         let mut children: C = mem::uninitialized();
[INFO] [stdout]     |                               ^^^^^^^^^^^^^^^^^^
[INFO] [stdout]     |
[INFO] [stdout]     = note: `#[warn(deprecated)]` on by default
[INFO] [stdout] 
[INFO] [stdout] 
[INFO] [stdout] warning: use of deprecated item 'std::mem::uninitialized': use `mem::MaybeUninit` instead
[INFO] [stdout]    --> src/lib.rs:961:32
[INFO] [stdout]     |
[INFO] [stdout] 961 |                 let array: C = mem::uninitialized();
[INFO] [stdout]     |                                ^^^^^^^^^^^^^^^^^^
[INFO] [stdout] 
[INFO] [stdout] 
[INFO] [stdout] warning: use of deprecated item 'std::mem::uninitialized': use `mem::MaybeUninit` instead
[INFO] [stdout]    --> src/lib.rs:985:32
[INFO] [stdout]     |
[INFO] [stdout] 985 |                 let array: C = mem::uninitialized();
[INFO] [stdout]     |                                ^^^^^^^^^^^^^^^^^^
[INFO] [stdout] 
[INFO] [stdout] 
[INFO] [stdout] warning: use of deprecated item 'std::mem::uninitialized': use `mem::MaybeUninit` instead
[INFO] [stdout]    --> src/lib.rs:127:31
[INFO] [stdout]     |
[INFO] [stdout] 127 |         let mut children: C = mem::uninitialized();
[INFO] [stdout]     |                               ^^^^^^^^^^^^^^^^^^
[INFO] [stdout]     |
[INFO] [stdout]     = note: `#[warn(deprecated)]` on by default
[INFO] [stdout] 
[INFO] [stdout] 
[INFO] [stdout] warning: use of deprecated item 'std::mem::uninitialized': use `mem::MaybeUninit` instead
[INFO] [stdout]    --> src/lib.rs:961:32
[INFO] [stdout]     |
[INFO] [stdout] 961 |                 let array: C = mem::uninitialized();
[INFO] [stdout]     |                                ^^^^^^^^^^^^^^^^^^
[INFO] [stdout] 
[INFO] [stdout] 
[INFO] [stdout] warning: use of deprecated item 'std::mem::uninitialized': use `mem::MaybeUninit` instead
[INFO] [stdout]    --> src/lib.rs:985:32
[INFO] [stdout]     |
[INFO] [stdout] 985 |                 let array: C = mem::uninitialized();
[INFO] [stdout]     |                                ^^^^^^^^^^^^^^^^^^
[INFO] [stdout] 
[INFO] [stdout] 
[INFO] [stdout] error: aborting due to 8 previous errors; 4 warnings emitted
[INFO] [stdout] 
[INFO] [stdout] 
[INFO] [stdout] Some errors have detailed explanations: E0554, E0658.
[INFO] [stdout] 
[INFO] [stdout] For more information about an error, try `rustc --explain E0554`.
[INFO] [stdout] 
[INFO] [stderr] error: could not compile `bonzai`.
[INFO] [stderr] 
[INFO] [stderr] To learn more, run the command again with --verbose.
[INFO] [stderr] warning: build failed, waiting for other jobs to finish...
[INFO] [stdout] error: aborting due to 8 previous errors; 3 warnings emitted
[INFO] [stdout] 
[INFO] [stdout] 
[INFO] [stdout] Some errors have detailed explanations: E0554, E0658.
[INFO] [stdout] 
[INFO] [stdout] For more information about an error, try `rustc --explain E0554`.
[INFO] [stdout] 
[INFO] [stderr] error: build failed
[INFO] running `Command { std: "docker" "inspect" "8aa709c275aabe01449265237a2932cda408f49d4f72300aeb71d1e6a6baed2a", kill_on_drop: false }`
[INFO] running `Command { std: "docker" "rm" "-f" "8aa709c275aabe01449265237a2932cda408f49d4f72300aeb71d1e6a6baed2a", kill_on_drop: false }`
[INFO] [stdout] 8aa709c275aabe01449265237a2932cda408f49d4f72300aeb71d1e6a6baed2a
