[INFO] fetching crate binwrite_derive 0.2.1...
[INFO] checking binwrite_derive-0.2.1 against beta-2020-07-24 for pr-75494-beta
[INFO] extracting crate binwrite_derive 0.2.1 into /workspace/builds/worker-8/source
[INFO] validating manifest of crates.io crate binwrite_derive 0.2.1 on toolchain beta-2020-07-24
[INFO] running `Command { std: "/workspace/cargo-home/bin/cargo" "+beta-2020-07-24" "read-manifest" "--manifest-path" "Cargo.toml", kill_on_drop: false }`
[INFO] started tweaking crates.io crate binwrite_derive 0.2.1
[INFO] finished tweaking crates.io crate binwrite_derive 0.2.1
[INFO] tweaked toml for crates.io crate binwrite_derive 0.2.1 written to /workspace/builds/worker-8/source/Cargo.toml
[INFO] running `Command { std: "/workspace/cargo-home/bin/cargo" "+beta-2020-07-24" "generate-lockfile" "--manifest-path" "Cargo.toml" "-Zno-index-update", kill_on_drop: false }`
[INFO] running `Command { std: "/workspace/cargo-home/bin/cargo" "+beta-2020-07-24" "fetch" "--locked" "--manifest-path" "Cargo.toml", kill_on_drop: false }`
[INFO] running `Command { std: "docker" "create" "-v" "/var/lib/crater-agent-workspace/builds/worker-8/target:/opt/rustwide/target:rw,Z" "-v" "/var/lib/crater-agent-workspace/builds/worker-8/source:/opt/rustwide/workdir:ro,Z" "-v" "/var/lib/crater-agent-workspace/cargo-home:/opt/rustwide/cargo-home:ro,Z" "-v" "/var/lib/crater-agent-workspace/rustup-home:/opt/rustwide/rustup-home:ro,Z" "-e" "SOURCE_DIR=/opt/rustwide/workdir" "-e" "CARGO_TARGET_DIR=/opt/rustwide/target" "-e" "CARGO_HOME=/opt/rustwide/cargo-home" "-e" "RUSTUP_HOME=/opt/rustwide/rustup-home" "-w" "/opt/rustwide/workdir" "-m" "1610612736" "--user" "0:0" "--network" "none" "rustops/crates-build-env@sha256:a636fd89d022f18117e1dc8fb37a0a009933cdbbe082814857f0e2024962d47c" "/opt/rustwide/cargo-home/bin/cargo" "+beta-2020-07-24" "metadata" "--no-deps" "--format-version=1", kill_on_drop: false }`
[INFO] [stdout] d9c9490356b94da0a146cbf28a9dcb22bc97812baa32ad82cd1f9a3c5f684de9
[INFO] [stderr] WARNING: Your kernel does not support swap limit capabilities or the cgroup is not mounted. Memory limited without swap.
[INFO] running `Command { std: "docker" "start" "-a" "d9c9490356b94da0a146cbf28a9dcb22bc97812baa32ad82cd1f9a3c5f684de9", kill_on_drop: false }`
[INFO] running `Command { std: "docker" "inspect" "d9c9490356b94da0a146cbf28a9dcb22bc97812baa32ad82cd1f9a3c5f684de9", kill_on_drop: false }`
[INFO] running `Command { std: "docker" "rm" "-f" "d9c9490356b94da0a146cbf28a9dcb22bc97812baa32ad82cd1f9a3c5f684de9", kill_on_drop: false }`
[INFO] [stdout] d9c9490356b94da0a146cbf28a9dcb22bc97812baa32ad82cd1f9a3c5f684de9
[INFO] running `Command { std: "docker" "create" "-v" "/var/lib/crater-agent-workspace/builds/worker-8/target:/opt/rustwide/target:rw,Z" "-v" "/var/lib/crater-agent-workspace/builds/worker-8/source:/opt/rustwide/workdir:ro,Z" "-v" "/var/lib/crater-agent-workspace/cargo-home:/opt/rustwide/cargo-home:ro,Z" "-v" "/var/lib/crater-agent-workspace/rustup-home:/opt/rustwide/rustup-home:ro,Z" "-e" "SOURCE_DIR=/opt/rustwide/workdir" "-e" "CARGO_TARGET_DIR=/opt/rustwide/target" "-e" "CARGO_INCREMENTAL=0" "-e" "RUST_BACKTRACE=full" "-e" "RUSTFLAGS=--cap-lints=forbid" "-e" "CARGO_HOME=/opt/rustwide/cargo-home" "-e" "RUSTUP_HOME=/opt/rustwide/rustup-home" "-w" "/opt/rustwide/workdir" "-m" "1610612736" "--user" "0:0" "--network" "none" "rustops/crates-build-env@sha256:a636fd89d022f18117e1dc8fb37a0a009933cdbbe082814857f0e2024962d47c" "/opt/rustwide/cargo-home/bin/cargo" "+beta-2020-07-24" "check" "--frozen" "--all" "--all-targets" "--message-format=json", kill_on_drop: false }`
[INFO] [stdout] 38bf3f4a1dc6b89fce31363d419a8049e7e283d88d4b11ce44dbd13ad108b5d4
[INFO] [stderr] WARNING: Your kernel does not support swap limit capabilities or the cgroup is not mounted. Memory limited without swap.
[INFO] running `Command { std: "docker" "start" "-a" "38bf3f4a1dc6b89fce31363d419a8049e7e283d88d4b11ce44dbd13ad108b5d4", kill_on_drop: false }`
[INFO] [stderr]    Compiling syn v1.0.38
[INFO] [stderr]     Checking unicode-xid v0.2.1
[INFO] [stderr]    Compiling build_const v0.2.1
[INFO] [stderr]     Checking proc-macro2 v1.0.19
[INFO] [stderr]    Compiling crc v1.8.1
[INFO] [stderr]     Checking quote v1.0.7
[INFO] [stderr]     Checking binwrite_derive v0.2.1 (/opt/rustwide/workdir)
[INFO] [stdout] error[E0432]: unresolved import `binwrite`
[INFO] [stdout]  --> tests/derive_test.rs:2:5
[INFO] [stdout]   |
[INFO] [stdout] 2 | use binwrite::*;
[INFO] [stdout]   |     ^^^^^^^^ use of undeclared type or module `binwrite`
[INFO] [stdout] 
[INFO] [stdout] 
[INFO] [stdout] error[E0432]: unresolved import `binwrite`
[INFO] [stdout]   --> tests/derive_test.rs:12:9
[INFO] [stdout]    |
[INFO] [stdout] 12 |     use binwrite::{WriterOption, BinWrite};
[INFO] [stdout]    |         ^^^^^^^^ use of undeclared type or module `binwrite`
[INFO] [stdout] 
[INFO] [stdout] 
[INFO] [stdout] error[E0433]: failed to resolve: could not find `binwrite` in `{{root}}`
[INFO] [stdout]   --> tests/derive_test.rs:27:10
[INFO] [stdout]    |
[INFO] [stdout] 27 | #[derive(BinWrite)]
[INFO] [stdout]    |          ^^^^^^^^ could not find `binwrite` in `{{root}}`
[INFO] [stdout]    |
[INFO] [stdout]    = note: this error originates in a derive macro (in Nightly builds, run with -Z macro-backtrace for more info)
[INFO] [stdout] 
[INFO] [stdout] 
[INFO] [stdout] error[E0433]: failed to resolve: could not find `binwrite` in `{{root}}`
[INFO] [stdout]   --> tests/derive_test.rs:88:10
[INFO] [stdout]    |
[INFO] [stdout] 88 | #[derive(BinWrite)]
[INFO] [stdout]    |          ^^^^^^^^ could not find `binwrite` in `{{root}}`
[INFO] [stdout]    |
[INFO] [stdout]    = note: this error originates in a derive macro (in Nightly builds, run with -Z macro-backtrace for more info)
[INFO] [stdout] 
[INFO] [stdout] 
[INFO] [stderr] error: could not compile `binwrite_derive`.
[INFO] [stdout] error: aborting due to 4 previous errors
[INFO] [stdout] 
[INFO] [stdout] 
[INFO] [stderr] 
[INFO] [stdout] Some errors have detailed explanations: E0432, E0433.
[INFO] [stdout] 
[INFO] [stderr] To learn more, run the command again with --verbose.
[INFO] [stdout] For more information about an error, try `rustc --explain E0432`.
[INFO] [stdout] 
[INFO] running `Command { std: "docker" "inspect" "38bf3f4a1dc6b89fce31363d419a8049e7e283d88d4b11ce44dbd13ad108b5d4", kill_on_drop: false }`
[INFO] running `Command { std: "docker" "rm" "-f" "38bf3f4a1dc6b89fce31363d419a8049e7e283d88d4b11ce44dbd13ad108b5d4", kill_on_drop: false }`
[INFO] [stdout] 38bf3f4a1dc6b89fce31363d419a8049e7e283d88d4b11ce44dbd13ad108b5d4
