[INFO] fetching crate azul-webrender 0.61.0...
[INFO] checking azul-webrender-0.61.0 against beta-2020-07-24 for pr-75494-beta
[INFO] extracting crate azul-webrender 0.61.0 into /workspace/builds/worker-13/source
[INFO] validating manifest of crates.io crate azul-webrender 0.61.0 on toolchain beta-2020-07-24
[INFO] running `Command { std: "/workspace/cargo-home/bin/cargo" "+beta-2020-07-24" "read-manifest" "--manifest-path" "Cargo.toml", kill_on_drop: false }`
[INFO] started tweaking crates.io crate azul-webrender 0.61.0
[INFO] finished tweaking crates.io crate azul-webrender 0.61.0
[INFO] tweaked toml for crates.io crate azul-webrender 0.61.0 written to /workspace/builds/worker-13/source/Cargo.toml
[INFO] running `Command { std: "/workspace/cargo-home/bin/cargo" "+beta-2020-07-24" "generate-lockfile" "--manifest-path" "Cargo.toml" "-Zno-index-update", kill_on_drop: false }`
[INFO] running `Command { std: "/workspace/cargo-home/bin/cargo" "+beta-2020-07-24" "fetch" "--locked" "--manifest-path" "Cargo.toml", kill_on_drop: false }`
[INFO] running `Command { std: "docker" "create" "-v" "/var/lib/crater-agent-workspace/builds/worker-13/target:/opt/rustwide/target:rw,Z" "-v" "/var/lib/crater-agent-workspace/builds/worker-13/source:/opt/rustwide/workdir:ro,Z" "-v" "/var/lib/crater-agent-workspace/cargo-home:/opt/rustwide/cargo-home:ro,Z" "-v" "/var/lib/crater-agent-workspace/rustup-home:/opt/rustwide/rustup-home:ro,Z" "-e" "SOURCE_DIR=/opt/rustwide/workdir" "-e" "CARGO_TARGET_DIR=/opt/rustwide/target" "-e" "CARGO_HOME=/opt/rustwide/cargo-home" "-e" "RUSTUP_HOME=/opt/rustwide/rustup-home" "-w" "/opt/rustwide/workdir" "-m" "1610612736" "--user" "0:0" "--network" "none" "rustops/crates-build-env@sha256:a636fd89d022f18117e1dc8fb37a0a009933cdbbe082814857f0e2024962d47c" "/opt/rustwide/cargo-home/bin/cargo" "+beta-2020-07-24" "metadata" "--no-deps" "--format-version=1", kill_on_drop: false }`
[INFO] [stdout] 8a5182783468b926bbe6ec8c929237a3f0278616e76efa68955e510262a7108a
[INFO] [stderr] WARNING: Your kernel does not support swap limit capabilities or the cgroup is not mounted. Memory limited without swap.
[INFO] running `Command { std: "docker" "start" "-a" "8a5182783468b926bbe6ec8c929237a3f0278616e76efa68955e510262a7108a", kill_on_drop: false }`
[INFO] running `Command { std: "docker" "inspect" "8a5182783468b926bbe6ec8c929237a3f0278616e76efa68955e510262a7108a", kill_on_drop: false }`
[INFO] running `Command { std: "docker" "rm" "-f" "8a5182783468b926bbe6ec8c929237a3f0278616e76efa68955e510262a7108a", kill_on_drop: false }`
[INFO] [stdout] 8a5182783468b926bbe6ec8c929237a3f0278616e76efa68955e510262a7108a
[INFO] running `Command { std: "docker" "create" "-v" "/var/lib/crater-agent-workspace/builds/worker-13/target:/opt/rustwide/target:rw,Z" "-v" "/var/lib/crater-agent-workspace/builds/worker-13/source:/opt/rustwide/workdir:ro,Z" "-v" "/var/lib/crater-agent-workspace/cargo-home:/opt/rustwide/cargo-home:ro,Z" "-v" "/var/lib/crater-agent-workspace/rustup-home:/opt/rustwide/rustup-home:ro,Z" "-e" "SOURCE_DIR=/opt/rustwide/workdir" "-e" "CARGO_TARGET_DIR=/opt/rustwide/target" "-e" "CARGO_INCREMENTAL=0" "-e" "RUST_BACKTRACE=full" "-e" "RUSTFLAGS=--cap-lints=forbid" "-e" "CARGO_HOME=/opt/rustwide/cargo-home" "-e" "RUSTUP_HOME=/opt/rustwide/rustup-home" "-w" "/opt/rustwide/workdir" "-m" "1610612736" "--user" "0:0" "--network" "none" "rustops/crates-build-env@sha256:a636fd89d022f18117e1dc8fb37a0a009933cdbbe082814857f0e2024962d47c" "/opt/rustwide/cargo-home/bin/cargo" "+beta-2020-07-24" "check" "--frozen" "--all" "--all-targets" "--message-format=json", kill_on_drop: false }`
[INFO] [stdout] 916c90b65fe3f9003be096d30a6e72da132bfe8387a3090e55b8d43060daa34a
[INFO] [stderr] WARNING: Your kernel does not support swap limit capabilities or the cgroup is not mounted. Memory limited without swap.
[INFO] running `Command { std: "docker" "start" "-a" "916c90b65fe3f9003be096d30a6e72da132bfe8387a3090e55b8d43060daa34a", kill_on_drop: false }`
[INFO] [stderr]     Blocking waiting for file lock on package cache
[INFO] [stderr]    Compiling syn v1.0.39
[INFO] [stderr]    Compiling serde v1.0.115
[INFO] [stderr]    Compiling bitflags v1.2.1
[INFO] [stderr]    Compiling maybe-uninit v2.0.0
[INFO] [stderr]    Compiling khronos_api v3.1.0
[INFO] [stderr]     Checking scopeguard v1.1.0
[INFO] [stderr]    Compiling pkg-config v0.3.18
[INFO] [stderr]    Compiling xml-rs v0.8.3
[INFO] [stderr]    Compiling rayon-core v1.7.1
[INFO] [stderr]    Compiling same-file v1.0.6
[INFO] [stderr]    Compiling procedural-masquerade v0.1.7
[INFO] [stderr]     Checking binary-space-partition v0.1.2
[INFO] [stderr]     Checking either v1.6.0
[INFO] [stderr]     Checking svg_fmt v0.4.1
[INFO] [stderr]     Checking tracy-rs v0.1.2
[INFO] [stderr]     Checking smallvec v1.4.2
[INFO] [stderr]    Compiling num-traits v0.2.12
[INFO] [stderr]    Compiling crossbeam-utils v0.7.2
[INFO] [stderr]    Compiling memoffset v0.5.5
[INFO] [stderr]    Compiling crossbeam-epoch v0.8.2
[INFO] [stderr]    Compiling rayon v1.3.1
[INFO] [stderr]    Compiling walkdir v2.3.1
[INFO] [stderr]    Compiling jobserver v0.1.21
[INFO] [stderr]     Checking num_cpus v1.13.0
[INFO] [stderr]     Checking rand v0.4.6
[INFO] [stderr]     Checking fxhash v0.2.1
[INFO] [stderr]    Compiling azul-webrender-build v0.0.1
[INFO] [stderr]    Compiling cc v1.0.59
[INFO] [stderr]    Compiling azul-webrender v0.61.0 (/opt/rustwide/workdir)
[INFO] [stderr]    Compiling gl_generator v0.14.0
[INFO] [stderr]     Checking crossbeam-queue v0.2.3
[INFO] [stderr]     Checking crossbeam-deque v0.7.3
[INFO] [stderr]    Compiling cmake v0.1.44
[INFO] [stderr]    Compiling servo-freetype-sys v4.0.5
[INFO] [stderr]    Compiling mozangle v0.3.1
[INFO] [stderr]    Compiling gleam v0.11.0
[INFO] [stderr]     Checking freetype v0.4.1
[INFO] [stderr] error: could not compile `syn`.
[INFO] [stderr] 
[INFO] [stderr] Caused by:
[INFO] [stderr]   process didn't exit successfully: `rustc --crate-name syn --edition=2018 /opt/rustwide/cargo-home/registry/src/github.com-1ecc6299db9ec823/syn-1.0.39/src/lib.rs --error-format=json --json=diagnostic-rendered-ansi,artifacts --crate-type lib --emit=dep-info,metadata,link -Cembed-bitcode=no -C debuginfo=2 --cfg 'feature="clone-impls"' --cfg 'feature="default"' --cfg 'feature="derive"' --cfg 'feature="extra-traits"' --cfg 'feature="full"' --cfg 'feature="parsing"' --cfg 'feature="printing"' --cfg 'feature="proc-macro"' --cfg 'feature="quote"' --cfg 'feature="visit"' -C metadata=b74a3cd011d654cd -C extra-filename=-b74a3cd011d654cd --out-dir /opt/rustwide/target/debug/deps -L dependency=/opt/rustwide/target/debug/deps --extern proc_macro2=/opt/rustwide/target/debug/deps/libproc_macro2-71c5aa24984e0547.rmeta --extern quote=/opt/rustwide/target/debug/deps/libquote-86659819dd43cd20.rmeta --extern unicode_xid=/opt/rustwide/target/debug/deps/libunicode_xid-b888af50774a486c.rmeta --cap-lints allow --cap-lints=forbid --cfg syn_disable_nightly_tests` (signal: 9, SIGKILL: kill)
[INFO] [stderr] warning: build failed, waiting for other jobs to finish...
[INFO] [stderr] The following warnings were emitted during compilation:
[INFO] [stderr] 
[INFO] [stderr] warning: c++: fatal error: Killed signal terminated program cc1plus
[INFO] [stderr] warning: compilation terminated.
[INFO] [stderr] warning: c++: fatal error: Killed signal terminated program cc1plus
[INFO] [stderr] warning: compilation terminated.
[INFO] [stderr] warning: c++: fatal error: Killed signal terminated program cc1plus
[INFO] [stderr] warning: compilation terminated.
[INFO] [stderr] 
[INFO] [stderr] error: build failed
[INFO] running `Command { std: "docker" "inspect" "916c90b65fe3f9003be096d30a6e72da132bfe8387a3090e55b8d43060daa34a", kill_on_drop: false }`
[INFO] running `Command { std: "docker" "rm" "-f" "916c90b65fe3f9003be096d30a6e72da132bfe8387a3090e55b8d43060daa34a", kill_on_drop: false }`
[INFO] [stdout] 916c90b65fe3f9003be096d30a6e72da132bfe8387a3090e55b8d43060daa34a
