[INFO] fetching crate ao 0.6.1...
[INFO] checking ao-0.6.1 against beta-2020-07-24 for pr-75494-beta
[INFO] extracting crate ao 0.6.1 into /workspace/builds/worker-7/source
[INFO] validating manifest of crates.io crate ao 0.6.1 on toolchain beta-2020-07-24
[INFO] running `Command { std: "/workspace/cargo-home/bin/cargo" "+beta-2020-07-24" "read-manifest" "--manifest-path" "Cargo.toml", kill_on_drop: false }`
[INFO] started tweaking crates.io crate ao 0.6.1
[INFO] finished tweaking crates.io crate ao 0.6.1
[INFO] tweaked toml for crates.io crate ao 0.6.1 written to /workspace/builds/worker-7/source/Cargo.toml
[INFO] running `Command { std: "/workspace/cargo-home/bin/cargo" "+beta-2020-07-24" "generate-lockfile" "--manifest-path" "Cargo.toml" "-Zno-index-update", kill_on_drop: false }`
[INFO] running `Command { std: "/workspace/cargo-home/bin/cargo" "+beta-2020-07-24" "fetch" "--locked" "--manifest-path" "Cargo.toml", kill_on_drop: false }`
[INFO] running `Command { std: "docker" "create" "-v" "/var/lib/crater-agent-workspace/builds/worker-7/target:/opt/rustwide/target:rw,Z" "-v" "/var/lib/crater-agent-workspace/builds/worker-7/source:/opt/rustwide/workdir:ro,Z" "-v" "/var/lib/crater-agent-workspace/cargo-home:/opt/rustwide/cargo-home:ro,Z" "-v" "/var/lib/crater-agent-workspace/rustup-home:/opt/rustwide/rustup-home:ro,Z" "-e" "SOURCE_DIR=/opt/rustwide/workdir" "-e" "CARGO_TARGET_DIR=/opt/rustwide/target" "-e" "CARGO_HOME=/opt/rustwide/cargo-home" "-e" "RUSTUP_HOME=/opt/rustwide/rustup-home" "-w" "/opt/rustwide/workdir" "-m" "1610612736" "--user" "0:0" "--network" "none" "rustops/crates-build-env@sha256:a636fd89d022f18117e1dc8fb37a0a009933cdbbe082814857f0e2024962d47c" "/opt/rustwide/cargo-home/bin/cargo" "+beta-2020-07-24" "metadata" "--no-deps" "--format-version=1", kill_on_drop: false }`
[INFO] [stdout] d4ce6e966c8698d9a498c50a2aa39896bc4e261cf7a8694c44e5a4da6416899c
[INFO] [stderr] WARNING: Your kernel does not support swap limit capabilities or the cgroup is not mounted. Memory limited without swap.
[INFO] running `Command { std: "docker" "start" "-a" "d4ce6e966c8698d9a498c50a2aa39896bc4e261cf7a8694c44e5a4da6416899c", kill_on_drop: false }`
[INFO] running `Command { std: "docker" "inspect" "d4ce6e966c8698d9a498c50a2aa39896bc4e261cf7a8694c44e5a4da6416899c", kill_on_drop: false }`
[INFO] running `Command { std: "docker" "rm" "-f" "d4ce6e966c8698d9a498c50a2aa39896bc4e261cf7a8694c44e5a4da6416899c", kill_on_drop: false }`
[INFO] [stdout] d4ce6e966c8698d9a498c50a2aa39896bc4e261cf7a8694c44e5a4da6416899c
[INFO] running `Command { std: "docker" "create" "-v" "/var/lib/crater-agent-workspace/builds/worker-7/target:/opt/rustwide/target:rw,Z" "-v" "/var/lib/crater-agent-workspace/builds/worker-7/source:/opt/rustwide/workdir:ro,Z" "-v" "/var/lib/crater-agent-workspace/cargo-home:/opt/rustwide/cargo-home:ro,Z" "-v" "/var/lib/crater-agent-workspace/rustup-home:/opt/rustwide/rustup-home:ro,Z" "-e" "SOURCE_DIR=/opt/rustwide/workdir" "-e" "CARGO_TARGET_DIR=/opt/rustwide/target" "-e" "CARGO_INCREMENTAL=0" "-e" "RUST_BACKTRACE=full" "-e" "RUSTFLAGS=--cap-lints=forbid" "-e" "CARGO_HOME=/opt/rustwide/cargo-home" "-e" "RUSTUP_HOME=/opt/rustwide/rustup-home" "-w" "/opt/rustwide/workdir" "-m" "1610612736" "--user" "0:0" "--network" "none" "rustops/crates-build-env@sha256:a636fd89d022f18117e1dc8fb37a0a009933cdbbe082814857f0e2024962d47c" "/opt/rustwide/cargo-home/bin/cargo" "+beta-2020-07-24" "check" "--frozen" "--all" "--all-targets" "--message-format=json", kill_on_drop: false }`
[INFO] [stdout] 71861336dbe010367011cff2fc12ad5b367e5ad4406711a080725042844cdeb4
[INFO] [stderr] WARNING: Your kernel does not support swap limit capabilities or the cgroup is not mounted. Memory limited without swap.
[INFO] running `Command { std: "docker" "start" "-a" "71861336dbe010367011cff2fc12ad5b367e5ad4406711a080725042844cdeb4", kill_on_drop: false }`
[INFO] [stderr]     Checking ao v0.6.1 (/opt/rustwide/workdir)
[INFO] [stdout] warning: use of deprecated item 'try': use the `?` operator instead
[INFO] [stdout]    --> src/auto.rs:171:32
[INFO] [stdout]     |
[INFO] [stdout] 171 |             self.device = Some(try!(
[INFO] [stdout]     |                                ^^^
[INFO] [stdout]     |
[INFO] [stdout]     = note: `#[warn(deprecated)]` on by default
[INFO] [stdout] 
[INFO] [stdout] 
[INFO] [stdout] warning: use of deprecated item 'try': use the `?` operator instead
[INFO] [stdout]    --> src/auto.rs:171:32
[INFO] [stdout]     |
[INFO] [stdout] 171 |             self.device = Some(try!(
[INFO] [stdout]     |                                ^^^
[INFO] [stdout]     |
[INFO] [stdout]     = note: `#[warn(deprecated)]` on by default
[INFO] [stdout] 
[INFO] [stdout] 
[INFO] [stdout] warning: trait objects without an explicit `dyn` are deprecated
[INFO] [stdout]    --> src/auto.rs:148:35
[INFO] [stdout]     |
[INFO] [stdout] 148 |     pub fn play(&mut self, data: &SampleBuffer) -> AoResult<()> {
[INFO] [stdout]     |                                   ^^^^^^^^^^^^ help: use `dyn`: `dyn SampleBuffer`
[INFO] [stdout]     |
[INFO] [stdout]     = note: `#[warn(bare_trait_objects)]` on by default
[INFO] [stdout] 
[INFO] [stdout] 
[INFO] [stdout] warning: trait objects without an explicit `dyn` are deprecated
[INFO] [stdout]    --> src/auto.rs:148:35
[INFO] [stdout]     |
[INFO] [stdout] 148 |     pub fn play(&mut self, data: &SampleBuffer) -> AoResult<()> {
[INFO] [stdout]     |                                   ^^^^^^^^^^^^ help: use `dyn`: `dyn SampleBuffer`
[INFO] [stdout]     |
[INFO] [stdout]     = note: `#[warn(bare_trait_objects)]` on by default
[INFO] [stdout] 
[INFO] [stdout] 
[INFO] [stdout] error[E0518]: attribute should be applied to function or closure
[INFO] [stdout]    --> src/lib.rs:143:9
[INFO] [stdout]     |
[INFO] [stdout] 143 |           #[inline]
[INFO] [stdout]     |           ^^^^^^^^^
[INFO] [stdout] 144 | /         impl Sample for $t {
[INFO] [stdout] 145 | |             fn channels(&self) -> usize { 1 }
[INFO] [stdout] 146 | |         }
[INFO] [stdout]     | |_________- not a function or closure
[INFO] [stdout] ...
[INFO] [stdout] 155 |   sample_impl!(i8);
[INFO] [stdout]     |   ----------------- in this macro invocation
[INFO] [stdout]     |
[INFO] [stdout]     = note: this error originates in a macro (in Nightly builds, run with -Z macro-backtrace for more info)
[INFO] [stdout] 
[INFO] [stdout] 
[INFO] [stdout] error[E0518]: attribute should be applied to function or closure
[INFO] [stdout]    --> src/lib.rs:143:9
[INFO] [stdout]     |
[INFO] [stdout] 143 |           #[inline]
[INFO] [stdout]     |           ^^^^^^^^^
[INFO] [stdout] 144 | /         impl Sample for $t {
[INFO] [stdout] 145 | |             fn channels(&self) -> usize { 1 }
[INFO] [stdout] 146 | |         }
[INFO] [stdout]     | |_________- not a function or closure
[INFO] [stdout] ...
[INFO] [stdout] 155 |   sample_impl!(i8);
[INFO] [stdout]     |   ----------------- in this macro invocation
[INFO] [stdout]     |
[INFO] [stdout]     = note: this error originates in a macro (in Nightly builds, run with -Z macro-backtrace for more info)
[INFO] [stdout] 
[INFO] [stdout] 
[INFO] [stdout] error[E0518]: attribute should be applied to function or closure
[INFO] [stdout]    --> src/lib.rs:143:9
[INFO] [stdout]     |
[INFO] [stdout] 143 |           #[inline]
[INFO] [stdout]     |           ^^^^^^^^^
[INFO] [stdout] 144 | /         impl Sample for $t {
[INFO] [stdout] 145 | |             fn channels(&self) -> usize { 1 }
[INFO] [stdout] 146 | |         }
[INFO] [stdout]     | |_________- not a function or closure
[INFO] [stdout] ...
[INFO] [stdout] 156 |   sample_impl!(i16);
[INFO] [stdout]     |   ------------------ in this macro invocation
[INFO] [stdout]     |
[INFO] [stdout]     = note: this error originates in a macro (in Nightly builds, run with -Z macro-backtrace for more info)
[INFO] [stdout] 
[INFO] [stdout] 
[INFO] [stdout] error[E0518]: attribute should be applied to function or closure
[INFO] [stdout]    --> src/lib.rs:143:9
[INFO] [stdout]     |
[INFO] [stdout] 143 |           #[inline]
[INFO] [stdout]     |           ^^^^^^^^^
[INFO] [stdout] 144 | /         impl Sample for $t {
[INFO] [stdout] 145 | |             fn channels(&self) -> usize { 1 }
[INFO] [stdout] 146 | |         }
[INFO] [stdout]     | |_________- not a function or closure
[INFO] [stdout] ...
[INFO] [stdout] 157 |   sample_impl!(i32);
[INFO] [stdout]     |   ------------------ in this macro invocation
[INFO] [stdout]     |
[INFO] [stdout]     = note: this error originates in a macro (in Nightly builds, run with -Z macro-backtrace for more info)
[INFO] [stdout] 
[INFO] [stdout] 
[INFO] [stdout] error[E0518]: attribute should be applied to function or closure
[INFO] [stdout]    --> src/lib.rs:149:9
[INFO] [stdout]     |
[INFO] [stdout] 149 |           #[inline]
[INFO] [stdout]     |           ^^^^^^^^^
[INFO] [stdout] 150 | /         impl<S: Sample> Sample for [S; $w] {
[INFO] [stdout] 151 | |             fn channels(&self) -> usize { $w }
[INFO] [stdout] 152 | |         }
[INFO] [stdout]     | |_________- not a function or closure
[INFO] [stdout] ...
[INFO] [stdout] 158 |   sample_impl!(channels 2);
[INFO] [stdout]     |   ------------------------- in this macro invocation
[INFO] [stdout]     |
[INFO] [stdout]     = note: this error originates in a macro (in Nightly builds, run with -Z macro-backtrace for more info)
[INFO] [stdout] 
[INFO] [stdout] 
[INFO] [stdout] error[E0518]: attribute should be applied to function or closure
[INFO] [stdout]    --> src/lib.rs:143:9
[INFO] [stdout]     |
[INFO] [stdout] 143 |           #[inline]
[INFO] [stdout]     |           ^^^^^^^^^
[INFO] [stdout] 144 | /         impl Sample for $t {
[INFO] [stdout] 145 | |             fn channels(&self) -> usize { 1 }
[INFO] [stdout] 146 | |         }
[INFO] [stdout]     | |_________- not a function or closure
[INFO] [stdout] ...
[INFO] [stdout] 156 |   sample_impl!(i16);
[INFO] [stdout]     |   ------------------ in this macro invocation
[INFO] [stdout]     |
[INFO] [stdout]     = note: this error originates in a macro (in Nightly builds, run with -Z macro-backtrace for more info)
[INFO] [stdout] 
[INFO] [stdout] 
[INFO] [stdout] error[E0518]: attribute should be applied to function or closure
[INFO] [stdout]    --> src/lib.rs:143:9
[INFO] [stdout]     |
[INFO] [stdout] 143 |           #[inline]
[INFO] [stdout]     |           ^^^^^^^^^
[INFO] [stdout] 144 | /         impl Sample for $t {
[INFO] [stdout] 145 | |             fn channels(&self) -> usize { 1 }
[INFO] [stdout] 146 | |         }
[INFO] [stdout]     | |_________- not a function or closure
[INFO] [stdout] ...
[INFO] [stdout] 157 |   sample_impl!(i32);
[INFO] [stdout]     |   ------------------ in this macro invocation
[INFO] [stdout]     |
[INFO] [stdout]     = note: this error originates in a macro (in Nightly builds, run with -Z macro-backtrace for more info)
[INFO] [stdout] 
[INFO] [stdout] 
[INFO] [stdout] error[E0518]: attribute should be applied to function or closure
[INFO] [stdout]    --> src/lib.rs:149:9
[INFO] [stdout]     |
[INFO] [stdout] 149 |           #[inline]
[INFO] [stdout]     |           ^^^^^^^^^
[INFO] [stdout] 150 | /         impl<S: Sample> Sample for [S; $w] {
[INFO] [stdout] 151 | |             fn channels(&self) -> usize { $w }
[INFO] [stdout] 152 | |         }
[INFO] [stdout]     | |_________- not a function or closure
[INFO] [stdout] ...
[INFO] [stdout] 158 |   sample_impl!(channels 2);
[INFO] [stdout]     |   ------------------------- in this macro invocation
[INFO] [stdout]     |
[INFO] [stdout]     = note: this error originates in a macro (in Nightly builds, run with -Z macro-backtrace for more info)
[INFO] [stdout] 
[INFO] [stdout] 
[INFO] [stdout] warning: use of deprecated item 'std::sync::atomic::ATOMIC_BOOL_INIT': the `new` function is now preferred
[INFO] [stdout]   --> src/lib.rs:52:47
[INFO] [stdout]    |
[INFO] [stdout] 52 | use std::sync::atomic::{AtomicBool, Ordering, ATOMIC_BOOL_INIT};
[INFO] [stdout]    |                                               ^^^^^^^^^^^^^^^^
[INFO] [stdout] 
[INFO] [stdout] 
[INFO] [stdout] warning: use of deprecated item 'std::sync::atomic::ATOMIC_BOOL_INIT': the `new` function is now preferred
[INFO] [stdout]    --> src/lib.rs:239:42
[INFO] [stdout]     |
[INFO] [stdout] 239 | static mut FFI_INITIALIZED: AtomicBool = ATOMIC_BOOL_INIT;
[INFO] [stdout]     |                                          ^^^^^^^^^^^^^^^^ help: replace the use of the deprecated item: `AtomicBool::new(false)`
[INFO] [stdout] 
[INFO] [stdout] 
[INFO] [stdout] warning: use of deprecated item 'std::sync::atomic::ATOMIC_BOOL_INIT': the `new` function is now preferred
[INFO] [stdout]   --> src/lib.rs:52:47
[INFO] [stdout]    |
[INFO] [stdout] 52 | use std::sync::atomic::{AtomicBool, Ordering, ATOMIC_BOOL_INIT};
[INFO] [stdout]    |                                               ^^^^^^^^^^^^^^^^
[INFO] [stdout] 
[INFO] [stdout] 
[INFO] [stdout] warning: use of deprecated item 'std::sync::atomic::ATOMIC_BOOL_INIT': the `new` function is now preferred
[INFO] [stdout]    --> src/lib.rs:239:42
[INFO] [stdout]     |
[INFO] [stdout] 239 | static mut FFI_INITIALIZED: AtomicBool = ATOMIC_BOOL_INIT;
[INFO] [stdout]     |                                          ^^^^^^^^^^^^^^^^ help: replace the use of the deprecated item: `AtomicBool::new(false)`
[INFO] [stdout] 
[INFO] [stdout] 
[INFO] [stdout] warning: use of deprecated item 'std::error::Error::description': use the Display impl or to_string()
[INFO] [stdout]    --> src/lib.rs:127:26
[INFO] [stdout]     |
[INFO] [stdout] 127 |         f.write_str(self.description())
[INFO] [stdout]     |                          ^^^^^^^^^^^
[INFO] [stdout] 
[INFO] [stdout] 
[INFO] [stdout] warning: use of deprecated item 'std::error::Error::description': use the Display impl or to_string()
[INFO] [stdout]    --> src/lib.rs:127:26
[INFO] [stdout]     |
[INFO] [stdout] 127 |         f.write_str(self.description())
[INFO] [stdout]     |                          ^^^^^^^^^^^
[INFO] [stdout] 
[INFO] [stdout] 
[INFO] [stdout] error: aborting due to 4 previous errors; 5 warnings emitted
[INFO] [stdout] 
[INFO] [stdout] 
[INFO] [stdout] For more information about this error, try `rustc --explain E0518`.
[INFO] [stdout] 
[INFO] [stderr] error: could not compile `ao`.
[INFO] [stderr] 
[INFO] [stderr] To learn more, run the command again with --verbose.
[INFO] [stderr] warning: build failed, waiting for other jobs to finish...
[INFO] [stdout] error: aborting due to 4 previous errors; 5 warnings emitted
[INFO] [stdout] 
[INFO] [stdout] 
[INFO] [stdout] For more information about this error, try `rustc --explain E0518`.
[INFO] [stdout] 
[INFO] [stderr] error: build failed
[INFO] running `Command { std: "docker" "inspect" "71861336dbe010367011cff2fc12ad5b367e5ad4406711a080725042844cdeb4", kill_on_drop: false }`
[INFO] running `Command { std: "docker" "rm" "-f" "71861336dbe010367011cff2fc12ad5b367e5ad4406711a080725042844cdeb4", kill_on_drop: false }`
[INFO] [stdout] 71861336dbe010367011cff2fc12ad5b367e5ad4406711a080725042844cdeb4
