[INFO] fetching crate amethyst_ecs 0.1.1...
[INFO] checking amethyst_ecs-0.1.1 against beta-2020-07-24 for pr-75494-beta
[INFO] extracting crate amethyst_ecs 0.1.1 into /workspace/builds/worker-0/source
[INFO] validating manifest of crates.io crate amethyst_ecs 0.1.1 on toolchain beta-2020-07-24
[INFO] running `Command { std: "/workspace/cargo-home/bin/cargo" "+beta-2020-07-24" "read-manifest" "--manifest-path" "Cargo.toml", kill_on_drop: false }`
[INFO] started tweaking crates.io crate amethyst_ecs 0.1.1
[INFO] finished tweaking crates.io crate amethyst_ecs 0.1.1
[INFO] tweaked toml for crates.io crate amethyst_ecs 0.1.1 written to /workspace/builds/worker-0/source/Cargo.toml
[INFO] running `Command { std: "/workspace/cargo-home/bin/cargo" "+beta-2020-07-24" "generate-lockfile" "--manifest-path" "Cargo.toml" "-Zno-index-update", kill_on_drop: false }`
[INFO] running `Command { std: "/workspace/cargo-home/bin/cargo" "+beta-2020-07-24" "fetch" "--locked" "--manifest-path" "Cargo.toml", kill_on_drop: false }`
[INFO] running `Command { std: "docker" "create" "-v" "/var/lib/crater-agent-workspace/builds/worker-0/target:/opt/rustwide/target:rw,Z" "-v" "/var/lib/crater-agent-workspace/builds/worker-0/source:/opt/rustwide/workdir:ro,Z" "-v" "/var/lib/crater-agent-workspace/cargo-home:/opt/rustwide/cargo-home:ro,Z" "-v" "/var/lib/crater-agent-workspace/rustup-home:/opt/rustwide/rustup-home:ro,Z" "-e" "SOURCE_DIR=/opt/rustwide/workdir" "-e" "CARGO_TARGET_DIR=/opt/rustwide/target" "-e" "CARGO_HOME=/opt/rustwide/cargo-home" "-e" "RUSTUP_HOME=/opt/rustwide/rustup-home" "-w" "/opt/rustwide/workdir" "-m" "1610612736" "--user" "0:0" "--network" "none" "rustops/crates-build-env@sha256:a636fd89d022f18117e1dc8fb37a0a009933cdbbe082814857f0e2024962d47c" "/opt/rustwide/cargo-home/bin/cargo" "+beta-2020-07-24" "metadata" "--no-deps" "--format-version=1", kill_on_drop: false }`
[INFO] [stderr] WARNING: Your kernel does not support swap limit capabilities or the cgroup is not mounted. Memory limited without swap.
[INFO] [stdout] 3647baf43cf05d43b4fc4cc5c325817b9bd5f34eed3a340f3e10911243444cdb
[INFO] running `Command { std: "docker" "start" "-a" "3647baf43cf05d43b4fc4cc5c325817b9bd5f34eed3a340f3e10911243444cdb", kill_on_drop: false }`
[INFO] running `Command { std: "docker" "inspect" "3647baf43cf05d43b4fc4cc5c325817b9bd5f34eed3a340f3e10911243444cdb", kill_on_drop: false }`
[INFO] running `Command { std: "docker" "rm" "-f" "3647baf43cf05d43b4fc4cc5c325817b9bd5f34eed3a340f3e10911243444cdb", kill_on_drop: false }`
[INFO] [stdout] 3647baf43cf05d43b4fc4cc5c325817b9bd5f34eed3a340f3e10911243444cdb
[INFO] running `Command { std: "docker" "create" "-v" "/var/lib/crater-agent-workspace/builds/worker-0/target:/opt/rustwide/target:rw,Z" "-v" "/var/lib/crater-agent-workspace/builds/worker-0/source:/opt/rustwide/workdir:ro,Z" "-v" "/var/lib/crater-agent-workspace/cargo-home:/opt/rustwide/cargo-home:ro,Z" "-v" "/var/lib/crater-agent-workspace/rustup-home:/opt/rustwide/rustup-home:ro,Z" "-e" "SOURCE_DIR=/opt/rustwide/workdir" "-e" "CARGO_TARGET_DIR=/opt/rustwide/target" "-e" "CARGO_INCREMENTAL=0" "-e" "RUST_BACKTRACE=full" "-e" "RUSTFLAGS=--cap-lints=forbid" "-e" "CARGO_HOME=/opt/rustwide/cargo-home" "-e" "RUSTUP_HOME=/opt/rustwide/rustup-home" "-w" "/opt/rustwide/workdir" "-m" "1610612736" "--user" "0:0" "--network" "none" "rustops/crates-build-env@sha256:a636fd89d022f18117e1dc8fb37a0a009933cdbbe082814857f0e2024962d47c" "/opt/rustwide/cargo-home/bin/cargo" "+beta-2020-07-24" "check" "--frozen" "--all" "--all-targets" "--message-format=json", kill_on_drop: false }`
[INFO] [stdout] d1f3a590f7a3e13d937f140e1153b6926c3b9494a9268ce0a41c5bd2bc20501b
[INFO] [stderr] WARNING: Your kernel does not support swap limit capabilities or the cgroup is not mounted. Memory limited without swap.
[INFO] running `Command { std: "docker" "start" "-a" "d1f3a590f7a3e13d937f140e1153b6926c3b9494a9268ce0a41c5bd2bc20501b", kill_on_drop: false }`
[INFO] [stderr]     Checking amethyst_ecs v0.1.1 (/opt/rustwide/workdir)
[INFO] [stdout] warning: trait objects without an explicit `dyn` are deprecated
[INFO] [stdout]  --> src/sim.rs:7:20
[INFO] [stdout]   |
[INFO] [stdout] 7 |     procs: Vec<Box<Processor>>,
[INFO] [stdout]   |                    ^^^^^^^^^ help: use `dyn`: `dyn Processor`
[INFO] [stdout]   |
[INFO] [stdout]   = note: `#[warn(bare_trait_objects)]` on by default
[INFO] [stdout] 
[INFO] [stdout] 
[INFO] [stdout] warning: trait objects without an explicit `dyn` are deprecated
[INFO] [stdout]  --> src/sim.rs:7:20
[INFO] [stdout]   |
[INFO] [stdout] 7 |     procs: Vec<Box<Processor>>,
[INFO] [stdout]   |                    ^^^^^^^^^ help: use `dyn`: `dyn Processor`
[INFO] [stdout]   |
[INFO] [stdout]   = note: `#[warn(bare_trait_objects)]` on by default
[INFO] [stdout] 
[INFO] [stdout] 
[INFO] [stdout] warning: unused variable: `b`
[INFO] [stdout]   --> src/world.rs:41:21
[INFO] [stdout]    |
[INFO] [stdout] 41 |             for (a, b) in data {
[INFO] [stdout]    |                     ^ help: if this is intentional, prefix it with an underscore: `_b`
[INFO] [stdout]    |
[INFO] [stdout]    = note: `#[warn(unused_variables)]` on by default
[INFO] [stdout] 
[INFO] [stdout] 
[INFO] [stdout] warning: variable does not need to be mutable
[INFO] [stdout]   --> src/sim.rs:31:13
[INFO] [stdout]    |
[INFO] [stdout] 31 |         let mut next_state = world;
[INFO] [stdout]    |             ----^^^^^^^^^^
[INFO] [stdout]    |             |
[INFO] [stdout]    |             help: remove this `mut`
[INFO] [stdout]    |
[INFO] [stdout]    = note: `#[warn(unused_mut)]` on by default
[INFO] [stdout] 
[INFO] [stdout] 
[INFO] [stdout] warning: variable does not need to be mutable
[INFO] [stdout]   --> src/world.rs:94:21
[INFO] [stdout]    |
[INFO] [stdout] 94 |         if let Some(mut c) = self.components.get_mut(&TypeId::of::<(Entity, T)>()) {
[INFO] [stdout]    |                     ----^
[INFO] [stdout]    |                     |
[INFO] [stdout]    |                     help: remove this `mut`
[INFO] [stdout] 
[INFO] [stdout] 
[INFO] [stdout] warning: associated function is never used: `num_alive`
[INFO] [stdout]   --> src/entity.rs:40:12
[INFO] [stdout]    |
[INFO] [stdout] 40 |     pub fn num_alive(&self) -> usize {
[INFO] [stdout]    |            ^^^^^^^^^
[INFO] [stdout]    |
[INFO] [stdout]    = note: `#[warn(dead_code)]` on by default
[INFO] [stdout] 
[INFO] [stdout] 
[INFO] [stdout] warning: 5 warnings emitted
[INFO] [stdout] 
[INFO] [stdout] 
[INFO] [stdout] error[E0554]: `#![feature]` may not be used on the beta release channel
[INFO] [stdout]  --> benches/gen_ents.rs:1:1
[INFO] [stdout]   |
[INFO] [stdout] 1 | #![feature(test)]
[INFO] [stdout]   | ^^^^^^^^^^^^^^^^^
[INFO] [stdout] 
[INFO] [stdout] 
[INFO] [stdout] error[E0554]: `#![feature]` may not be used on the beta release channel
[INFO] [stdout]  --> benches/components.rs:1:1
[INFO] [stdout]   |
[INFO] [stdout] 1 | #![feature(test)]
[INFO] [stdout]   | ^^^^^^^^^^^^^^^^^
[INFO] [stdout] 
[INFO] [stdout] 
[INFO] [stdout] error[E0554]: `#![feature]` may not be used on the beta release channel
[INFO] [stdout]  --> benches/components.rs:2:1
[INFO] [stdout]   |
[INFO] [stdout] 2 | #![feature(step_by)]
[INFO] [stdout]   | ^^^^^^^^^^^^^^^^^^^^
[INFO] [stdout] 
[INFO] [stdout] 
[INFO] [stdout] error: aborting due to previous error
[INFO] [stdout] 
[INFO] [stdout] 
[INFO] [stdout] For more information about this error, try `rustc --explain E0554`.
[INFO] [stdout] 
[INFO] [stderr] error: could not compile `amethyst_ecs`.
[INFO] [stderr] 
[INFO] [stderr] To learn more, run the command again with --verbose.
[INFO] [stderr] warning: build failed, waiting for other jobs to finish...
[INFO] [stdout] warning: unused variable: `id3`
[INFO] [stdout]   --> src/dynvec.rs:99:13
[INFO] [stdout]    |
[INFO] [stdout] 99 |         let id3 = vec.add(Test(0, 0.0));
[INFO] [stdout]    |             ^^^ help: if this is intentional, prefix it with an underscore: `_id3`
[INFO] [stdout]    |
[INFO] [stdout]    = note: `#[warn(unused_variables)]` on by default
[INFO] [stdout] 
[INFO] [stdout] 
[INFO] [stdout] warning: unused variable: `vec`
[INFO] [stdout]    --> src/dynvec.rs:122:13
[INFO] [stdout]     |
[INFO] [stdout] 122 |         let vec = DynVec::new::<()>();
[INFO] [stdout]     |             ^^^ help: if this is intentional, prefix it with an underscore: `_vec`
[INFO] [stdout] 
[INFO] [stdout] 
[INFO] [stdout] warning: unused variable: `b`
[INFO] [stdout]   --> src/world.rs:41:21
[INFO] [stdout]    |
[INFO] [stdout] 41 |             for (a, b) in data {
[INFO] [stdout]    |                     ^ help: if this is intentional, prefix it with an underscore: `_b`
[INFO] [stdout] 
[INFO] [stdout] 
[INFO] [stdout] warning: field is never read: `x`
[INFO] [stdout]   --> examples/current_usage.rs:15:5
[INFO] [stdout]    |
[INFO] [stdout] 15 |     x: f32,
[INFO] [stdout]    |     ^^^^^^
[INFO] [stdout]    |
[INFO] [stdout]    = note: `#[warn(dead_code)]` on by default
[INFO] [stdout] 
[INFO] [stdout] 
[INFO] [stdout] warning: field is never read: `y`
[INFO] [stdout]   --> examples/current_usage.rs:16:5
[INFO] [stdout]    |
[INFO] [stdout] 16 |     y: f32,
[INFO] [stdout]    |     ^^^^^^
[INFO] [stdout] 
[INFO] [stdout] 
[INFO] [stdout] warning: field is never read: `z`
[INFO] [stdout]   --> examples/current_usage.rs:17:5
[INFO] [stdout]    |
[INFO] [stdout] 17 |     z: f32,
[INFO] [stdout]    |     ^^^^^^
[INFO] [stdout] 
[INFO] [stdout] 
[INFO] [stdout] warning: field is never read: `handle`
[INFO] [stdout]   --> examples/current_usage.rs:21:5
[INFO] [stdout]    |
[INFO] [stdout] 21 |     handle: u64,
[INFO] [stdout]    |     ^^^^^^^^^^^
[INFO] [stdout] 
[INFO] [stdout] 
[INFO] [stdout] warning: field is never read: `y`
[INFO] [stdout]   --> examples/current_usage.rs:22:5
[INFO] [stdout]    |
[INFO] [stdout] 22 |     y: usize,
[INFO] [stdout]    |     ^^^^^^^^
[INFO] [stdout] 
[INFO] [stdout] 
[INFO] [stdout] error: aborting due to 2 previous errors
[INFO] [stdout] 
[INFO] [stdout] 
[INFO] [stdout] For more information about this error, try `rustc --explain E0554`.
[INFO] [stdout] 
[INFO] [stdout] warning: 5 warnings emitted
[INFO] [stdout] 
[INFO] [stdout] 
[INFO] [stdout] warning: variable does not need to be mutable
[INFO] [stdout]   --> src/sim.rs:31:13
[INFO] [stdout]    |
[INFO] [stdout] 31 |         let mut next_state = world;
[INFO] [stdout]    |             ----^^^^^^^^^^
[INFO] [stdout]    |             |
[INFO] [stdout]    |             help: remove this `mut`
[INFO] [stdout]    |
[INFO] [stdout]    = note: `#[warn(unused_mut)]` on by default
[INFO] [stdout] 
[INFO] [stdout] 
[INFO] [stdout] warning: variable does not need to be mutable
[INFO] [stdout]   --> src/world.rs:94:21
[INFO] [stdout]    |
[INFO] [stdout] 94 |         if let Some(mut c) = self.components.get_mut(&TypeId::of::<(Entity, T)>()) {
[INFO] [stdout]    |                     ----^
[INFO] [stdout]    |                     |
[INFO] [stdout]    |                     help: remove this `mut`
[INFO] [stdout] 
[INFO] [stdout] 
[INFO] [stdout] warning: associated function is never used: `num_alive`
[INFO] [stdout]   --> src/entity.rs:40:12
[INFO] [stdout]    |
[INFO] [stdout] 40 |     pub fn num_alive(&self) -> usize {
[INFO] [stdout]    |            ^^^^^^^^^
[INFO] [stdout]    |
[INFO] [stdout]    = note: `#[warn(dead_code)]` on by default
[INFO] [stdout] 
[INFO] [stdout] 
[INFO] [stdout] warning: 7 warnings emitted
[INFO] [stdout] 
[INFO] [stdout] 
[INFO] [stderr] error: build failed
[INFO] running `Command { std: "docker" "inspect" "d1f3a590f7a3e13d937f140e1153b6926c3b9494a9268ce0a41c5bd2bc20501b", kill_on_drop: false }`
[INFO] running `Command { std: "docker" "rm" "-f" "d1f3a590f7a3e13d937f140e1153b6926c3b9494a9268ce0a41c5bd2bc20501b", kill_on_drop: false }`
[INFO] [stdout] d1f3a590f7a3e13d937f140e1153b6926c3b9494a9268ce0a41c5bd2bc20501b
