[INFO] fetching crate adhesion 0.5.0...
[INFO] checking adhesion-0.5.0 against beta-2020-07-24 for pr-75494-beta
[INFO] extracting crate adhesion 0.5.0 into /workspace/builds/worker-0/source
[INFO] validating manifest of crates.io crate adhesion 0.5.0 on toolchain beta-2020-07-24
[INFO] running `Command { std: "/workspace/cargo-home/bin/cargo" "+beta-2020-07-24" "read-manifest" "--manifest-path" "Cargo.toml", kill_on_drop: false }`
[INFO] started tweaking crates.io crate adhesion 0.5.0
[INFO] finished tweaking crates.io crate adhesion 0.5.0
[INFO] tweaked toml for crates.io crate adhesion 0.5.0 written to /workspace/builds/worker-0/source/Cargo.toml
[INFO] running `Command { std: "/workspace/cargo-home/bin/cargo" "+beta-2020-07-24" "generate-lockfile" "--manifest-path" "Cargo.toml" "-Zno-index-update", kill_on_drop: false }`
[INFO] [stderr]     Blocking waiting for file lock on package cache
[INFO] running `Command { std: "/workspace/cargo-home/bin/cargo" "+beta-2020-07-24" "fetch" "--locked" "--manifest-path" "Cargo.toml", kill_on_drop: false }`
[INFO] running `Command { std: "docker" "create" "-v" "/var/lib/crater-agent-workspace/builds/worker-0/target:/opt/rustwide/target:rw,Z" "-v" "/var/lib/crater-agent-workspace/builds/worker-0/source:/opt/rustwide/workdir:ro,Z" "-v" "/var/lib/crater-agent-workspace/cargo-home:/opt/rustwide/cargo-home:ro,Z" "-v" "/var/lib/crater-agent-workspace/rustup-home:/opt/rustwide/rustup-home:ro,Z" "-e" "SOURCE_DIR=/opt/rustwide/workdir" "-e" "CARGO_TARGET_DIR=/opt/rustwide/target" "-e" "CARGO_HOME=/opt/rustwide/cargo-home" "-e" "RUSTUP_HOME=/opt/rustwide/rustup-home" "-w" "/opt/rustwide/workdir" "-m" "1610612736" "--user" "0:0" "--network" "none" "rustops/crates-build-env@sha256:a636fd89d022f18117e1dc8fb37a0a009933cdbbe082814857f0e2024962d47c" "/opt/rustwide/cargo-home/bin/cargo" "+beta-2020-07-24" "metadata" "--no-deps" "--format-version=1", kill_on_drop: false }`
[INFO] [stdout] 5a8ca676c1a8d2add15ad17f81d8c457841eed12789c66f5bdac2f4d016abe80
[INFO] [stderr] WARNING: Your kernel does not support swap limit capabilities or the cgroup is not mounted. Memory limited without swap.
[INFO] running `Command { std: "docker" "start" "-a" "5a8ca676c1a8d2add15ad17f81d8c457841eed12789c66f5bdac2f4d016abe80", kill_on_drop: false }`
[INFO] running `Command { std: "docker" "inspect" "5a8ca676c1a8d2add15ad17f81d8c457841eed12789c66f5bdac2f4d016abe80", kill_on_drop: false }`
[INFO] running `Command { std: "docker" "rm" "-f" "5a8ca676c1a8d2add15ad17f81d8c457841eed12789c66f5bdac2f4d016abe80", kill_on_drop: false }`
[INFO] [stdout] 5a8ca676c1a8d2add15ad17f81d8c457841eed12789c66f5bdac2f4d016abe80
[INFO] running `Command { std: "docker" "create" "-v" "/var/lib/crater-agent-workspace/builds/worker-0/target:/opt/rustwide/target:rw,Z" "-v" "/var/lib/crater-agent-workspace/builds/worker-0/source:/opt/rustwide/workdir:ro,Z" "-v" "/var/lib/crater-agent-workspace/cargo-home:/opt/rustwide/cargo-home:ro,Z" "-v" "/var/lib/crater-agent-workspace/rustup-home:/opt/rustwide/rustup-home:ro,Z" "-e" "SOURCE_DIR=/opt/rustwide/workdir" "-e" "CARGO_TARGET_DIR=/opt/rustwide/target" "-e" "CARGO_INCREMENTAL=0" "-e" "RUST_BACKTRACE=full" "-e" "RUSTFLAGS=--cap-lints=forbid" "-e" "CARGO_HOME=/opt/rustwide/cargo-home" "-e" "RUSTUP_HOME=/opt/rustwide/rustup-home" "-w" "/opt/rustwide/workdir" "-m" "1610612736" "--user" "0:0" "--network" "none" "rustops/crates-build-env@sha256:a636fd89d022f18117e1dc8fb37a0a009933cdbbe082814857f0e2024962d47c" "/opt/rustwide/cargo-home/bin/cargo" "+beta-2020-07-24" "check" "--frozen" "--all" "--all-targets" "--message-format=json", kill_on_drop: false }`
[INFO] [stdout] b438c05bafa24d86873e528670293e8d9302dad10d757c520a5576745059b404
[INFO] [stderr] WARNING: Your kernel does not support swap limit capabilities or the cgroup is not mounted. Memory limited without swap.
[INFO] running `Command { std: "docker" "start" "-a" "b438c05bafa24d86873e528670293e8d9302dad10d757c520a5576745059b404", kill_on_drop: false }`
[INFO] [stderr]    Compiling libc v0.2.76
[INFO] [stderr]    Compiling pulldown-cmark v0.0.15
[INFO] [stderr]    Compiling semver v0.1.20
[INFO] [stderr]    Compiling unicode-width v0.1.8
[INFO] [stderr]    Compiling remove_dir_all v0.5.3
[INFO] [stderr]    Compiling bitflags v0.9.1
[INFO] [stderr]     Checking unicode-segmentation v0.1.2
[INFO] [stderr]     Checking lazy_static v0.1.16
[INFO] [stderr]     Checking itertools v0.4.19
[INFO] [stderr]     Checking galvanic-assert v0.8.7
[INFO] [stderr]    Compiling getopts v0.2.21
[INFO] [stderr]    Compiling rustc_version v0.1.7
[INFO] [stderr]    Compiling strcursor v0.2.5
[INFO] [stderr]    Compiling scan-rules v0.2.0
[INFO] [stderr]     Checking rand v0.4.6
[INFO] [stderr]     Checking tempdir v0.3.7
[INFO] [stderr]     Checking skeptic v0.10.1
[INFO] [stderr]    Compiling adhesion v0.5.0 (/opt/rustwide/workdir)
[INFO] [stdout] error[E0428]: the name `parse_generics_shim` is defined multiple times
[INFO] [stdout]   --> src/parse_generics_shim_util/parse_generics_shim.rs:20:1
[INFO] [stdout]    |
[INFO] [stdout] 12 | macro_rules! parse_generics_shim {
[INFO] [stdout]    | -------------------------------- previous definition of the macro `parse_generics_shim` here
[INFO] [stdout] ...
[INFO] [stdout] 20 | macro_rules! parse_generics_shim {
[INFO] [stdout]    | ^^^^^^^^^^^^^^^^^^^^^^^^^^^^^^^^ `parse_generics_shim` redefined here
[INFO] [stdout]    |
[INFO] [stdout]    = note: `parse_generics_shim` must be defined only once in the macro namespace of this module
[INFO] [stdout] 
[INFO] [stdout] 
[INFO] [stdout] error[E0428]: the name `parse_where_shim` is defined multiple times
[INFO] [stdout]   --> src/parse_generics_shim_util/parse_where_shim.rs:20:1
[INFO] [stdout]    |
[INFO] [stdout] 12 | macro_rules! parse_where_shim {
[INFO] [stdout]    | ----------------------------- previous definition of the macro `parse_where_shim` here
[INFO] [stdout] ...
[INFO] [stdout] 20 | macro_rules! parse_where_shim {
[INFO] [stdout]    | ^^^^^^^^^^^^^^^^^^^^^^^^^^^^^ `parse_where_shim` redefined here
[INFO] [stdout]    |
[INFO] [stdout]    = note: `parse_where_shim` must be defined only once in the macro namespace of this module
[INFO] [stdout] 
[INFO] [stdout] 
[INFO] [stdout] error[E0428]: the name `parse_generics_shim` is defined multiple times
[INFO] [stdout]   --> src/parse_generics_shim_util/parse_generics_shim.rs:20:1
[INFO] [stdout]    |
[INFO] [stdout] 12 | macro_rules! parse_generics_shim {
[INFO] [stdout]    | -------------------------------- previous definition of the macro `parse_generics_shim` here
[INFO] [stdout] ...
[INFO] [stdout] 20 | macro_rules! parse_generics_shim {
[INFO] [stdout]    | ^^^^^^^^^^^^^^^^^^^^^^^^^^^^^^^^ `parse_generics_shim` redefined here
[INFO] [stdout]    |
[INFO] [stdout]    = note: `parse_generics_shim` must be defined only once in the macro namespace of this module
[INFO] [stdout] 
[INFO] [stdout] 
[INFO] [stdout] error[E0428]: the name `parse_where_shim` is defined multiple times
[INFO] [stdout]   --> src/parse_generics_shim_util/parse_where_shim.rs:20:1
[INFO] [stdout]    |
[INFO] [stdout] 12 | macro_rules! parse_where_shim {
[INFO] [stdout]    | ----------------------------- previous definition of the macro `parse_where_shim` here
[INFO] [stdout] ...
[INFO] [stdout] 20 | macro_rules! parse_where_shim {
[INFO] [stdout]    | ^^^^^^^^^^^^^^^^^^^^^^^^^^^^^ `parse_where_shim` redefined here
[INFO] [stdout]    |
[INFO] [stdout]    = note: `parse_where_shim` must be defined only once in the macro namespace of this module
[INFO] [stdout] 
[INFO] [stdout] 
[INFO] [stdout] error: aborting due to 2 previous errors
[INFO] [stdout] 
[INFO] [stdout] 
[INFO] [stdout] For more information about this error, try `rustc --explain E0428`.
[INFO] [stdout] 
[INFO] [stdout] error: aborting due to 2 previous errors
[INFO] [stdout] 
[INFO] [stdout] 
[INFO] [stdout] For more information about this error, try `rustc --explain E0428`.
[INFO] [stdout] 
[INFO] [stderr] error: could not compile `adhesion`.
[INFO] [stderr] 
[INFO] [stderr] To learn more, run the command again with --verbose.
[INFO] [stderr] warning: build failed, waiting for other jobs to finish...
[INFO] [stderr] error: build failed
[INFO] running `Command { std: "docker" "inspect" "b438c05bafa24d86873e528670293e8d9302dad10d757c520a5576745059b404", kill_on_drop: false }`
[INFO] running `Command { std: "docker" "rm" "-f" "b438c05bafa24d86873e528670293e8d9302dad10d757c520a5576745059b404", kill_on_drop: false }`
[INFO] [stdout] b438c05bafa24d86873e528670293e8d9302dad10d757c520a5576745059b404
