[INFO] fetching crate smd_macro 0.0.7...
[INFO] checking smd_macro-0.0.7 against master#7726070fa755f660b5da3f82f46e07d9c6866f69 for pr-72622
[INFO] extracting crate smd_macro 0.0.7 into /workspace/builds/worker-8/source
[INFO] validating manifest of crates.io crate smd_macro 0.0.7 on toolchain 7726070fa755f660b5da3f82f46e07d9c6866f69
[INFO] running `"/workspace/cargo-home/bin/cargo" "+7726070fa755f660b5da3f82f46e07d9c6866f69" "read-manifest" "--manifest-path" "Cargo.toml"`
[INFO] started tweaking crates.io crate smd_macro 0.0.7
[INFO] finished tweaking crates.io crate smd_macro 0.0.7
[INFO] tweaked toml for crates.io crate smd_macro 0.0.7 written to /workspace/builds/worker-8/source/Cargo.toml
[INFO] running `"/workspace/cargo-home/bin/cargo" "+7726070fa755f660b5da3f82f46e07d9c6866f69" "generate-lockfile" "--manifest-path" "Cargo.toml" "-Zno-index-update"`
[INFO] running `"/workspace/cargo-home/bin/cargo" "+7726070fa755f660b5da3f82f46e07d9c6866f69" "fetch" "--locked" "--manifest-path" "Cargo.toml"`
[INFO] running `"docker" "create" "-v" "/var/lib/crater-agent-workspace/builds/worker-8/target:/opt/rustwide/target:rw,Z" "-v" "/var/lib/crater-agent-workspace/builds/worker-8/source:/opt/rustwide/workdir:ro,Z" "-v" "/var/lib/crater-agent-workspace/cargo-home:/opt/rustwide/cargo-home:ro,Z" "-v" "/var/lib/crater-agent-workspace/rustup-home:/opt/rustwide/rustup-home:ro,Z" "-e" "SOURCE_DIR=/opt/rustwide/workdir" "-e" "MAP_USER_ID=0" "-e" "CARGO_TARGET_DIR=/opt/rustwide/target" "-e" "CARGO_INCREMENTAL=0" "-e" "RUST_BACKTRACE=full" "-e" "RUSTFLAGS=--cap-lints=forbid" "-e" "CARGO_HOME=/opt/rustwide/cargo-home" "-e" "RUSTUP_HOME=/opt/rustwide/rustup-home" "-w" "/opt/rustwide/workdir" "-m" "1610612736" "--network" "none" "rustops/crates-build-env" "/opt/rustwide/cargo-home/bin/cargo" "+7726070fa755f660b5da3f82f46e07d9c6866f69" "check" "--frozen" "--all" "--all-targets"`
[INFO] [stderr] WARNING: Your kernel does not support swap limit capabilities or the cgroup is not mounted. Memory limited without swap.
[INFO] [stdout] 6a2d81472449c91c6f560cfd81bab735440db8aedeaee664201ccb9f02ef5a63
[INFO] running `"docker" "start" "-a" "6a2d81472449c91c6f560cfd81bab735440db8aedeaee664201ccb9f02ef5a63"`
[INFO] [stderr] sudo: setrlimit(RLIMIT_CORE): Operation not permitted
[INFO] [stderr]    Compiling syn v1.0.27
[INFO] [stderr]    Compiling wasm-bindgen-shared v0.2.62
[INFO] [stderr]    Compiling bumpalo v3.3.0
[INFO] [stderr]    Compiling wasm-bindgen v0.2.62
[INFO] [stderr]    Compiling serde v1.0.110
[INFO] [stderr]    Compiling proc-macro2 v0.4.30
[INFO] [stderr]     Checking custom_derive v0.1.7
[INFO] [stderr]     Checking enum_derive v0.1.7
[INFO] [stderr]    Compiling log v0.4.8
[INFO] [stderr]     Checking nom v4.2.3
[INFO] [stderr]     Checking quote v0.6.13
[INFO] [stderr]    Compiling wasm-bindgen-backend v0.2.62
[INFO] [stderr]     Checking serde_json v1.0.53
[INFO] [stderr]    Compiling serde_derive v1.0.110
[INFO] [stderr]    Compiling wasm-bindgen-macro-support v0.2.62
[INFO] [stderr]    Compiling wasm-bindgen-macro v0.2.62
[INFO] [stderr]     Checking js-sys v0.3.39
[INFO] [stderr] error: return value of constructor must be a bare path
[INFO] [stderr]     --> /opt/rustwide/cargo-home/registry/src/github.com-1ecc6299db9ec823/js-sys-0.3.39/src/lib.rs:4795:13
[INFO] [stderr]      |
[INFO] [stderr] 4795 | /             /// The
[INFO] [stderr] 4796 | |             #[doc = $ctor]
[INFO] [stderr] 4797 | |             /// constructor creates an array of unsigned 8-bit integers.
[INFO] [stderr] 4798 | |             ///
[INFO] [stderr] ...    |
[INFO] [stderr] 4802 | |             #[wasm_bindgen(constructor)]
[INFO] [stderr] 4803 | |             pub fn new(constructor_arg: &JsValue) -> $name;
[INFO] [stderr]      | |___________________________________________________________^
[INFO] [stderr] ...
[INFO] [stderr] 4999 | / arrays! {
[INFO] [stderr] 5000 | |     /// `Int8Array()`
[INFO] [stderr] 5001 | |     /// https://developer.mozilla.org/en-US/docs/Web/JavaScript/Reference/Global_Objects/Int8Array
[INFO] [stderr] 5002 | |     Int8Array: i8,
[INFO] [stderr] ...    |
[INFO] [stderr] 5034 | |     Float64Array: f64,
[INFO] [stderr] 5035 | | }
[INFO] [stderr]      | |_- in this macro invocation
[INFO] [stderr]      |
[INFO] [stderr]      = note: this error originates in a macro (in Nightly builds, run with -Z macro-backtrace for more info)
[INFO] [stderr] 
[INFO] [stderr] error: return value of constructor must be a bare path
[INFO] [stderr]     --> /opt/rustwide/cargo-home/registry/src/github.com-1ecc6299db9ec823/js-sys-0.3.39/src/lib.rs:4805:13
[INFO] [stderr]      |
[INFO] [stderr] 4805 | /             /// An
[INFO] [stderr] 4806 | |             #[doc = $ctor]
[INFO] [stderr] 4807 | |             /// which creates an array with an internal buffer large
[INFO] [stderr] 4808 | |             /// enough for `length` elements.
[INFO] [stderr] ...    |
[INFO] [stderr] 4813 | |             #[wasm_bindgen(constructor)]
[INFO] [stderr] 4814 | |             pub fn new_with_length(length: u32) -> $name;
[INFO] [stderr]      | |_________________________________________________________^
[INFO] [stderr] ...
[INFO] [stderr] 4999 | / arrays! {
[INFO] [stderr] 5000 | |     /// `Int8Array()`
[INFO] [stderr] 5001 | |     /// https://developer.mozilla.org/en-US/docs/Web/JavaScript/Reference/Global_Objects/Int8Array
[INFO] [stderr] 5002 | |     Int8Array: i8,
[INFO] [stderr] ...    |
[INFO] [stderr] 5034 | |     Float64Array: f64,
[INFO] [stderr] 5035 | | }
[INFO] [stderr]      | |_- in this macro invocation
[INFO] [stderr]      |
[INFO] [stderr]      = note: this error originates in a macro (in Nightly builds, run with -Z macro-backtrace for more info)
[INFO] [stderr] 
[INFO] [stderr] error: return value of constructor must be a bare path
[INFO] [stderr]     --> /opt/rustwide/cargo-home/registry/src/github.com-1ecc6299db9ec823/js-sys-0.3.39/src/lib.rs:4816:13
[INFO] [stderr]      |
[INFO] [stderr] 4816 | /             /// An
[INFO] [stderr] 4817 | |             #[doc = $ctor]
[INFO] [stderr] 4818 | |             /// which creates an array with the given buffer but is a
[INFO] [stderr] 4819 | |             /// view starting at `byte_offset`.
[INFO] [stderr] ...    |
[INFO] [stderr] 4824 | |             #[wasm_bindgen(constructor)]
[INFO] [stderr] 4825 | |             pub fn new_with_byte_offset(buffer: &JsValue, byte_offset: u32) -> $name;
[INFO] [stderr]      | |_____________________________________________________________________________________^
[INFO] [stderr] ...
[INFO] [stderr] 4999 | / arrays! {
[INFO] [stderr] 5000 | |     /// `Int8Array()`
[INFO] [stderr] 5001 | |     /// https://developer.mozilla.org/en-US/docs/Web/JavaScript/Reference/Global_Objects/Int8Array
[INFO] [stderr] 5002 | |     Int8Array: i8,
[INFO] [stderr] ...    |
[INFO] [stderr] 5034 | |     Float64Array: f64,
[INFO] [stderr] 5035 | | }
[INFO] [stderr]      | |_- in this macro invocation
[INFO] [stderr]      |
[INFO] [stderr]      = note: this error originates in a macro (in Nightly builds, run with -Z macro-backtrace for more info)
[INFO] [stderr] 
[INFO] [stderr] error: return value of constructor must be a bare path
[INFO] [stderr]     --> /opt/rustwide/cargo-home/registry/src/github.com-1ecc6299db9ec823/js-sys-0.3.39/src/lib.rs:4827:13
[INFO] [stderr]      |
[INFO] [stderr] 4827 | /             /// An
[INFO] [stderr] 4828 | |             #[doc = $ctor]
[INFO] [stderr] 4829 | |             /// which creates an array with the given buffer but is a
[INFO] [stderr] 4830 | |             /// view starting at `byte_offset` for `length` elements.
[INFO] [stderr] ...    |
[INFO] [stderr] 4839 | |                 length: u32,
[INFO] [stderr] 4840 | |             ) -> $name;
[INFO] [stderr]      | |_______________________^
[INFO] [stderr] ...
[INFO] [stderr] 4999 | / arrays! {
[INFO] [stderr] 5000 | |     /// `Int8Array()`
[INFO] [stderr] 5001 | |     /// https://developer.mozilla.org/en-US/docs/Web/JavaScript/Reference/Global_Objects/Int8Array
[INFO] [stderr] 5002 | |     Int8Array: i8,
[INFO] [stderr] ...    |
[INFO] [stderr] 5034 | |     Float64Array: f64,
[INFO] [stderr] 5035 | | }
[INFO] [stderr]      | |_- in this macro invocation
[INFO] [stderr]      |
[INFO] [stderr]      = note: this error originates in a macro (in Nightly builds, run with -Z macro-backtrace for more info)
[INFO] [stderr] 
[INFO] [stderr] error: first argument of method must be a path
[INFO] [stderr]     --> /opt/rustwide/cargo-home/registry/src/github.com-1ecc6299db9ec823/js-sys-0.3.39/src/lib.rs:4847:32
[INFO] [stderr]      |
[INFO] [stderr] 4847 |               pub fn fill(this: &$name, value: $ty, start: u32, end: u32) -> $name;
[INFO] [stderr]      |                                  ^^^^^
[INFO] [stderr] ...
[INFO] [stderr] 4999 | / arrays! {
[INFO] [stderr] 5000 | |     /// `Int8Array()`
[INFO] [stderr] 5001 | |     /// https://developer.mozilla.org/en-US/docs/Web/JavaScript/Reference/Global_Objects/Int8Array
[INFO] [stderr] 5002 | |     Int8Array: i8,
[INFO] [stderr] ...    |
[INFO] [stderr] 5034 | |     Float64Array: f64,
[INFO] [stderr] 5035 | | }
[INFO] [stderr]      | |_- in this macro invocation
[INFO] [stderr]      |
[INFO] [stderr]      = note: this error originates in a macro (in Nightly builds, run with -Z macro-backtrace for more info)
[INFO] [stderr] 
[INFO] [stderr] error: first argument of method must be a path
[INFO] [stderr]     --> /opt/rustwide/cargo-home/registry/src/github.com-1ecc6299db9ec823/js-sys-0.3.39/src/lib.rs:4852:34
[INFO] [stderr]      |
[INFO] [stderr] 4852 |               pub fn buffer(this: &$name) -> ArrayBuffer;
[INFO] [stderr]      |                                    ^^^^^
[INFO] [stderr] ...
[INFO] [stderr] 4999 | / arrays! {
[INFO] [stderr] 5000 | |     /// `Int8Array()`
[INFO] [stderr] 5001 | |     /// https://developer.mozilla.org/en-US/docs/Web/JavaScript/Reference/Global_Objects/Int8Array
[INFO] [stderr] 5002 | |     Int8Array: i8,
[INFO] [stderr] ...    |
[INFO] [stderr] 5034 | |     Float64Array: f64,
[INFO] [stderr] 5035 | | }
[INFO] [stderr]      | |_- in this macro invocation
[INFO] [stderr]      |
[INFO] [stderr]      = note: this error originates in a macro (in Nightly builds, run with -Z macro-backtrace for more info)
[INFO] [stderr] 
[INFO] [stderr] error: first argument of method must be a path
[INFO] [stderr]     --> /opt/rustwide/cargo-home/registry/src/github.com-1ecc6299db9ec823/js-sys-0.3.39/src/lib.rs:4858:36
[INFO] [stderr]      |
[INFO] [stderr] 4858 |               pub fn subarray(this: &$name, begin: u32, end: u32) -> $name;
[INFO] [stderr]      |                                      ^^^^^
[INFO] [stderr] ...
[INFO] [stderr] 4999 | / arrays! {
[INFO] [stderr] 5000 | |     /// `Int8Array()`
[INFO] [stderr] 5001 | |     /// https://developer.mozilla.org/en-US/docs/Web/JavaScript/Reference/Global_Objects/Int8Array
[INFO] [stderr] 5002 | |     Int8Array: i8,
[INFO] [stderr] ...    |
[INFO] [stderr] 5034 | |     Float64Array: f64,
[INFO] [stderr] 5035 | | }
[INFO] [stderr]      | |_- in this macro invocation
[INFO] [stderr]      |
[INFO] [stderr]      = note: this error originates in a macro (in Nightly builds, run with -Z macro-backtrace for more info)
[INFO] [stderr] 
[INFO] [stderr] error: first argument of method must be a path
[INFO] [stderr]     --> /opt/rustwide/cargo-home/registry/src/github.com-1ecc6299db9ec823/js-sys-0.3.39/src/lib.rs:4864:33
[INFO] [stderr]      |
[INFO] [stderr] 4864 |               pub fn slice(this: &$name, begin: u32, end: u32) -> $name;
[INFO] [stderr]      |                                   ^^^^^
[INFO] [stderr] ...
[INFO] [stderr] 4999 | / arrays! {
[INFO] [stderr] 5000 | |     /// `Int8Array()`
[INFO] [stderr] 5001 | |     /// https://developer.mozilla.org/en-US/docs/Web/JavaScript/Reference/Global_Objects/Int8Array
[INFO] [stderr] 5002 | |     Int8Array: i8,
[INFO] [stderr] ...    |
[INFO] [stderr] 5034 | |     Float64Array: f64,
[INFO] [stderr] 5035 | | }
[INFO] [stderr]      | |_- in this macro invocation
[INFO] [stderr]      |
[INFO] [stderr]      = note: this error originates in a macro (in Nightly builds, run with -Z macro-backtrace for more info)
[INFO] [stderr] 
[INFO] [stderr] error: first argument of method must be a path
[INFO] [stderr]     --> /opt/rustwide/cargo-home/registry/src/github.com-1ecc6299db9ec823/js-sys-0.3.39/src/lib.rs:4871:36
[INFO] [stderr]      |
[INFO] [stderr] 4871 |               pub fn for_each(this: &$name, callback: &mut dyn FnMut($ty, u32, $name));
[INFO] [stderr]      |                                      ^^^^^
[INFO] [stderr] ...
[INFO] [stderr] 4999 | / arrays! {
[INFO] [stderr] 5000 | |     /// `Int8Array()`
[INFO] [stderr] 5001 | |     /// https://developer.mozilla.org/en-US/docs/Web/JavaScript/Reference/Global_Objects/Int8Array
[INFO] [stderr] 5002 | |     Int8Array: i8,
[INFO] [stderr] ...    |
[INFO] [stderr] 5034 | |     Float64Array: f64,
[INFO] [stderr] 5035 | | }
[INFO] [stderr]      | |_- in this macro invocation
[INFO] [stderr]      |
[INFO] [stderr]      = note: this error originates in a macro (in Nightly builds, run with -Z macro-backtrace for more info)
[INFO] [stderr] 
[INFO] [stderr] error: first argument of method must be a path
[INFO] [stderr]     --> /opt/rustwide/cargo-home/registry/src/github.com-1ecc6299db9ec823/js-sys-0.3.39/src/lib.rs:4876:34
[INFO] [stderr]      |
[INFO] [stderr] 4876 |               pub fn length(this: &$name) -> u32;
[INFO] [stderr]      |                                    ^^^^^
[INFO] [stderr] ...
[INFO] [stderr] 4999 | / arrays! {
[INFO] [stderr] 5000 | |     /// `Int8Array()`
[INFO] [stderr] 5001 | |     /// https://developer.mozilla.org/en-US/docs/Web/JavaScript/Reference/Global_Objects/Int8Array
[INFO] [stderr] 5002 | |     Int8Array: i8,
[INFO] [stderr] ...    |
[INFO] [stderr] 5034 | |     Float64Array: f64,
[INFO] [stderr] 5035 | | }
[INFO] [stderr]      | |_- in this macro invocation
[INFO] [stderr]      |
[INFO] [stderr]      = note: this error originates in a macro (in Nightly builds, run with -Z macro-backtrace for more info)
[INFO] [stderr] 
[INFO] [stderr] error: first argument of method must be a path
[INFO] [stderr]     --> /opt/rustwide/cargo-home/registry/src/github.com-1ecc6299db9ec823/js-sys-0.3.39/src/lib.rs:4881:39
[INFO] [stderr]      |
[INFO] [stderr] 4881 |               pub fn byte_length(this: &$name) -> u32;
[INFO] [stderr]      |                                         ^^^^^
[INFO] [stderr] ...
[INFO] [stderr] 4999 | / arrays! {
[INFO] [stderr] 5000 | |     /// `Int8Array()`
[INFO] [stderr] 5001 | |     /// https://developer.mozilla.org/en-US/docs/Web/JavaScript/Reference/Global_Objects/Int8Array
[INFO] [stderr] 5002 | |     Int8Array: i8,
[INFO] [stderr] ...    |
[INFO] [stderr] 5034 | |     Float64Array: f64,
[INFO] [stderr] 5035 | | }
[INFO] [stderr]      | |_- in this macro invocation
[INFO] [stderr]      |
[INFO] [stderr]      = note: this error originates in a macro (in Nightly builds, run with -Z macro-backtrace for more info)
[INFO] [stderr] 
[INFO] [stderr] error: first argument of method must be a path
[INFO] [stderr]     --> /opt/rustwide/cargo-home/registry/src/github.com-1ecc6299db9ec823/js-sys-0.3.39/src/lib.rs:4886:39
[INFO] [stderr]      |
[INFO] [stderr] 4886 |               pub fn byte_offset(this: &$name) -> u32;
[INFO] [stderr]      |                                         ^^^^^
[INFO] [stderr] ...
[INFO] [stderr] 4999 | / arrays! {
[INFO] [stderr] 5000 | |     /// `Int8Array()`
[INFO] [stderr] 5001 | |     /// https://developer.mozilla.org/en-US/docs/Web/JavaScript/Reference/Global_Objects/Int8Array
[INFO] [stderr] 5002 | |     Int8Array: i8,
[INFO] [stderr] ...    |
[INFO] [stderr] 5034 | |     Float64Array: f64,
[INFO] [stderr] 5035 | | }
[INFO] [stderr]      | |_- in this macro invocation
[INFO] [stderr]      |
[INFO] [stderr]      = note: this error originates in a macro (in Nightly builds, run with -Z macro-backtrace for more info)
[INFO] [stderr] 
[INFO] [stderr] error: first argument of method must be a path
[INFO] [stderr]     --> /opt/rustwide/cargo-home/registry/src/github.com-1ecc6299db9ec823/js-sys-0.3.39/src/lib.rs:4891:31
[INFO] [stderr]      |
[INFO] [stderr] 4891 |               pub fn set(this: &$name, src: &JsValue, offset: u32);
[INFO] [stderr]      |                                 ^^^^^
[INFO] [stderr] ...
[INFO] [stderr] 4999 | / arrays! {
[INFO] [stderr] 5000 | |     /// `Int8Array()`
[INFO] [stderr] 5001 | |     /// https://developer.mozilla.org/en-US/docs/Web/JavaScript/Reference/Global_Objects/Int8Array
[INFO] [stderr] 5002 | |     Int8Array: i8,
[INFO] [stderr] ...    |
[INFO] [stderr] 5034 | |     Float64Array: f64,
[INFO] [stderr] 5035 | | }
[INFO] [stderr]      | |_- in this macro invocation
[INFO] [stderr]      |
[INFO] [stderr]      = note: this error originates in a macro (in Nightly builds, run with -Z macro-backtrace for more info)
[INFO] [stderr] 
[INFO] [stderr] error: first argument of method must be a path
[INFO] [stderr]     --> /opt/rustwide/cargo-home/registry/src/github.com-1ecc6299db9ec823/js-sys-0.3.39/src/lib.rs:4895:37
[INFO] [stderr]      |
[INFO] [stderr] 4895 |               pub fn get_index(this: &$name, idx: u32) -> $ty;
[INFO] [stderr]      |                                       ^^^^^
[INFO] [stderr] ...
[INFO] [stderr] 4999 | / arrays! {
[INFO] [stderr] 5000 | |     /// `Int8Array()`
[INFO] [stderr] 5001 | |     /// https://developer.mozilla.org/en-US/docs/Web/JavaScript/Reference/Global_Objects/Int8Array
[INFO] [stderr] 5002 | |     Int8Array: i8,
[INFO] [stderr] ...    |
[INFO] [stderr] 5034 | |     Float64Array: f64,
[INFO] [stderr] 5035 | | }
[INFO] [stderr]      | |_- in this macro invocation
[INFO] [stderr]      |
[INFO] [stderr]      = note: this error originates in a macro (in Nightly builds, run with -Z macro-backtrace for more info)
[INFO] [stderr] 
[INFO] [stderr] error: first argument of method must be a path
[INFO] [stderr]     --> /opt/rustwide/cargo-home/registry/src/github.com-1ecc6299db9ec823/js-sys-0.3.39/src/lib.rs:4899:37
[INFO] [stderr]      |
[INFO] [stderr] 4899 |               pub fn set_index(this: &$name, idx: u32, value: $ty);
[INFO] [stderr]      |                                       ^^^^^
[INFO] [stderr] ...
[INFO] [stderr] 4999 | / arrays! {
[INFO] [stderr] 5000 | |     /// `Int8Array()`
[INFO] [stderr] 5001 | |     /// https://developer.mozilla.org/en-US/docs/Web/JavaScript/Reference/Global_Objects/Int8Array
[INFO] [stderr] 5002 | |     Int8Array: i8,
[INFO] [stderr] ...    |
[INFO] [stderr] 5034 | |     Float64Array: f64,
[INFO] [stderr] 5035 | | }
[INFO] [stderr]      | |_- in this macro invocation
[INFO] [stderr]      |
[INFO] [stderr]      = note: this error originates in a macro (in Nightly builds, run with -Z macro-backtrace for more info)
[INFO] [stderr] 
[INFO] [stderr] error[E0433]: failed to resolve: use of undeclared type or module `Int8Array`
[INFO] [stderr]     --> /opt/rustwide/cargo-home/registry/src/github.com-1ecc6299db9ec823/js-sys-0.3.39/src/lib.rs:5002:5
[INFO] [stderr]      |
[INFO] [stderr] 5002 |     Int8Array: i8,
[INFO] [stderr]      |     ^^^^^^^^^ use of undeclared type or module `Int8Array`
[INFO] [stderr] 
[INFO] [stderr] error[E0433]: failed to resolve: use of undeclared type or module `Int16Array`
[INFO] [stderr]     --> /opt/rustwide/cargo-home/registry/src/github.com-1ecc6299db9ec823/js-sys-0.3.39/src/lib.rs:5006:5
[INFO] [stderr]      |
[INFO] [stderr] 5006 |     Int16Array: i16,
[INFO] [stderr]      |     ^^^^^^^^^^ use of undeclared type or module `Int16Array`
[INFO] [stderr] 
[INFO] [stderr] error[E0433]: failed to resolve: use of undeclared type or module `Int32Array`
[INFO] [stderr]     --> /opt/rustwide/cargo-home/registry/src/github.com-1ecc6299db9ec823/js-sys-0.3.39/src/lib.rs:5010:5
[INFO] [stderr]      |
[INFO] [stderr] 5010 |     Int32Array: i32,
[INFO] [stderr]      |     ^^^^^^^^^^ use of undeclared type or module `Int32Array`
[INFO] [stderr] 
[INFO] [stderr] error[E0433]: failed to resolve: use of undeclared type or module `Uint8Array`
[INFO] [stderr]     --> /opt/rustwide/cargo-home/registry/src/github.com-1ecc6299db9ec823/js-sys-0.3.39/src/lib.rs:5014:5
[INFO] [stderr]      |
[INFO] [stderr] 5014 |     Uint8Array: u8,
[INFO] [stderr]      |     ^^^^^^^^^^ use of undeclared type or module `Uint8Array`
[INFO] [stderr] 
[INFO] [stderr] error[E0433]: failed to resolve: use of undeclared type or module `Uint8ClampedArray`
[INFO] [stderr]     --> /opt/rustwide/cargo-home/registry/src/github.com-1ecc6299db9ec823/js-sys-0.3.39/src/lib.rs:5018:5
[INFO] [stderr]      |
[INFO] [stderr] 5018 |     Uint8ClampedArray: u8,
[INFO] [stderr]      |     ^^^^^^^^^^^^^^^^^ use of undeclared type or module `Uint8ClampedArray`
[INFO] [stderr] 
[INFO] [stderr] error[E0433]: failed to resolve: use of undeclared type or module `Uint16Array`
[INFO] [stderr]     --> /opt/rustwide/cargo-home/registry/src/github.com-1ecc6299db9ec823/js-sys-0.3.39/src/lib.rs:5022:5
[INFO] [stderr]      |
[INFO] [stderr] 5022 |     Uint16Array: u16,
[INFO] [stderr]      |     ^^^^^^^^^^^ use of undeclared type or module `Uint16Array`
[INFO] [stderr] 
[INFO] [stderr] error[E0433]: failed to resolve: use of undeclared type or module `Uint32Array`
[INFO] [stderr]     --> /opt/rustwide/cargo-home/registry/src/github.com-1ecc6299db9ec823/js-sys-0.3.39/src/lib.rs:5026:5
[INFO] [stderr]      |
[INFO] [stderr] 5026 |     Uint32Array: u32,
[INFO] [stderr]      |     ^^^^^^^^^^^ use of undeclared type or module `Uint32Array`
[INFO] [stderr] 
[INFO] [stderr] error[E0433]: failed to resolve: use of undeclared type or module `Float32Array`
[INFO] [stderr]     --> /opt/rustwide/cargo-home/registry/src/github.com-1ecc6299db9ec823/js-sys-0.3.39/src/lib.rs:5030:5
[INFO] [stderr]      |
[INFO] [stderr] 5030 |     Float32Array: f32,
[INFO] [stderr]      |     ^^^^^^^^^^^^ use of undeclared type or module `Float32Array`
[INFO] [stderr] 
[INFO] [stderr] error[E0433]: failed to resolve: use of undeclared type or module `Float64Array`
[INFO] [stderr]     --> /opt/rustwide/cargo-home/registry/src/github.com-1ecc6299db9ec823/js-sys-0.3.39/src/lib.rs:5034:5
[INFO] [stderr]      |
[INFO] [stderr] 5034 |     Float64Array: f64,
[INFO] [stderr]      |     ^^^^^^^^^^^^ use of undeclared type or module `Float64Array`
[INFO] [stderr] 
[INFO] [stderr] error[E0412]: cannot find type `Int32Array` in this scope
[INFO] [stderr]    --> /opt/rustwide/cargo-home/registry/src/github.com-1ecc6299db9ec823/js-sys-0.3.39/src/lib.rs:700:37
[INFO] [stderr]     |
[INFO] [stderr] 700 |         pub fn notify(typed_array: &Int32Array, index: u32) -> Result<u32, JsValue>;
[INFO] [stderr]     |                                     ^^^^^^^^^^ not found in this scope
[INFO] [stderr] 
[INFO] [stderr] error[E0412]: cannot find type `Int32Array` in this scope
[INFO] [stderr]    --> /opt/rustwide/cargo-home/registry/src/github.com-1ecc6299db9ec823/js-sys-0.3.39/src/lib.rs:705:27
[INFO] [stderr]     |
[INFO] [stderr] 705 |             typed_array: &Int32Array,
[INFO] [stderr]     |                           ^^^^^^^^^^ not found in this scope
[INFO] [stderr] 
[INFO] [stderr] error[E0412]: cannot find type `Int32Array` in this scope
[INFO] [stderr]    --> /opt/rustwide/cargo-home/registry/src/github.com-1ecc6299db9ec823/js-sys-0.3.39/src/lib.rs:744:35
[INFO] [stderr]     |
[INFO] [stderr] 744 |         pub fn wait(typed_array: &Int32Array, index: u32, value: i32) -> Result<JsString, JsValue>;
[INFO] [stderr]     |                                   ^^^^^^^^^^ not found in this scope
[INFO] [stderr] 
[INFO] [stderr] error[E0412]: cannot find type `Int32Array` in this scope
[INFO] [stderr]    --> /opt/rustwide/cargo-home/registry/src/github.com-1ecc6299db9ec823/js-sys-0.3.39/src/lib.rs:751:27
[INFO] [stderr]     |
[INFO] [stderr] 751 |             typed_array: &Int32Array,
[INFO] [stderr]     |                           ^^^^^^^^^^ not found in this scope
[INFO] [stderr] 
[INFO] [stderr] error[E0412]: cannot find type `Int8Array` in this scope
[INFO] [stderr]     --> /opt/rustwide/cargo-home/registry/src/github.com-1ecc6299db9ec823/js-sys-0.3.39/src/lib.rs:5002:5
[INFO] [stderr]      |
[INFO] [stderr] 5002 |     Int8Array: i8,
[INFO] [stderr]      |     ^^^^^^^^^ not found in this scope
[INFO] [stderr] 
[INFO] [stderr] error[E0412]: cannot find type `Int16Array` in this scope
[INFO] [stderr]     --> /opt/rustwide/cargo-home/registry/src/github.com-1ecc6299db9ec823/js-sys-0.3.39/src/lib.rs:5006:5
[INFO] [stderr]      |
[INFO] [stderr] 5006 |     Int16Array: i16,
[INFO] [stderr]      |     ^^^^^^^^^^ not found in this scope
[INFO] [stderr] 
[INFO] [stderr] error[E0412]: cannot find type `Int32Array` in this scope
[INFO] [stderr]     --> /opt/rustwide/cargo-home/registry/src/github.com-1ecc6299db9ec823/js-sys-0.3.39/src/lib.rs:5010:5
[INFO] [stderr]      |
[INFO] [stderr] 5010 |     Int32Array: i32,
[INFO] [stderr]      |     ^^^^^^^^^^ not found in this scope
[INFO] [stderr] 
[INFO] [stderr] error[E0412]: cannot find type `Uint8Array` in this scope
[INFO] [stderr]     --> /opt/rustwide/cargo-home/registry/src/github.com-1ecc6299db9ec823/js-sys-0.3.39/src/lib.rs:5014:5
[INFO] [stderr]      |
[INFO] [stderr] 5014 |     Uint8Array: u8,
[INFO] [stderr]      |     ^^^^^^^^^^ not found in this scope
[INFO] [stderr] 
[INFO] [stderr] error[E0412]: cannot find type `Uint8ClampedArray` in this scope
[INFO] [stderr]     --> /opt/rustwide/cargo-home/registry/src/github.com-1ecc6299db9ec823/js-sys-0.3.39/src/lib.rs:5018:5
[INFO] [stderr]      |
[INFO] [stderr] 5018 |     Uint8ClampedArray: u8,
[INFO] [stderr]      |     ^^^^^^^^^^^^^^^^^ not found in this scope
[INFO] [stderr] 
[INFO] [stderr] error[E0412]: cannot find type `Uint16Array` in this scope
[INFO] [stderr]     --> /opt/rustwide/cargo-home/registry/src/github.com-1ecc6299db9ec823/js-sys-0.3.39/src/lib.rs:5022:5
[INFO] [stderr]      |
[INFO] [stderr] 5022 |     Uint16Array: u16,
[INFO] [stderr]      |     ^^^^^^^^^^^ not found in this scope
[INFO] [stderr] 
[INFO] [stderr] error[E0412]: cannot find type `Uint32Array` in this scope
[INFO] [stderr]     --> /opt/rustwide/cargo-home/registry/src/github.com-1ecc6299db9ec823/js-sys-0.3.39/src/lib.rs:5026:5
[INFO] [stderr]      |
[INFO] [stderr] 5026 |     Uint32Array: u32,
[INFO] [stderr]      |     ^^^^^^^^^^^ not found in this scope
[INFO] [stderr] 
[INFO] [stderr] error[E0412]: cannot find type `Float32Array` in this scope
[INFO] [stderr]     --> /opt/rustwide/cargo-home/registry/src/github.com-1ecc6299db9ec823/js-sys-0.3.39/src/lib.rs:5030:5
[INFO] [stderr]      |
[INFO] [stderr] 5030 |     Float32Array: f32,
[INFO] [stderr]      |     ^^^^^^^^^^^^ not found in this scope
[INFO] [stderr] 
[INFO] [stderr] error[E0412]: cannot find type `Float64Array` in this scope
[INFO] [stderr]     --> /opt/rustwide/cargo-home/registry/src/github.com-1ecc6299db9ec823/js-sys-0.3.39/src/lib.rs:5034:5
[INFO] [stderr]      |
[INFO] [stderr] 5034 |     Float64Array: f64,
[INFO] [stderr]      |     ^^^^^^^^^^^^ not found in this scope
[INFO] [stderr] 
[INFO] [stderr] error: aborting due to 37 previous errors
[INFO] [stderr] 
[INFO] [stderr] Some errors have detailed explanations: E0412, E0433.
[INFO] [stderr] For more information about an error, try `rustc --explain E0412`.
[INFO] [stderr] error: could not compile `js-sys`.
[INFO] [stderr] 
[INFO] [stderr] To learn more, run the command again with --verbose.
[INFO] [stderr] warning: build failed, waiting for other jobs to finish...
[INFO] [stderr] error: build failed
[INFO] running `"docker" "inspect" "6a2d81472449c91c6f560cfd81bab735440db8aedeaee664201ccb9f02ef5a63"`
[INFO] running `"docker" "rm" "-f" "6a2d81472449c91c6f560cfd81bab735440db8aedeaee664201ccb9f02ef5a63"`
[INFO] [stdout] 6a2d81472449c91c6f560cfd81bab735440db8aedeaee664201ccb9f02ef5a63