[INFO] cloning repository https://github.com/shimulch/fighting-pixel-wasm
[INFO] running `"git" "-c" "credential.helper=" "-c" "credential.helper=/workspace/cargo-home/bin/git-credential-null" "clone" "--bare" "https://github.com/shimulch/fighting-pixel-wasm" "/workspace/cache/git-repos/https%3A%2F%2Fgithub.com%2Fshimulch%2Ffighting-pixel-wasm"`
[INFO] [stderr] Cloning into bare repository '/workspace/cache/git-repos/https%3A%2F%2Fgithub.com%2Fshimulch%2Ffighting-pixel-wasm'...
[INFO] running `"git" "rev-parse" "HEAD"`
[INFO] [stdout] ce6f035556838a340ee13517bb0b7c4bb5a358f7
[INFO] checking shimulch/fighting-pixel-wasm against master#7726070fa755f660b5da3f82f46e07d9c6866f69 for pr-72622
[INFO] running `"git" "clone" "/workspace/cache/git-repos/https%3A%2F%2Fgithub.com%2Fshimulch%2Ffighting-pixel-wasm" "/workspace/builds/worker-7/source"`
[INFO] [stderr] Cloning into '/workspace/builds/worker-7/source'...
[INFO] [stderr] done.
[INFO] validating manifest of git repo https://github.com/shimulch/fighting-pixel-wasm on toolchain 7726070fa755f660b5da3f82f46e07d9c6866f69
[INFO] running `"/workspace/cargo-home/bin/cargo" "+7726070fa755f660b5da3f82f46e07d9c6866f69" "read-manifest" "--manifest-path" "Cargo.toml"`
[INFO] started tweaking git repo https://github.com/shimulch/fighting-pixel-wasm
[INFO] finished tweaking git repo https://github.com/shimulch/fighting-pixel-wasm
[INFO] tweaked toml for git repo https://github.com/shimulch/fighting-pixel-wasm written to /workspace/builds/worker-7/source/Cargo.toml
[INFO] crate git repo https://github.com/shimulch/fighting-pixel-wasm already has a lockfile, it will not be regenerated
[INFO] running `"/workspace/cargo-home/bin/cargo" "+7726070fa755f660b5da3f82f46e07d9c6866f69" "fetch" "--locked" "--manifest-path" "Cargo.toml"`
[INFO] [stderr] warning: Found `debug_assertions` in `target.'cfg(...)'.dependencies`. This value is not supported for selecting dependencies and will not work as expected. To learn more visit https://doc.rust-lang.org/cargo/reference/specifying-dependencies.html#platform-specific-dependencies
[INFO] running `"docker" "create" "-v" "/var/lib/crater-agent-workspace/builds/worker-7/target:/opt/rustwide/target:rw,Z" "-v" "/var/lib/crater-agent-workspace/builds/worker-7/source:/opt/rustwide/workdir:ro,Z" "-v" "/var/lib/crater-agent-workspace/cargo-home:/opt/rustwide/cargo-home:ro,Z" "-v" "/var/lib/crater-agent-workspace/rustup-home:/opt/rustwide/rustup-home:ro,Z" "-e" "SOURCE_DIR=/opt/rustwide/workdir" "-e" "MAP_USER_ID=0" "-e" "CARGO_TARGET_DIR=/opt/rustwide/target" "-e" "CARGO_INCREMENTAL=0" "-e" "RUST_BACKTRACE=full" "-e" "RUSTFLAGS=--cap-lints=forbid" "-e" "CARGO_HOME=/opt/rustwide/cargo-home" "-e" "RUSTUP_HOME=/opt/rustwide/rustup-home" "-w" "/opt/rustwide/workdir" "-m" "1610612736" "--network" "none" "rustops/crates-build-env" "/opt/rustwide/cargo-home/bin/cargo" "+7726070fa755f660b5da3f82f46e07d9c6866f69" "check" "--frozen" "--all" "--all-targets"`
[INFO] [stderr] WARNING: Your kernel does not support swap limit capabilities or the cgroup is not mounted. Memory limited without swap.
[INFO] [stdout] 7081a5e8a9a107295bd3570582d162c3f8debc89fcc4a7c1e1260fea4765fac7
[INFO] running `"docker" "start" "-a" "7081a5e8a9a107295bd3570582d162c3f8debc89fcc4a7c1e1260fea4765fac7"`
[INFO] [stderr] sudo: setrlimit(RLIMIT_CORE): Operation not permitted
[INFO] [stderr] warning: Found `debug_assertions` in `target.'cfg(...)'.dependencies`. This value is not supported for selecting dependencies and will not work as expected. To learn more visit https://doc.rust-lang.org/cargo/reference/specifying-dependencies.html#platform-specific-dependencies
[INFO] [stderr]     Blocking waiting for file lock on package cache
[INFO] [stderr]    Compiling proc-macro2 v1.0.6
[INFO] [stderr]    Compiling unicode-xid v0.2.0
[INFO] [stderr]    Compiling syn v1.0.5
[INFO] [stderr]    Compiling cfg-if v0.1.10
[INFO] [stderr]    Compiling wasm-bindgen-shared v0.2.52
[INFO] [stderr]    Compiling log v0.4.8
[INFO] [stderr]    Compiling bumpalo v2.6.0
[INFO] [stderr]    Compiling lazy_static v1.4.0
[INFO] [stderr]    Compiling libc v0.2.65
[INFO] [stderr]    Compiling cc v1.0.46
[INFO] [stderr]    Compiling memchr v2.2.1
[INFO] [stderr]    Compiling version_check v0.1.5
[INFO] [stderr]    Compiling failure_derive v0.1.6
[INFO] [stderr]    Compiling wasm-bindgen v0.2.52
[INFO] [stderr]    Compiling rustc-demangle v0.1.16
[INFO] [stderr]    Compiling unicode-segmentation v1.3.0
[INFO] [stderr]    Compiling proc-macro2 v0.4.30
[INFO] [stderr]    Compiling sourcefile v0.1.4
[INFO] [stderr]    Compiling unicode-xid v0.1.0
[INFO] [stderr]     Checking scoped-tls v1.0.0
[INFO] [stderr]    Compiling nom v4.2.3
[INFO] [stderr]    Compiling heck v0.3.1
[INFO] [stderr]    Compiling quote v1.0.2
[INFO] [stderr]    Compiling quote v0.6.13
[INFO] [stderr]    Compiling backtrace-sys v0.1.32
[INFO] [stderr]    Compiling wasm-bindgen-test-macro v0.2.50
[INFO] [stderr]    Compiling weedle v0.10.0
[INFO] [stderr]    Compiling backtrace v0.3.40
[INFO] [stderr]    Compiling wasm-bindgen-backend v0.2.52
[INFO] [stderr]    Compiling synstructure v0.12.1
[INFO] [stderr]    Compiling wasm-bindgen-macro-support v0.2.52
[INFO] [stderr]    Compiling wasm-bindgen-macro v0.2.52
[INFO] [stderr]    Compiling failure v0.1.6
[INFO] [stderr]    Compiling wasm-bindgen-webidl v0.2.52
[INFO] [stderr]     Checking js-sys v0.3.29
[INFO] [stderr]     Checking console_error_panic_hook v0.1.6
[INFO] [stderr] error: return value of constructor must be a bare path
[INFO] [stderr]     --> /opt/rustwide/cargo-home/registry/src/github.com-1ecc6299db9ec823/js-sys-0.3.29/src/lib.rs:4667:13
[INFO] [stderr]      |
[INFO] [stderr] 4667 | /             /// The
[INFO] [stderr] 4668 | |             #[doc = $ctor]
[INFO] [stderr] 4669 | |             /// constructor creates an array of unsigned 8-bit integers.
[INFO] [stderr] 4670 | |             ///
[INFO] [stderr] ...    |
[INFO] [stderr] 4674 | |             #[wasm_bindgen(constructor)]
[INFO] [stderr] 4675 | |             pub fn new(constructor_arg: &JsValue) -> $name;
[INFO] [stderr]      | |___________________________________________________________^
[INFO] [stderr] ...
[INFO] [stderr] 4826 | / arrays! {
[INFO] [stderr] 4827 | |     /// `Int8Array()`
[INFO] [stderr] 4828 | |     /// https://developer.mozilla.org/en-US/docs/Web/JavaScript/Reference/Global_Objects/Int8Array
[INFO] [stderr] 4829 | |     Int8Array: i8,
[INFO] [stderr] ...    |
[INFO] [stderr] 4861 | |     Float64Array: f64,
[INFO] [stderr] 4862 | | }
[INFO] [stderr]      | |_- in this macro invocation
[INFO] [stderr]      |
[INFO] [stderr]      = note: this error originates in a macro (in Nightly builds, run with -Z macro-backtrace for more info)
[INFO] [stderr] 
[INFO] [stderr] error: return value of constructor must be a bare path
[INFO] [stderr]     --> /opt/rustwide/cargo-home/registry/src/github.com-1ecc6299db9ec823/js-sys-0.3.29/src/lib.rs:4677:13
[INFO] [stderr]      |
[INFO] [stderr] 4677 | /             /// An
[INFO] [stderr] 4678 | |             #[doc = $ctor]
[INFO] [stderr] 4679 | |             /// which creates an array with an internal buffer large
[INFO] [stderr] 4680 | |             /// enough for `length` elements.
[INFO] [stderr] ...    |
[INFO] [stderr] 4685 | |             #[wasm_bindgen(constructor)]
[INFO] [stderr] 4686 | |             pub fn new_with_length(length: u32) -> $name;
[INFO] [stderr]      | |_________________________________________________________^
[INFO] [stderr] ...
[INFO] [stderr] 4826 | / arrays! {
[INFO] [stderr] 4827 | |     /// `Int8Array()`
[INFO] [stderr] 4828 | |     /// https://developer.mozilla.org/en-US/docs/Web/JavaScript/Reference/Global_Objects/Int8Array
[INFO] [stderr] 4829 | |     Int8Array: i8,
[INFO] [stderr] ...    |
[INFO] [stderr] 4861 | |     Float64Array: f64,
[INFO] [stderr] 4862 | | }
[INFO] [stderr]      | |_- in this macro invocation
[INFO] [stderr]      |
[INFO] [stderr]      = note: this error originates in a macro (in Nightly builds, run with -Z macro-backtrace for more info)
[INFO] [stderr] 
[INFO] [stderr] error: return value of constructor must be a bare path
[INFO] [stderr]     --> /opt/rustwide/cargo-home/registry/src/github.com-1ecc6299db9ec823/js-sys-0.3.29/src/lib.rs:4688:13
[INFO] [stderr]      |
[INFO] [stderr] 4688 | /             /// An
[INFO] [stderr] 4689 | |             #[doc = $ctor]
[INFO] [stderr] 4690 | |             /// which creates an array with the given buffer but is a
[INFO] [stderr] 4691 | |             /// view starting at `byte_offset`.
[INFO] [stderr] ...    |
[INFO] [stderr] 4696 | |             #[wasm_bindgen(constructor)]
[INFO] [stderr] 4697 | |             pub fn new_with_byte_offset(buffer: &JsValue, byte_offset: u32) -> $name;
[INFO] [stderr]      | |_____________________________________________________________________________________^
[INFO] [stderr] ...
[INFO] [stderr] 4826 | / arrays! {
[INFO] [stderr] 4827 | |     /// `Int8Array()`
[INFO] [stderr] 4828 | |     /// https://developer.mozilla.org/en-US/docs/Web/JavaScript/Reference/Global_Objects/Int8Array
[INFO] [stderr] 4829 | |     Int8Array: i8,
[INFO] [stderr] ...    |
[INFO] [stderr] 4861 | |     Float64Array: f64,
[INFO] [stderr] 4862 | | }
[INFO] [stderr]      | |_- in this macro invocation
[INFO] [stderr]      |
[INFO] [stderr]      = note: this error originates in a macro (in Nightly builds, run with -Z macro-backtrace for more info)
[INFO] [stderr] 
[INFO] [stderr] error: return value of constructor must be a bare path
[INFO] [stderr]     --> /opt/rustwide/cargo-home/registry/src/github.com-1ecc6299db9ec823/js-sys-0.3.29/src/lib.rs:4699:13
[INFO] [stderr]      |
[INFO] [stderr] 4699 | /             /// An
[INFO] [stderr] 4700 | |             #[doc = $ctor]
[INFO] [stderr] 4701 | |             /// which creates an array with the given buffer but is a
[INFO] [stderr] 4702 | |             /// view starting at `byte_offset` for `length` elements.
[INFO] [stderr] ...    |
[INFO] [stderr] 4711 | |                 length: u32,
[INFO] [stderr] 4712 | |             ) -> $name;
[INFO] [stderr]      | |_______________________^
[INFO] [stderr] ...
[INFO] [stderr] 4826 | / arrays! {
[INFO] [stderr] 4827 | |     /// `Int8Array()`
[INFO] [stderr] 4828 | |     /// https://developer.mozilla.org/en-US/docs/Web/JavaScript/Reference/Global_Objects/Int8Array
[INFO] [stderr] 4829 | |     Int8Array: i8,
[INFO] [stderr] ...    |
[INFO] [stderr] 4861 | |     Float64Array: f64,
[INFO] [stderr] 4862 | | }
[INFO] [stderr]      | |_- in this macro invocation
[INFO] [stderr]      |
[INFO] [stderr]      = note: this error originates in a macro (in Nightly builds, run with -Z macro-backtrace for more info)
[INFO] [stderr] 
[INFO] [stderr] error: first argument of method must be a path
[INFO] [stderr]     --> /opt/rustwide/cargo-home/registry/src/github.com-1ecc6299db9ec823/js-sys-0.3.29/src/lib.rs:4719:32
[INFO] [stderr]      |
[INFO] [stderr] 4719 |               pub fn fill(this: &$name, value: $ty, start: u32, end: u32) -> $name;
[INFO] [stderr]      |                                  ^^^^^
[INFO] [stderr] ...
[INFO] [stderr] 4826 | / arrays! {
[INFO] [stderr] 4827 | |     /// `Int8Array()`
[INFO] [stderr] 4828 | |     /// https://developer.mozilla.org/en-US/docs/Web/JavaScript/Reference/Global_Objects/Int8Array
[INFO] [stderr] 4829 | |     Int8Array: i8,
[INFO] [stderr] ...    |
[INFO] [stderr] 4861 | |     Float64Array: f64,
[INFO] [stderr] 4862 | | }
[INFO] [stderr]      | |_- in this macro invocation
[INFO] [stderr]      |
[INFO] [stderr]      = note: this error originates in a macro (in Nightly builds, run with -Z macro-backtrace for more info)
[INFO] [stderr] 
[INFO] [stderr] error: first argument of method must be a path
[INFO] [stderr]     --> /opt/rustwide/cargo-home/registry/src/github.com-1ecc6299db9ec823/js-sys-0.3.29/src/lib.rs:4724:34
[INFO] [stderr]      |
[INFO] [stderr] 4724 |               pub fn buffer(this: &$name) -> ArrayBuffer;
[INFO] [stderr]      |                                    ^^^^^
[INFO] [stderr] ...
[INFO] [stderr] 4826 | / arrays! {
[INFO] [stderr] 4827 | |     /// `Int8Array()`
[INFO] [stderr] 4828 | |     /// https://developer.mozilla.org/en-US/docs/Web/JavaScript/Reference/Global_Objects/Int8Array
[INFO] [stderr] 4829 | |     Int8Array: i8,
[INFO] [stderr] ...    |
[INFO] [stderr] 4861 | |     Float64Array: f64,
[INFO] [stderr] 4862 | | }
[INFO] [stderr]      | |_- in this macro invocation
[INFO] [stderr]      |
[INFO] [stderr]      = note: this error originates in a macro (in Nightly builds, run with -Z macro-backtrace for more info)
[INFO] [stderr] 
[INFO] [stderr] error: first argument of method must be a path
[INFO] [stderr]     --> /opt/rustwide/cargo-home/registry/src/github.com-1ecc6299db9ec823/js-sys-0.3.29/src/lib.rs:4729:36
[INFO] [stderr]      |
[INFO] [stderr] 4729 |               pub fn subarray(this: &$name, begin: u32, end: u32) -> $name;
[INFO] [stderr]      |                                      ^^^^^
[INFO] [stderr] ...
[INFO] [stderr] 4826 | / arrays! {
[INFO] [stderr] 4827 | |     /// `Int8Array()`
[INFO] [stderr] 4828 | |     /// https://developer.mozilla.org/en-US/docs/Web/JavaScript/Reference/Global_Objects/Int8Array
[INFO] [stderr] 4829 | |     Int8Array: i8,
[INFO] [stderr] ...    |
[INFO] [stderr] 4861 | |     Float64Array: f64,
[INFO] [stderr] 4862 | | }
[INFO] [stderr]      | |_- in this macro invocation
[INFO] [stderr]      |
[INFO] [stderr]      = note: this error originates in a macro (in Nightly builds, run with -Z macro-backtrace for more info)
[INFO] [stderr] 
[INFO] [stderr] error: first argument of method must be a path
[INFO] [stderr]     --> /opt/rustwide/cargo-home/registry/src/github.com-1ecc6299db9ec823/js-sys-0.3.29/src/lib.rs:4735:33
[INFO] [stderr]      |
[INFO] [stderr] 4735 |               pub fn slice(this: &$name, begin: u32, end: u32) -> $name;
[INFO] [stderr]      |                                   ^^^^^
[INFO] [stderr] ...
[INFO] [stderr] 4826 | / arrays! {
[INFO] [stderr] 4827 | |     /// `Int8Array()`
[INFO] [stderr] 4828 | |     /// https://developer.mozilla.org/en-US/docs/Web/JavaScript/Reference/Global_Objects/Int8Array
[INFO] [stderr] 4829 | |     Int8Array: i8,
[INFO] [stderr] ...    |
[INFO] [stderr] 4861 | |     Float64Array: f64,
[INFO] [stderr] 4862 | | }
[INFO] [stderr]      | |_- in this macro invocation
[INFO] [stderr]      |
[INFO] [stderr]      = note: this error originates in a macro (in Nightly builds, run with -Z macro-backtrace for more info)
[INFO] [stderr] 
[INFO] [stderr] error: first argument of method must be a path
[INFO] [stderr]     --> /opt/rustwide/cargo-home/registry/src/github.com-1ecc6299db9ec823/js-sys-0.3.29/src/lib.rs:4742:36
[INFO] [stderr]      |
[INFO] [stderr] 4742 |               pub fn for_each(this: &$name, callback: &mut dyn FnMut($ty, u32, $name));
[INFO] [stderr]      |                                      ^^^^^
[INFO] [stderr] ...
[INFO] [stderr] 4826 | / arrays! {
[INFO] [stderr] 4827 | |     /// `Int8Array()`
[INFO] [stderr] 4828 | |     /// https://developer.mozilla.org/en-US/docs/Web/JavaScript/Reference/Global_Objects/Int8Array
[INFO] [stderr] 4829 | |     Int8Array: i8,
[INFO] [stderr] ...    |
[INFO] [stderr] 4861 | |     Float64Array: f64,
[INFO] [stderr] 4862 | | }
[INFO] [stderr]      | |_- in this macro invocation
[INFO] [stderr]      |
[INFO] [stderr]      = note: this error originates in a macro (in Nightly builds, run with -Z macro-backtrace for more info)
[INFO] [stderr] 
[INFO] [stderr] error: first argument of method must be a path
[INFO] [stderr]     --> /opt/rustwide/cargo-home/registry/src/github.com-1ecc6299db9ec823/js-sys-0.3.29/src/lib.rs:4747:34
[INFO] [stderr]      |
[INFO] [stderr] 4747 |               pub fn length(this: &$name) -> u32;
[INFO] [stderr]      |                                    ^^^^^
[INFO] [stderr] ...
[INFO] [stderr] 4826 | / arrays! {
[INFO] [stderr] 4827 | |     /// `Int8Array()`
[INFO] [stderr] 4828 | |     /// https://developer.mozilla.org/en-US/docs/Web/JavaScript/Reference/Global_Objects/Int8Array
[INFO] [stderr] 4829 | |     Int8Array: i8,
[INFO] [stderr] ...    |
[INFO] [stderr] 4861 | |     Float64Array: f64,
[INFO] [stderr] 4862 | | }
[INFO] [stderr]      | |_- in this macro invocation
[INFO] [stderr]      |
[INFO] [stderr]      = note: this error originates in a macro (in Nightly builds, run with -Z macro-backtrace for more info)
[INFO] [stderr] 
[INFO] [stderr] error: first argument of method must be a path
[INFO] [stderr]     --> /opt/rustwide/cargo-home/registry/src/github.com-1ecc6299db9ec823/js-sys-0.3.29/src/lib.rs:4752:39
[INFO] [stderr]      |
[INFO] [stderr] 4752 |               pub fn byte_length(this: &$name) -> u32;
[INFO] [stderr]      |                                         ^^^^^
[INFO] [stderr] ...
[INFO] [stderr] 4826 | / arrays! {
[INFO] [stderr] 4827 | |     /// `Int8Array()`
[INFO] [stderr] 4828 | |     /// https://developer.mozilla.org/en-US/docs/Web/JavaScript/Reference/Global_Objects/Int8Array
[INFO] [stderr] 4829 | |     Int8Array: i8,
[INFO] [stderr] ...    |
[INFO] [stderr] 4861 | |     Float64Array: f64,
[INFO] [stderr] 4862 | | }
[INFO] [stderr]      | |_- in this macro invocation
[INFO] [stderr]      |
[INFO] [stderr]      = note: this error originates in a macro (in Nightly builds, run with -Z macro-backtrace for more info)
[INFO] [stderr] 
[INFO] [stderr] error: first argument of method must be a path
[INFO] [stderr]     --> /opt/rustwide/cargo-home/registry/src/github.com-1ecc6299db9ec823/js-sys-0.3.29/src/lib.rs:4757:39
[INFO] [stderr]      |
[INFO] [stderr] 4757 |               pub fn byte_offset(this: &$name) -> u32;
[INFO] [stderr]      |                                         ^^^^^
[INFO] [stderr] ...
[INFO] [stderr] 4826 | / arrays! {
[INFO] [stderr] 4827 | |     /// `Int8Array()`
[INFO] [stderr] 4828 | |     /// https://developer.mozilla.org/en-US/docs/Web/JavaScript/Reference/Global_Objects/Int8Array
[INFO] [stderr] 4829 | |     Int8Array: i8,
[INFO] [stderr] ...    |
[INFO] [stderr] 4861 | |     Float64Array: f64,
[INFO] [stderr] 4862 | | }
[INFO] [stderr]      | |_- in this macro invocation
[INFO] [stderr]      |
[INFO] [stderr]      = note: this error originates in a macro (in Nightly builds, run with -Z macro-backtrace for more info)
[INFO] [stderr] 
[INFO] [stderr] error: first argument of method must be a path
[INFO] [stderr]     --> /opt/rustwide/cargo-home/registry/src/github.com-1ecc6299db9ec823/js-sys-0.3.29/src/lib.rs:4762:31
[INFO] [stderr]      |
[INFO] [stderr] 4762 |               pub fn set(this: &$name, src: &JsValue, offset: u32);
[INFO] [stderr]      |                                 ^^^^^
[INFO] [stderr] ...
[INFO] [stderr] 4826 | / arrays! {
[INFO] [stderr] 4827 | |     /// `Int8Array()`
[INFO] [stderr] 4828 | |     /// https://developer.mozilla.org/en-US/docs/Web/JavaScript/Reference/Global_Objects/Int8Array
[INFO] [stderr] 4829 | |     Int8Array: i8,
[INFO] [stderr] ...    |
[INFO] [stderr] 4861 | |     Float64Array: f64,
[INFO] [stderr] 4862 | | }
[INFO] [stderr]      | |_- in this macro invocation
[INFO] [stderr]      |
[INFO] [stderr]      = note: this error originates in a macro (in Nightly builds, run with -Z macro-backtrace for more info)
[INFO] [stderr] 
[INFO] [stderr] error[E0433]: failed to resolve: use of undeclared type or module `Int8Array`
[INFO] [stderr]     --> /opt/rustwide/cargo-home/registry/src/github.com-1ecc6299db9ec823/js-sys-0.3.29/src/lib.rs:4829:5
[INFO] [stderr]      |
[INFO] [stderr] 4829 |     Int8Array: i8,
[INFO] [stderr]      |     ^^^^^^^^^ use of undeclared type or module `Int8Array`
[INFO] [stderr] 
[INFO] [stderr] error[E0433]: failed to resolve: use of undeclared type or module `Int16Array`
[INFO] [stderr]     --> /opt/rustwide/cargo-home/registry/src/github.com-1ecc6299db9ec823/js-sys-0.3.29/src/lib.rs:4833:5
[INFO] [stderr]      |
[INFO] [stderr] 4833 |     Int16Array: i16,
[INFO] [stderr]      |     ^^^^^^^^^^ use of undeclared type or module `Int16Array`
[INFO] [stderr] 
[INFO] [stderr] error[E0433]: failed to resolve: use of undeclared type or module `Int32Array`
[INFO] [stderr]     --> /opt/rustwide/cargo-home/registry/src/github.com-1ecc6299db9ec823/js-sys-0.3.29/src/lib.rs:4837:5
[INFO] [stderr]      |
[INFO] [stderr] 4837 |     Int32Array: i32,
[INFO] [stderr]      |     ^^^^^^^^^^ use of undeclared type or module `Int32Array`
[INFO] [stderr] 
[INFO] [stderr] error[E0433]: failed to resolve: use of undeclared type or module `Uint8Array`
[INFO] [stderr]     --> /opt/rustwide/cargo-home/registry/src/github.com-1ecc6299db9ec823/js-sys-0.3.29/src/lib.rs:4841:5
[INFO] [stderr]      |
[INFO] [stderr] 4841 |     Uint8Array: u8,
[INFO] [stderr]      |     ^^^^^^^^^^ use of undeclared type or module `Uint8Array`
[INFO] [stderr] 
[INFO] [stderr] error[E0433]: failed to resolve: use of undeclared type or module `Uint8ClampedArray`
[INFO] [stderr]     --> /opt/rustwide/cargo-home/registry/src/github.com-1ecc6299db9ec823/js-sys-0.3.29/src/lib.rs:4845:5
[INFO] [stderr]      |
[INFO] [stderr] 4845 |     Uint8ClampedArray: u8,
[INFO] [stderr]      |     ^^^^^^^^^^^^^^^^^ use of undeclared type or module `Uint8ClampedArray`
[INFO] [stderr] 
[INFO] [stderr] error[E0433]: failed to resolve: use of undeclared type or module `Uint16Array`
[INFO] [stderr]     --> /opt/rustwide/cargo-home/registry/src/github.com-1ecc6299db9ec823/js-sys-0.3.29/src/lib.rs:4849:5
[INFO] [stderr]      |
[INFO] [stderr] 4849 |     Uint16Array: u16,
[INFO] [stderr]      |     ^^^^^^^^^^^ use of undeclared type or module `Uint16Array`
[INFO] [stderr] 
[INFO] [stderr] error[E0433]: failed to resolve: use of undeclared type or module `Uint32Array`
[INFO] [stderr]     --> /opt/rustwide/cargo-home/registry/src/github.com-1ecc6299db9ec823/js-sys-0.3.29/src/lib.rs:4853:5
[INFO] [stderr]      |
[INFO] [stderr] 4853 |     Uint32Array: u32,
[INFO] [stderr]      |     ^^^^^^^^^^^ use of undeclared type or module `Uint32Array`
[INFO] [stderr] 
[INFO] [stderr] error[E0433]: failed to resolve: use of undeclared type or module `Float32Array`
[INFO] [stderr]     --> /opt/rustwide/cargo-home/registry/src/github.com-1ecc6299db9ec823/js-sys-0.3.29/src/lib.rs:4857:5
[INFO] [stderr]      |
[INFO] [stderr] 4857 |     Float32Array: f32,
[INFO] [stderr]      |     ^^^^^^^^^^^^ use of undeclared type or module `Float32Array`
[INFO] [stderr] 
[INFO] [stderr] error[E0433]: failed to resolve: use of undeclared type or module `Float64Array`
[INFO] [stderr]     --> /opt/rustwide/cargo-home/registry/src/github.com-1ecc6299db9ec823/js-sys-0.3.29/src/lib.rs:4861:5
[INFO] [stderr]      |
[INFO] [stderr] 4861 |     Float64Array: f64,
[INFO] [stderr]      |     ^^^^^^^^^^^^ use of undeclared type or module `Float64Array`
[INFO] [stderr] 
[INFO] [stderr] error[E0412]: cannot find type `Int32Array` in this scope
[INFO] [stderr]    --> /opt/rustwide/cargo-home/registry/src/github.com-1ecc6299db9ec823/js-sys-0.3.29/src/lib.rs:644:37
[INFO] [stderr]     |
[INFO] [stderr] 644 |         pub fn notify(typed_array: &Int32Array, index: u32) -> Result<u32, JsValue>;
[INFO] [stderr]     |                                     ^^^^^^^^^^ not found in this scope
[INFO] [stderr] 
[INFO] [stderr] error[E0412]: cannot find type `Int32Array` in this scope
[INFO] [stderr]    --> /opt/rustwide/cargo-home/registry/src/github.com-1ecc6299db9ec823/js-sys-0.3.29/src/lib.rs:649:27
[INFO] [stderr]     |
[INFO] [stderr] 649 |             typed_array: &Int32Array,
[INFO] [stderr]     |                           ^^^^^^^^^^ not found in this scope
[INFO] [stderr] 
[INFO] [stderr] error[E0412]: cannot find type `Int32Array` in this scope
[INFO] [stderr]    --> /opt/rustwide/cargo-home/registry/src/github.com-1ecc6299db9ec823/js-sys-0.3.29/src/lib.rs:688:35
[INFO] [stderr]     |
[INFO] [stderr] 688 |         pub fn wait(typed_array: &Int32Array, index: u32, value: i32) -> Result<JsString, JsValue>;
[INFO] [stderr]     |                                   ^^^^^^^^^^ not found in this scope
[INFO] [stderr] 
[INFO] [stderr] error[E0412]: cannot find type `Int32Array` in this scope
[INFO] [stderr]    --> /opt/rustwide/cargo-home/registry/src/github.com-1ecc6299db9ec823/js-sys-0.3.29/src/lib.rs:695:27
[INFO] [stderr]     |
[INFO] [stderr] 695 |             typed_array: &Int32Array,
[INFO] [stderr]     |                           ^^^^^^^^^^ not found in this scope
[INFO] [stderr] 
[INFO] [stderr] error[E0412]: cannot find type `Int8Array` in this scope
[INFO] [stderr]     --> /opt/rustwide/cargo-home/registry/src/github.com-1ecc6299db9ec823/js-sys-0.3.29/src/lib.rs:4829:5
[INFO] [stderr]      |
[INFO] [stderr] 4829 |     Int8Array: i8,
[INFO] [stderr]      |     ^^^^^^^^^ not found in this scope
[INFO] [stderr] 
[INFO] [stderr] error[E0412]: cannot find type `Int16Array` in this scope
[INFO] [stderr]     --> /opt/rustwide/cargo-home/registry/src/github.com-1ecc6299db9ec823/js-sys-0.3.29/src/lib.rs:4833:5
[INFO] [stderr]      |
[INFO] [stderr] 4833 |     Int16Array: i16,
[INFO] [stderr]      |     ^^^^^^^^^^ not found in this scope
[INFO] [stderr] 
[INFO] [stderr] error[E0412]: cannot find type `Int32Array` in this scope
[INFO] [stderr]     --> /opt/rustwide/cargo-home/registry/src/github.com-1ecc6299db9ec823/js-sys-0.3.29/src/lib.rs:4837:5
[INFO] [stderr]      |
[INFO] [stderr] 4837 |     Int32Array: i32,
[INFO] [stderr]      |     ^^^^^^^^^^ not found in this scope
[INFO] [stderr] 
[INFO] [stderr] error[E0412]: cannot find type `Uint8Array` in this scope
[INFO] [stderr]     --> /opt/rustwide/cargo-home/registry/src/github.com-1ecc6299db9ec823/js-sys-0.3.29/src/lib.rs:4841:5
[INFO] [stderr]      |
[INFO] [stderr] 4841 |     Uint8Array: u8,
[INFO] [stderr]      |     ^^^^^^^^^^ not found in this scope
[INFO] [stderr] 
[INFO] [stderr] error[E0412]: cannot find type `Uint8ClampedArray` in this scope
[INFO] [stderr]     --> /opt/rustwide/cargo-home/registry/src/github.com-1ecc6299db9ec823/js-sys-0.3.29/src/lib.rs:4845:5
[INFO] [stderr]      |
[INFO] [stderr] 4845 |     Uint8ClampedArray: u8,
[INFO] [stderr]      |     ^^^^^^^^^^^^^^^^^ not found in this scope
[INFO] [stderr] 
[INFO] [stderr] error[E0412]: cannot find type `Uint16Array` in this scope
[INFO] [stderr]     --> /opt/rustwide/cargo-home/registry/src/github.com-1ecc6299db9ec823/js-sys-0.3.29/src/lib.rs:4849:5
[INFO] [stderr]      |
[INFO] [stderr] 4849 |     Uint16Array: u16,
[INFO] [stderr]      |     ^^^^^^^^^^^ not found in this scope
[INFO] [stderr] 
[INFO] [stderr] error[E0412]: cannot find type `Uint32Array` in this scope
[INFO] [stderr]     --> /opt/rustwide/cargo-home/registry/src/github.com-1ecc6299db9ec823/js-sys-0.3.29/src/lib.rs:4853:5
[INFO] [stderr]      |
[INFO] [stderr] 4853 |     Uint32Array: u32,
[INFO] [stderr]      |     ^^^^^^^^^^^ not found in this scope
[INFO] [stderr] 
[INFO] [stderr] error[E0412]: cannot find type `Float32Array` in this scope
[INFO] [stderr]     --> /opt/rustwide/cargo-home/registry/src/github.com-1ecc6299db9ec823/js-sys-0.3.29/src/lib.rs:4857:5
[INFO] [stderr]      |
[INFO] [stderr] 4857 |     Float32Array: f32,
[INFO] [stderr]      |     ^^^^^^^^^^^^ not found in this scope
[INFO] [stderr] 
[INFO] [stderr] error[E0412]: cannot find type `Float64Array` in this scope
[INFO] [stderr]     --> /opt/rustwide/cargo-home/registry/src/github.com-1ecc6299db9ec823/js-sys-0.3.29/src/lib.rs:4861:5
[INFO] [stderr]      |
[INFO] [stderr] 4861 |     Float64Array: f64,
[INFO] [stderr]      |     ^^^^^^^^^^^^ not found in this scope
[INFO] [stderr] 
[INFO] [stderr]    Compiling web-sys v0.3.29
[INFO] [stderr] error: aborting due to 35 previous errors
[INFO] [stderr] 
[INFO] [stderr] Some errors have detailed explanations: E0412, E0433.
[INFO] [stderr] For more information about an error, try `rustc --explain E0412`.
[INFO] [stderr] error: could not compile `js-sys`.
[INFO] [stderr] 
[INFO] [stderr] To learn more, run the command again with --verbose.
[INFO] [stderr] warning: build failed, waiting for other jobs to finish...
[INFO] [stderr] error: build failed
[INFO] running `"docker" "inspect" "7081a5e8a9a107295bd3570582d162c3f8debc89fcc4a7c1e1260fea4765fac7"`
[INFO] running `"docker" "rm" "-f" "7081a5e8a9a107295bd3570582d162c3f8debc89fcc4a7c1e1260fea4765fac7"`
[INFO] [stdout] 7081a5e8a9a107295bd3570582d162c3f8debc89fcc4a7c1e1260fea4765fac7