[INFO] cloning repository https://github.com/ezhivitsa/calculator
[INFO] running `"git" "-c" "credential.helper=" "-c" "credential.helper=/workspace/cargo-home/bin/git-credential-null" "clone" "--bare" "https://github.com/ezhivitsa/calculator" "/workspace/cache/git-repos/https%3A%2F%2Fgithub.com%2Fezhivitsa%2Fcalculator"`
[INFO] [stderr] Cloning into bare repository '/workspace/cache/git-repos/https%3A%2F%2Fgithub.com%2Fezhivitsa%2Fcalculator'...
[INFO] running `"git" "rev-parse" "HEAD"`
[INFO] [stdout] 729b2a02ce7a1feeb412d5d0aba49d00080dc5bd
[INFO] checking ezhivitsa/calculator against master#7726070fa755f660b5da3f82f46e07d9c6866f69 for pr-72622
[INFO] running `"git" "clone" "/workspace/cache/git-repos/https%3A%2F%2Fgithub.com%2Fezhivitsa%2Fcalculator" "/workspace/builds/worker-3/source"`
[INFO] [stderr] Cloning into '/workspace/builds/worker-3/source'...
[INFO] [stderr] done.
[INFO] validating manifest of git repo https://github.com/ezhivitsa/calculator on toolchain 7726070fa755f660b5da3f82f46e07d9c6866f69
[INFO] running `"/workspace/cargo-home/bin/cargo" "+7726070fa755f660b5da3f82f46e07d9c6866f69" "read-manifest" "--manifest-path" "Cargo.toml"`
[INFO] started tweaking git repo https://github.com/ezhivitsa/calculator
[INFO] finished tweaking git repo https://github.com/ezhivitsa/calculator
[INFO] tweaked toml for git repo https://github.com/ezhivitsa/calculator written to /workspace/builds/worker-3/source/Cargo.toml
[INFO] crate git repo https://github.com/ezhivitsa/calculator already has a lockfile, it will not be regenerated
[INFO] running `"/workspace/cargo-home/bin/cargo" "+7726070fa755f660b5da3f82f46e07d9c6866f69" "fetch" "--locked" "--manifest-path" "Cargo.toml"`
[INFO] [stderr] warning: Found `debug_assertions` in `target.'cfg(...)'.dependencies`. This value is not supported for selecting dependencies and will not work as expected. To learn more visit https://doc.rust-lang.org/cargo/reference/specifying-dependencies.html#platform-specific-dependencies
[INFO] running `"docker" "create" "-v" "/var/lib/crater-agent-workspace/builds/worker-3/target:/opt/rustwide/target:rw,Z" "-v" "/var/lib/crater-agent-workspace/builds/worker-3/source:/opt/rustwide/workdir:ro,Z" "-v" "/var/lib/crater-agent-workspace/cargo-home:/opt/rustwide/cargo-home:ro,Z" "-v" "/var/lib/crater-agent-workspace/rustup-home:/opt/rustwide/rustup-home:ro,Z" "-e" "SOURCE_DIR=/opt/rustwide/workdir" "-e" "MAP_USER_ID=0" "-e" "CARGO_TARGET_DIR=/opt/rustwide/target" "-e" "CARGO_INCREMENTAL=0" "-e" "RUST_BACKTRACE=full" "-e" "RUSTFLAGS=--cap-lints=forbid" "-e" "CARGO_HOME=/opt/rustwide/cargo-home" "-e" "RUSTUP_HOME=/opt/rustwide/rustup-home" "-w" "/opt/rustwide/workdir" "-m" "1610612736" "--network" "none" "rustops/crates-build-env" "/opt/rustwide/cargo-home/bin/cargo" "+7726070fa755f660b5da3f82f46e07d9c6866f69" "check" "--frozen" "--all" "--all-targets"`
[INFO] [stderr] WARNING: Your kernel does not support swap limit capabilities or the cgroup is not mounted. Memory limited without swap.
[INFO] [stdout] d900df415bf706e29481b2337f11480ee0dd90ff0624036a5a350046400532df
[INFO] running `"docker" "start" "-a" "d900df415bf706e29481b2337f11480ee0dd90ff0624036a5a350046400532df"`
[INFO] [stderr] sudo: setrlimit(RLIMIT_CORE): Operation not permitted
[INFO] [stderr] warning: Found `debug_assertions` in `target.'cfg(...)'.dependencies`. This value is not supported for selecting dependencies and will not work as expected. To learn more visit https://doc.rust-lang.org/cargo/reference/specifying-dependencies.html#platform-specific-dependencies
[INFO] [stderr]    Compiling proc-macro2 v1.0.9
[INFO] [stderr]    Compiling libc v0.2.69
[INFO] [stderr]    Compiling syn v1.0.17
[INFO] [stderr]    Compiling ppv-lite86 v0.2.6
[INFO] [stderr]    Compiling log v0.4.8
[INFO] [stderr]    Compiling wasm-bindgen-test-macro v0.2.50
[INFO] [stderr]    Compiling quote v1.0.3
[INFO] [stderr]    Compiling getrandom v0.1.14
[INFO] [stderr]     Checking rand v0.4.6
[INFO] [stderr]    Compiling rand_core v0.5.1
[INFO] [stderr]    Compiling rand_pcg v0.2.1
[INFO] [stderr]    Compiling rand_chacha v0.2.2
[INFO] [stderr]     Checking rand v0.3.23
[INFO] [stderr]     Checking statrs v0.9.0
[INFO] [stderr]    Compiling rand v0.7.3
[INFO] [stderr]    Compiling phf_generator v0.8.0
[INFO] [stderr]    Compiling wasm-bindgen-backend v0.2.59
[INFO] [stderr]    Compiling phf_macros v0.8.0
[INFO] [stderr]    Compiling wasm-bindgen-macro-support v0.2.59
[INFO] [stderr]     Checking phf v0.8.0
[INFO] [stderr]    Compiling wasm-bindgen-macro v0.2.59
[INFO] [stderr]     Checking wasm-bindgen v0.2.59
[INFO] [stderr]     Checking js-sys v0.3.36
[INFO] [stderr]     Checking console_error_panic_hook v0.1.6
[INFO] [stderr] error: return value of constructor must be a bare path
[INFO] [stderr]     --> /opt/rustwide/cargo-home/registry/src/github.com-1ecc6299db9ec823/js-sys-0.3.36/src/lib.rs:4791:13
[INFO] [stderr]      |
[INFO] [stderr] 4791 | /             /// The
[INFO] [stderr] 4792 | |             #[doc = $ctor]
[INFO] [stderr] 4793 | |             /// constructor creates an array of unsigned 8-bit integers.
[INFO] [stderr] 4794 | |             ///
[INFO] [stderr] ...    |
[INFO] [stderr] 4798 | |             #[wasm_bindgen(constructor)]
[INFO] [stderr] 4799 | |             pub fn new(constructor_arg: &JsValue) -> $name;
[INFO] [stderr]      | |___________________________________________________________^
[INFO] [stderr] ...
[INFO] [stderr] 4995 | / arrays! {
[INFO] [stderr] 4996 | |     /// `Int8Array()`
[INFO] [stderr] 4997 | |     /// https://developer.mozilla.org/en-US/docs/Web/JavaScript/Reference/Global_Objects/Int8Array
[INFO] [stderr] 4998 | |     Int8Array: i8,
[INFO] [stderr] ...    |
[INFO] [stderr] 5030 | |     Float64Array: f64,
[INFO] [stderr] 5031 | | }
[INFO] [stderr]      | |_- in this macro invocation
[INFO] [stderr]      |
[INFO] [stderr]      = note: this error originates in a macro (in Nightly builds, run with -Z macro-backtrace for more info)
[INFO] [stderr] 
[INFO] [stderr] error: return value of constructor must be a bare path
[INFO] [stderr]     --> /opt/rustwide/cargo-home/registry/src/github.com-1ecc6299db9ec823/js-sys-0.3.36/src/lib.rs:4801:13
[INFO] [stderr]      |
[INFO] [stderr] 4801 | /             /// An
[INFO] [stderr] 4802 | |             #[doc = $ctor]
[INFO] [stderr] 4803 | |             /// which creates an array with an internal buffer large
[INFO] [stderr] 4804 | |             /// enough for `length` elements.
[INFO] [stderr] ...    |
[INFO] [stderr] 4809 | |             #[wasm_bindgen(constructor)]
[INFO] [stderr] 4810 | |             pub fn new_with_length(length: u32) -> $name;
[INFO] [stderr]      | |_________________________________________________________^
[INFO] [stderr] ...
[INFO] [stderr] 4995 | / arrays! {
[INFO] [stderr] 4996 | |     /// `Int8Array()`
[INFO] [stderr] 4997 | |     /// https://developer.mozilla.org/en-US/docs/Web/JavaScript/Reference/Global_Objects/Int8Array
[INFO] [stderr] 4998 | |     Int8Array: i8,
[INFO] [stderr] ...    |
[INFO] [stderr] 5030 | |     Float64Array: f64,
[INFO] [stderr] 5031 | | }
[INFO] [stderr]      | |_- in this macro invocation
[INFO] [stderr]      |
[INFO] [stderr]      = note: this error originates in a macro (in Nightly builds, run with -Z macro-backtrace for more info)
[INFO] [stderr] 
[INFO] [stderr] error: return value of constructor must be a bare path
[INFO] [stderr]     --> /opt/rustwide/cargo-home/registry/src/github.com-1ecc6299db9ec823/js-sys-0.3.36/src/lib.rs:4812:13
[INFO] [stderr]      |
[INFO] [stderr] 4812 | /             /// An
[INFO] [stderr] 4813 | |             #[doc = $ctor]
[INFO] [stderr] 4814 | |             /// which creates an array with the given buffer but is a
[INFO] [stderr] 4815 | |             /// view starting at `byte_offset`.
[INFO] [stderr] ...    |
[INFO] [stderr] 4820 | |             #[wasm_bindgen(constructor)]
[INFO] [stderr] 4821 | |             pub fn new_with_byte_offset(buffer: &JsValue, byte_offset: u32) -> $name;
[INFO] [stderr]      | |_____________________________________________________________________________________^
[INFO] [stderr] ...
[INFO] [stderr] 4995 | / arrays! {
[INFO] [stderr] 4996 | |     /// `Int8Array()`
[INFO] [stderr] 4997 | |     /// https://developer.mozilla.org/en-US/docs/Web/JavaScript/Reference/Global_Objects/Int8Array
[INFO] [stderr] 4998 | |     Int8Array: i8,
[INFO] [stderr] ...    |
[INFO] [stderr] 5030 | |     Float64Array: f64,
[INFO] [stderr] 5031 | | }
[INFO] [stderr]      | |_- in this macro invocation
[INFO] [stderr]      |
[INFO] [stderr]      = note: this error originates in a macro (in Nightly builds, run with -Z macro-backtrace for more info)
[INFO] [stderr] 
[INFO] [stderr] error: return value of constructor must be a bare path
[INFO] [stderr]     --> /opt/rustwide/cargo-home/registry/src/github.com-1ecc6299db9ec823/js-sys-0.3.36/src/lib.rs:4823:13
[INFO] [stderr]      |
[INFO] [stderr] 4823 | /             /// An
[INFO] [stderr] 4824 | |             #[doc = $ctor]
[INFO] [stderr] 4825 | |             /// which creates an array with the given buffer but is a
[INFO] [stderr] 4826 | |             /// view starting at `byte_offset` for `length` elements.
[INFO] [stderr] ...    |
[INFO] [stderr] 4835 | |                 length: u32,
[INFO] [stderr] 4836 | |             ) -> $name;
[INFO] [stderr]      | |_______________________^
[INFO] [stderr] ...
[INFO] [stderr] 4995 | / arrays! {
[INFO] [stderr] 4996 | |     /// `Int8Array()`
[INFO] [stderr] 4997 | |     /// https://developer.mozilla.org/en-US/docs/Web/JavaScript/Reference/Global_Objects/Int8Array
[INFO] [stderr] 4998 | |     Int8Array: i8,
[INFO] [stderr] ...    |
[INFO] [stderr] 5030 | |     Float64Array: f64,
[INFO] [stderr] 5031 | | }
[INFO] [stderr]      | |_- in this macro invocation
[INFO] [stderr]      |
[INFO] [stderr]      = note: this error originates in a macro (in Nightly builds, run with -Z macro-backtrace for more info)
[INFO] [stderr] 
[INFO] [stderr] error: first argument of method must be a path
[INFO] [stderr]     --> /opt/rustwide/cargo-home/registry/src/github.com-1ecc6299db9ec823/js-sys-0.3.36/src/lib.rs:4843:32
[INFO] [stderr]      |
[INFO] [stderr] 4843 |               pub fn fill(this: &$name, value: $ty, start: u32, end: u32) -> $name;
[INFO] [stderr]      |                                  ^^^^^
[INFO] [stderr] ...
[INFO] [stderr] 4995 | / arrays! {
[INFO] [stderr] 4996 | |     /// `Int8Array()`
[INFO] [stderr] 4997 | |     /// https://developer.mozilla.org/en-US/docs/Web/JavaScript/Reference/Global_Objects/Int8Array
[INFO] [stderr] 4998 | |     Int8Array: i8,
[INFO] [stderr] ...    |
[INFO] [stderr] 5030 | |     Float64Array: f64,
[INFO] [stderr] 5031 | | }
[INFO] [stderr]      | |_- in this macro invocation
[INFO] [stderr]      |
[INFO] [stderr]      = note: this error originates in a macro (in Nightly builds, run with -Z macro-backtrace for more info)
[INFO] [stderr] 
[INFO] [stderr] error: first argument of method must be a path
[INFO] [stderr]     --> /opt/rustwide/cargo-home/registry/src/github.com-1ecc6299db9ec823/js-sys-0.3.36/src/lib.rs:4848:34
[INFO] [stderr]      |
[INFO] [stderr] 4848 |               pub fn buffer(this: &$name) -> ArrayBuffer;
[INFO] [stderr]      |                                    ^^^^^
[INFO] [stderr] ...
[INFO] [stderr] 4995 | / arrays! {
[INFO] [stderr] 4996 | |     /// `Int8Array()`
[INFO] [stderr] 4997 | |     /// https://developer.mozilla.org/en-US/docs/Web/JavaScript/Reference/Global_Objects/Int8Array
[INFO] [stderr] 4998 | |     Int8Array: i8,
[INFO] [stderr] ...    |
[INFO] [stderr] 5030 | |     Float64Array: f64,
[INFO] [stderr] 5031 | | }
[INFO] [stderr]      | |_- in this macro invocation
[INFO] [stderr]      |
[INFO] [stderr]      = note: this error originates in a macro (in Nightly builds, run with -Z macro-backtrace for more info)
[INFO] [stderr] 
[INFO] [stderr] error: first argument of method must be a path
[INFO] [stderr]     --> /opt/rustwide/cargo-home/registry/src/github.com-1ecc6299db9ec823/js-sys-0.3.36/src/lib.rs:4854:36
[INFO] [stderr]      |
[INFO] [stderr] 4854 |               pub fn subarray(this: &$name, begin: u32, end: u32) -> $name;
[INFO] [stderr]      |                                      ^^^^^
[INFO] [stderr] ...
[INFO] [stderr] 4995 | / arrays! {
[INFO] [stderr] 4996 | |     /// `Int8Array()`
[INFO] [stderr] 4997 | |     /// https://developer.mozilla.org/en-US/docs/Web/JavaScript/Reference/Global_Objects/Int8Array
[INFO] [stderr] 4998 | |     Int8Array: i8,
[INFO] [stderr] ...    |
[INFO] [stderr] 5030 | |     Float64Array: f64,
[INFO] [stderr] 5031 | | }
[INFO] [stderr]      | |_- in this macro invocation
[INFO] [stderr]      |
[INFO] [stderr]      = note: this error originates in a macro (in Nightly builds, run with -Z macro-backtrace for more info)
[INFO] [stderr] 
[INFO] [stderr] error: first argument of method must be a path
[INFO] [stderr]     --> /opt/rustwide/cargo-home/registry/src/github.com-1ecc6299db9ec823/js-sys-0.3.36/src/lib.rs:4860:33
[INFO] [stderr]      |
[INFO] [stderr] 4860 |               pub fn slice(this: &$name, begin: u32, end: u32) -> $name;
[INFO] [stderr]      |                                   ^^^^^
[INFO] [stderr] ...
[INFO] [stderr] 4995 | / arrays! {
[INFO] [stderr] 4996 | |     /// `Int8Array()`
[INFO] [stderr] 4997 | |     /// https://developer.mozilla.org/en-US/docs/Web/JavaScript/Reference/Global_Objects/Int8Array
[INFO] [stderr] 4998 | |     Int8Array: i8,
[INFO] [stderr] ...    |
[INFO] [stderr] 5030 | |     Float64Array: f64,
[INFO] [stderr] 5031 | | }
[INFO] [stderr]      | |_- in this macro invocation
[INFO] [stderr]      |
[INFO] [stderr]      = note: this error originates in a macro (in Nightly builds, run with -Z macro-backtrace for more info)
[INFO] [stderr] 
[INFO] [stderr] error: first argument of method must be a path
[INFO] [stderr]     --> /opt/rustwide/cargo-home/registry/src/github.com-1ecc6299db9ec823/js-sys-0.3.36/src/lib.rs:4867:36
[INFO] [stderr]      |
[INFO] [stderr] 4867 |               pub fn for_each(this: &$name, callback: &mut dyn FnMut($ty, u32, $name));
[INFO] [stderr]      |                                      ^^^^^
[INFO] [stderr] ...
[INFO] [stderr] 4995 | / arrays! {
[INFO] [stderr] 4996 | |     /// `Int8Array()`
[INFO] [stderr] 4997 | |     /// https://developer.mozilla.org/en-US/docs/Web/JavaScript/Reference/Global_Objects/Int8Array
[INFO] [stderr] 4998 | |     Int8Array: i8,
[INFO] [stderr] ...    |
[INFO] [stderr] 5030 | |     Float64Array: f64,
[INFO] [stderr] 5031 | | }
[INFO] [stderr]      | |_- in this macro invocation
[INFO] [stderr]      |
[INFO] [stderr]      = note: this error originates in a macro (in Nightly builds, run with -Z macro-backtrace for more info)
[INFO] [stderr] 
[INFO] [stderr] error: first argument of method must be a path
[INFO] [stderr]     --> /opt/rustwide/cargo-home/registry/src/github.com-1ecc6299db9ec823/js-sys-0.3.36/src/lib.rs:4872:34
[INFO] [stderr]      |
[INFO] [stderr] 4872 |               pub fn length(this: &$name) -> u32;
[INFO] [stderr]      |                                    ^^^^^
[INFO] [stderr] ...
[INFO] [stderr] 4995 | / arrays! {
[INFO] [stderr] 4996 | |     /// `Int8Array()`
[INFO] [stderr] 4997 | |     /// https://developer.mozilla.org/en-US/docs/Web/JavaScript/Reference/Global_Objects/Int8Array
[INFO] [stderr] 4998 | |     Int8Array: i8,
[INFO] [stderr] ...    |
[INFO] [stderr] 5030 | |     Float64Array: f64,
[INFO] [stderr] 5031 | | }
[INFO] [stderr]      | |_- in this macro invocation
[INFO] [stderr]      |
[INFO] [stderr]      = note: this error originates in a macro (in Nightly builds, run with -Z macro-backtrace for more info)
[INFO] [stderr] 
[INFO] [stderr] error: first argument of method must be a path
[INFO] [stderr]     --> /opt/rustwide/cargo-home/registry/src/github.com-1ecc6299db9ec823/js-sys-0.3.36/src/lib.rs:4877:39
[INFO] [stderr]      |
[INFO] [stderr] 4877 |               pub fn byte_length(this: &$name) -> u32;
[INFO] [stderr]      |                                         ^^^^^
[INFO] [stderr] ...
[INFO] [stderr] 4995 | / arrays! {
[INFO] [stderr] 4996 | |     /// `Int8Array()`
[INFO] [stderr] 4997 | |     /// https://developer.mozilla.org/en-US/docs/Web/JavaScript/Reference/Global_Objects/Int8Array
[INFO] [stderr] 4998 | |     Int8Array: i8,
[INFO] [stderr] ...    |
[INFO] [stderr] 5030 | |     Float64Array: f64,
[INFO] [stderr] 5031 | | }
[INFO] [stderr]      | |_- in this macro invocation
[INFO] [stderr]      |
[INFO] [stderr]      = note: this error originates in a macro (in Nightly builds, run with -Z macro-backtrace for more info)
[INFO] [stderr] 
[INFO] [stderr] error: first argument of method must be a path
[INFO] [stderr]     --> /opt/rustwide/cargo-home/registry/src/github.com-1ecc6299db9ec823/js-sys-0.3.36/src/lib.rs:4882:39
[INFO] [stderr]      |
[INFO] [stderr] 4882 |               pub fn byte_offset(this: &$name) -> u32;
[INFO] [stderr]      |                                         ^^^^^
[INFO] [stderr] ...
[INFO] [stderr] 4995 | / arrays! {
[INFO] [stderr] 4996 | |     /// `Int8Array()`
[INFO] [stderr] 4997 | |     /// https://developer.mozilla.org/en-US/docs/Web/JavaScript/Reference/Global_Objects/Int8Array
[INFO] [stderr] 4998 | |     Int8Array: i8,
[INFO] [stderr] ...    |
[INFO] [stderr] 5030 | |     Float64Array: f64,
[INFO] [stderr] 5031 | | }
[INFO] [stderr]      | |_- in this macro invocation
[INFO] [stderr]      |
[INFO] [stderr]      = note: this error originates in a macro (in Nightly builds, run with -Z macro-backtrace for more info)
[INFO] [stderr] 
[INFO] [stderr] error: first argument of method must be a path
[INFO] [stderr]     --> /opt/rustwide/cargo-home/registry/src/github.com-1ecc6299db9ec823/js-sys-0.3.36/src/lib.rs:4887:31
[INFO] [stderr]      |
[INFO] [stderr] 4887 |               pub fn set(this: &$name, src: &JsValue, offset: u32);
[INFO] [stderr]      |                                 ^^^^^
[INFO] [stderr] ...
[INFO] [stderr] 4995 | / arrays! {
[INFO] [stderr] 4996 | |     /// `Int8Array()`
[INFO] [stderr] 4997 | |     /// https://developer.mozilla.org/en-US/docs/Web/JavaScript/Reference/Global_Objects/Int8Array
[INFO] [stderr] 4998 | |     Int8Array: i8,
[INFO] [stderr] ...    |
[INFO] [stderr] 5030 | |     Float64Array: f64,
[INFO] [stderr] 5031 | | }
[INFO] [stderr]      | |_- in this macro invocation
[INFO] [stderr]      |
[INFO] [stderr]      = note: this error originates in a macro (in Nightly builds, run with -Z macro-backtrace for more info)
[INFO] [stderr] 
[INFO] [stderr] error: first argument of method must be a path
[INFO] [stderr]     --> /opt/rustwide/cargo-home/registry/src/github.com-1ecc6299db9ec823/js-sys-0.3.36/src/lib.rs:4891:37
[INFO] [stderr]      |
[INFO] [stderr] 4891 |               pub fn get_index(this: &$name, idx: u32) -> $ty;
[INFO] [stderr]      |                                       ^^^^^
[INFO] [stderr] ...
[INFO] [stderr] 4995 | / arrays! {
[INFO] [stderr] 4996 | |     /// `Int8Array()`
[INFO] [stderr] 4997 | |     /// https://developer.mozilla.org/en-US/docs/Web/JavaScript/Reference/Global_Objects/Int8Array
[INFO] [stderr] 4998 | |     Int8Array: i8,
[INFO] [stderr] ...    |
[INFO] [stderr] 5030 | |     Float64Array: f64,
[INFO] [stderr] 5031 | | }
[INFO] [stderr]      | |_- in this macro invocation
[INFO] [stderr]      |
[INFO] [stderr]      = note: this error originates in a macro (in Nightly builds, run with -Z macro-backtrace for more info)
[INFO] [stderr] 
[INFO] [stderr] error: first argument of method must be a path
[INFO] [stderr]     --> /opt/rustwide/cargo-home/registry/src/github.com-1ecc6299db9ec823/js-sys-0.3.36/src/lib.rs:4895:37
[INFO] [stderr]      |
[INFO] [stderr] 4895 |               pub fn set_index(this: &$name, idx: u32, value: $ty);
[INFO] [stderr]      |                                       ^^^^^
[INFO] [stderr] ...
[INFO] [stderr] 4995 | / arrays! {
[INFO] [stderr] 4996 | |     /// `Int8Array()`
[INFO] [stderr] 4997 | |     /// https://developer.mozilla.org/en-US/docs/Web/JavaScript/Reference/Global_Objects/Int8Array
[INFO] [stderr] 4998 | |     Int8Array: i8,
[INFO] [stderr] ...    |
[INFO] [stderr] 5030 | |     Float64Array: f64,
[INFO] [stderr] 5031 | | }
[INFO] [stderr]      | |_- in this macro invocation
[INFO] [stderr]      |
[INFO] [stderr]      = note: this error originates in a macro (in Nightly builds, run with -Z macro-backtrace for more info)
[INFO] [stderr] 
[INFO] [stderr] error[E0433]: failed to resolve: use of undeclared type or module `Int8Array`
[INFO] [stderr]     --> /opt/rustwide/cargo-home/registry/src/github.com-1ecc6299db9ec823/js-sys-0.3.36/src/lib.rs:4998:5
[INFO] [stderr]      |
[INFO] [stderr] 4998 |     Int8Array: i8,
[INFO] [stderr]      |     ^^^^^^^^^ use of undeclared type or module `Int8Array`
[INFO] [stderr] 
[INFO] [stderr] error[E0433]: failed to resolve: use of undeclared type or module `Int16Array`
[INFO] [stderr]     --> /opt/rustwide/cargo-home/registry/src/github.com-1ecc6299db9ec823/js-sys-0.3.36/src/lib.rs:5002:5
[INFO] [stderr]      |
[INFO] [stderr] 5002 |     Int16Array: i16,
[INFO] [stderr]      |     ^^^^^^^^^^ use of undeclared type or module `Int16Array`
[INFO] [stderr] 
[INFO] [stderr] error[E0433]: failed to resolve: use of undeclared type or module `Int32Array`
[INFO] [stderr]     --> /opt/rustwide/cargo-home/registry/src/github.com-1ecc6299db9ec823/js-sys-0.3.36/src/lib.rs:5006:5
[INFO] [stderr]      |
[INFO] [stderr] 5006 |     Int32Array: i32,
[INFO] [stderr]      |     ^^^^^^^^^^ use of undeclared type or module `Int32Array`
[INFO] [stderr] 
[INFO] [stderr] error[E0433]: failed to resolve: use of undeclared type or module `Uint8Array`
[INFO] [stderr]     --> /opt/rustwide/cargo-home/registry/src/github.com-1ecc6299db9ec823/js-sys-0.3.36/src/lib.rs:5010:5
[INFO] [stderr]      |
[INFO] [stderr] 5010 |     Uint8Array: u8,
[INFO] [stderr]      |     ^^^^^^^^^^ use of undeclared type or module `Uint8Array`
[INFO] [stderr] 
[INFO] [stderr] error[E0433]: failed to resolve: use of undeclared type or module `Uint8ClampedArray`
[INFO] [stderr]     --> /opt/rustwide/cargo-home/registry/src/github.com-1ecc6299db9ec823/js-sys-0.3.36/src/lib.rs:5014:5
[INFO] [stderr]      |
[INFO] [stderr] 5014 |     Uint8ClampedArray: u8,
[INFO] [stderr]      |     ^^^^^^^^^^^^^^^^^ use of undeclared type or module `Uint8ClampedArray`
[INFO] [stderr] 
[INFO] [stderr] error[E0433]: failed to resolve: use of undeclared type or module `Uint16Array`
[INFO] [stderr]     --> /opt/rustwide/cargo-home/registry/src/github.com-1ecc6299db9ec823/js-sys-0.3.36/src/lib.rs:5018:5
[INFO] [stderr]      |
[INFO] [stderr] 5018 |     Uint16Array: u16,
[INFO] [stderr]      |     ^^^^^^^^^^^ use of undeclared type or module `Uint16Array`
[INFO] [stderr] 
[INFO] [stderr] error[E0433]: failed to resolve: use of undeclared type or module `Uint32Array`
[INFO] [stderr]     --> /opt/rustwide/cargo-home/registry/src/github.com-1ecc6299db9ec823/js-sys-0.3.36/src/lib.rs:5022:5
[INFO] [stderr]      |
[INFO] [stderr] 5022 |     Uint32Array: u32,
[INFO] [stderr]      |     ^^^^^^^^^^^ use of undeclared type or module `Uint32Array`
[INFO] [stderr] 
[INFO] [stderr] error[E0433]: failed to resolve: use of undeclared type or module `Float32Array`
[INFO] [stderr]     --> /opt/rustwide/cargo-home/registry/src/github.com-1ecc6299db9ec823/js-sys-0.3.36/src/lib.rs:5026:5
[INFO] [stderr]      |
[INFO] [stderr] 5026 |     Float32Array: f32,
[INFO] [stderr]      |     ^^^^^^^^^^^^ use of undeclared type or module `Float32Array`
[INFO] [stderr] 
[INFO] [stderr] error[E0433]: failed to resolve: use of undeclared type or module `Float64Array`
[INFO] [stderr]     --> /opt/rustwide/cargo-home/registry/src/github.com-1ecc6299db9ec823/js-sys-0.3.36/src/lib.rs:5030:5
[INFO] [stderr]      |
[INFO] [stderr] 5030 |     Float64Array: f64,
[INFO] [stderr]      |     ^^^^^^^^^^^^ use of undeclared type or module `Float64Array`
[INFO] [stderr] 
[INFO] [stderr] error[E0412]: cannot find type `Int32Array` in this scope
[INFO] [stderr]    --> /opt/rustwide/cargo-home/registry/src/github.com-1ecc6299db9ec823/js-sys-0.3.36/src/lib.rs:700:37
[INFO] [stderr]     |
[INFO] [stderr] 700 |         pub fn notify(typed_array: &Int32Array, index: u32) -> Result<u32, JsValue>;
[INFO] [stderr]     |                                     ^^^^^^^^^^ not found in this scope
[INFO] [stderr] 
[INFO] [stderr] error[E0412]: cannot find type `Int32Array` in this scope
[INFO] [stderr]    --> /opt/rustwide/cargo-home/registry/src/github.com-1ecc6299db9ec823/js-sys-0.3.36/src/lib.rs:705:27
[INFO] [stderr]     |
[INFO] [stderr] 705 |             typed_array: &Int32Array,
[INFO] [stderr]     |                           ^^^^^^^^^^ not found in this scope
[INFO] [stderr] 
[INFO] [stderr] error[E0412]: cannot find type `Int32Array` in this scope
[INFO] [stderr]    --> /opt/rustwide/cargo-home/registry/src/github.com-1ecc6299db9ec823/js-sys-0.3.36/src/lib.rs:744:35
[INFO] [stderr]     |
[INFO] [stderr] 744 |         pub fn wait(typed_array: &Int32Array, index: u32, value: i32) -> Result<JsString, JsValue>;
[INFO] [stderr]     |                                   ^^^^^^^^^^ not found in this scope
[INFO] [stderr] 
[INFO] [stderr] error[E0412]: cannot find type `Int32Array` in this scope
[INFO] [stderr]    --> /opt/rustwide/cargo-home/registry/src/github.com-1ecc6299db9ec823/js-sys-0.3.36/src/lib.rs:751:27
[INFO] [stderr]     |
[INFO] [stderr] 751 |             typed_array: &Int32Array,
[INFO] [stderr]     |                           ^^^^^^^^^^ not found in this scope
[INFO] [stderr] 
[INFO] [stderr] error[E0412]: cannot find type `Int8Array` in this scope
[INFO] [stderr]     --> /opt/rustwide/cargo-home/registry/src/github.com-1ecc6299db9ec823/js-sys-0.3.36/src/lib.rs:4998:5
[INFO] [stderr]      |
[INFO] [stderr] 4998 |     Int8Array: i8,
[INFO] [stderr]      |     ^^^^^^^^^ not found in this scope
[INFO] [stderr] 
[INFO] [stderr] error[E0412]: cannot find type `Int16Array` in this scope
[INFO] [stderr]     --> /opt/rustwide/cargo-home/registry/src/github.com-1ecc6299db9ec823/js-sys-0.3.36/src/lib.rs:5002:5
[INFO] [stderr]      |
[INFO] [stderr] 5002 |     Int16Array: i16,
[INFO] [stderr]      |     ^^^^^^^^^^ not found in this scope
[INFO] [stderr] 
[INFO] [stderr] error[E0412]: cannot find type `Int32Array` in this scope
[INFO] [stderr]     --> /opt/rustwide/cargo-home/registry/src/github.com-1ecc6299db9ec823/js-sys-0.3.36/src/lib.rs:5006:5
[INFO] [stderr]      |
[INFO] [stderr] 5006 |     Int32Array: i32,
[INFO] [stderr]      |     ^^^^^^^^^^ not found in this scope
[INFO] [stderr] 
[INFO] [stderr] error[E0412]: cannot find type `Uint8Array` in this scope
[INFO] [stderr]     --> /opt/rustwide/cargo-home/registry/src/github.com-1ecc6299db9ec823/js-sys-0.3.36/src/lib.rs:5010:5
[INFO] [stderr]      |
[INFO] [stderr] 5010 |     Uint8Array: u8,
[INFO] [stderr]      |     ^^^^^^^^^^ not found in this scope
[INFO] [stderr] 
[INFO] [stderr] error[E0412]: cannot find type `Uint8ClampedArray` in this scope
[INFO] [stderr]     --> /opt/rustwide/cargo-home/registry/src/github.com-1ecc6299db9ec823/js-sys-0.3.36/src/lib.rs:5014:5
[INFO] [stderr]      |
[INFO] [stderr] 5014 |     Uint8ClampedArray: u8,
[INFO] [stderr]      |     ^^^^^^^^^^^^^^^^^ not found in this scope
[INFO] [stderr] 
[INFO] [stderr] error[E0412]: cannot find type `Uint16Array` in this scope
[INFO] [stderr]     --> /opt/rustwide/cargo-home/registry/src/github.com-1ecc6299db9ec823/js-sys-0.3.36/src/lib.rs:5018:5
[INFO] [stderr]      |
[INFO] [stderr] 5018 |     Uint16Array: u16,
[INFO] [stderr]      |     ^^^^^^^^^^^ not found in this scope
[INFO] [stderr] 
[INFO] [stderr] error[E0412]: cannot find type `Uint32Array` in this scope
[INFO] [stderr]     --> /opt/rustwide/cargo-home/registry/src/github.com-1ecc6299db9ec823/js-sys-0.3.36/src/lib.rs:5022:5
[INFO] [stderr]      |
[INFO] [stderr] 5022 |     Uint32Array: u32,
[INFO] [stderr]      |     ^^^^^^^^^^^ not found in this scope
[INFO] [stderr] 
[INFO] [stderr] error[E0412]: cannot find type `Float32Array` in this scope
[INFO] [stderr]     --> /opt/rustwide/cargo-home/registry/src/github.com-1ecc6299db9ec823/js-sys-0.3.36/src/lib.rs:5026:5
[INFO] [stderr]      |
[INFO] [stderr] 5026 |     Float32Array: f32,
[INFO] [stderr]      |     ^^^^^^^^^^^^ not found in this scope
[INFO] [stderr] 
[INFO] [stderr] error[E0412]: cannot find type `Float64Array` in this scope
[INFO] [stderr]     --> /opt/rustwide/cargo-home/registry/src/github.com-1ecc6299db9ec823/js-sys-0.3.36/src/lib.rs:5030:5
[INFO] [stderr]      |
[INFO] [stderr] 5030 |     Float64Array: f64,
[INFO] [stderr]      |     ^^^^^^^^^^^^ not found in this scope
[INFO] [stderr] 
[INFO] [stderr] error: aborting due to 37 previous errors
[INFO] [stderr] 
[INFO] [stderr] Some errors have detailed explanations: E0412, E0433.
[INFO] [stderr] For more information about an error, try `rustc --explain E0412`.
[INFO] [stderr] error: could not compile `js-sys`.
[INFO] [stderr] 
[INFO] [stderr] To learn more, run the command again with --verbose.
[INFO] running `"docker" "inspect" "d900df415bf706e29481b2337f11480ee0dd90ff0624036a5a350046400532df"`
[INFO] running `"docker" "rm" "-f" "d900df415bf706e29481b2337f11480ee0dd90ff0624036a5a350046400532df"`
[INFO] [stdout] d900df415bf706e29481b2337f11480ee0dd90ff0624036a5a350046400532df