[INFO] updating cached repository https://github.com/benjaminch/rust-wasm-issue-example
[INFO] running `"git" "-c" "credential.helper=" "-c" "credential.helper=/workspace/cargo-home/bin/git-credential-null" "-c" "remote.origin.fetch=refs/heads/*:refs/heads/*" "fetch" "origin" "--force" "--prune"`
[INFO] running `"git" "rev-parse" "HEAD"`
[INFO] [stdout] 16b603f73a40969ab9a22dfb0cb671812eb44a54
[INFO] checking benjaminch/rust-wasm-issue-example against master#7726070fa755f660b5da3f82f46e07d9c6866f69 for pr-72622
[INFO] running `"git" "clone" "/workspace/cache/git-repos/https%3A%2F%2Fgithub.com%2Fbenjaminch%2Frust-wasm-issue-example" "/workspace/builds/worker-13/source"`
[INFO] [stderr] Cloning into '/workspace/builds/worker-13/source'...
[INFO] [stderr] done.
[INFO] validating manifest of git repo https://github.com/benjaminch/rust-wasm-issue-example on toolchain 7726070fa755f660b5da3f82f46e07d9c6866f69
[INFO] running `"/workspace/cargo-home/bin/cargo" "+7726070fa755f660b5da3f82f46e07d9c6866f69" "read-manifest" "--manifest-path" "Cargo.toml"`
[INFO] started tweaking git repo https://github.com/benjaminch/rust-wasm-issue-example
[INFO] finished tweaking git repo https://github.com/benjaminch/rust-wasm-issue-example
[INFO] tweaked toml for git repo https://github.com/benjaminch/rust-wasm-issue-example written to /workspace/builds/worker-13/source/Cargo.toml
[INFO] crate git repo https://github.com/benjaminch/rust-wasm-issue-example already has a lockfile, it will not be regenerated
[INFO] running `"/workspace/cargo-home/bin/cargo" "+7726070fa755f660b5da3f82f46e07d9c6866f69" "fetch" "--locked" "--manifest-path" "Cargo.toml"`
[INFO] running `"docker" "create" "-v" "/var/lib/crater-agent-workspace/builds/worker-13/target:/opt/rustwide/target:rw,Z" "-v" "/var/lib/crater-agent-workspace/builds/worker-13/source:/opt/rustwide/workdir:ro,Z" "-v" "/var/lib/crater-agent-workspace/cargo-home:/opt/rustwide/cargo-home:ro,Z" "-v" "/var/lib/crater-agent-workspace/rustup-home:/opt/rustwide/rustup-home:ro,Z" "-e" "SOURCE_DIR=/opt/rustwide/workdir" "-e" "MAP_USER_ID=0" "-e" "CARGO_TARGET_DIR=/opt/rustwide/target" "-e" "CARGO_INCREMENTAL=0" "-e" "RUST_BACKTRACE=full" "-e" "RUSTFLAGS=--cap-lints=forbid" "-e" "CARGO_HOME=/opt/rustwide/cargo-home" "-e" "RUSTUP_HOME=/opt/rustwide/rustup-home" "-w" "/opt/rustwide/workdir" "-m" "1610612736" "--network" "none" "rustops/crates-build-env" "/opt/rustwide/cargo-home/bin/cargo" "+7726070fa755f660b5da3f82f46e07d9c6866f69" "check" "--frozen" "--all" "--all-targets"`
[INFO] [stdout] c6ea1dee5b958404b2565ead4fb9bb3911483074723d93d25707e47f547ed457
[INFO] [stderr] WARNING: Your kernel does not support swap limit capabilities or the cgroup is not mounted. Memory limited without swap.
[INFO] running `"docker" "start" "-a" "c6ea1dee5b958404b2565ead4fb9bb3911483074723d93d25707e47f547ed457"`
[INFO] [stderr] sudo: setrlimit(RLIMIT_CORE): Operation not permitted
[INFO] [stderr]    Compiling proc-macro2 v1.0.9
[INFO] [stderr]    Compiling unicode-xid v0.2.0
[INFO] [stderr]    Compiling syn v1.0.17
[INFO] [stderr]    Compiling wasm-bindgen-shared v0.2.60
[INFO] [stderr]    Compiling log v0.4.8
[INFO] [stderr]    Compiling bumpalo v3.2.1
[INFO] [stderr]    Compiling lazy_static v1.4.0
[INFO] [stderr]    Compiling wasm-bindgen v0.2.60
[INFO] [stderr]     Checking cfg-if v0.1.10
[INFO] [stderr]    Compiling proc-macro2 v0.4.30
[INFO] [stderr]    Compiling unicode-xid v0.1.0
[INFO] [stderr]     Checking futures v0.1.29
[INFO] [stderr]     Checking scoped-tls v1.0.0
[INFO] [stderr]    Compiling quote v0.6.13
[INFO] [stderr]    Compiling quote v1.0.3
[INFO] [stderr]    Compiling wasm-bindgen-test-macro v0.2.50
[INFO] [stderr]    Compiling wasm-bindgen-backend v0.2.60
[INFO] [stderr]    Compiling wasm-bindgen-macro-support v0.2.60
[INFO] [stderr]    Compiling wasm-bindgen-macro v0.2.60
[INFO] [stderr]     Checking js-sys v0.3.37
[INFO] [stderr]     Checking console_error_panic_hook v0.1.6
[INFO] [stderr] error: return value of constructor must be a bare path
[INFO] [stderr]     --> /opt/rustwide/cargo-home/registry/src/github.com-1ecc6299db9ec823/js-sys-0.3.37/src/lib.rs:4793:13
[INFO] [stderr]      |
[INFO] [stderr] 4793 | /             /// The
[INFO] [stderr] 4794 | |             #[doc = $ctor]
[INFO] [stderr] 4795 | |             /// constructor creates an array of unsigned 8-bit integers.
[INFO] [stderr] 4796 | |             ///
[INFO] [stderr] ...    |
[INFO] [stderr] 4800 | |             #[wasm_bindgen(constructor)]
[INFO] [stderr] 4801 | |             pub fn new(constructor_arg: &JsValue) -> $name;
[INFO] [stderr]      | |___________________________________________________________^
[INFO] [stderr] ...
[INFO] [stderr] 4997 | / arrays! {
[INFO] [stderr] 4998 | |     /// `Int8Array()`
[INFO] [stderr] 4999 | |     /// https://developer.mozilla.org/en-US/docs/Web/JavaScript/Reference/Global_Objects/Int8Array
[INFO] [stderr] 5000 | |     Int8Array: i8,
[INFO] [stderr] ...    |
[INFO] [stderr] 5032 | |     Float64Array: f64,
[INFO] [stderr] 5033 | | }
[INFO] [stderr]      | |_- in this macro invocation
[INFO] [stderr]      |
[INFO] [stderr]      = note: this error originates in a macro (in Nightly builds, run with -Z macro-backtrace for more info)
[INFO] [stderr] 
[INFO] [stderr] error: return value of constructor must be a bare path
[INFO] [stderr]     --> /opt/rustwide/cargo-home/registry/src/github.com-1ecc6299db9ec823/js-sys-0.3.37/src/lib.rs:4803:13
[INFO] [stderr]      |
[INFO] [stderr] 4803 | /             /// An
[INFO] [stderr] 4804 | |             #[doc = $ctor]
[INFO] [stderr] 4805 | |             /// which creates an array with an internal buffer large
[INFO] [stderr] 4806 | |             /// enough for `length` elements.
[INFO] [stderr] ...    |
[INFO] [stderr] 4811 | |             #[wasm_bindgen(constructor)]
[INFO] [stderr] 4812 | |             pub fn new_with_length(length: u32) -> $name;
[INFO] [stderr]      | |_________________________________________________________^
[INFO] [stderr] ...
[INFO] [stderr] 4997 | / arrays! {
[INFO] [stderr] 4998 | |     /// `Int8Array()`
[INFO] [stderr] 4999 | |     /// https://developer.mozilla.org/en-US/docs/Web/JavaScript/Reference/Global_Objects/Int8Array
[INFO] [stderr] 5000 | |     Int8Array: i8,
[INFO] [stderr] ...    |
[INFO] [stderr] 5032 | |     Float64Array: f64,
[INFO] [stderr] 5033 | | }
[INFO] [stderr]      | |_- in this macro invocation
[INFO] [stderr]      |
[INFO] [stderr]      = note: this error originates in a macro (in Nightly builds, run with -Z macro-backtrace for more info)
[INFO] [stderr] 
[INFO] [stderr] error: return value of constructor must be a bare path
[INFO] [stderr]     --> /opt/rustwide/cargo-home/registry/src/github.com-1ecc6299db9ec823/js-sys-0.3.37/src/lib.rs:4814:13
[INFO] [stderr]      |
[INFO] [stderr] 4814 | /             /// An
[INFO] [stderr] 4815 | |             #[doc = $ctor]
[INFO] [stderr] 4816 | |             /// which creates an array with the given buffer but is a
[INFO] [stderr] 4817 | |             /// view starting at `byte_offset`.
[INFO] [stderr] ...    |
[INFO] [stderr] 4822 | |             #[wasm_bindgen(constructor)]
[INFO] [stderr] 4823 | |             pub fn new_with_byte_offset(buffer: &JsValue, byte_offset: u32) -> $name;
[INFO] [stderr]      | |_____________________________________________________________________________________^
[INFO] [stderr] ...
[INFO] [stderr] 4997 | / arrays! {
[INFO] [stderr] 4998 | |     /// `Int8Array()`
[INFO] [stderr] 4999 | |     /// https://developer.mozilla.org/en-US/docs/Web/JavaScript/Reference/Global_Objects/Int8Array
[INFO] [stderr] 5000 | |     Int8Array: i8,
[INFO] [stderr] ...    |
[INFO] [stderr] 5032 | |     Float64Array: f64,
[INFO] [stderr] 5033 | | }
[INFO] [stderr]      | |_- in this macro invocation
[INFO] [stderr]      |
[INFO] [stderr]      = note: this error originates in a macro (in Nightly builds, run with -Z macro-backtrace for more info)
[INFO] [stderr] 
[INFO] [stderr] error: return value of constructor must be a bare path
[INFO] [stderr]     --> /opt/rustwide/cargo-home/registry/src/github.com-1ecc6299db9ec823/js-sys-0.3.37/src/lib.rs:4825:13
[INFO] [stderr]      |
[INFO] [stderr] 4825 | /             /// An
[INFO] [stderr] 4826 | |             #[doc = $ctor]
[INFO] [stderr] 4827 | |             /// which creates an array with the given buffer but is a
[INFO] [stderr] 4828 | |             /// view starting at `byte_offset` for `length` elements.
[INFO] [stderr] ...    |
[INFO] [stderr] 4837 | |                 length: u32,
[INFO] [stderr] 4838 | |             ) -> $name;
[INFO] [stderr]      | |_______________________^
[INFO] [stderr] ...
[INFO] [stderr] 4997 | / arrays! {
[INFO] [stderr] 4998 | |     /// `Int8Array()`
[INFO] [stderr] 4999 | |     /// https://developer.mozilla.org/en-US/docs/Web/JavaScript/Reference/Global_Objects/Int8Array
[INFO] [stderr] 5000 | |     Int8Array: i8,
[INFO] [stderr] ...    |
[INFO] [stderr] 5032 | |     Float64Array: f64,
[INFO] [stderr] 5033 | | }
[INFO] [stderr]      | |_- in this macro invocation
[INFO] [stderr]      |
[INFO] [stderr]      = note: this error originates in a macro (in Nightly builds, run with -Z macro-backtrace for more info)
[INFO] [stderr] 
[INFO] [stderr] error: first argument of method must be a path
[INFO] [stderr]     --> /opt/rustwide/cargo-home/registry/src/github.com-1ecc6299db9ec823/js-sys-0.3.37/src/lib.rs:4845:32
[INFO] [stderr]      |
[INFO] [stderr] 4845 |               pub fn fill(this: &$name, value: $ty, start: u32, end: u32) -> $name;
[INFO] [stderr]      |                                  ^^^^^
[INFO] [stderr] ...
[INFO] [stderr] 4997 | / arrays! {
[INFO] [stderr] 4998 | |     /// `Int8Array()`
[INFO] [stderr] 4999 | |     /// https://developer.mozilla.org/en-US/docs/Web/JavaScript/Reference/Global_Objects/Int8Array
[INFO] [stderr] 5000 | |     Int8Array: i8,
[INFO] [stderr] ...    |
[INFO] [stderr] 5032 | |     Float64Array: f64,
[INFO] [stderr] 5033 | | }
[INFO] [stderr]      | |_- in this macro invocation
[INFO] [stderr]      |
[INFO] [stderr]      = note: this error originates in a macro (in Nightly builds, run with -Z macro-backtrace for more info)
[INFO] [stderr] 
[INFO] [stderr] error: first argument of method must be a path
[INFO] [stderr]     --> /opt/rustwide/cargo-home/registry/src/github.com-1ecc6299db9ec823/js-sys-0.3.37/src/lib.rs:4850:34
[INFO] [stderr]      |
[INFO] [stderr] 4850 |               pub fn buffer(this: &$name) -> ArrayBuffer;
[INFO] [stderr]      |                                    ^^^^^
[INFO] [stderr] ...
[INFO] [stderr] 4997 | / arrays! {
[INFO] [stderr] 4998 | |     /// `Int8Array()`
[INFO] [stderr] 4999 | |     /// https://developer.mozilla.org/en-US/docs/Web/JavaScript/Reference/Global_Objects/Int8Array
[INFO] [stderr] 5000 | |     Int8Array: i8,
[INFO] [stderr] ...    |
[INFO] [stderr] 5032 | |     Float64Array: f64,
[INFO] [stderr] 5033 | | }
[INFO] [stderr]      | |_- in this macro invocation
[INFO] [stderr]      |
[INFO] [stderr]      = note: this error originates in a macro (in Nightly builds, run with -Z macro-backtrace for more info)
[INFO] [stderr] 
[INFO] [stderr] error: first argument of method must be a path
[INFO] [stderr]     --> /opt/rustwide/cargo-home/registry/src/github.com-1ecc6299db9ec823/js-sys-0.3.37/src/lib.rs:4856:36
[INFO] [stderr]      |
[INFO] [stderr] 4856 |               pub fn subarray(this: &$name, begin: u32, end: u32) -> $name;
[INFO] [stderr]      |                                      ^^^^^
[INFO] [stderr] ...
[INFO] [stderr] 4997 | / arrays! {
[INFO] [stderr] 4998 | |     /// `Int8Array()`
[INFO] [stderr] 4999 | |     /// https://developer.mozilla.org/en-US/docs/Web/JavaScript/Reference/Global_Objects/Int8Array
[INFO] [stderr] 5000 | |     Int8Array: i8,
[INFO] [stderr] ...    |
[INFO] [stderr] 5032 | |     Float64Array: f64,
[INFO] [stderr] 5033 | | }
[INFO] [stderr]      | |_- in this macro invocation
[INFO] [stderr]      |
[INFO] [stderr]      = note: this error originates in a macro (in Nightly builds, run with -Z macro-backtrace for more info)
[INFO] [stderr] 
[INFO] [stderr] error: first argument of method must be a path
[INFO] [stderr]     --> /opt/rustwide/cargo-home/registry/src/github.com-1ecc6299db9ec823/js-sys-0.3.37/src/lib.rs:4862:33
[INFO] [stderr]      |
[INFO] [stderr] 4862 |               pub fn slice(this: &$name, begin: u32, end: u32) -> $name;
[INFO] [stderr]      |                                   ^^^^^
[INFO] [stderr] ...
[INFO] [stderr] 4997 | / arrays! {
[INFO] [stderr] 4998 | |     /// `Int8Array()`
[INFO] [stderr] 4999 | |     /// https://developer.mozilla.org/en-US/docs/Web/JavaScript/Reference/Global_Objects/Int8Array
[INFO] [stderr] 5000 | |     Int8Array: i8,
[INFO] [stderr] ...    |
[INFO] [stderr] 5032 | |     Float64Array: f64,
[INFO] [stderr] 5033 | | }
[INFO] [stderr]      | |_- in this macro invocation
[INFO] [stderr]      |
[INFO] [stderr]      = note: this error originates in a macro (in Nightly builds, run with -Z macro-backtrace for more info)
[INFO] [stderr] 
[INFO] [stderr] error: first argument of method must be a path
[INFO] [stderr]     --> /opt/rustwide/cargo-home/registry/src/github.com-1ecc6299db9ec823/js-sys-0.3.37/src/lib.rs:4869:36
[INFO] [stderr]      |
[INFO] [stderr] 4869 |               pub fn for_each(this: &$name, callback: &mut dyn FnMut($ty, u32, $name));
[INFO] [stderr]      |                                      ^^^^^
[INFO] [stderr] ...
[INFO] [stderr] 4997 | / arrays! {
[INFO] [stderr] 4998 | |     /// `Int8Array()`
[INFO] [stderr] 4999 | |     /// https://developer.mozilla.org/en-US/docs/Web/JavaScript/Reference/Global_Objects/Int8Array
[INFO] [stderr] 5000 | |     Int8Array: i8,
[INFO] [stderr] ...    |
[INFO] [stderr] 5032 | |     Float64Array: f64,
[INFO] [stderr] 5033 | | }
[INFO] [stderr]      | |_- in this macro invocation
[INFO] [stderr]      |
[INFO] [stderr]      = note: this error originates in a macro (in Nightly builds, run with -Z macro-backtrace for more info)
[INFO] [stderr] 
[INFO] [stderr] error: first argument of method must be a path
[INFO] [stderr]     --> /opt/rustwide/cargo-home/registry/src/github.com-1ecc6299db9ec823/js-sys-0.3.37/src/lib.rs:4874:34
[INFO] [stderr]      |
[INFO] [stderr] 4874 |               pub fn length(this: &$name) -> u32;
[INFO] [stderr]      |                                    ^^^^^
[INFO] [stderr] ...
[INFO] [stderr] 4997 | / arrays! {
[INFO] [stderr] 4998 | |     /// `Int8Array()`
[INFO] [stderr] 4999 | |     /// https://developer.mozilla.org/en-US/docs/Web/JavaScript/Reference/Global_Objects/Int8Array
[INFO] [stderr] 5000 | |     Int8Array: i8,
[INFO] [stderr] ...    |
[INFO] [stderr] 5032 | |     Float64Array: f64,
[INFO] [stderr] 5033 | | }
[INFO] [stderr]      | |_- in this macro invocation
[INFO] [stderr]      |
[INFO] [stderr]      = note: this error originates in a macro (in Nightly builds, run with -Z macro-backtrace for more info)
[INFO] [stderr] 
[INFO] [stderr] error: first argument of method must be a path
[INFO] [stderr]     --> /opt/rustwide/cargo-home/registry/src/github.com-1ecc6299db9ec823/js-sys-0.3.37/src/lib.rs:4879:39
[INFO] [stderr]      |
[INFO] [stderr] 4879 |               pub fn byte_length(this: &$name) -> u32;
[INFO] [stderr]      |                                         ^^^^^
[INFO] [stderr] ...
[INFO] [stderr] 4997 | / arrays! {
[INFO] [stderr] 4998 | |     /// `Int8Array()`
[INFO] [stderr] 4999 | |     /// https://developer.mozilla.org/en-US/docs/Web/JavaScript/Reference/Global_Objects/Int8Array
[INFO] [stderr] 5000 | |     Int8Array: i8,
[INFO] [stderr] ...    |
[INFO] [stderr] 5032 | |     Float64Array: f64,
[INFO] [stderr] 5033 | | }
[INFO] [stderr]      | |_- in this macro invocation
[INFO] [stderr]      |
[INFO] [stderr]      = note: this error originates in a macro (in Nightly builds, run with -Z macro-backtrace for more info)
[INFO] [stderr] 
[INFO] [stderr] error: first argument of method must be a path
[INFO] [stderr]     --> /opt/rustwide/cargo-home/registry/src/github.com-1ecc6299db9ec823/js-sys-0.3.37/src/lib.rs:4884:39
[INFO] [stderr]      |
[INFO] [stderr] 4884 |               pub fn byte_offset(this: &$name) -> u32;
[INFO] [stderr]      |                                         ^^^^^
[INFO] [stderr] ...
[INFO] [stderr] 4997 | / arrays! {
[INFO] [stderr] 4998 | |     /// `Int8Array()`
[INFO] [stderr] 4999 | |     /// https://developer.mozilla.org/en-US/docs/Web/JavaScript/Reference/Global_Objects/Int8Array
[INFO] [stderr] 5000 | |     Int8Array: i8,
[INFO] [stderr] ...    |
[INFO] [stderr] 5032 | |     Float64Array: f64,
[INFO] [stderr] 5033 | | }
[INFO] [stderr]      | |_- in this macro invocation
[INFO] [stderr]      |
[INFO] [stderr]      = note: this error originates in a macro (in Nightly builds, run with -Z macro-backtrace for more info)
[INFO] [stderr] 
[INFO] [stderr] error: first argument of method must be a path
[INFO] [stderr]     --> /opt/rustwide/cargo-home/registry/src/github.com-1ecc6299db9ec823/js-sys-0.3.37/src/lib.rs:4889:31
[INFO] [stderr]      |
[INFO] [stderr] 4889 |               pub fn set(this: &$name, src: &JsValue, offset: u32);
[INFO] [stderr]      |                                 ^^^^^
[INFO] [stderr] ...
[INFO] [stderr] 4997 | / arrays! {
[INFO] [stderr] 4998 | |     /// `Int8Array()`
[INFO] [stderr] 4999 | |     /// https://developer.mozilla.org/en-US/docs/Web/JavaScript/Reference/Global_Objects/Int8Array
[INFO] [stderr] 5000 | |     Int8Array: i8,
[INFO] [stderr] ...    |
[INFO] [stderr] 5032 | |     Float64Array: f64,
[INFO] [stderr] 5033 | | }
[INFO] [stderr]      | |_- in this macro invocation
[INFO] [stderr]      |
[INFO] [stderr]      = note: this error originates in a macro (in Nightly builds, run with -Z macro-backtrace for more info)
[INFO] [stderr] 
[INFO] [stderr] error: first argument of method must be a path
[INFO] [stderr]     --> /opt/rustwide/cargo-home/registry/src/github.com-1ecc6299db9ec823/js-sys-0.3.37/src/lib.rs:4893:37
[INFO] [stderr]      |
[INFO] [stderr] 4893 |               pub fn get_index(this: &$name, idx: u32) -> $ty;
[INFO] [stderr]      |                                       ^^^^^
[INFO] [stderr] ...
[INFO] [stderr] 4997 | / arrays! {
[INFO] [stderr] 4998 | |     /// `Int8Array()`
[INFO] [stderr] 4999 | |     /// https://developer.mozilla.org/en-US/docs/Web/JavaScript/Reference/Global_Objects/Int8Array
[INFO] [stderr] 5000 | |     Int8Array: i8,
[INFO] [stderr] ...    |
[INFO] [stderr] 5032 | |     Float64Array: f64,
[INFO] [stderr] 5033 | | }
[INFO] [stderr]      | |_- in this macro invocation
[INFO] [stderr]      |
[INFO] [stderr]      = note: this error originates in a macro (in Nightly builds, run with -Z macro-backtrace for more info)
[INFO] [stderr] 
[INFO] [stderr] error: first argument of method must be a path
[INFO] [stderr]     --> /opt/rustwide/cargo-home/registry/src/github.com-1ecc6299db9ec823/js-sys-0.3.37/src/lib.rs:4897:37
[INFO] [stderr]      |
[INFO] [stderr] 4897 |               pub fn set_index(this: &$name, idx: u32, value: $ty);
[INFO] [stderr]      |                                       ^^^^^
[INFO] [stderr] ...
[INFO] [stderr] 4997 | / arrays! {
[INFO] [stderr] 4998 | |     /// `Int8Array()`
[INFO] [stderr] 4999 | |     /// https://developer.mozilla.org/en-US/docs/Web/JavaScript/Reference/Global_Objects/Int8Array
[INFO] [stderr] 5000 | |     Int8Array: i8,
[INFO] [stderr] ...    |
[INFO] [stderr] 5032 | |     Float64Array: f64,
[INFO] [stderr] 5033 | | }
[INFO] [stderr]      | |_- in this macro invocation
[INFO] [stderr]      |
[INFO] [stderr]      = note: this error originates in a macro (in Nightly builds, run with -Z macro-backtrace for more info)
[INFO] [stderr] 
[INFO] [stderr] error[E0433]: failed to resolve: use of undeclared type or module `Int8Array`
[INFO] [stderr]     --> /opt/rustwide/cargo-home/registry/src/github.com-1ecc6299db9ec823/js-sys-0.3.37/src/lib.rs:5000:5
[INFO] [stderr]      |
[INFO] [stderr] 5000 |     Int8Array: i8,
[INFO] [stderr]      |     ^^^^^^^^^ use of undeclared type or module `Int8Array`
[INFO] [stderr] 
[INFO] [stderr] error[E0433]: failed to resolve: use of undeclared type or module `Int16Array`
[INFO] [stderr]     --> /opt/rustwide/cargo-home/registry/src/github.com-1ecc6299db9ec823/js-sys-0.3.37/src/lib.rs:5004:5
[INFO] [stderr]      |
[INFO] [stderr] 5004 |     Int16Array: i16,
[INFO] [stderr]      |     ^^^^^^^^^^ use of undeclared type or module `Int16Array`
[INFO] [stderr] 
[INFO] [stderr] error[E0433]: failed to resolve: use of undeclared type or module `Int32Array`
[INFO] [stderr]     --> /opt/rustwide/cargo-home/registry/src/github.com-1ecc6299db9ec823/js-sys-0.3.37/src/lib.rs:5008:5
[INFO] [stderr]      |
[INFO] [stderr] 5008 |     Int32Array: i32,
[INFO] [stderr]      |     ^^^^^^^^^^ use of undeclared type or module `Int32Array`
[INFO] [stderr] 
[INFO] [stderr] error[E0433]: failed to resolve: use of undeclared type or module `Uint8Array`
[INFO] [stderr]     --> /opt/rustwide/cargo-home/registry/src/github.com-1ecc6299db9ec823/js-sys-0.3.37/src/lib.rs:5012:5
[INFO] [stderr]      |
[INFO] [stderr] 5012 |     Uint8Array: u8,
[INFO] [stderr]      |     ^^^^^^^^^^ use of undeclared type or module `Uint8Array`
[INFO] [stderr] 
[INFO] [stderr] error[E0433]: failed to resolve: use of undeclared type or module `Uint8ClampedArray`
[INFO] [stderr]     --> /opt/rustwide/cargo-home/registry/src/github.com-1ecc6299db9ec823/js-sys-0.3.37/src/lib.rs:5016:5
[INFO] [stderr]      |
[INFO] [stderr] 5016 |     Uint8ClampedArray: u8,
[INFO] [stderr]      |     ^^^^^^^^^^^^^^^^^ use of undeclared type or module `Uint8ClampedArray`
[INFO] [stderr] 
[INFO] [stderr] error[E0433]: failed to resolve: use of undeclared type or module `Uint16Array`
[INFO] [stderr]     --> /opt/rustwide/cargo-home/registry/src/github.com-1ecc6299db9ec823/js-sys-0.3.37/src/lib.rs:5020:5
[INFO] [stderr]      |
[INFO] [stderr] 5020 |     Uint16Array: u16,
[INFO] [stderr]      |     ^^^^^^^^^^^ use of undeclared type or module `Uint16Array`
[INFO] [stderr] 
[INFO] [stderr] error[E0433]: failed to resolve: use of undeclared type or module `Uint32Array`
[INFO] [stderr]     --> /opt/rustwide/cargo-home/registry/src/github.com-1ecc6299db9ec823/js-sys-0.3.37/src/lib.rs:5024:5
[INFO] [stderr]      |
[INFO] [stderr] 5024 |     Uint32Array: u32,
[INFO] [stderr]      |     ^^^^^^^^^^^ use of undeclared type or module `Uint32Array`
[INFO] [stderr] 
[INFO] [stderr] error[E0433]: failed to resolve: use of undeclared type or module `Float32Array`
[INFO] [stderr]     --> /opt/rustwide/cargo-home/registry/src/github.com-1ecc6299db9ec823/js-sys-0.3.37/src/lib.rs:5028:5
[INFO] [stderr]      |
[INFO] [stderr] 5028 |     Float32Array: f32,
[INFO] [stderr]      |     ^^^^^^^^^^^^ use of undeclared type or module `Float32Array`
[INFO] [stderr] 
[INFO] [stderr] error[E0433]: failed to resolve: use of undeclared type or module `Float64Array`
[INFO] [stderr]     --> /opt/rustwide/cargo-home/registry/src/github.com-1ecc6299db9ec823/js-sys-0.3.37/src/lib.rs:5032:5
[INFO] [stderr]      |
[INFO] [stderr] 5032 |     Float64Array: f64,
[INFO] [stderr]      |     ^^^^^^^^^^^^ use of undeclared type or module `Float64Array`
[INFO] [stderr] 
[INFO] [stderr] error[E0412]: cannot find type `Int32Array` in this scope
[INFO] [stderr]    --> /opt/rustwide/cargo-home/registry/src/github.com-1ecc6299db9ec823/js-sys-0.3.37/src/lib.rs:700:37
[INFO] [stderr]     |
[INFO] [stderr] 700 |         pub fn notify(typed_array: &Int32Array, index: u32) -> Result<u32, JsValue>;
[INFO] [stderr]     |                                     ^^^^^^^^^^ not found in this scope
[INFO] [stderr] 
[INFO] [stderr] error[E0412]: cannot find type `Int32Array` in this scope
[INFO] [stderr]    --> /opt/rustwide/cargo-home/registry/src/github.com-1ecc6299db9ec823/js-sys-0.3.37/src/lib.rs:705:27
[INFO] [stderr]     |
[INFO] [stderr] 705 |             typed_array: &Int32Array,
[INFO] [stderr]     |                           ^^^^^^^^^^ not found in this scope
[INFO] [stderr] 
[INFO] [stderr] error[E0412]: cannot find type `Int32Array` in this scope
[INFO] [stderr]    --> /opt/rustwide/cargo-home/registry/src/github.com-1ecc6299db9ec823/js-sys-0.3.37/src/lib.rs:744:35
[INFO] [stderr]     |
[INFO] [stderr] 744 |         pub fn wait(typed_array: &Int32Array, index: u32, value: i32) -> Result<JsString, JsValue>;
[INFO] [stderr]     |                                   ^^^^^^^^^^ not found in this scope
[INFO] [stderr] 
[INFO] [stderr] error[E0412]: cannot find type `Int32Array` in this scope
[INFO] [stderr]    --> /opt/rustwide/cargo-home/registry/src/github.com-1ecc6299db9ec823/js-sys-0.3.37/src/lib.rs:751:27
[INFO] [stderr]     |
[INFO] [stderr] 751 |             typed_array: &Int32Array,
[INFO] [stderr]     |                           ^^^^^^^^^^ not found in this scope
[INFO] [stderr] 
[INFO] [stderr] error[E0412]: cannot find type `Int8Array` in this scope
[INFO] [stderr]     --> /opt/rustwide/cargo-home/registry/src/github.com-1ecc6299db9ec823/js-sys-0.3.37/src/lib.rs:5000:5
[INFO] [stderr]      |
[INFO] [stderr] 5000 |     Int8Array: i8,
[INFO] [stderr]      |     ^^^^^^^^^ not found in this scope
[INFO] [stderr] 
[INFO] [stderr] error[E0412]: cannot find type `Int16Array` in this scope
[INFO] [stderr]     --> /opt/rustwide/cargo-home/registry/src/github.com-1ecc6299db9ec823/js-sys-0.3.37/src/lib.rs:5004:5
[INFO] [stderr]      |
[INFO] [stderr] 5004 |     Int16Array: i16,
[INFO] [stderr]      |     ^^^^^^^^^^ not found in this scope
[INFO] [stderr] 
[INFO] [stderr] error[E0412]: cannot find type `Int32Array` in this scope
[INFO] [stderr]     --> /opt/rustwide/cargo-home/registry/src/github.com-1ecc6299db9ec823/js-sys-0.3.37/src/lib.rs:5008:5
[INFO] [stderr]      |
[INFO] [stderr] 5008 |     Int32Array: i32,
[INFO] [stderr]      |     ^^^^^^^^^^ not found in this scope
[INFO] [stderr] 
[INFO] [stderr] error[E0412]: cannot find type `Uint8Array` in this scope
[INFO] [stderr]     --> /opt/rustwide/cargo-home/registry/src/github.com-1ecc6299db9ec823/js-sys-0.3.37/src/lib.rs:5012:5
[INFO] [stderr]      |
[INFO] [stderr] 5012 |     Uint8Array: u8,
[INFO] [stderr]      |     ^^^^^^^^^^ not found in this scope
[INFO] [stderr] 
[INFO] [stderr] error[E0412]: cannot find type `Uint8ClampedArray` in this scope
[INFO] [stderr]     --> /opt/rustwide/cargo-home/registry/src/github.com-1ecc6299db9ec823/js-sys-0.3.37/src/lib.rs:5016:5
[INFO] [stderr]      |
[INFO] [stderr] 5016 |     Uint8ClampedArray: u8,
[INFO] [stderr]      |     ^^^^^^^^^^^^^^^^^ not found in this scope
[INFO] [stderr] 
[INFO] [stderr] error[E0412]: cannot find type `Uint16Array` in this scope
[INFO] [stderr]     --> /opt/rustwide/cargo-home/registry/src/github.com-1ecc6299db9ec823/js-sys-0.3.37/src/lib.rs:5020:5
[INFO] [stderr]      |
[INFO] [stderr] 5020 |     Uint16Array: u16,
[INFO] [stderr]      |     ^^^^^^^^^^^ not found in this scope
[INFO] [stderr] 
[INFO] [stderr] error[E0412]: cannot find type `Uint32Array` in this scope
[INFO] [stderr]     --> /opt/rustwide/cargo-home/registry/src/github.com-1ecc6299db9ec823/js-sys-0.3.37/src/lib.rs:5024:5
[INFO] [stderr]      |
[INFO] [stderr] 5024 |     Uint32Array: u32,
[INFO] [stderr]      |     ^^^^^^^^^^^ not found in this scope
[INFO] [stderr] 
[INFO] [stderr] error[E0412]: cannot find type `Float32Array` in this scope
[INFO] [stderr]     --> /opt/rustwide/cargo-home/registry/src/github.com-1ecc6299db9ec823/js-sys-0.3.37/src/lib.rs:5028:5
[INFO] [stderr]      |
[INFO] [stderr] 5028 |     Float32Array: f32,
[INFO] [stderr]      |     ^^^^^^^^^^^^ not found in this scope
[INFO] [stderr] 
[INFO] [stderr] error[E0412]: cannot find type `Float64Array` in this scope
[INFO] [stderr]     --> /opt/rustwide/cargo-home/registry/src/github.com-1ecc6299db9ec823/js-sys-0.3.37/src/lib.rs:5032:5
[INFO] [stderr]      |
[INFO] [stderr] 5032 |     Float64Array: f64,
[INFO] [stderr]      |     ^^^^^^^^^^^^ not found in this scope
[INFO] [stderr] 
[INFO] [stderr] error: aborting due to 37 previous errors
[INFO] [stderr] 
[INFO] [stderr] Some errors have detailed explanations: E0412, E0433.
[INFO] [stderr] For more information about an error, try `rustc --explain E0412`.
[INFO] [stderr] error: could not compile `js-sys`.
[INFO] [stderr] 
[INFO] [stderr] To learn more, run the command again with --verbose.
[INFO] running `"docker" "inspect" "c6ea1dee5b958404b2565ead4fb9bb3911483074723d93d25707e47f547ed457"`
[INFO] running `"docker" "rm" "-f" "c6ea1dee5b958404b2565ead4fb9bb3911483074723d93d25707e47f547ed457"`
[INFO] [stdout] c6ea1dee5b958404b2565ead4fb9bb3911483074723d93d25707e47f547ed457