[INFO] cloning repository https://github.com/anderejd/wasm-bindgen-minimal-example
[INFO] running `"git" "-c" "credential.helper=" "-c" "credential.helper=/workspace/cargo-home/bin/git-credential-null" "clone" "--bare" "https://github.com/anderejd/wasm-bindgen-minimal-example" "/workspace/cache/git-repos/https%3A%2F%2Fgithub.com%2Fanderejd%2Fwasm-bindgen-minimal-example"`
[INFO] [stderr] Cloning into bare repository '/workspace/cache/git-repos/https%3A%2F%2Fgithub.com%2Fanderejd%2Fwasm-bindgen-minimal-example'...
[INFO] running `"git" "rev-parse" "HEAD"`
[INFO] [stdout] 9151f8108c5e16859f35e3adcd5a460598e74172
[INFO] checking anderejd/wasm-bindgen-minimal-example against master#7726070fa755f660b5da3f82f46e07d9c6866f69 for pr-72622
[INFO] running `"git" "clone" "/workspace/cache/git-repos/https%3A%2F%2Fgithub.com%2Fanderejd%2Fwasm-bindgen-minimal-example" "/workspace/builds/worker-0/source"`
[INFO] [stderr] Cloning into '/workspace/builds/worker-0/source'...
[INFO] [stderr] done.
[INFO] validating manifest of git repo https://github.com/anderejd/wasm-bindgen-minimal-example on toolchain 7726070fa755f660b5da3f82f46e07d9c6866f69
[INFO] running `"/workspace/cargo-home/bin/cargo" "+7726070fa755f660b5da3f82f46e07d9c6866f69" "read-manifest" "--manifest-path" "Cargo.toml"`
[INFO] started tweaking git repo https://github.com/anderejd/wasm-bindgen-minimal-example
[INFO] finished tweaking git repo https://github.com/anderejd/wasm-bindgen-minimal-example
[INFO] tweaked toml for git repo https://github.com/anderejd/wasm-bindgen-minimal-example written to /workspace/builds/worker-0/source/Cargo.toml
[INFO] crate git repo https://github.com/anderejd/wasm-bindgen-minimal-example already has a lockfile, it will not be regenerated
[INFO] running `"/workspace/cargo-home/bin/cargo" "+7726070fa755f660b5da3f82f46e07d9c6866f69" "fetch" "--locked" "--manifest-path" "Cargo.toml"`
[INFO] running `"docker" "create" "-v" "/var/lib/crater-agent-workspace/builds/worker-0/target:/opt/rustwide/target:rw,Z" "-v" "/var/lib/crater-agent-workspace/builds/worker-0/source:/opt/rustwide/workdir:ro,Z" "-v" "/var/lib/crater-agent-workspace/cargo-home:/opt/rustwide/cargo-home:ro,Z" "-v" "/var/lib/crater-agent-workspace/rustup-home:/opt/rustwide/rustup-home:ro,Z" "-e" "SOURCE_DIR=/opt/rustwide/workdir" "-e" "MAP_USER_ID=0" "-e" "CARGO_TARGET_DIR=/opt/rustwide/target" "-e" "CARGO_INCREMENTAL=0" "-e" "RUST_BACKTRACE=full" "-e" "RUSTFLAGS=--cap-lints=forbid" "-e" "CARGO_HOME=/opt/rustwide/cargo-home" "-e" "RUSTUP_HOME=/opt/rustwide/rustup-home" "-w" "/opt/rustwide/workdir" "-m" "1610612736" "--network" "none" "rustops/crates-build-env" "/opt/rustwide/cargo-home/bin/cargo" "+7726070fa755f660b5da3f82f46e07d9c6866f69" "check" "--frozen" "--all" "--all-targets"`
[INFO] [stderr] WARNING: Your kernel does not support swap limit capabilities or the cgroup is not mounted. Memory limited without swap.
[INFO] [stdout] 7fc1ce85374ff868614117d68899dda6341d234717f20037a4fc6f279f0d5b0e
[INFO] running `"docker" "start" "-a" "7fc1ce85374ff868614117d68899dda6341d234717f20037a4fc6f279f0d5b0e"`
[INFO] [stderr] sudo: setrlimit(RLIMIT_CORE): Operation not permitted
[INFO] [stderr]    Compiling proc-macro2 v0.4.27
[INFO] [stderr]    Compiling unicode-xid v0.1.0
[INFO] [stderr]    Compiling syn v0.15.29
[INFO] [stderr]    Compiling memchr v2.2.0
[INFO] [stderr]    Compiling cc v1.0.32
[INFO] [stderr]    Compiling version_check v0.1.5
[INFO] [stderr]    Compiling autocfg v0.1.2
[INFO] [stderr]    Compiling ucd-util v0.1.3
[INFO] [stderr]    Compiling rustc-demangle v0.1.13
[INFO] [stderr]    Compiling regex v1.1.4
[INFO] [stderr]    Compiling utf8-ranges v1.0.2
[INFO] [stderr]    Compiling quick-error v1.2.2
[INFO] [stderr]    Compiling unicode-segmentation v1.2.1
[INFO] [stderr]    Compiling wasm-bindgen v0.2.40
[INFO] [stderr]    Compiling termcolor v1.0.4
[INFO] [stderr]    Compiling sourcefile v0.1.4
[INFO] [stderr]    Compiling log v0.4.6
[INFO] [stderr]    Compiling thread_local v0.3.6
[INFO] [stderr]    Compiling humantime v1.2.0
[INFO] [stderr]    Compiling regex-syntax v0.6.6
[INFO] [stderr]    Compiling libc v0.2.51
[INFO] [stderr]    Compiling heck v0.3.1
[INFO] [stderr]    Compiling backtrace v0.3.14
[INFO] [stderr]    Compiling nom v4.2.3
[INFO] [stderr]    Compiling atty v0.2.11
[INFO] [stderr]    Compiling aho-corasick v0.7.3
[INFO] [stderr]    Compiling quote v0.6.11
[INFO] [stderr]    Compiling backtrace-sys v0.1.28
[INFO] [stderr]    Compiling weedle v0.8.0
[INFO] [stderr]    Compiling env_logger v0.6.1
[INFO] [stderr]    Compiling wasm-bindgen-backend v0.2.40
[INFO] [stderr]    Compiling synstructure v0.10.1
[INFO] [stderr]    Compiling failure_derive v0.1.5
[INFO] [stderr]    Compiling wasm-bindgen-macro-support v0.2.40
[INFO] [stderr]    Compiling failure v0.1.5
[INFO] [stderr]    Compiling wasm-bindgen-webidl v0.2.40
[INFO] [stderr]    Compiling wasm-bindgen-macro v0.2.40
[INFO] [stderr]     Checking js-sys v0.3.17
[INFO] [stderr] error: return value of constructor must be a bare path
[INFO] [stderr]     --> /opt/rustwide/cargo-home/registry/src/github.com-1ecc6299db9ec823/js-sys-0.3.17/src/lib.rs:4046:13
[INFO] [stderr]      |
[INFO] [stderr] 4046 | /             /// The
[INFO] [stderr] 4047 | |             #[doc = $ctor]
[INFO] [stderr] 4048 | |             /// constructor creates an array of unsigned 8-bit integers.
[INFO] [stderr] 4049 | |             ///
[INFO] [stderr] ...    |
[INFO] [stderr] 4053 | |             #[wasm_bindgen(constructor)]
[INFO] [stderr] 4054 | |             pub fn new(constructor_arg: &JsValue) -> $name;
[INFO] [stderr]      | |___________________________________________________________^
[INFO] [stderr] ...
[INFO] [stderr] 4197 | / arrays! {
[INFO] [stderr] 4198 | |     /// `Int8Array()`
[INFO] [stderr] 4199 | |     /// https://developer.mozilla.org/en-US/docs/Web/JavaScript/Reference/Global_Objects/Int8Array
[INFO] [stderr] 4200 | |     Int8Array: i8,
[INFO] [stderr] ...    |
[INFO] [stderr] 4232 | |     Float64Array: f64,
[INFO] [stderr] 4233 | | }
[INFO] [stderr]      | |_- in this macro invocation
[INFO] [stderr]      |
[INFO] [stderr]      = note: this error originates in a macro (in Nightly builds, run with -Z macro-backtrace for more info)
[INFO] [stderr] 
[INFO] [stderr] error: return value of constructor must be a bare path
[INFO] [stderr]     --> /opt/rustwide/cargo-home/registry/src/github.com-1ecc6299db9ec823/js-sys-0.3.17/src/lib.rs:4056:13
[INFO] [stderr]      |
[INFO] [stderr] 4056 | /             /// An
[INFO] [stderr] 4057 | |             #[doc = $ctor]
[INFO] [stderr] 4058 | |             /// which creates an array with an internal buffer large
[INFO] [stderr] 4059 | |             /// enough for `length` elements.
[INFO] [stderr] ...    |
[INFO] [stderr] 4064 | |             #[wasm_bindgen(constructor)]
[INFO] [stderr] 4065 | |             pub fn new_with_length(length: u32) -> $name;
[INFO] [stderr]      | |_________________________________________________________^
[INFO] [stderr] ...
[INFO] [stderr] 4197 | / arrays! {
[INFO] [stderr] 4198 | |     /// `Int8Array()`
[INFO] [stderr] 4199 | |     /// https://developer.mozilla.org/en-US/docs/Web/JavaScript/Reference/Global_Objects/Int8Array
[INFO] [stderr] 4200 | |     Int8Array: i8,
[INFO] [stderr] ...    |
[INFO] [stderr] 4232 | |     Float64Array: f64,
[INFO] [stderr] 4233 | | }
[INFO] [stderr]      | |_- in this macro invocation
[INFO] [stderr]      |
[INFO] [stderr]      = note: this error originates in a macro (in Nightly builds, run with -Z macro-backtrace for more info)
[INFO] [stderr] 
[INFO] [stderr] error: return value of constructor must be a bare path
[INFO] [stderr]     --> /opt/rustwide/cargo-home/registry/src/github.com-1ecc6299db9ec823/js-sys-0.3.17/src/lib.rs:4067:13
[INFO] [stderr]      |
[INFO] [stderr] 4067 | /             /// An
[INFO] [stderr] 4068 | |             #[doc = $ctor]
[INFO] [stderr] 4069 | |             /// which creates an array with the given buffer but is a
[INFO] [stderr] 4070 | |             /// view starting at `byte_offset`.
[INFO] [stderr] ...    |
[INFO] [stderr] 4075 | |             #[wasm_bindgen(constructor)]
[INFO] [stderr] 4076 | |             pub fn new_with_byte_offset(buffer: &JsValue, byte_offset: u32) -> $name;
[INFO] [stderr]      | |_____________________________________________________________________________________^
[INFO] [stderr] ...
[INFO] [stderr] 4197 | / arrays! {
[INFO] [stderr] 4198 | |     /// `Int8Array()`
[INFO] [stderr] 4199 | |     /// https://developer.mozilla.org/en-US/docs/Web/JavaScript/Reference/Global_Objects/Int8Array
[INFO] [stderr] 4200 | |     Int8Array: i8,
[INFO] [stderr] ...    |
[INFO] [stderr] 4232 | |     Float64Array: f64,
[INFO] [stderr] 4233 | | }
[INFO] [stderr]      | |_- in this macro invocation
[INFO] [stderr]      |
[INFO] [stderr]      = note: this error originates in a macro (in Nightly builds, run with -Z macro-backtrace for more info)
[INFO] [stderr] 
[INFO] [stderr] error: return value of constructor must be a bare path
[INFO] [stderr]     --> /opt/rustwide/cargo-home/registry/src/github.com-1ecc6299db9ec823/js-sys-0.3.17/src/lib.rs:4078:13
[INFO] [stderr]      |
[INFO] [stderr] 4078 | /             /// An
[INFO] [stderr] 4079 | |             #[doc = $ctor]
[INFO] [stderr] 4080 | |             /// which creates an array with the given buffer but is a
[INFO] [stderr] 4081 | |             /// view starting at `byte_offset` for `length` elements.
[INFO] [stderr] ...    |
[INFO] [stderr] 4090 | |                 length: u32,
[INFO] [stderr] 4091 | |             ) -> $name;
[INFO] [stderr]      | |_______________________^
[INFO] [stderr] ...
[INFO] [stderr] 4197 | / arrays! {
[INFO] [stderr] 4198 | |     /// `Int8Array()`
[INFO] [stderr] 4199 | |     /// https://developer.mozilla.org/en-US/docs/Web/JavaScript/Reference/Global_Objects/Int8Array
[INFO] [stderr] 4200 | |     Int8Array: i8,
[INFO] [stderr] ...    |
[INFO] [stderr] 4232 | |     Float64Array: f64,
[INFO] [stderr] 4233 | | }
[INFO] [stderr]      | |_- in this macro invocation
[INFO] [stderr]      |
[INFO] [stderr]      = note: this error originates in a macro (in Nightly builds, run with -Z macro-backtrace for more info)
[INFO] [stderr] 
[INFO] [stderr] error: first argument of method must be a path
[INFO] [stderr]     --> /opt/rustwide/cargo-home/registry/src/github.com-1ecc6299db9ec823/js-sys-0.3.17/src/lib.rs:4098:32
[INFO] [stderr]      |
[INFO] [stderr] 4098 |               pub fn fill(this: &$name, value: $ty, start: u32, end: u32) -> $name;
[INFO] [stderr]      |                                  ^^^^^
[INFO] [stderr] ...
[INFO] [stderr] 4197 | / arrays! {
[INFO] [stderr] 4198 | |     /// `Int8Array()`
[INFO] [stderr] 4199 | |     /// https://developer.mozilla.org/en-US/docs/Web/JavaScript/Reference/Global_Objects/Int8Array
[INFO] [stderr] 4200 | |     Int8Array: i8,
[INFO] [stderr] ...    |
[INFO] [stderr] 4232 | |     Float64Array: f64,
[INFO] [stderr] 4233 | | }
[INFO] [stderr]      | |_- in this macro invocation
[INFO] [stderr]      |
[INFO] [stderr]      = note: this error originates in a macro (in Nightly builds, run with -Z macro-backtrace for more info)
[INFO] [stderr] 
[INFO] [stderr] error: first argument of method must be a path
[INFO] [stderr]     --> /opt/rustwide/cargo-home/registry/src/github.com-1ecc6299db9ec823/js-sys-0.3.17/src/lib.rs:4103:34
[INFO] [stderr]      |
[INFO] [stderr] 4103 |               pub fn buffer(this: &$name) -> ArrayBuffer;
[INFO] [stderr]      |                                    ^^^^^
[INFO] [stderr] ...
[INFO] [stderr] 4197 | / arrays! {
[INFO] [stderr] 4198 | |     /// `Int8Array()`
[INFO] [stderr] 4199 | |     /// https://developer.mozilla.org/en-US/docs/Web/JavaScript/Reference/Global_Objects/Int8Array
[INFO] [stderr] 4200 | |     Int8Array: i8,
[INFO] [stderr] ...    |
[INFO] [stderr] 4232 | |     Float64Array: f64,
[INFO] [stderr] 4233 | | }
[INFO] [stderr]      | |_- in this macro invocation
[INFO] [stderr]      |
[INFO] [stderr]      = note: this error originates in a macro (in Nightly builds, run with -Z macro-backtrace for more info)
[INFO] [stderr] 
[INFO] [stderr] error: first argument of method must be a path
[INFO] [stderr]     --> /opt/rustwide/cargo-home/registry/src/github.com-1ecc6299db9ec823/js-sys-0.3.17/src/lib.rs:4108:36
[INFO] [stderr]      |
[INFO] [stderr] 4108 |               pub fn subarray(this: &$name, begin: u32, end: u32) -> $name;
[INFO] [stderr]      |                                      ^^^^^
[INFO] [stderr] ...
[INFO] [stderr] 4197 | / arrays! {
[INFO] [stderr] 4198 | |     /// `Int8Array()`
[INFO] [stderr] 4199 | |     /// https://developer.mozilla.org/en-US/docs/Web/JavaScript/Reference/Global_Objects/Int8Array
[INFO] [stderr] 4200 | |     Int8Array: i8,
[INFO] [stderr] ...    |
[INFO] [stderr] 4232 | |     Float64Array: f64,
[INFO] [stderr] 4233 | | }
[INFO] [stderr]      | |_- in this macro invocation
[INFO] [stderr]      |
[INFO] [stderr]      = note: this error originates in a macro (in Nightly builds, run with -Z macro-backtrace for more info)
[INFO] [stderr] 
[INFO] [stderr] error: first argument of method must be a path
[INFO] [stderr]     --> /opt/rustwide/cargo-home/registry/src/github.com-1ecc6299db9ec823/js-sys-0.3.17/src/lib.rs:4114:33
[INFO] [stderr]      |
[INFO] [stderr] 4114 |               pub fn slice(this: &$name, begin: u32, end: u32) -> $name;
[INFO] [stderr]      |                                   ^^^^^
[INFO] [stderr] ...
[INFO] [stderr] 4197 | / arrays! {
[INFO] [stderr] 4198 | |     /// `Int8Array()`
[INFO] [stderr] 4199 | |     /// https://developer.mozilla.org/en-US/docs/Web/JavaScript/Reference/Global_Objects/Int8Array
[INFO] [stderr] 4200 | |     Int8Array: i8,
[INFO] [stderr] ...    |
[INFO] [stderr] 4232 | |     Float64Array: f64,
[INFO] [stderr] 4233 | | }
[INFO] [stderr]      | |_- in this macro invocation
[INFO] [stderr]      |
[INFO] [stderr]      = note: this error originates in a macro (in Nightly builds, run with -Z macro-backtrace for more info)
[INFO] [stderr] 
[INFO] [stderr] error: first argument of method must be a path
[INFO] [stderr]     --> /opt/rustwide/cargo-home/registry/src/github.com-1ecc6299db9ec823/js-sys-0.3.17/src/lib.rs:4121:36
[INFO] [stderr]      |
[INFO] [stderr] 4121 |               pub fn for_each(this: &$name, callback: &mut FnMut($ty, u32, $name));
[INFO] [stderr]      |                                      ^^^^^
[INFO] [stderr] ...
[INFO] [stderr] 4197 | / arrays! {
[INFO] [stderr] 4198 | |     /// `Int8Array()`
[INFO] [stderr] 4199 | |     /// https://developer.mozilla.org/en-US/docs/Web/JavaScript/Reference/Global_Objects/Int8Array
[INFO] [stderr] 4200 | |     Int8Array: i8,
[INFO] [stderr] ...    |
[INFO] [stderr] 4232 | |     Float64Array: f64,
[INFO] [stderr] 4233 | | }
[INFO] [stderr]      | |_- in this macro invocation
[INFO] [stderr]      |
[INFO] [stderr]      = note: this error originates in a macro (in Nightly builds, run with -Z macro-backtrace for more info)
[INFO] [stderr] 
[INFO] [stderr] error: first argument of method must be a path
[INFO] [stderr]     --> /opt/rustwide/cargo-home/registry/src/github.com-1ecc6299db9ec823/js-sys-0.3.17/src/lib.rs:4126:34
[INFO] [stderr]      |
[INFO] [stderr] 4126 |               pub fn length(this: &$name) -> u32;
[INFO] [stderr]      |                                    ^^^^^
[INFO] [stderr] ...
[INFO] [stderr] 4197 | / arrays! {
[INFO] [stderr] 4198 | |     /// `Int8Array()`
[INFO] [stderr] 4199 | |     /// https://developer.mozilla.org/en-US/docs/Web/JavaScript/Reference/Global_Objects/Int8Array
[INFO] [stderr] 4200 | |     Int8Array: i8,
[INFO] [stderr] ...    |
[INFO] [stderr] 4232 | |     Float64Array: f64,
[INFO] [stderr] 4233 | | }
[INFO] [stderr]      | |_- in this macro invocation
[INFO] [stderr]      |
[INFO] [stderr]      = note: this error originates in a macro (in Nightly builds, run with -Z macro-backtrace for more info)
[INFO] [stderr] 
[INFO] [stderr] error: first argument of method must be a path
[INFO] [stderr]     --> /opt/rustwide/cargo-home/registry/src/github.com-1ecc6299db9ec823/js-sys-0.3.17/src/lib.rs:4131:39
[INFO] [stderr]      |
[INFO] [stderr] 4131 |               pub fn byte_length(this: &$name) -> u32;
[INFO] [stderr]      |                                         ^^^^^
[INFO] [stderr] ...
[INFO] [stderr] 4197 | / arrays! {
[INFO] [stderr] 4198 | |     /// `Int8Array()`
[INFO] [stderr] 4199 | |     /// https://developer.mozilla.org/en-US/docs/Web/JavaScript/Reference/Global_Objects/Int8Array
[INFO] [stderr] 4200 | |     Int8Array: i8,
[INFO] [stderr] ...    |
[INFO] [stderr] 4232 | |     Float64Array: f64,
[INFO] [stderr] 4233 | | }
[INFO] [stderr]      | |_- in this macro invocation
[INFO] [stderr]      |
[INFO] [stderr]      = note: this error originates in a macro (in Nightly builds, run with -Z macro-backtrace for more info)
[INFO] [stderr] 
[INFO] [stderr] error: first argument of method must be a path
[INFO] [stderr]     --> /opt/rustwide/cargo-home/registry/src/github.com-1ecc6299db9ec823/js-sys-0.3.17/src/lib.rs:4136:39
[INFO] [stderr]      |
[INFO] [stderr] 4136 |               pub fn byte_offset(this: &$name) -> u32;
[INFO] [stderr]      |                                         ^^^^^
[INFO] [stderr] ...
[INFO] [stderr] 4197 | / arrays! {
[INFO] [stderr] 4198 | |     /// `Int8Array()`
[INFO] [stderr] 4199 | |     /// https://developer.mozilla.org/en-US/docs/Web/JavaScript/Reference/Global_Objects/Int8Array
[INFO] [stderr] 4200 | |     Int8Array: i8,
[INFO] [stderr] ...    |
[INFO] [stderr] 4232 | |     Float64Array: f64,
[INFO] [stderr] 4233 | | }
[INFO] [stderr]      | |_- in this macro invocation
[INFO] [stderr]      |
[INFO] [stderr]      = note: this error originates in a macro (in Nightly builds, run with -Z macro-backtrace for more info)
[INFO] [stderr] 
[INFO] [stderr] error: first argument of method must be a path
[INFO] [stderr]     --> /opt/rustwide/cargo-home/registry/src/github.com-1ecc6299db9ec823/js-sys-0.3.17/src/lib.rs:4141:31
[INFO] [stderr]      |
[INFO] [stderr] 4141 |               pub fn set(this: &$name, src: &JsValue, offset: u32);
[INFO] [stderr]      |                                 ^^^^^
[INFO] [stderr] ...
[INFO] [stderr] 4197 | / arrays! {
[INFO] [stderr] 4198 | |     /// `Int8Array()`
[INFO] [stderr] 4199 | |     /// https://developer.mozilla.org/en-US/docs/Web/JavaScript/Reference/Global_Objects/Int8Array
[INFO] [stderr] 4200 | |     Int8Array: i8,
[INFO] [stderr] ...    |
[INFO] [stderr] 4232 | |     Float64Array: f64,
[INFO] [stderr] 4233 | | }
[INFO] [stderr]      | |_- in this macro invocation
[INFO] [stderr]      |
[INFO] [stderr]      = note: this error originates in a macro (in Nightly builds, run with -Z macro-backtrace for more info)
[INFO] [stderr] 
[INFO] [stderr]    Compiling web-sys v0.3.17
[INFO] [stderr] error[E0433]: failed to resolve: use of undeclared type or module `Int8Array`
[INFO] [stderr]     --> /opt/rustwide/cargo-home/registry/src/github.com-1ecc6299db9ec823/js-sys-0.3.17/src/lib.rs:4200:5
[INFO] [stderr]      |
[INFO] [stderr] 4200 |     Int8Array: i8,
[INFO] [stderr]      |     ^^^^^^^^^ use of undeclared type or module `Int8Array`
[INFO] [stderr] 
[INFO] [stderr] error[E0433]: failed to resolve: use of undeclared type or module `Int16Array`
[INFO] [stderr]     --> /opt/rustwide/cargo-home/registry/src/github.com-1ecc6299db9ec823/js-sys-0.3.17/src/lib.rs:4204:5
[INFO] [stderr]      |
[INFO] [stderr] 4204 |     Int16Array: i16,
[INFO] [stderr]      |     ^^^^^^^^^^ use of undeclared type or module `Int16Array`
[INFO] [stderr] 
[INFO] [stderr] error[E0433]: failed to resolve: use of undeclared type or module `Int32Array`
[INFO] [stderr]     --> /opt/rustwide/cargo-home/registry/src/github.com-1ecc6299db9ec823/js-sys-0.3.17/src/lib.rs:4208:5
[INFO] [stderr]      |
[INFO] [stderr] 4208 |     Int32Array: i32,
[INFO] [stderr]      |     ^^^^^^^^^^ use of undeclared type or module `Int32Array`
[INFO] [stderr] 
[INFO] [stderr] error[E0433]: failed to resolve: use of undeclared type or module `Uint8Array`
[INFO] [stderr]     --> /opt/rustwide/cargo-home/registry/src/github.com-1ecc6299db9ec823/js-sys-0.3.17/src/lib.rs:4212:5
[INFO] [stderr]      |
[INFO] [stderr] 4212 |     Uint8Array: u8,
[INFO] [stderr]      |     ^^^^^^^^^^ use of undeclared type or module `Uint8Array`
[INFO] [stderr] 
[INFO] [stderr] error[E0433]: failed to resolve: use of undeclared type or module `Uint8ClampedArray`
[INFO] [stderr]     --> /opt/rustwide/cargo-home/registry/src/github.com-1ecc6299db9ec823/js-sys-0.3.17/src/lib.rs:4216:5
[INFO] [stderr]      |
[INFO] [stderr] 4216 |     Uint8ClampedArray: u8,
[INFO] [stderr]      |     ^^^^^^^^^^^^^^^^^ use of undeclared type or module `Uint8ClampedArray`
[INFO] [stderr] 
[INFO] [stderr] error[E0433]: failed to resolve: use of undeclared type or module `Uint16Array`
[INFO] [stderr]     --> /opt/rustwide/cargo-home/registry/src/github.com-1ecc6299db9ec823/js-sys-0.3.17/src/lib.rs:4220:5
[INFO] [stderr]      |
[INFO] [stderr] 4220 |     Uint16Array: u16,
[INFO] [stderr]      |     ^^^^^^^^^^^ use of undeclared type or module `Uint16Array`
[INFO] [stderr] 
[INFO] [stderr] error[E0433]: failed to resolve: use of undeclared type or module `Uint32Array`
[INFO] [stderr]     --> /opt/rustwide/cargo-home/registry/src/github.com-1ecc6299db9ec823/js-sys-0.3.17/src/lib.rs:4224:5
[INFO] [stderr]      |
[INFO] [stderr] 4224 |     Uint32Array: u32,
[INFO] [stderr]      |     ^^^^^^^^^^^ use of undeclared type or module `Uint32Array`
[INFO] [stderr] 
[INFO] [stderr] error[E0433]: failed to resolve: use of undeclared type or module `Float32Array`
[INFO] [stderr]     --> /opt/rustwide/cargo-home/registry/src/github.com-1ecc6299db9ec823/js-sys-0.3.17/src/lib.rs:4228:5
[INFO] [stderr]      |
[INFO] [stderr] 4228 |     Float32Array: f32,
[INFO] [stderr]      |     ^^^^^^^^^^^^ use of undeclared type or module `Float32Array`
[INFO] [stderr] 
[INFO] [stderr] error[E0433]: failed to resolve: use of undeclared type or module `Float64Array`
[INFO] [stderr]     --> /opt/rustwide/cargo-home/registry/src/github.com-1ecc6299db9ec823/js-sys-0.3.17/src/lib.rs:4232:5
[INFO] [stderr]      |
[INFO] [stderr] 4232 |     Float64Array: f64,
[INFO] [stderr]      |     ^^^^^^^^^^^^ use of undeclared type or module `Float64Array`
[INFO] [stderr] 
[INFO] [stderr] error[E0412]: cannot find type `Int8Array` in this scope
[INFO] [stderr]     --> /opt/rustwide/cargo-home/registry/src/github.com-1ecc6299db9ec823/js-sys-0.3.17/src/lib.rs:4200:5
[INFO] [stderr]      |
[INFO] [stderr] 4200 |     Int8Array: i8,
[INFO] [stderr]      |     ^^^^^^^^^ not found in this scope
[INFO] [stderr] 
[INFO] [stderr] error[E0412]: cannot find type `Int16Array` in this scope
[INFO] [stderr]     --> /opt/rustwide/cargo-home/registry/src/github.com-1ecc6299db9ec823/js-sys-0.3.17/src/lib.rs:4204:5
[INFO] [stderr]      |
[INFO] [stderr] 4204 |     Int16Array: i16,
[INFO] [stderr]      |     ^^^^^^^^^^ not found in this scope
[INFO] [stderr] 
[INFO] [stderr] error[E0412]: cannot find type `Int32Array` in this scope
[INFO] [stderr]     --> /opt/rustwide/cargo-home/registry/src/github.com-1ecc6299db9ec823/js-sys-0.3.17/src/lib.rs:4208:5
[INFO] [stderr]      |
[INFO] [stderr] 4208 |     Int32Array: i32,
[INFO] [stderr]      |     ^^^^^^^^^^ not found in this scope
[INFO] [stderr] 
[INFO] [stderr] error[E0412]: cannot find type `Uint8Array` in this scope
[INFO] [stderr]     --> /opt/rustwide/cargo-home/registry/src/github.com-1ecc6299db9ec823/js-sys-0.3.17/src/lib.rs:4212:5
[INFO] [stderr]      |
[INFO] [stderr] 4212 |     Uint8Array: u8,
[INFO] [stderr]      |     ^^^^^^^^^^ not found in this scope
[INFO] [stderr] 
[INFO] [stderr] error[E0412]: cannot find type `Uint8ClampedArray` in this scope
[INFO] [stderr]     --> /opt/rustwide/cargo-home/registry/src/github.com-1ecc6299db9ec823/js-sys-0.3.17/src/lib.rs:4216:5
[INFO] [stderr]      |
[INFO] [stderr] 4216 |     Uint8ClampedArray: u8,
[INFO] [stderr]      |     ^^^^^^^^^^^^^^^^^ not found in this scope
[INFO] [stderr] 
[INFO] [stderr] error[E0412]: cannot find type `Uint16Array` in this scope
[INFO] [stderr]     --> /opt/rustwide/cargo-home/registry/src/github.com-1ecc6299db9ec823/js-sys-0.3.17/src/lib.rs:4220:5
[INFO] [stderr]      |
[INFO] [stderr] 4220 |     Uint16Array: u16,
[INFO] [stderr]      |     ^^^^^^^^^^^ not found in this scope
[INFO] [stderr] 
[INFO] [stderr] error[E0412]: cannot find type `Uint32Array` in this scope
[INFO] [stderr]     --> /opt/rustwide/cargo-home/registry/src/github.com-1ecc6299db9ec823/js-sys-0.3.17/src/lib.rs:4224:5
[INFO] [stderr]      |
[INFO] [stderr] 4224 |     Uint32Array: u32,
[INFO] [stderr]      |     ^^^^^^^^^^^ not found in this scope
[INFO] [stderr] 
[INFO] [stderr] error[E0412]: cannot find type `Float32Array` in this scope
[INFO] [stderr]     --> /opt/rustwide/cargo-home/registry/src/github.com-1ecc6299db9ec823/js-sys-0.3.17/src/lib.rs:4228:5
[INFO] [stderr]      |
[INFO] [stderr] 4228 |     Float32Array: f32,
[INFO] [stderr]      |     ^^^^^^^^^^^^ not found in this scope
[INFO] [stderr] 
[INFO] [stderr] error[E0412]: cannot find type `Float64Array` in this scope
[INFO] [stderr]     --> /opt/rustwide/cargo-home/registry/src/github.com-1ecc6299db9ec823/js-sys-0.3.17/src/lib.rs:4232:5
[INFO] [stderr]      |
[INFO] [stderr] 4232 |     Float64Array: f64,
[INFO] [stderr]      |     ^^^^^^^^^^^^ not found in this scope
[INFO] [stderr] 
[INFO] [stderr] error: aborting due to 31 previous errors
[INFO] [stderr] 
[INFO] [stderr] Some errors have detailed explanations: E0412, E0433.
[INFO] [stderr] For more information about an error, try `rustc --explain E0412`.
[INFO] [stderr] error: could not compile `js-sys`.
[INFO] [stderr] 
[INFO] [stderr] To learn more, run the command again with --verbose.
[INFO] [stderr] warning: build failed, waiting for other jobs to finish...
[INFO] [stderr] error: build failed
[INFO] running `"docker" "inspect" "7fc1ce85374ff868614117d68899dda6341d234717f20037a4fc6f279f0d5b0e"`
[INFO] running `"docker" "rm" "-f" "7fc1ce85374ff868614117d68899dda6341d234717f20037a4fc6f279f0d5b0e"`
[INFO] [stdout] 7fc1ce85374ff868614117d68899dda6341d234717f20037a4fc6f279f0d5b0e