[INFO] cloning repository https://github.com/WaxWayne/contrast
[INFO] running `"git" "-c" "credential.helper=" "-c" "credential.helper=/workspace/cargo-home/bin/git-credential-null" "clone" "--bare" "https://github.com/WaxWayne/contrast" "/workspace/cache/git-repos/https%3A%2F%2Fgithub.com%2FWaxWayne%2Fcontrast"`
[INFO] [stderr] Cloning into bare repository '/workspace/cache/git-repos/https%3A%2F%2Fgithub.com%2FWaxWayne%2Fcontrast'...
[INFO] running `"git" "rev-parse" "HEAD"`
[INFO] [stdout] b2622d0c7abb1d03d967162747ccfb320d91e1fe
[INFO] checking WaxWayne/contrast against master#7726070fa755f660b5da3f82f46e07d9c6866f69 for pr-72622
[INFO] running `"git" "clone" "/workspace/cache/git-repos/https%3A%2F%2Fgithub.com%2FWaxWayne%2Fcontrast" "/workspace/builds/worker-3/source"`
[INFO] [stderr] Cloning into '/workspace/builds/worker-3/source'...
[INFO] [stderr] done.
[INFO] validating manifest of git repo https://github.com/WaxWayne/contrast on toolchain 7726070fa755f660b5da3f82f46e07d9c6866f69
[INFO] running `"/workspace/cargo-home/bin/cargo" "+7726070fa755f660b5da3f82f46e07d9c6866f69" "read-manifest" "--manifest-path" "Cargo.toml"`
[INFO] started tweaking git repo https://github.com/WaxWayne/contrast
[INFO] finished tweaking git repo https://github.com/WaxWayne/contrast
[INFO] tweaked toml for git repo https://github.com/WaxWayne/contrast written to /workspace/builds/worker-3/source/Cargo.toml
[INFO] crate git repo https://github.com/WaxWayne/contrast already has a lockfile, it will not be regenerated
[INFO] running `"/workspace/cargo-home/bin/cargo" "+7726070fa755f660b5da3f82f46e07d9c6866f69" "fetch" "--locked" "--manifest-path" "Cargo.toml"`
[INFO] running `"docker" "create" "-v" "/var/lib/crater-agent-workspace/builds/worker-3/target:/opt/rustwide/target:rw,Z" "-v" "/var/lib/crater-agent-workspace/builds/worker-3/source:/opt/rustwide/workdir:ro,Z" "-v" "/var/lib/crater-agent-workspace/cargo-home:/opt/rustwide/cargo-home:ro,Z" "-v" "/var/lib/crater-agent-workspace/rustup-home:/opt/rustwide/rustup-home:ro,Z" "-e" "SOURCE_DIR=/opt/rustwide/workdir" "-e" "MAP_USER_ID=0" "-e" "CARGO_TARGET_DIR=/opt/rustwide/target" "-e" "CARGO_INCREMENTAL=0" "-e" "RUST_BACKTRACE=full" "-e" "RUSTFLAGS=--cap-lints=forbid" "-e" "CARGO_HOME=/opt/rustwide/cargo-home" "-e" "RUSTUP_HOME=/opt/rustwide/rustup-home" "-w" "/opt/rustwide/workdir" "-m" "1610612736" "--network" "none" "rustops/crates-build-env" "/opt/rustwide/cargo-home/bin/cargo" "+7726070fa755f660b5da3f82f46e07d9c6866f69" "check" "--frozen" "--all" "--all-targets"`
[INFO] [stderr] WARNING: Your kernel does not support swap limit capabilities or the cgroup is not mounted. Memory limited without swap.
[INFO] [stdout] 9c908929740fda6843b0d54495d03bc483720e44892393e2badcbc1961b13228
[INFO] running `"docker" "start" "-a" "9c908929740fda6843b0d54495d03bc483720e44892393e2badcbc1961b13228"`
[INFO] [stderr] sudo: setrlimit(RLIMIT_CORE): Operation not permitted
[INFO] [stderr]    Compiling unicode-xid v0.2.0
[INFO] [stderr]    Compiling log v0.4.8
[INFO] [stderr]    Compiling wasm-bindgen-shared v0.2.55
[INFO] [stderr]    Compiling syn v1.0.11
[INFO] [stderr]    Compiling cfg-if v0.1.10
[INFO] [stderr]    Compiling bumpalo v2.6.0
[INFO] [stderr]    Compiling lazy_static v1.4.0
[INFO] [stderr]    Compiling memchr v2.2.1
[INFO] [stderr]    Compiling anyhow v1.0.25
[INFO] [stderr]    Compiling wasm-bindgen v0.2.55
[INFO] [stderr]    Compiling sourcefile v0.1.4
[INFO] [stderr]    Compiling nom v4.2.3
[INFO] [stderr]    Compiling proc-macro2 v1.0.6
[INFO] [stderr]    Compiling quote v1.0.2
[INFO] [stderr]    Compiling weedle v0.10.0
[INFO] [stderr]    Compiling wasm-bindgen-backend v0.2.55
[INFO] [stderr]    Compiling wasm-bindgen-macro-support v0.2.55
[INFO] [stderr]    Compiling wasm-bindgen-webidl v0.2.55
[INFO] [stderr]    Compiling wasm-bindgen-macro v0.2.55
[INFO] [stderr]     Checking js-sys v0.3.32
[INFO] [stderr]    Compiling web-sys v0.3.32
[INFO] [stderr] error: return value of constructor must be a bare path
[INFO] [stderr]     --> /opt/rustwide/cargo-home/registry/src/github.com-1ecc6299db9ec823/js-sys-0.3.32/src/lib.rs:4667:13
[INFO] [stderr]      |
[INFO] [stderr] 4667 | /             /// The
[INFO] [stderr] 4668 | |             #[doc = $ctor]
[INFO] [stderr] 4669 | |             /// constructor creates an array of unsigned 8-bit integers.
[INFO] [stderr] 4670 | |             ///
[INFO] [stderr] ...    |
[INFO] [stderr] 4674 | |             #[wasm_bindgen(constructor)]
[INFO] [stderr] 4675 | |             pub fn new(constructor_arg: &JsValue) -> $name;
[INFO] [stderr]      | |___________________________________________________________^
[INFO] [stderr] ...
[INFO] [stderr] 4862 | / arrays! {
[INFO] [stderr] 4863 | |     /// `Int8Array()`
[INFO] [stderr] 4864 | |     /// https://developer.mozilla.org/en-US/docs/Web/JavaScript/Reference/Global_Objects/Int8Array
[INFO] [stderr] 4865 | |     Int8Array: i8,
[INFO] [stderr] ...    |
[INFO] [stderr] 4897 | |     Float64Array: f64,
[INFO] [stderr] 4898 | | }
[INFO] [stderr]      | |_- in this macro invocation
[INFO] [stderr]      |
[INFO] [stderr]      = note: this error originates in a macro (in Nightly builds, run with -Z macro-backtrace for more info)
[INFO] [stderr] 
[INFO] [stderr] error: return value of constructor must be a bare path
[INFO] [stderr]     --> /opt/rustwide/cargo-home/registry/src/github.com-1ecc6299db9ec823/js-sys-0.3.32/src/lib.rs:4677:13
[INFO] [stderr]      |
[INFO] [stderr] 4677 | /             /// An
[INFO] [stderr] 4678 | |             #[doc = $ctor]
[INFO] [stderr] 4679 | |             /// which creates an array with an internal buffer large
[INFO] [stderr] 4680 | |             /// enough for `length` elements.
[INFO] [stderr] ...    |
[INFO] [stderr] 4685 | |             #[wasm_bindgen(constructor)]
[INFO] [stderr] 4686 | |             pub fn new_with_length(length: u32) -> $name;
[INFO] [stderr]      | |_________________________________________________________^
[INFO] [stderr] ...
[INFO] [stderr] 4862 | / arrays! {
[INFO] [stderr] 4863 | |     /// `Int8Array()`
[INFO] [stderr] 4864 | |     /// https://developer.mozilla.org/en-US/docs/Web/JavaScript/Reference/Global_Objects/Int8Array
[INFO] [stderr] 4865 | |     Int8Array: i8,
[INFO] [stderr] ...    |
[INFO] [stderr] 4897 | |     Float64Array: f64,
[INFO] [stderr] 4898 | | }
[INFO] [stderr]      | |_- in this macro invocation
[INFO] [stderr]      |
[INFO] [stderr]      = note: this error originates in a macro (in Nightly builds, run with -Z macro-backtrace for more info)
[INFO] [stderr] 
[INFO] [stderr] error: return value of constructor must be a bare path
[INFO] [stderr]     --> /opt/rustwide/cargo-home/registry/src/github.com-1ecc6299db9ec823/js-sys-0.3.32/src/lib.rs:4688:13
[INFO] [stderr]      |
[INFO] [stderr] 4688 | /             /// An
[INFO] [stderr] 4689 | |             #[doc = $ctor]
[INFO] [stderr] 4690 | |             /// which creates an array with the given buffer but is a
[INFO] [stderr] 4691 | |             /// view starting at `byte_offset`.
[INFO] [stderr] ...    |
[INFO] [stderr] 4696 | |             #[wasm_bindgen(constructor)]
[INFO] [stderr] 4697 | |             pub fn new_with_byte_offset(buffer: &JsValue, byte_offset: u32) -> $name;
[INFO] [stderr]      | |_____________________________________________________________________________________^
[INFO] [stderr] ...
[INFO] [stderr] 4862 | / arrays! {
[INFO] [stderr] 4863 | |     /// `Int8Array()`
[INFO] [stderr] 4864 | |     /// https://developer.mozilla.org/en-US/docs/Web/JavaScript/Reference/Global_Objects/Int8Array
[INFO] [stderr] 4865 | |     Int8Array: i8,
[INFO] [stderr] ...    |
[INFO] [stderr] 4897 | |     Float64Array: f64,
[INFO] [stderr] 4898 | | }
[INFO] [stderr]      | |_- in this macro invocation
[INFO] [stderr]      |
[INFO] [stderr]      = note: this error originates in a macro (in Nightly builds, run with -Z macro-backtrace for more info)
[INFO] [stderr] 
[INFO] [stderr] error: return value of constructor must be a bare path
[INFO] [stderr]     --> /opt/rustwide/cargo-home/registry/src/github.com-1ecc6299db9ec823/js-sys-0.3.32/src/lib.rs:4699:13
[INFO] [stderr]      |
[INFO] [stderr] 4699 | /             /// An
[INFO] [stderr] 4700 | |             #[doc = $ctor]
[INFO] [stderr] 4701 | |             /// which creates an array with the given buffer but is a
[INFO] [stderr] 4702 | |             /// view starting at `byte_offset` for `length` elements.
[INFO] [stderr] ...    |
[INFO] [stderr] 4711 | |                 length: u32,
[INFO] [stderr] 4712 | |             ) -> $name;
[INFO] [stderr]      | |_______________________^
[INFO] [stderr] ...
[INFO] [stderr] 4862 | / arrays! {
[INFO] [stderr] 4863 | |     /// `Int8Array()`
[INFO] [stderr] 4864 | |     /// https://developer.mozilla.org/en-US/docs/Web/JavaScript/Reference/Global_Objects/Int8Array
[INFO] [stderr] 4865 | |     Int8Array: i8,
[INFO] [stderr] ...    |
[INFO] [stderr] 4897 | |     Float64Array: f64,
[INFO] [stderr] 4898 | | }
[INFO] [stderr]      | |_- in this macro invocation
[INFO] [stderr]      |
[INFO] [stderr]      = note: this error originates in a macro (in Nightly builds, run with -Z macro-backtrace for more info)
[INFO] [stderr] 
[INFO] [stderr] error: first argument of method must be a path
[INFO] [stderr]     --> /opt/rustwide/cargo-home/registry/src/github.com-1ecc6299db9ec823/js-sys-0.3.32/src/lib.rs:4719:32
[INFO] [stderr]      |
[INFO] [stderr] 4719 |               pub fn fill(this: &$name, value: $ty, start: u32, end: u32) -> $name;
[INFO] [stderr]      |                                  ^^^^^
[INFO] [stderr] ...
[INFO] [stderr] 4862 | / arrays! {
[INFO] [stderr] 4863 | |     /// `Int8Array()`
[INFO] [stderr] 4864 | |     /// https://developer.mozilla.org/en-US/docs/Web/JavaScript/Reference/Global_Objects/Int8Array
[INFO] [stderr] 4865 | |     Int8Array: i8,
[INFO] [stderr] ...    |
[INFO] [stderr] 4897 | |     Float64Array: f64,
[INFO] [stderr] 4898 | | }
[INFO] [stderr]      | |_- in this macro invocation
[INFO] [stderr]      |
[INFO] [stderr]      = note: this error originates in a macro (in Nightly builds, run with -Z macro-backtrace for more info)
[INFO] [stderr] 
[INFO] [stderr] error: first argument of method must be a path
[INFO] [stderr]     --> /opt/rustwide/cargo-home/registry/src/github.com-1ecc6299db9ec823/js-sys-0.3.32/src/lib.rs:4724:34
[INFO] [stderr]      |
[INFO] [stderr] 4724 |               pub fn buffer(this: &$name) -> ArrayBuffer;
[INFO] [stderr]      |                                    ^^^^^
[INFO] [stderr] ...
[INFO] [stderr] 4862 | / arrays! {
[INFO] [stderr] 4863 | |     /// `Int8Array()`
[INFO] [stderr] 4864 | |     /// https://developer.mozilla.org/en-US/docs/Web/JavaScript/Reference/Global_Objects/Int8Array
[INFO] [stderr] 4865 | |     Int8Array: i8,
[INFO] [stderr] ...    |
[INFO] [stderr] 4897 | |     Float64Array: f64,
[INFO] [stderr] 4898 | | }
[INFO] [stderr]      | |_- in this macro invocation
[INFO] [stderr]      |
[INFO] [stderr]      = note: this error originates in a macro (in Nightly builds, run with -Z macro-backtrace for more info)
[INFO] [stderr] 
[INFO] [stderr] error: first argument of method must be a path
[INFO] [stderr]     --> /opt/rustwide/cargo-home/registry/src/github.com-1ecc6299db9ec823/js-sys-0.3.32/src/lib.rs:4729:36
[INFO] [stderr]      |
[INFO] [stderr] 4729 |               pub fn subarray(this: &$name, begin: u32, end: u32) -> $name;
[INFO] [stderr]      |                                      ^^^^^
[INFO] [stderr] ...
[INFO] [stderr] 4862 | / arrays! {
[INFO] [stderr] 4863 | |     /// `Int8Array()`
[INFO] [stderr] 4864 | |     /// https://developer.mozilla.org/en-US/docs/Web/JavaScript/Reference/Global_Objects/Int8Array
[INFO] [stderr] 4865 | |     Int8Array: i8,
[INFO] [stderr] ...    |
[INFO] [stderr] 4897 | |     Float64Array: f64,
[INFO] [stderr] 4898 | | }
[INFO] [stderr]      | |_- in this macro invocation
[INFO] [stderr]      |
[INFO] [stderr]      = note: this error originates in a macro (in Nightly builds, run with -Z macro-backtrace for more info)
[INFO] [stderr] 
[INFO] [stderr] error: first argument of method must be a path
[INFO] [stderr]     --> /opt/rustwide/cargo-home/registry/src/github.com-1ecc6299db9ec823/js-sys-0.3.32/src/lib.rs:4735:33
[INFO] [stderr]      |
[INFO] [stderr] 4735 |               pub fn slice(this: &$name, begin: u32, end: u32) -> $name;
[INFO] [stderr]      |                                   ^^^^^
[INFO] [stderr] ...
[INFO] [stderr] 4862 | / arrays! {
[INFO] [stderr] 4863 | |     /// `Int8Array()`
[INFO] [stderr] 4864 | |     /// https://developer.mozilla.org/en-US/docs/Web/JavaScript/Reference/Global_Objects/Int8Array
[INFO] [stderr] 4865 | |     Int8Array: i8,
[INFO] [stderr] ...    |
[INFO] [stderr] 4897 | |     Float64Array: f64,
[INFO] [stderr] 4898 | | }
[INFO] [stderr]      | |_- in this macro invocation
[INFO] [stderr]      |
[INFO] [stderr]      = note: this error originates in a macro (in Nightly builds, run with -Z macro-backtrace for more info)
[INFO] [stderr] 
[INFO] [stderr] error: first argument of method must be a path
[INFO] [stderr]     --> /opt/rustwide/cargo-home/registry/src/github.com-1ecc6299db9ec823/js-sys-0.3.32/src/lib.rs:4742:36
[INFO] [stderr]      |
[INFO] [stderr] 4742 |               pub fn for_each(this: &$name, callback: &mut dyn FnMut($ty, u32, $name));
[INFO] [stderr]      |                                      ^^^^^
[INFO] [stderr] ...
[INFO] [stderr] 4862 | / arrays! {
[INFO] [stderr] 4863 | |     /// `Int8Array()`
[INFO] [stderr] 4864 | |     /// https://developer.mozilla.org/en-US/docs/Web/JavaScript/Reference/Global_Objects/Int8Array
[INFO] [stderr] 4865 | |     Int8Array: i8,
[INFO] [stderr] ...    |
[INFO] [stderr] 4897 | |     Float64Array: f64,
[INFO] [stderr] 4898 | | }
[INFO] [stderr]      | |_- in this macro invocation
[INFO] [stderr]      |
[INFO] [stderr]      = note: this error originates in a macro (in Nightly builds, run with -Z macro-backtrace for more info)
[INFO] [stderr] 
[INFO] [stderr] error: first argument of method must be a path
[INFO] [stderr]     --> /opt/rustwide/cargo-home/registry/src/github.com-1ecc6299db9ec823/js-sys-0.3.32/src/lib.rs:4747:34
[INFO] [stderr]      |
[INFO] [stderr] 4747 |               pub fn length(this: &$name) -> u32;
[INFO] [stderr]      |                                    ^^^^^
[INFO] [stderr] ...
[INFO] [stderr] 4862 | / arrays! {
[INFO] [stderr] 4863 | |     /// `Int8Array()`
[INFO] [stderr] 4864 | |     /// https://developer.mozilla.org/en-US/docs/Web/JavaScript/Reference/Global_Objects/Int8Array
[INFO] [stderr] 4865 | |     Int8Array: i8,
[INFO] [stderr] ...    |
[INFO] [stderr] 4897 | |     Float64Array: f64,
[INFO] [stderr] 4898 | | }
[INFO] [stderr]      | |_- in this macro invocation
[INFO] [stderr]      |
[INFO] [stderr]      = note: this error originates in a macro (in Nightly builds, run with -Z macro-backtrace for more info)
[INFO] [stderr] 
[INFO] [stderr] error: first argument of method must be a path
[INFO] [stderr]     --> /opt/rustwide/cargo-home/registry/src/github.com-1ecc6299db9ec823/js-sys-0.3.32/src/lib.rs:4752:39
[INFO] [stderr]      |
[INFO] [stderr] 4752 |               pub fn byte_length(this: &$name) -> u32;
[INFO] [stderr]      |                                         ^^^^^
[INFO] [stderr] ...
[INFO] [stderr] 4862 | / arrays! {
[INFO] [stderr] 4863 | |     /// `Int8Array()`
[INFO] [stderr] 4864 | |     /// https://developer.mozilla.org/en-US/docs/Web/JavaScript/Reference/Global_Objects/Int8Array
[INFO] [stderr] 4865 | |     Int8Array: i8,
[INFO] [stderr] ...    |
[INFO] [stderr] 4897 | |     Float64Array: f64,
[INFO] [stderr] 4898 | | }
[INFO] [stderr]      | |_- in this macro invocation
[INFO] [stderr]      |
[INFO] [stderr]      = note: this error originates in a macro (in Nightly builds, run with -Z macro-backtrace for more info)
[INFO] [stderr] 
[INFO] [stderr] error: first argument of method must be a path
[INFO] [stderr]     --> /opt/rustwide/cargo-home/registry/src/github.com-1ecc6299db9ec823/js-sys-0.3.32/src/lib.rs:4757:39
[INFO] [stderr]      |
[INFO] [stderr] 4757 |               pub fn byte_offset(this: &$name) -> u32;
[INFO] [stderr]      |                                         ^^^^^
[INFO] [stderr] ...
[INFO] [stderr] 4862 | / arrays! {
[INFO] [stderr] 4863 | |     /// `Int8Array()`
[INFO] [stderr] 4864 | |     /// https://developer.mozilla.org/en-US/docs/Web/JavaScript/Reference/Global_Objects/Int8Array
[INFO] [stderr] 4865 | |     Int8Array: i8,
[INFO] [stderr] ...    |
[INFO] [stderr] 4897 | |     Float64Array: f64,
[INFO] [stderr] 4898 | | }
[INFO] [stderr]      | |_- in this macro invocation
[INFO] [stderr]      |
[INFO] [stderr]      = note: this error originates in a macro (in Nightly builds, run with -Z macro-backtrace for more info)
[INFO] [stderr] 
[INFO] [stderr] error: first argument of method must be a path
[INFO] [stderr]     --> /opt/rustwide/cargo-home/registry/src/github.com-1ecc6299db9ec823/js-sys-0.3.32/src/lib.rs:4762:31
[INFO] [stderr]      |
[INFO] [stderr] 4762 |               pub fn set(this: &$name, src: &JsValue, offset: u32);
[INFO] [stderr]      |                                 ^^^^^
[INFO] [stderr] ...
[INFO] [stderr] 4862 | / arrays! {
[INFO] [stderr] 4863 | |     /// `Int8Array()`
[INFO] [stderr] 4864 | |     /// https://developer.mozilla.org/en-US/docs/Web/JavaScript/Reference/Global_Objects/Int8Array
[INFO] [stderr] 4865 | |     Int8Array: i8,
[INFO] [stderr] ...    |
[INFO] [stderr] 4897 | |     Float64Array: f64,
[INFO] [stderr] 4898 | | }
[INFO] [stderr]      | |_- in this macro invocation
[INFO] [stderr]      |
[INFO] [stderr]      = note: this error originates in a macro (in Nightly builds, run with -Z macro-backtrace for more info)
[INFO] [stderr] 
[INFO] [stderr] error[E0433]: failed to resolve: use of undeclared type or module `Int8Array`
[INFO] [stderr]     --> /opt/rustwide/cargo-home/registry/src/github.com-1ecc6299db9ec823/js-sys-0.3.32/src/lib.rs:4865:5
[INFO] [stderr]      |
[INFO] [stderr] 4865 |     Int8Array: i8,
[INFO] [stderr]      |     ^^^^^^^^^ use of undeclared type or module `Int8Array`
[INFO] [stderr] 
[INFO] [stderr] error[E0433]: failed to resolve: use of undeclared type or module `Int16Array`
[INFO] [stderr]     --> /opt/rustwide/cargo-home/registry/src/github.com-1ecc6299db9ec823/js-sys-0.3.32/src/lib.rs:4869:5
[INFO] [stderr]      |
[INFO] [stderr] 4869 |     Int16Array: i16,
[INFO] [stderr]      |     ^^^^^^^^^^ use of undeclared type or module `Int16Array`
[INFO] [stderr] 
[INFO] [stderr] error[E0433]: failed to resolve: use of undeclared type or module `Int32Array`
[INFO] [stderr]     --> /opt/rustwide/cargo-home/registry/src/github.com-1ecc6299db9ec823/js-sys-0.3.32/src/lib.rs:4873:5
[INFO] [stderr]      |
[INFO] [stderr] 4873 |     Int32Array: i32,
[INFO] [stderr]      |     ^^^^^^^^^^ use of undeclared type or module `Int32Array`
[INFO] [stderr] 
[INFO] [stderr] error[E0433]: failed to resolve: use of undeclared type or module `Uint8Array`
[INFO] [stderr]     --> /opt/rustwide/cargo-home/registry/src/github.com-1ecc6299db9ec823/js-sys-0.3.32/src/lib.rs:4877:5
[INFO] [stderr]      |
[INFO] [stderr] 4877 |     Uint8Array: u8,
[INFO] [stderr]      |     ^^^^^^^^^^ use of undeclared type or module `Uint8Array`
[INFO] [stderr] 
[INFO] [stderr] error[E0433]: failed to resolve: use of undeclared type or module `Uint8ClampedArray`
[INFO] [stderr]     --> /opt/rustwide/cargo-home/registry/src/github.com-1ecc6299db9ec823/js-sys-0.3.32/src/lib.rs:4881:5
[INFO] [stderr]      |
[INFO] [stderr] 4881 |     Uint8ClampedArray: u8,
[INFO] [stderr]      |     ^^^^^^^^^^^^^^^^^ use of undeclared type or module `Uint8ClampedArray`
[INFO] [stderr] 
[INFO] [stderr] error[E0433]: failed to resolve: use of undeclared type or module `Uint16Array`
[INFO] [stderr]     --> /opt/rustwide/cargo-home/registry/src/github.com-1ecc6299db9ec823/js-sys-0.3.32/src/lib.rs:4885:5
[INFO] [stderr]      |
[INFO] [stderr] 4885 |     Uint16Array: u16,
[INFO] [stderr]      |     ^^^^^^^^^^^ use of undeclared type or module `Uint16Array`
[INFO] [stderr] 
[INFO] [stderr] error[E0433]: failed to resolve: use of undeclared type or module `Uint32Array`
[INFO] [stderr]     --> /opt/rustwide/cargo-home/registry/src/github.com-1ecc6299db9ec823/js-sys-0.3.32/src/lib.rs:4889:5
[INFO] [stderr]      |
[INFO] [stderr] 4889 |     Uint32Array: u32,
[INFO] [stderr]      |     ^^^^^^^^^^^ use of undeclared type or module `Uint32Array`
[INFO] [stderr] 
[INFO] [stderr] error[E0433]: failed to resolve: use of undeclared type or module `Float32Array`
[INFO] [stderr]     --> /opt/rustwide/cargo-home/registry/src/github.com-1ecc6299db9ec823/js-sys-0.3.32/src/lib.rs:4893:5
[INFO] [stderr]      |
[INFO] [stderr] 4893 |     Float32Array: f32,
[INFO] [stderr]      |     ^^^^^^^^^^^^ use of undeclared type or module `Float32Array`
[INFO] [stderr] 
[INFO] [stderr] error[E0433]: failed to resolve: use of undeclared type or module `Float64Array`
[INFO] [stderr]     --> /opt/rustwide/cargo-home/registry/src/github.com-1ecc6299db9ec823/js-sys-0.3.32/src/lib.rs:4897:5
[INFO] [stderr]      |
[INFO] [stderr] 4897 |     Float64Array: f64,
[INFO] [stderr]      |     ^^^^^^^^^^^^ use of undeclared type or module `Float64Array`
[INFO] [stderr] 
[INFO] [stderr] error[E0412]: cannot find type `Int32Array` in this scope
[INFO] [stderr]    --> /opt/rustwide/cargo-home/registry/src/github.com-1ecc6299db9ec823/js-sys-0.3.32/src/lib.rs:644:37
[INFO] [stderr]     |
[INFO] [stderr] 644 |         pub fn notify(typed_array: &Int32Array, index: u32) -> Result<u32, JsValue>;
[INFO] [stderr]     |                                     ^^^^^^^^^^ not found in this scope
[INFO] [stderr] 
[INFO] [stderr] error[E0412]: cannot find type `Int32Array` in this scope
[INFO] [stderr]    --> /opt/rustwide/cargo-home/registry/src/github.com-1ecc6299db9ec823/js-sys-0.3.32/src/lib.rs:649:27
[INFO] [stderr]     |
[INFO] [stderr] 649 |             typed_array: &Int32Array,
[INFO] [stderr]     |                           ^^^^^^^^^^ not found in this scope
[INFO] [stderr] 
[INFO] [stderr] error[E0412]: cannot find type `Int32Array` in this scope
[INFO] [stderr]    --> /opt/rustwide/cargo-home/registry/src/github.com-1ecc6299db9ec823/js-sys-0.3.32/src/lib.rs:688:35
[INFO] [stderr]     |
[INFO] [stderr] 688 |         pub fn wait(typed_array: &Int32Array, index: u32, value: i32) -> Result<JsString, JsValue>;
[INFO] [stderr]     |                                   ^^^^^^^^^^ not found in this scope
[INFO] [stderr] 
[INFO] [stderr] error[E0412]: cannot find type `Int32Array` in this scope
[INFO] [stderr]    --> /opt/rustwide/cargo-home/registry/src/github.com-1ecc6299db9ec823/js-sys-0.3.32/src/lib.rs:695:27
[INFO] [stderr]     |
[INFO] [stderr] 695 |             typed_array: &Int32Array,
[INFO] [stderr]     |                           ^^^^^^^^^^ not found in this scope
[INFO] [stderr] 
[INFO] [stderr] error[E0412]: cannot find type `Int8Array` in this scope
[INFO] [stderr]     --> /opt/rustwide/cargo-home/registry/src/github.com-1ecc6299db9ec823/js-sys-0.3.32/src/lib.rs:4865:5
[INFO] [stderr]      |
[INFO] [stderr] 4865 |     Int8Array: i8,
[INFO] [stderr]      |     ^^^^^^^^^ not found in this scope
[INFO] [stderr] 
[INFO] [stderr] error[E0412]: cannot find type `Int16Array` in this scope
[INFO] [stderr]     --> /opt/rustwide/cargo-home/registry/src/github.com-1ecc6299db9ec823/js-sys-0.3.32/src/lib.rs:4869:5
[INFO] [stderr]      |
[INFO] [stderr] 4869 |     Int16Array: i16,
[INFO] [stderr]      |     ^^^^^^^^^^ not found in this scope
[INFO] [stderr] 
[INFO] [stderr] error[E0412]: cannot find type `Int32Array` in this scope
[INFO] [stderr]     --> /opt/rustwide/cargo-home/registry/src/github.com-1ecc6299db9ec823/js-sys-0.3.32/src/lib.rs:4873:5
[INFO] [stderr]      |
[INFO] [stderr] 4873 |     Int32Array: i32,
[INFO] [stderr]      |     ^^^^^^^^^^ not found in this scope
[INFO] [stderr] 
[INFO] [stderr] error[E0412]: cannot find type `Uint8Array` in this scope
[INFO] [stderr]     --> /opt/rustwide/cargo-home/registry/src/github.com-1ecc6299db9ec823/js-sys-0.3.32/src/lib.rs:4877:5
[INFO] [stderr]      |
[INFO] [stderr] 4877 |     Uint8Array: u8,
[INFO] [stderr]      |     ^^^^^^^^^^ not found in this scope
[INFO] [stderr] 
[INFO] [stderr] error[E0412]: cannot find type `Uint8ClampedArray` in this scope
[INFO] [stderr]     --> /opt/rustwide/cargo-home/registry/src/github.com-1ecc6299db9ec823/js-sys-0.3.32/src/lib.rs:4881:5
[INFO] [stderr]      |
[INFO] [stderr] 4881 |     Uint8ClampedArray: u8,
[INFO] [stderr]      |     ^^^^^^^^^^^^^^^^^ not found in this scope
[INFO] [stderr] 
[INFO] [stderr] error[E0412]: cannot find type `Uint16Array` in this scope
[INFO] [stderr]     --> /opt/rustwide/cargo-home/registry/src/github.com-1ecc6299db9ec823/js-sys-0.3.32/src/lib.rs:4885:5
[INFO] [stderr]      |
[INFO] [stderr] 4885 |     Uint16Array: u16,
[INFO] [stderr]      |     ^^^^^^^^^^^ not found in this scope
[INFO] [stderr] 
[INFO] [stderr] error[E0412]: cannot find type `Uint32Array` in this scope
[INFO] [stderr]     --> /opt/rustwide/cargo-home/registry/src/github.com-1ecc6299db9ec823/js-sys-0.3.32/src/lib.rs:4889:5
[INFO] [stderr]      |
[INFO] [stderr] 4889 |     Uint32Array: u32,
[INFO] [stderr]      |     ^^^^^^^^^^^ not found in this scope
[INFO] [stderr] 
[INFO] [stderr] error[E0412]: cannot find type `Float32Array` in this scope
[INFO] [stderr]     --> /opt/rustwide/cargo-home/registry/src/github.com-1ecc6299db9ec823/js-sys-0.3.32/src/lib.rs:4893:5
[INFO] [stderr]      |
[INFO] [stderr] 4893 |     Float32Array: f32,
[INFO] [stderr]      |     ^^^^^^^^^^^^ not found in this scope
[INFO] [stderr] 
[INFO] [stderr] error[E0412]: cannot find type `Float64Array` in this scope
[INFO] [stderr]     --> /opt/rustwide/cargo-home/registry/src/github.com-1ecc6299db9ec823/js-sys-0.3.32/src/lib.rs:4897:5
[INFO] [stderr]      |
[INFO] [stderr] 4897 |     Float64Array: f64,
[INFO] [stderr]      |     ^^^^^^^^^^^^ not found in this scope
[INFO] [stderr] 
[INFO] [stderr] error: aborting due to 35 previous errors
[INFO] [stderr] 
[INFO] [stderr] Some errors have detailed explanations: E0412, E0433.
[INFO] [stderr] For more information about an error, try `rustc --explain E0412`.
[INFO] [stderr] error: could not compile `js-sys`.
[INFO] [stderr] 
[INFO] [stderr] To learn more, run the command again with --verbose.
[INFO] [stderr] warning: build failed, waiting for other jobs to finish...
[INFO] [stderr] error: build failed
[INFO] running `"docker" "inspect" "9c908929740fda6843b0d54495d03bc483720e44892393e2badcbc1961b13228"`
[INFO] running `"docker" "rm" "-f" "9c908929740fda6843b0d54495d03bc483720e44892393e2badcbc1961b13228"`
[INFO] [stdout] 9c908929740fda6843b0d54495d03bc483720e44892393e2badcbc1961b13228