[INFO] updating cached repository https://github.com/CallumJHays/wasm-bindgen-futures-test
[INFO] running `"git" "-c" "credential.helper=" "-c" "credential.helper=/workspace/cargo-home/bin/git-credential-null" "-c" "remote.origin.fetch=refs/heads/*:refs/heads/*" "fetch" "origin" "--force" "--prune"`
[INFO] running `"git" "rev-parse" "HEAD"`
[INFO] [stdout] b66d02d74e5e834f2c78b6414f8421fe81ddd72f
[INFO] checking CallumJHays/wasm-bindgen-futures-test against master#7726070fa755f660b5da3f82f46e07d9c6866f69 for pr-72622
[INFO] running `"git" "clone" "/workspace/cache/git-repos/https%3A%2F%2Fgithub.com%2FCallumJHays%2Fwasm-bindgen-futures-test" "/workspace/builds/worker-7/source"`
[INFO] [stderr] Cloning into '/workspace/builds/worker-7/source'...
[INFO] [stderr] done.
[INFO] validating manifest of git repo https://github.com/CallumJHays/wasm-bindgen-futures-test on toolchain 7726070fa755f660b5da3f82f46e07d9c6866f69
[INFO] running `"/workspace/cargo-home/bin/cargo" "+7726070fa755f660b5da3f82f46e07d9c6866f69" "read-manifest" "--manifest-path" "Cargo.toml"`
[INFO] started tweaking git repo https://github.com/CallumJHays/wasm-bindgen-futures-test
[INFO] finished tweaking git repo https://github.com/CallumJHays/wasm-bindgen-futures-test
[INFO] tweaked toml for git repo https://github.com/CallumJHays/wasm-bindgen-futures-test written to /workspace/builds/worker-7/source/Cargo.toml
[INFO] crate git repo https://github.com/CallumJHays/wasm-bindgen-futures-test already has a lockfile, it will not be regenerated
[INFO] running `"/workspace/cargo-home/bin/cargo" "+7726070fa755f660b5da3f82f46e07d9c6866f69" "fetch" "--locked" "--manifest-path" "Cargo.toml"`
[INFO] [stderr] warning: Found `debug_assertions` in `target.'cfg(...)'.dependencies`. This value is not supported for selecting dependencies and will not work as expected. To learn more visit https://doc.rust-lang.org/cargo/reference/specifying-dependencies.html#platform-specific-dependencies
[INFO] [stderr]     Blocking waiting for file lock on package cache
[INFO] [stderr]     Blocking waiting for file lock on package cache
[INFO] running `"docker" "create" "-v" "/var/lib/crater-agent-workspace/builds/worker-7/target:/opt/rustwide/target:rw,Z" "-v" "/var/lib/crater-agent-workspace/builds/worker-7/source:/opt/rustwide/workdir:ro,Z" "-v" "/var/lib/crater-agent-workspace/cargo-home:/opt/rustwide/cargo-home:ro,Z" "-v" "/var/lib/crater-agent-workspace/rustup-home:/opt/rustwide/rustup-home:ro,Z" "-e" "SOURCE_DIR=/opt/rustwide/workdir" "-e" "MAP_USER_ID=0" "-e" "CARGO_TARGET_DIR=/opt/rustwide/target" "-e" "CARGO_INCREMENTAL=0" "-e" "RUST_BACKTRACE=full" "-e" "RUSTFLAGS=--cap-lints=forbid" "-e" "CARGO_HOME=/opt/rustwide/cargo-home" "-e" "RUSTUP_HOME=/opt/rustwide/rustup-home" "-w" "/opt/rustwide/workdir" "-m" "1610612736" "--network" "none" "rustops/crates-build-env" "/opt/rustwide/cargo-home/bin/cargo" "+7726070fa755f660b5da3f82f46e07d9c6866f69" "check" "--frozen" "--all" "--all-targets"`
[INFO] [stdout] 0b642e487cb4c6420722efbba301c6f7b0981f02010565aea30b2c2a52f535e1
[INFO] [stderr] WARNING: Your kernel does not support swap limit capabilities or the cgroup is not mounted. Memory limited without swap.
[INFO] running `"docker" "start" "-a" "0b642e487cb4c6420722efbba301c6f7b0981f02010565aea30b2c2a52f535e1"`
[INFO] [stderr] sudo: setrlimit(RLIMIT_CORE): Operation not permitted
[INFO] [stderr] warning: Found `debug_assertions` in `target.'cfg(...)'.dependencies`. This value is not supported for selecting dependencies and will not work as expected. To learn more visit https://doc.rust-lang.org/cargo/reference/specifying-dependencies.html#platform-specific-dependencies
[INFO] [stderr]    Compiling proc-macro2 v0.4.30
[INFO] [stderr]    Compiling unicode-xid v0.1.0
[INFO] [stderr]    Compiling syn v0.15.39
[INFO] [stderr]    Compiling cfg-if v0.1.9
[INFO] [stderr]    Compiling wasm-bindgen-shared v0.2.47
[INFO] [stderr]    Compiling bumpalo v2.4.3
[INFO] [stderr]    Compiling cc v1.0.37
[INFO] [stderr]    Compiling libc v0.2.58
[INFO] [stderr]    Compiling version_check v0.1.5
[INFO] [stderr]    Compiling memchr v2.2.0
[INFO] [stderr]    Compiling wasm-bindgen v0.2.47
[INFO] [stderr]    Compiling failure_derive v0.1.5
[INFO] [stderr]    Compiling rustc-demangle v0.1.15
[INFO] [stderr]    Compiling unicode-segmentation v1.3.0
[INFO] [stderr]    Compiling sourcefile v0.1.4
[INFO] [stderr]     Checking futures v0.1.28
[INFO] [stderr]     Checking scoped-tls v1.0.0
[INFO] [stderr]    Compiling log v0.4.6
[INFO] [stderr]    Compiling heck v0.3.1
[INFO] [stderr]    Compiling nom v4.2.3
[INFO] [stderr]    Compiling quote v0.6.12
[INFO] [stderr]    Compiling backtrace-sys v0.1.29
[INFO] [stderr]    Compiling wasm-bindgen-test-macro v0.2.47
[INFO] [stderr]    Compiling weedle v0.9.0
[INFO] [stderr]    Compiling backtrace v0.3.32
[INFO] [stderr]    Compiling wasm-bindgen-backend v0.2.47
[INFO] [stderr]    Compiling synstructure v0.10.2
[INFO] [stderr]    Compiling wasm-bindgen-macro-support v0.2.47
[INFO] [stderr]    Compiling failure v0.1.5
[INFO] [stderr]    Compiling wasm-bindgen-webidl v0.2.47
[INFO] [stderr]    Compiling wasm-bindgen-macro v0.2.47
[INFO] [stderr]     Checking js-sys v0.3.24
[INFO] [stderr]     Checking console_error_panic_hook v0.1.6
[INFO] [stderr]    Compiling web-sys v0.3.24
[INFO] [stderr] error: return value of constructor must be a bare path
[INFO] [stderr]     --> /opt/rustwide/cargo-home/registry/src/github.com-1ecc6299db9ec823/js-sys-0.3.24/src/lib.rs:4444:13
[INFO] [stderr]      |
[INFO] [stderr] 4444 | /             /// The
[INFO] [stderr] 4445 | |             #[doc = $ctor]
[INFO] [stderr] 4446 | |             /// constructor creates an array of unsigned 8-bit integers.
[INFO] [stderr] 4447 | |             ///
[INFO] [stderr] ...    |
[INFO] [stderr] 4451 | |             #[wasm_bindgen(constructor)]
[INFO] [stderr] 4452 | |             pub fn new(constructor_arg: &JsValue) -> $name;
[INFO] [stderr]      | |___________________________________________________________^
[INFO] [stderr] ...
[INFO] [stderr] 4595 | / arrays! {
[INFO] [stderr] 4596 | |     /// `Int8Array()`
[INFO] [stderr] 4597 | |     /// https://developer.mozilla.org/en-US/docs/Web/JavaScript/Reference/Global_Objects/Int8Array
[INFO] [stderr] 4598 | |     Int8Array: i8,
[INFO] [stderr] ...    |
[INFO] [stderr] 4630 | |     Float64Array: f64,
[INFO] [stderr] 4631 | | }
[INFO] [stderr]      | |_- in this macro invocation
[INFO] [stderr]      |
[INFO] [stderr]      = note: this error originates in a macro (in Nightly builds, run with -Z macro-backtrace for more info)
[INFO] [stderr] 
[INFO] [stderr] error: return value of constructor must be a bare path
[INFO] [stderr]     --> /opt/rustwide/cargo-home/registry/src/github.com-1ecc6299db9ec823/js-sys-0.3.24/src/lib.rs:4454:13
[INFO] [stderr]      |
[INFO] [stderr] 4454 | /             /// An
[INFO] [stderr] 4455 | |             #[doc = $ctor]
[INFO] [stderr] 4456 | |             /// which creates an array with an internal buffer large
[INFO] [stderr] 4457 | |             /// enough for `length` elements.
[INFO] [stderr] ...    |
[INFO] [stderr] 4462 | |             #[wasm_bindgen(constructor)]
[INFO] [stderr] 4463 | |             pub fn new_with_length(length: u32) -> $name;
[INFO] [stderr]      | |_________________________________________________________^
[INFO] [stderr] ...
[INFO] [stderr] 4595 | / arrays! {
[INFO] [stderr] 4596 | |     /// `Int8Array()`
[INFO] [stderr] 4597 | |     /// https://developer.mozilla.org/en-US/docs/Web/JavaScript/Reference/Global_Objects/Int8Array
[INFO] [stderr] 4598 | |     Int8Array: i8,
[INFO] [stderr] ...    |
[INFO] [stderr] 4630 | |     Float64Array: f64,
[INFO] [stderr] 4631 | | }
[INFO] [stderr]      | |_- in this macro invocation
[INFO] [stderr]      |
[INFO] [stderr]      = note: this error originates in a macro (in Nightly builds, run with -Z macro-backtrace for more info)
[INFO] [stderr] 
[INFO] [stderr] error: return value of constructor must be a bare path
[INFO] [stderr]     --> /opt/rustwide/cargo-home/registry/src/github.com-1ecc6299db9ec823/js-sys-0.3.24/src/lib.rs:4465:13
[INFO] [stderr]      |
[INFO] [stderr] 4465 | /             /// An
[INFO] [stderr] 4466 | |             #[doc = $ctor]
[INFO] [stderr] 4467 | |             /// which creates an array with the given buffer but is a
[INFO] [stderr] 4468 | |             /// view starting at `byte_offset`.
[INFO] [stderr] ...    |
[INFO] [stderr] 4473 | |             #[wasm_bindgen(constructor)]
[INFO] [stderr] 4474 | |             pub fn new_with_byte_offset(buffer: &JsValue, byte_offset: u32) -> $name;
[INFO] [stderr]      | |_____________________________________________________________________________________^
[INFO] [stderr] ...
[INFO] [stderr] 4595 | / arrays! {
[INFO] [stderr] 4596 | |     /// `Int8Array()`
[INFO] [stderr] 4597 | |     /// https://developer.mozilla.org/en-US/docs/Web/JavaScript/Reference/Global_Objects/Int8Array
[INFO] [stderr] 4598 | |     Int8Array: i8,
[INFO] [stderr] ...    |
[INFO] [stderr] 4630 | |     Float64Array: f64,
[INFO] [stderr] 4631 | | }
[INFO] [stderr]      | |_- in this macro invocation
[INFO] [stderr]      |
[INFO] [stderr]      = note: this error originates in a macro (in Nightly builds, run with -Z macro-backtrace for more info)
[INFO] [stderr] 
[INFO] [stderr] error: return value of constructor must be a bare path
[INFO] [stderr]     --> /opt/rustwide/cargo-home/registry/src/github.com-1ecc6299db9ec823/js-sys-0.3.24/src/lib.rs:4476:13
[INFO] [stderr]      |
[INFO] [stderr] 4476 | /             /// An
[INFO] [stderr] 4477 | |             #[doc = $ctor]
[INFO] [stderr] 4478 | |             /// which creates an array with the given buffer but is a
[INFO] [stderr] 4479 | |             /// view starting at `byte_offset` for `length` elements.
[INFO] [stderr] ...    |
[INFO] [stderr] 4488 | |                 length: u32,
[INFO] [stderr] 4489 | |             ) -> $name;
[INFO] [stderr]      | |_______________________^
[INFO] [stderr] ...
[INFO] [stderr] 4595 | / arrays! {
[INFO] [stderr] 4596 | |     /// `Int8Array()`
[INFO] [stderr] 4597 | |     /// https://developer.mozilla.org/en-US/docs/Web/JavaScript/Reference/Global_Objects/Int8Array
[INFO] [stderr] 4598 | |     Int8Array: i8,
[INFO] [stderr] ...    |
[INFO] [stderr] 4630 | |     Float64Array: f64,
[INFO] [stderr] 4631 | | }
[INFO] [stderr]      | |_- in this macro invocation
[INFO] [stderr]      |
[INFO] [stderr]      = note: this error originates in a macro (in Nightly builds, run with -Z macro-backtrace for more info)
[INFO] [stderr] 
[INFO] [stderr] error: first argument of method must be a path
[INFO] [stderr]     --> /opt/rustwide/cargo-home/registry/src/github.com-1ecc6299db9ec823/js-sys-0.3.24/src/lib.rs:4496:32
[INFO] [stderr]      |
[INFO] [stderr] 4496 |               pub fn fill(this: &$name, value: $ty, start: u32, end: u32) -> $name;
[INFO] [stderr]      |                                  ^^^^^
[INFO] [stderr] ...
[INFO] [stderr] 4595 | / arrays! {
[INFO] [stderr] 4596 | |     /// `Int8Array()`
[INFO] [stderr] 4597 | |     /// https://developer.mozilla.org/en-US/docs/Web/JavaScript/Reference/Global_Objects/Int8Array
[INFO] [stderr] 4598 | |     Int8Array: i8,
[INFO] [stderr] ...    |
[INFO] [stderr] 4630 | |     Float64Array: f64,
[INFO] [stderr] 4631 | | }
[INFO] [stderr]      | |_- in this macro invocation
[INFO] [stderr]      |
[INFO] [stderr]      = note: this error originates in a macro (in Nightly builds, run with -Z macro-backtrace for more info)
[INFO] [stderr] 
[INFO] [stderr] error: first argument of method must be a path
[INFO] [stderr]     --> /opt/rustwide/cargo-home/registry/src/github.com-1ecc6299db9ec823/js-sys-0.3.24/src/lib.rs:4501:34
[INFO] [stderr]      |
[INFO] [stderr] 4501 |               pub fn buffer(this: &$name) -> ArrayBuffer;
[INFO] [stderr]      |                                    ^^^^^
[INFO] [stderr] ...
[INFO] [stderr] 4595 | / arrays! {
[INFO] [stderr] 4596 | |     /// `Int8Array()`
[INFO] [stderr] 4597 | |     /// https://developer.mozilla.org/en-US/docs/Web/JavaScript/Reference/Global_Objects/Int8Array
[INFO] [stderr] 4598 | |     Int8Array: i8,
[INFO] [stderr] ...    |
[INFO] [stderr] 4630 | |     Float64Array: f64,
[INFO] [stderr] 4631 | | }
[INFO] [stderr]      | |_- in this macro invocation
[INFO] [stderr]      |
[INFO] [stderr]      = note: this error originates in a macro (in Nightly builds, run with -Z macro-backtrace for more info)
[INFO] [stderr] 
[INFO] [stderr] error: first argument of method must be a path
[INFO] [stderr]     --> /opt/rustwide/cargo-home/registry/src/github.com-1ecc6299db9ec823/js-sys-0.3.24/src/lib.rs:4506:36
[INFO] [stderr]      |
[INFO] [stderr] 4506 |               pub fn subarray(this: &$name, begin: u32, end: u32) -> $name;
[INFO] [stderr]      |                                      ^^^^^
[INFO] [stderr] ...
[INFO] [stderr] 4595 | / arrays! {
[INFO] [stderr] 4596 | |     /// `Int8Array()`
[INFO] [stderr] 4597 | |     /// https://developer.mozilla.org/en-US/docs/Web/JavaScript/Reference/Global_Objects/Int8Array
[INFO] [stderr] 4598 | |     Int8Array: i8,
[INFO] [stderr] ...    |
[INFO] [stderr] 4630 | |     Float64Array: f64,
[INFO] [stderr] 4631 | | }
[INFO] [stderr]      | |_- in this macro invocation
[INFO] [stderr]      |
[INFO] [stderr]      = note: this error originates in a macro (in Nightly builds, run with -Z macro-backtrace for more info)
[INFO] [stderr] 
[INFO] [stderr] error: first argument of method must be a path
[INFO] [stderr]     --> /opt/rustwide/cargo-home/registry/src/github.com-1ecc6299db9ec823/js-sys-0.3.24/src/lib.rs:4512:33
[INFO] [stderr]      |
[INFO] [stderr] 4512 |               pub fn slice(this: &$name, begin: u32, end: u32) -> $name;
[INFO] [stderr]      |                                   ^^^^^
[INFO] [stderr] ...
[INFO] [stderr] 4595 | / arrays! {
[INFO] [stderr] 4596 | |     /// `Int8Array()`
[INFO] [stderr] 4597 | |     /// https://developer.mozilla.org/en-US/docs/Web/JavaScript/Reference/Global_Objects/Int8Array
[INFO] [stderr] 4598 | |     Int8Array: i8,
[INFO] [stderr] ...    |
[INFO] [stderr] 4630 | |     Float64Array: f64,
[INFO] [stderr] 4631 | | }
[INFO] [stderr]      | |_- in this macro invocation
[INFO] [stderr]      |
[INFO] [stderr]      = note: this error originates in a macro (in Nightly builds, run with -Z macro-backtrace for more info)
[INFO] [stderr] 
[INFO] [stderr] error: first argument of method must be a path
[INFO] [stderr]     --> /opt/rustwide/cargo-home/registry/src/github.com-1ecc6299db9ec823/js-sys-0.3.24/src/lib.rs:4519:36
[INFO] [stderr]      |
[INFO] [stderr] 4519 |               pub fn for_each(this: &$name, callback: &mut dyn FnMut($ty, u32, $name));
[INFO] [stderr]      |                                      ^^^^^
[INFO] [stderr] ...
[INFO] [stderr] 4595 | / arrays! {
[INFO] [stderr] 4596 | |     /// `Int8Array()`
[INFO] [stderr] 4597 | |     /// https://developer.mozilla.org/en-US/docs/Web/JavaScript/Reference/Global_Objects/Int8Array
[INFO] [stderr] 4598 | |     Int8Array: i8,
[INFO] [stderr] ...    |
[INFO] [stderr] 4630 | |     Float64Array: f64,
[INFO] [stderr] 4631 | | }
[INFO] [stderr]      | |_- in this macro invocation
[INFO] [stderr]      |
[INFO] [stderr]      = note: this error originates in a macro (in Nightly builds, run with -Z macro-backtrace for more info)
[INFO] [stderr] 
[INFO] [stderr] error: first argument of method must be a path
[INFO] [stderr]     --> /opt/rustwide/cargo-home/registry/src/github.com-1ecc6299db9ec823/js-sys-0.3.24/src/lib.rs:4524:34
[INFO] [stderr]      |
[INFO] [stderr] 4524 |               pub fn length(this: &$name) -> u32;
[INFO] [stderr]      |                                    ^^^^^
[INFO] [stderr] ...
[INFO] [stderr] 4595 | / arrays! {
[INFO] [stderr] 4596 | |     /// `Int8Array()`
[INFO] [stderr] 4597 | |     /// https://developer.mozilla.org/en-US/docs/Web/JavaScript/Reference/Global_Objects/Int8Array
[INFO] [stderr] 4598 | |     Int8Array: i8,
[INFO] [stderr] ...    |
[INFO] [stderr] 4630 | |     Float64Array: f64,
[INFO] [stderr] 4631 | | }
[INFO] [stderr]      | |_- in this macro invocation
[INFO] [stderr]      |
[INFO] [stderr]      = note: this error originates in a macro (in Nightly builds, run with -Z macro-backtrace for more info)
[INFO] [stderr] 
[INFO] [stderr] error: first argument of method must be a path
[INFO] [stderr]     --> /opt/rustwide/cargo-home/registry/src/github.com-1ecc6299db9ec823/js-sys-0.3.24/src/lib.rs:4529:39
[INFO] [stderr]      |
[INFO] [stderr] 4529 |               pub fn byte_length(this: &$name) -> u32;
[INFO] [stderr]      |                                         ^^^^^
[INFO] [stderr] ...
[INFO] [stderr] 4595 | / arrays! {
[INFO] [stderr] 4596 | |     /// `Int8Array()`
[INFO] [stderr] 4597 | |     /// https://developer.mozilla.org/en-US/docs/Web/JavaScript/Reference/Global_Objects/Int8Array
[INFO] [stderr] 4598 | |     Int8Array: i8,
[INFO] [stderr] ...    |
[INFO] [stderr] 4630 | |     Float64Array: f64,
[INFO] [stderr] 4631 | | }
[INFO] [stderr]      | |_- in this macro invocation
[INFO] [stderr]      |
[INFO] [stderr]      = note: this error originates in a macro (in Nightly builds, run with -Z macro-backtrace for more info)
[INFO] [stderr] 
[INFO] [stderr] error: first argument of method must be a path
[INFO] [stderr]     --> /opt/rustwide/cargo-home/registry/src/github.com-1ecc6299db9ec823/js-sys-0.3.24/src/lib.rs:4534:39
[INFO] [stderr]      |
[INFO] [stderr] 4534 |               pub fn byte_offset(this: &$name) -> u32;
[INFO] [stderr]      |                                         ^^^^^
[INFO] [stderr] ...
[INFO] [stderr] 4595 | / arrays! {
[INFO] [stderr] 4596 | |     /// `Int8Array()`
[INFO] [stderr] 4597 | |     /// https://developer.mozilla.org/en-US/docs/Web/JavaScript/Reference/Global_Objects/Int8Array
[INFO] [stderr] 4598 | |     Int8Array: i8,
[INFO] [stderr] ...    |
[INFO] [stderr] 4630 | |     Float64Array: f64,
[INFO] [stderr] 4631 | | }
[INFO] [stderr]      | |_- in this macro invocation
[INFO] [stderr]      |
[INFO] [stderr]      = note: this error originates in a macro (in Nightly builds, run with -Z macro-backtrace for more info)
[INFO] [stderr] 
[INFO] [stderr] error: first argument of method must be a path
[INFO] [stderr]     --> /opt/rustwide/cargo-home/registry/src/github.com-1ecc6299db9ec823/js-sys-0.3.24/src/lib.rs:4539:31
[INFO] [stderr]      |
[INFO] [stderr] 4539 |               pub fn set(this: &$name, src: &JsValue, offset: u32);
[INFO] [stderr]      |                                 ^^^^^
[INFO] [stderr] ...
[INFO] [stderr] 4595 | / arrays! {
[INFO] [stderr] 4596 | |     /// `Int8Array()`
[INFO] [stderr] 4597 | |     /// https://developer.mozilla.org/en-US/docs/Web/JavaScript/Reference/Global_Objects/Int8Array
[INFO] [stderr] 4598 | |     Int8Array: i8,
[INFO] [stderr] ...    |
[INFO] [stderr] 4630 | |     Float64Array: f64,
[INFO] [stderr] 4631 | | }
[INFO] [stderr]      | |_- in this macro invocation
[INFO] [stderr]      |
[INFO] [stderr]      = note: this error originates in a macro (in Nightly builds, run with -Z macro-backtrace for more info)
[INFO] [stderr] 
[INFO] [stderr] error[E0433]: failed to resolve: use of undeclared type or module `Int8Array`
[INFO] [stderr]     --> /opt/rustwide/cargo-home/registry/src/github.com-1ecc6299db9ec823/js-sys-0.3.24/src/lib.rs:4598:5
[INFO] [stderr]      |
[INFO] [stderr] 4598 |     Int8Array: i8,
[INFO] [stderr]      |     ^^^^^^^^^ use of undeclared type or module `Int8Array`
[INFO] [stderr] 
[INFO] [stderr] error[E0433]: failed to resolve: use of undeclared type or module `Int16Array`
[INFO] [stderr]     --> /opt/rustwide/cargo-home/registry/src/github.com-1ecc6299db9ec823/js-sys-0.3.24/src/lib.rs:4602:5
[INFO] [stderr]      |
[INFO] [stderr] 4602 |     Int16Array: i16,
[INFO] [stderr]      |     ^^^^^^^^^^ use of undeclared type or module `Int16Array`
[INFO] [stderr] 
[INFO] [stderr] error[E0433]: failed to resolve: use of undeclared type or module `Int32Array`
[INFO] [stderr]     --> /opt/rustwide/cargo-home/registry/src/github.com-1ecc6299db9ec823/js-sys-0.3.24/src/lib.rs:4606:5
[INFO] [stderr]      |
[INFO] [stderr] 4606 |     Int32Array: i32,
[INFO] [stderr]      |     ^^^^^^^^^^ use of undeclared type or module `Int32Array`
[INFO] [stderr] 
[INFO] [stderr] error[E0433]: failed to resolve: use of undeclared type or module `Uint8Array`
[INFO] [stderr]     --> /opt/rustwide/cargo-home/registry/src/github.com-1ecc6299db9ec823/js-sys-0.3.24/src/lib.rs:4610:5
[INFO] [stderr]      |
[INFO] [stderr] 4610 |     Uint8Array: u8,
[INFO] [stderr]      |     ^^^^^^^^^^ use of undeclared type or module `Uint8Array`
[INFO] [stderr] 
[INFO] [stderr] error[E0433]: failed to resolve: use of undeclared type or module `Uint8ClampedArray`
[INFO] [stderr]     --> /opt/rustwide/cargo-home/registry/src/github.com-1ecc6299db9ec823/js-sys-0.3.24/src/lib.rs:4614:5
[INFO] [stderr]      |
[INFO] [stderr] 4614 |     Uint8ClampedArray: u8,
[INFO] [stderr]      |     ^^^^^^^^^^^^^^^^^ use of undeclared type or module `Uint8ClampedArray`
[INFO] [stderr] 
[INFO] [stderr] error[E0433]: failed to resolve: use of undeclared type or module `Uint16Array`
[INFO] [stderr]     --> /opt/rustwide/cargo-home/registry/src/github.com-1ecc6299db9ec823/js-sys-0.3.24/src/lib.rs:4618:5
[INFO] [stderr]      |
[INFO] [stderr] 4618 |     Uint16Array: u16,
[INFO] [stderr]      |     ^^^^^^^^^^^ use of undeclared type or module `Uint16Array`
[INFO] [stderr] 
[INFO] [stderr] error[E0433]: failed to resolve: use of undeclared type or module `Uint32Array`
[INFO] [stderr]     --> /opt/rustwide/cargo-home/registry/src/github.com-1ecc6299db9ec823/js-sys-0.3.24/src/lib.rs:4622:5
[INFO] [stderr]      |
[INFO] [stderr] 4622 |     Uint32Array: u32,
[INFO] [stderr]      |     ^^^^^^^^^^^ use of undeclared type or module `Uint32Array`
[INFO] [stderr] 
[INFO] [stderr] error[E0433]: failed to resolve: use of undeclared type or module `Float32Array`
[INFO] [stderr]     --> /opt/rustwide/cargo-home/registry/src/github.com-1ecc6299db9ec823/js-sys-0.3.24/src/lib.rs:4626:5
[INFO] [stderr]      |
[INFO] [stderr] 4626 |     Float32Array: f32,
[INFO] [stderr]      |     ^^^^^^^^^^^^ use of undeclared type or module `Float32Array`
[INFO] [stderr] 
[INFO] [stderr] error[E0433]: failed to resolve: use of undeclared type or module `Float64Array`
[INFO] [stderr]     --> /opt/rustwide/cargo-home/registry/src/github.com-1ecc6299db9ec823/js-sys-0.3.24/src/lib.rs:4630:5
[INFO] [stderr]      |
[INFO] [stderr] 4630 |     Float64Array: f64,
[INFO] [stderr]      |     ^^^^^^^^^^^^ use of undeclared type or module `Float64Array`
[INFO] [stderr] 
[INFO] [stderr] error[E0412]: cannot find type `Int32Array` in this scope
[INFO] [stderr]    --> /opt/rustwide/cargo-home/registry/src/github.com-1ecc6299db9ec823/js-sys-0.3.24/src/lib.rs:604:37
[INFO] [stderr]     |
[INFO] [stderr] 604 |         pub fn notify(typed_array: &Int32Array, index: u32, count: u32) -> Result<u32, JsValue>;
[INFO] [stderr]     |                                     ^^^^^^^^^^ not found in this scope
[INFO] [stderr] 
[INFO] [stderr] error[E0412]: cannot find type `Int32Array` in this scope
[INFO] [stderr]    --> /opt/rustwide/cargo-home/registry/src/github.com-1ecc6299db9ec823/js-sys-0.3.24/src/lib.rs:640:35
[INFO] [stderr]     |
[INFO] [stderr] 640 |         pub fn wait(typed_array: &Int32Array, index: u32, value: i32) -> Result<JsString, JsValue>;
[INFO] [stderr]     |                                   ^^^^^^^^^^ not found in this scope
[INFO] [stderr] 
[INFO] [stderr] error[E0412]: cannot find type `Int32Array` in this scope
[INFO] [stderr]    --> /opt/rustwide/cargo-home/registry/src/github.com-1ecc6299db9ec823/js-sys-0.3.24/src/lib.rs:647:27
[INFO] [stderr]     |
[INFO] [stderr] 647 |             typed_array: &Int32Array,
[INFO] [stderr]     |                           ^^^^^^^^^^ not found in this scope
[INFO] [stderr] 
[INFO] [stderr] error[E0412]: cannot find type `Int8Array` in this scope
[INFO] [stderr]     --> /opt/rustwide/cargo-home/registry/src/github.com-1ecc6299db9ec823/js-sys-0.3.24/src/lib.rs:4598:5
[INFO] [stderr]      |
[INFO] [stderr] 4598 |     Int8Array: i8,
[INFO] [stderr]      |     ^^^^^^^^^ not found in this scope
[INFO] [stderr] 
[INFO] [stderr] error[E0412]: cannot find type `Int16Array` in this scope
[INFO] [stderr]     --> /opt/rustwide/cargo-home/registry/src/github.com-1ecc6299db9ec823/js-sys-0.3.24/src/lib.rs:4602:5
[INFO] [stderr]      |
[INFO] [stderr] 4602 |     Int16Array: i16,
[INFO] [stderr]      |     ^^^^^^^^^^ not found in this scope
[INFO] [stderr] 
[INFO] [stderr] error[E0412]: cannot find type `Int32Array` in this scope
[INFO] [stderr]     --> /opt/rustwide/cargo-home/registry/src/github.com-1ecc6299db9ec823/js-sys-0.3.24/src/lib.rs:4606:5
[INFO] [stderr]      |
[INFO] [stderr] 4606 |     Int32Array: i32,
[INFO] [stderr]      |     ^^^^^^^^^^ not found in this scope
[INFO] [stderr] 
[INFO] [stderr] error[E0412]: cannot find type `Uint8Array` in this scope
[INFO] [stderr]     --> /opt/rustwide/cargo-home/registry/src/github.com-1ecc6299db9ec823/js-sys-0.3.24/src/lib.rs:4610:5
[INFO] [stderr]      |
[INFO] [stderr] 4610 |     Uint8Array: u8,
[INFO] [stderr]      |     ^^^^^^^^^^ not found in this scope
[INFO] [stderr] 
[INFO] [stderr] error[E0412]: cannot find type `Uint8ClampedArray` in this scope
[INFO] [stderr]     --> /opt/rustwide/cargo-home/registry/src/github.com-1ecc6299db9ec823/js-sys-0.3.24/src/lib.rs:4614:5
[INFO] [stderr]      |
[INFO] [stderr] 4614 |     Uint8ClampedArray: u8,
[INFO] [stderr]      |     ^^^^^^^^^^^^^^^^^ not found in this scope
[INFO] [stderr] 
[INFO] [stderr] error[E0412]: cannot find type `Uint16Array` in this scope
[INFO] [stderr]     --> /opt/rustwide/cargo-home/registry/src/github.com-1ecc6299db9ec823/js-sys-0.3.24/src/lib.rs:4618:5
[INFO] [stderr]      |
[INFO] [stderr] 4618 |     Uint16Array: u16,
[INFO] [stderr]      |     ^^^^^^^^^^^ not found in this scope
[INFO] [stderr] 
[INFO] [stderr] error[E0412]: cannot find type `Uint32Array` in this scope
[INFO] [stderr]     --> /opt/rustwide/cargo-home/registry/src/github.com-1ecc6299db9ec823/js-sys-0.3.24/src/lib.rs:4622:5
[INFO] [stderr]      |
[INFO] [stderr] 4622 |     Uint32Array: u32,
[INFO] [stderr]      |     ^^^^^^^^^^^ not found in this scope
[INFO] [stderr] 
[INFO] [stderr] error[E0412]: cannot find type `Float32Array` in this scope
[INFO] [stderr]     --> /opt/rustwide/cargo-home/registry/src/github.com-1ecc6299db9ec823/js-sys-0.3.24/src/lib.rs:4626:5
[INFO] [stderr]      |
[INFO] [stderr] 4626 |     Float32Array: f32,
[INFO] [stderr]      |     ^^^^^^^^^^^^ not found in this scope
[INFO] [stderr] 
[INFO] [stderr] error[E0412]: cannot find type `Float64Array` in this scope
[INFO] [stderr]     --> /opt/rustwide/cargo-home/registry/src/github.com-1ecc6299db9ec823/js-sys-0.3.24/src/lib.rs:4630:5
[INFO] [stderr]      |
[INFO] [stderr] 4630 |     Float64Array: f64,
[INFO] [stderr]      |     ^^^^^^^^^^^^ not found in this scope
[INFO] [stderr] 
[INFO] [stderr] error: aborting due to 34 previous errors
[INFO] [stderr] 
[INFO] [stderr] Some errors have detailed explanations: E0412, E0433.
[INFO] [stderr] For more information about an error, try `rustc --explain E0412`.
[INFO] [stderr] error: could not compile `js-sys`.
[INFO] [stderr] 
[INFO] [stderr] To learn more, run the command again with --verbose.
[INFO] [stderr] warning: build failed, waiting for other jobs to finish...
[INFO] [stderr] error: build failed
[INFO] running `"docker" "inspect" "0b642e487cb4c6420722efbba301c6f7b0981f02010565aea30b2c2a52f535e1"`
[INFO] running `"docker" "rm" "-f" "0b642e487cb4c6420722efbba301c6f7b0981f02010565aea30b2c2a52f535e1"`
[INFO] [stdout] 0b642e487cb4c6420722efbba301c6f7b0981f02010565aea30b2c2a52f535e1