Aug 29 21:15:25.469 INFO checking xml5ever-0.7.0 against master#545f22340f72ee0efaf6463efb43a2840e3d35db for pr-53699 Aug 29 21:15:25.469 INFO running: cargo +545f22340f72ee0efaf6463efb43a2840e3d35db-alt check --frozen --all --all-targets Aug 29 21:15:25.469 INFO running `"docker" "create" "-v" "/home/ec2-user/crater/./work/local/test-source/worker-2/pr-53699/master#545f22340f72ee0efaf6463efb43a2840e3d35db:/source:ro,Z" "-v" "/home/ec2-user/crater/./work/local/target-dirs/pr-53699/worker-2/master#545f22340f72ee0efaf6463efb43a2840e3d35db:/target:rw,Z" "-v" "/home/ec2-user/crater/./work/local/cargo-home:/cargo-home:ro,Z" "-v" "/home/ec2-user/crater/./work/local/rustup-home:/rustup-home:ro,Z" "-e" "USER_ID=500" "-e" "CMD=cargo +545f22340f72ee0efaf6463efb43a2840e3d35db-alt check --frozen --all --all-targets" "-e" "CARGO_INCREMENTAL=0" "-e" "RUST_BACKTRACE=full" "-e" "RUSTFLAGS=--cap-lints=forbid" "-m" "2G" "crater"` Aug 29 21:15:25.645 INFO blam! 5b026c43fe715bfb9c0851e4d6caab45e1ed31dbb732be414c1f16f3d793a391 Aug 29 21:15:25.646 INFO running `"docker" "start" "-a" "5b026c43fe715bfb9c0851e4d6caab45e1ed31dbb732be414c1f16f3d793a391"` Aug 29 21:15:26.420 INFO kablam! Checking rustc-test v0.1.4 Aug 29 21:15:26.420 INFO kablam! Compiling string_cache v0.5.2 Aug 29 21:15:26.421 INFO kablam! Compiling markup5ever v0.2.1 Aug 29 21:15:35.088 INFO kablam! Checking xml5ever v0.7.0 (file:///source) Aug 29 21:15:35.643 INFO kablam! warning: unused macro definition Aug 29 21:15:35.643 INFO kablam! --> src/tokenizer/mod.rs:609:1 Aug 29 21:15:35.643 INFO kablam! | Aug 29 21:15:35.643 INFO kablam! 609 | / macro_rules! go_match ( ( $me:ident : $x:expr, $($pats:pat),+ => $($cmds:tt)* ) => ( Aug 29 21:15:35.644 INFO kablam! 610 | | match $x { Aug 29 21:15:35.644 INFO kablam! 611 | | $($pats)|+ => go!($me: $($cmds)*), Aug 29 21:15:35.644 INFO kablam! 612 | | _ => (), Aug 29 21:15:35.644 INFO kablam! 613 | | } Aug 29 21:15:35.644 INFO kablam! 614 | | )); Aug 29 21:15:35.644 INFO kablam! | |___^ Aug 29 21:15:35.644 INFO kablam! | Aug 29 21:15:35.644 INFO kablam! = note: #[warn(unused_macros)] on by default Aug 29 21:15:35.644 INFO kablam! Aug 29 21:15:35.644 INFO kablam! warning: unused macro definition Aug 29 21:15:35.644 INFO kablam! --> src/tokenizer/mod.rs:622:1 Aug 29 21:15:35.644 INFO kablam! | Aug 29 21:15:35.644 INFO kablam! 622 | / macro_rules! peek ( ($me:expr) => ( Aug 29 21:15:35.644 INFO kablam! 623 | | unwrap_or_return!($me.peek(), false) Aug 29 21:15:35.644 INFO kablam! 624 | | )); Aug 29 21:15:35.644 INFO kablam! | |___^ Aug 29 21:15:35.644 INFO kablam! Aug 29 21:15:35.644 INFO kablam! warning: unnecessary parentheses around function argument Aug 29 21:15:35.644 INFO kablam! --> src/tokenizer/mod.rs:883:53 Aug 29 21:15:35.645 INFO kablam! | Aug 29 21:15:35.645 INFO kablam! 883 | '"' => go!(self: to TagAttrValue(DoubleQuoted)), Aug 29 21:15:35.645 INFO kablam! | ^^^^^^^^^^^^^^ help: remove these parentheses Aug 29 21:15:35.645 INFO kablam! | Aug 29 21:15:35.645 INFO kablam! = note: #[warn(unused_parens)] on by default Aug 29 21:15:35.645 INFO kablam! Aug 29 21:15:35.645 INFO kablam! warning: unnecessary parentheses around function argument Aug 29 21:15:35.645 INFO kablam! --> src/tokenizer/mod.rs:884:53 Aug 29 21:15:35.645 INFO kablam! | Aug 29 21:15:35.645 INFO kablam! 884 | '\'' => go!(self: to TagAttrValue(SingleQuoted)), Aug 29 21:15:35.645 INFO kablam! | ^^^^^^^^^^^^^^ help: remove these parentheses Aug 29 21:15:35.645 INFO kablam! Aug 29 21:15:35.645 INFO kablam! warning: unnecessary parentheses around function argument Aug 29 21:15:35.645 INFO kablam! --> src/tokenizer/mod.rs:1026:70 Aug 29 21:15:35.645 INFO kablam! | Aug 29 21:15:35.645 INFO kablam! 1026 | '\'' => go!(self: to DoctypeIdentifierSingleQuoted(System)), Aug 29 21:15:35.645 INFO kablam! | ^^^^^^^^ help: remove these parentheses Aug 29 21:15:35.646 INFO kablam! Aug 29 21:15:35.646 INFO kablam! warning: unnecessary parentheses around function argument Aug 29 21:15:35.646 INFO kablam! --> src/tokenizer/mod.rs:1027:70 Aug 29 21:15:35.646 INFO kablam! | Aug 29 21:15:35.646 INFO kablam! 1027 | '"' => go!(self: to DoctypeIdentifierDoubleQuoted(System)), Aug 29 21:15:35.646 INFO kablam! | ^^^^^^^^ help: remove these parentheses Aug 29 21:15:35.646 INFO kablam! Aug 29 21:15:35.675 INFO kablam! warning: use of deprecated item 'std::ascii::AsciiExt': use inherent methods instead Aug 29 21:15:35.675 INFO kablam! --> src/tokenizer/mod.rs:24:5 Aug 29 21:15:35.675 INFO kablam! | Aug 29 21:15:35.675 INFO kablam! 24 | use std::ascii::AsciiExt; Aug 29 21:15:35.675 INFO kablam! | ^^^^^^^^^^^^^^^^^^^^ Aug 29 21:15:35.676 INFO kablam! | Aug 29 21:15:35.676 INFO kablam! = note: #[warn(deprecated)] on by default Aug 29 21:15:35.676 INFO kablam! Aug 29 21:15:36.196 INFO kablam! error[E0425]: cannot find function `assert_test_result` in module `self::test` Aug 29 21:15:36.196 INFO kablam! --> :2:12 Aug 29 21:15:36.197 INFO kablam! | Aug 29 21:15:36.197 INFO kablam! 2 | # [ test ] fn $ name ( ) { assert_eq ! ( $ left , $ right ) ; } } Aug 29 21:15:36.197 INFO kablam! | ^^^^^^^^^^^^^^^^^^^^^^^^^^^^^^^^^^^^^^^^^^^^^^^^^^^^^ not found in `self::test` Aug 29 21:15:36.197 INFO kablam! Aug 29 21:15:36.199 INFO kablam! error[E0425]: cannot find function `assert_test_result` in module `self::test` Aug 29 21:15:36.199 INFO kablam! --> src/tokenizer/mod.rs:1239:5 Aug 29 21:15:36.199 INFO kablam! | Aug 29 21:15:36.199 INFO kablam! 1239 | / fn simple_namespace() { Aug 29 21:15:36.199 INFO kablam! 1240 | | let qname = process_qname("prefix:local".to_tendril()); Aug 29 21:15:36.199 INFO kablam! 1241 | | assert_eq!(qname.prefix, Some(Prefix::from("prefix"))); Aug 29 21:15:36.199 INFO kablam! 1242 | | assert_eq!(qname.local, LocalName::from("local")); Aug 29 21:15:36.199 INFO kablam! ... | Aug 29 21:15:36.199 INFO kablam! 1246 | | assert_eq!(qname.local, LocalName::from("b")); Aug 29 21:15:36.199 INFO kablam! 1247 | | } Aug 29 21:15:36.199 INFO kablam! | |_____^ not found in `self::test` Aug 29 21:15:36.200 INFO kablam! Aug 29 21:15:36.200 INFO kablam! error[E0425]: cannot find function `assert_test_result` in module `self::test` Aug 29 21:15:36.200 INFO kablam! --> src/tokenizer/mod.rs:1250:5 Aug 29 21:15:36.200 INFO kablam! | Aug 29 21:15:36.200 INFO kablam! 1250 | / fn wrong_namespaces() { Aug 29 21:15:36.200 INFO kablam! 1251 | | let qname = process_qname(":local".to_tendril()); Aug 29 21:15:36.200 INFO kablam! 1252 | | assert_eq!(qname.prefix, None); Aug 29 21:15:36.200 INFO kablam! 1253 | | assert_eq!(qname.local, LocalName::from(":local")); Aug 29 21:15:36.200 INFO kablam! ... | Aug 29 21:15:36.200 INFO kablam! 1273 | | assert_eq!(qname.local, LocalName::from(":a:b:")); Aug 29 21:15:36.200 INFO kablam! 1274 | | } Aug 29 21:15:36.201 INFO kablam! | |_____^ not found in `self::test` Aug 29 21:15:36.201 INFO kablam! Aug 29 21:15:36.201 INFO kablam! error[E0425]: cannot find function `assert_test_result` in module `self::test` Aug 29 21:15:36.201 INFO kablam! --> src/driver.rs:88:5 Aug 29 21:15:36.201 INFO kablam! | Aug 29 21:15:36.201 INFO kablam! 88 | / fn el_ns_serialize() { Aug 29 21:15:36.201 INFO kablam! 89 | | assert_eq_serialization("Test", Aug 29 21:15:36.201 INFO kablam! 90 | | parse_document(RcDom::default(), XmlParseOpts::default()) Aug 29 21:15:36.201 INFO kablam! 91 | | .from_utf8() Aug 29 21:15:36.201 INFO kablam! 92 | | .one("Test".as_bytes())); Aug 29 21:15:36.202 INFO kablam! 93 | | } Aug 29 21:15:36.202 INFO kablam! | |_____^ not found in `self::test` Aug 29 21:15:36.202 INFO kablam! Aug 29 21:15:36.202 INFO kablam! error[E0425]: cannot find function `assert_test_result` in module `self::test` Aug 29 21:15:36.202 INFO kablam! --> src/driver.rs:96:5 Aug 29 21:15:36.202 INFO kablam! | Aug 29 21:15:36.202 INFO kablam! 96 | / fn nested_ns_serialize() { Aug 29 21:15:36.202 INFO kablam! 97 | | assert_eq_serialization("", Aug 29 21:15:36.203 INFO kablam! 98 | | parse_document(RcDom::default(), XmlParseOpts::default()) Aug 29 21:15:36.203 INFO kablam! 99 | | .from_utf8() Aug 29 21:15:36.203 INFO kablam! 100 | | .one("".as_bytes())); Aug 29 21:15:36.203 INFO kablam! 101 | | } Aug 29 21:15:36.203 INFO kablam! | |_____^ not found in `self::test` Aug 29 21:15:36.203 INFO kablam! Aug 29 21:15:36.203 INFO kablam! error[E0425]: cannot find function `assert_test_result` in module `self::test` Aug 29 21:15:36.203 INFO kablam! --> src/driver.rs:104:5 Aug 29 21:15:36.203 INFO kablam! | Aug 29 21:15:36.203 INFO kablam! 104 | / fn def_ns_serialize() { Aug 29 21:15:36.204 INFO kablam! 105 | | assert_eq_serialization("
", Aug 29 21:15:36.204 INFO kablam! 106 | | parse_document(RcDom::default(), XmlParseOpts::default()) Aug 29 21:15:36.204 INFO kablam! 107 | | .from_utf8() Aug 29 21:15:36.204 INFO kablam! 108 | | .one("
".as_bytes())); Aug 29 21:15:36.204 INFO kablam! 109 | | } Aug 29 21:15:36.204 INFO kablam! | |_____^ not found in `self::test` Aug 29 21:15:36.204 INFO kablam! Aug 29 21:15:36.204 INFO kablam! error[E0425]: cannot find function `assert_test_result` in module `self::test` Aug 29 21:15:36.204 INFO kablam! --> src/driver.rs:112:5 Aug 29 21:15:36.205 INFO kablam! | Aug 29 21:15:36.205 INFO kablam! 112 | / fn undefine_ns_serialize() { Aug 29 21:15:36.205 INFO kablam! 113 | | assert_eq_serialization("", Aug 29 21:15:36.205 INFO kablam! 114 | | parse_document(RcDom::default(), XmlParseOpts::default()) Aug 29 21:15:36.205 INFO kablam! 115 | | .from_utf8() Aug 29 21:15:36.205 INFO kablam! 116 | | .one("".as_bytes())); Aug 29 21:15:36.205 INFO kablam! 117 | | } Aug 29 21:15:36.205 INFO kablam! | |_____^ not found in `self::test` Aug 29 21:15:36.205 INFO kablam! Aug 29 21:15:36.206 INFO kablam! error[E0425]: cannot find function `assert_test_result` in module `self::test` Aug 29 21:15:36.206 INFO kablam! --> src/driver.rs:120:5 Aug 29 21:15:36.206 INFO kablam! | Aug 29 21:15:36.206 INFO kablam! 120 | / fn redefine_default_ns_serialize() { Aug 29 21:15:36.206 INFO kablam! 121 | | assert_eq_serialization("", Aug 29 21:15:36.206 INFO kablam! 122 | | parse_document(RcDom::default(), XmlParseOpts::default()) Aug 29 21:15:36.206 INFO kablam! 123 | | .from_utf8() Aug 29 21:15:36.206 INFO kablam! 124 | | .one("".as_bytes())); Aug 29 21:15:36.206 INFO kablam! 125 | | } Aug 29 21:15:36.206 INFO kablam! | |_____^ not found in `self::test` Aug 29 21:15:36.206 INFO kablam! Aug 29 21:15:36.207 INFO kablam! error[E0425]: cannot find function `assert_test_result` in module `self::test` Aug 29 21:15:36.207 INFO kablam! --> src/driver.rs:128:5 Aug 29 21:15:36.207 INFO kablam! | Aug 29 21:15:36.207 INFO kablam! 128 | / fn attr_serialize() { Aug 29 21:15:36.207 INFO kablam! 129 | | assert_serialization("Test", Aug 29 21:15:36.207 INFO kablam! 130 | | parse_document(RcDom::default(), XmlParseOpts::default()) Aug 29 21:15:36.207 INFO kablam! 131 | | .from_utf8() Aug 29 21:15:36.207 INFO kablam! 132 | | .one("Test".as_bytes())); Aug 29 21:15:36.207 INFO kablam! 133 | | } Aug 29 21:15:36.207 INFO kablam! | |_____^ not found in `self::test` Aug 29 21:15:36.207 INFO kablam! Aug 29 21:15:36.208 INFO kablam! error[E0425]: cannot find function `assert_test_result` in module `self::test` Aug 29 21:15:36.208 INFO kablam! --> src/driver.rs:136:5 Aug 29 21:15:36.208 INFO kablam! | Aug 29 21:15:36.208 INFO kablam! 136 | / fn from_utf8() { Aug 29 21:15:36.208 INFO kablam! 137 | | assert_serialization("<title>Test", Aug 29 21:15:36.208 INFO kablam! 138 | | parse_document(RcDom::default(), XmlParseOpts::default()) Aug 29 21:15:36.208 INFO kablam! 139 | | .from_utf8() Aug 29 21:15:36.208 INFO kablam! 140 | | .one("Test".as_bytes())); Aug 29 21:15:36.208 INFO kablam! 141 | | } Aug 29 21:15:36.208 INFO kablam! | |_____^ not found in `self::test` Aug 29 21:15:36.208 INFO kablam! Aug 29 21:15:36.241 INFO kablam! warning: unused macro definition Aug 29 21:15:36.241 INFO kablam! --> src/tokenizer/mod.rs:609:1 Aug 29 21:15:36.241 INFO kablam! | Aug 29 21:15:36.241 INFO kablam! 609 | / macro_rules! go_match ( ( $me:ident : $x:expr, $($pats:pat),+ => $($cmds:tt)* ) => ( Aug 29 21:15:36.241 INFO kablam! 610 | | match $x { Aug 29 21:15:36.241 INFO kablam! 611 | | $($pats)|+ => go!($me: $($cmds)*), Aug 29 21:15:36.241 INFO kablam! 612 | | _ => (), Aug 29 21:15:36.241 INFO kablam! 613 | | } Aug 29 21:15:36.241 INFO kablam! 614 | | )); Aug 29 21:15:36.241 INFO kablam! | |___^ Aug 29 21:15:36.241 INFO kablam! | Aug 29 21:15:36.241 INFO kablam! = note: #[warn(unused_macros)] on by default Aug 29 21:15:36.241 INFO kablam! Aug 29 21:15:36.242 INFO kablam! warning: unused macro definition Aug 29 21:15:36.242 INFO kablam! --> src/tokenizer/mod.rs:622:1 Aug 29 21:15:36.242 INFO kablam! | Aug 29 21:15:36.242 INFO kablam! 622 | / macro_rules! peek ( ($me:expr) => ( Aug 29 21:15:36.242 INFO kablam! 623 | | unwrap_or_return!($me.peek(), false) Aug 29 21:15:36.242 INFO kablam! 624 | | )); Aug 29 21:15:36.242 INFO kablam! | |___^ Aug 29 21:15:36.242 INFO kablam! Aug 29 21:15:36.243 INFO kablam! warning: unnecessary parentheses around function argument Aug 29 21:15:36.243 INFO kablam! --> src/tokenizer/mod.rs:883:53 Aug 29 21:15:36.243 INFO kablam! | Aug 29 21:15:36.243 INFO kablam! 883 | '"' => go!(self: to TagAttrValue(DoubleQuoted)), Aug 29 21:15:36.243 INFO kablam! | ^^^^^^^^^^^^^^ help: remove these parentheses Aug 29 21:15:36.244 INFO kablam! | Aug 29 21:15:36.244 INFO kablam! = note: #[warn(unused_parens)] on by default Aug 29 21:15:36.244 INFO kablam! Aug 29 21:15:36.244 INFO kablam! warning: unnecessary parentheses around function argument Aug 29 21:15:36.244 INFO kablam! --> src/tokenizer/mod.rs:884:53 Aug 29 21:15:36.244 INFO kablam! | Aug 29 21:15:36.244 INFO kablam! 884 | '\'' => go!(self: to TagAttrValue(SingleQuoted)), Aug 29 21:15:36.244 INFO kablam! | ^^^^^^^^^^^^^^ help: remove these parentheses Aug 29 21:15:36.244 INFO kablam! Aug 29 21:15:36.245 INFO kablam! warning: unnecessary parentheses around function argument Aug 29 21:15:36.245 INFO kablam! --> src/tokenizer/mod.rs:1026:70 Aug 29 21:15:36.245 INFO kablam! | Aug 29 21:15:36.245 INFO kablam! 1026 | '\'' => go!(self: to DoctypeIdentifierSingleQuoted(System)), Aug 29 21:15:36.245 INFO kablam! | ^^^^^^^^ help: remove these parentheses Aug 29 21:15:36.245 INFO kablam! Aug 29 21:15:36.245 INFO kablam! warning: unnecessary parentheses around function argument Aug 29 21:15:36.245 INFO kablam! --> src/tokenizer/mod.rs:1027:70 Aug 29 21:15:36.245 INFO kablam! | Aug 29 21:15:36.245 INFO kablam! 1027 | '"' => go!(self: to DoctypeIdentifierDoubleQuoted(System)), Aug 29 21:15:36.245 INFO kablam! | ^^^^^^^^ help: remove these parentheses Aug 29 21:15:36.245 INFO kablam! Aug 29 21:15:36.309 INFO kablam! warning: use of deprecated item 'std::ascii::AsciiExt': use inherent methods instead Aug 29 21:15:36.309 INFO kablam! --> src/tokenizer/mod.rs:24:5 Aug 29 21:15:36.309 INFO kablam! | Aug 29 21:15:36.309 INFO kablam! 24 | use std::ascii::AsciiExt; Aug 29 21:15:36.309 INFO kablam! | ^^^^^^^^^^^^^^^^^^^^ Aug 29 21:15:36.309 INFO kablam! | Aug 29 21:15:36.309 INFO kablam! = note: #[warn(deprecated)] on by default Aug 29 21:15:36.309 INFO kablam! Aug 29 21:15:36.652 INFO kablam! error[E0560]: struct `__test::test::TestDesc` has no field named `allow_fail` Aug 29 21:15:36.652 INFO kablam! --> <test_eq macros>:2:12 Aug 29 21:15:36.652 INFO kablam! | Aug 29 21:15:36.652 INFO kablam! 2 | # [ test ] fn $ name ( ) { assert_eq ! ( $ left , $ right ) ; } } Aug 29 21:15:36.652 INFO kablam! | ^^^^^^^^^^^^^^^^^^^^^^^^^^^^^^^^^^^^^^^^^^^^^^^^^^^^^ `__test::test::TestDesc` does not have this field Aug 29 21:15:36.652 INFO kablam! | Aug 29 21:15:36.652 INFO kablam! = note: available fields are: `name`, `ignore`, `should_panic` Aug 29 21:15:36.652 INFO kablam! Aug 29 21:15:36.654 INFO kablam! error[E0560]: struct `__test::test::TestDesc` has no field named `allow_fail` Aug 29 21:15:36.655 INFO kablam! --> src/tokenizer/mod.rs:1239:5 Aug 29 21:15:36.655 INFO kablam! | Aug 29 21:15:36.655 INFO kablam! 1239 | / fn simple_namespace() { Aug 29 21:15:36.655 INFO kablam! 1240 | | let qname = process_qname("prefix:local".to_tendril()); Aug 29 21:15:36.655 INFO kablam! 1241 | | assert_eq!(qname.prefix, Some(Prefix::from("prefix"))); Aug 29 21:15:36.655 INFO kablam! 1242 | | assert_eq!(qname.local, LocalName::from("local")); Aug 29 21:15:36.655 INFO kablam! ... | Aug 29 21:15:36.655 INFO kablam! 1246 | | assert_eq!(qname.local, LocalName::from("b")); Aug 29 21:15:36.655 INFO kablam! 1247 | | } Aug 29 21:15:36.655 INFO kablam! | |_____^ `__test::test::TestDesc` does not have this field Aug 29 21:15:36.655 INFO kablam! | Aug 29 21:15:36.655 INFO kablam! = note: available fields are: `name`, `ignore`, `should_panic` Aug 29 21:15:36.655 INFO kablam! Aug 29 21:15:36.656 INFO kablam! error[E0560]: struct `__test::test::TestDesc` has no field named `allow_fail` Aug 29 21:15:36.656 INFO kablam! --> src/tokenizer/mod.rs:1250:5 Aug 29 21:15:36.656 INFO kablam! | Aug 29 21:15:36.656 INFO kablam! 1250 | / fn wrong_namespaces() { Aug 29 21:15:36.656 INFO kablam! 1251 | | let qname = process_qname(":local".to_tendril()); Aug 29 21:15:36.656 INFO kablam! 1252 | | assert_eq!(qname.prefix, None); Aug 29 21:15:36.656 INFO kablam! 1253 | | assert_eq!(qname.local, LocalName::from(":local")); Aug 29 21:15:36.657 INFO kablam! ... | Aug 29 21:15:36.657 INFO kablam! 1273 | | assert_eq!(qname.local, LocalName::from(":a:b:")); Aug 29 21:15:36.657 INFO kablam! 1274 | | } Aug 29 21:15:36.657 INFO kablam! | |_____^ `__test::test::TestDesc` does not have this field Aug 29 21:15:36.657 INFO kablam! | Aug 29 21:15:36.657 INFO kablam! = note: available fields are: `name`, `ignore`, `should_panic` Aug 29 21:15:36.657 INFO kablam! Aug 29 21:15:36.657 INFO kablam! error[E0560]: struct `__test::test::TestDesc` has no field named `allow_fail` Aug 29 21:15:36.657 INFO kablam! --> src/driver.rs:88:5 Aug 29 21:15:36.657 INFO kablam! | Aug 29 21:15:36.657 INFO kablam! 88 | / fn el_ns_serialize() { Aug 29 21:15:36.657 INFO kablam! 89 | | assert_eq_serialization("<a:title xmlns:a=\"http://www.foo.org/\" value=\"test\">Test</a:title>", Aug 29 21:15:36.657 INFO kablam! 90 | | parse_document(RcDom::default(), XmlParseOpts::default()) Aug 29 21:15:36.657 INFO kablam! 91 | | .from_utf8() Aug 29 21:15:36.657 INFO kablam! 92 | | .one("<a:title xmlns:a=\"http://www.foo.org/\" value=\"test\">Test".as_bytes())); Aug 29 21:15:36.657 INFO kablam! 93 | | } Aug 29 21:15:36.657 INFO kablam! | |_____^ `__test::test::TestDesc` does not have this field Aug 29 21:15:36.657 INFO kablam! | Aug 29 21:15:36.657 INFO kablam! = note: available fields are: `name`, `ignore`, `should_panic` Aug 29 21:15:36.657 INFO kablam! Aug 29 21:15:36.657 INFO kablam! error[E0560]: struct `__test::test::TestDesc` has no field named `allow_fail` Aug 29 21:15:36.657 INFO kablam! --> src/driver.rs:96:5 Aug 29 21:15:36.658 INFO kablam! | Aug 29 21:15:36.658 INFO kablam! 96 | / fn nested_ns_serialize() { Aug 29 21:15:36.658 INFO kablam! 97 | | assert_eq_serialization("", Aug 29 21:15:36.658 INFO kablam! 98 | | parse_document(RcDom::default(), XmlParseOpts::default()) Aug 29 21:15:36.658 INFO kablam! 99 | | .from_utf8() Aug 29 21:15:36.658 INFO kablam! 100 | | .one("".as_bytes())); Aug 29 21:15:36.658 INFO kablam! 101 | | } Aug 29 21:15:36.658 INFO kablam! | |_____^ `__test::test::TestDesc` does not have this field Aug 29 21:15:36.658 INFO kablam! | Aug 29 21:15:36.658 INFO kablam! = note: available fields are: `name`, `ignore`, `should_panic` Aug 29 21:15:36.658 INFO kablam! Aug 29 21:15:36.660 INFO kablam! error[E0560]: struct `__test::test::TestDesc` has no field named `allow_fail` Aug 29 21:15:36.660 INFO kablam! --> src/driver.rs:104:5 Aug 29 21:15:36.660 INFO kablam! | Aug 29 21:15:36.660 INFO kablam! 104 | / fn def_ns_serialize() { Aug 29 21:15:36.660 INFO kablam! 105 | | assert_eq_serialization("
", Aug 29 21:15:36.660 INFO kablam! 106 | | parse_document(RcDom::default(), XmlParseOpts::default()) Aug 29 21:15:36.660 INFO kablam! 107 | | .from_utf8() Aug 29 21:15:36.660 INFO kablam! 108 | | .one("
".as_bytes())); Aug 29 21:15:36.660 INFO kablam! 109 | | } Aug 29 21:15:36.660 INFO kablam! | |_____^ `__test::test::TestDesc` does not have this field Aug 29 21:15:36.660 INFO kablam! | Aug 29 21:15:36.660 INFO kablam! = note: available fields are: `name`, `ignore`, `should_panic` Aug 29 21:15:36.660 INFO kablam! Aug 29 21:15:36.660 INFO kablam! error[E0560]: struct `__test::test::TestDesc` has no field named `allow_fail` Aug 29 21:15:36.660 INFO kablam! --> src/driver.rs:112:5 Aug 29 21:15:36.661 INFO kablam! | Aug 29 21:15:36.661 INFO kablam! 112 | / fn undefine_ns_serialize() { Aug 29 21:15:36.661 INFO kablam! 113 | | assert_eq_serialization("", Aug 29 21:15:36.661 INFO kablam! 114 | | parse_document(RcDom::default(), XmlParseOpts::default()) Aug 29 21:15:36.661 INFO kablam! 115 | | .from_utf8() Aug 29 21:15:36.661 INFO kablam! 116 | | .one("".as_bytes())); Aug 29 21:15:36.661 INFO kablam! 117 | | } Aug 29 21:15:36.661 INFO kablam! | |_____^ `__test::test::TestDesc` does not have this field Aug 29 21:15:36.661 INFO kablam! | Aug 29 21:15:36.661 INFO kablam! = note: available fields are: `name`, `ignore`, `should_panic` Aug 29 21:15:36.661 INFO kablam! Aug 29 21:15:36.661 INFO kablam! error[E0560]: struct `__test::test::TestDesc` has no field named `allow_fail` Aug 29 21:15:36.661 INFO kablam! --> src/driver.rs:120:5 Aug 29 21:15:36.661 INFO kablam! | Aug 29 21:15:36.661 INFO kablam! 120 | / fn redefine_default_ns_serialize() { Aug 29 21:15:36.661 INFO kablam! 121 | | assert_eq_serialization("", Aug 29 21:15:36.661 INFO kablam! 122 | | parse_document(RcDom::default(), XmlParseOpts::default()) Aug 29 21:15:36.661 INFO kablam! 123 | | .from_utf8() Aug 29 21:15:36.661 INFO kablam! 124 | | .one("".as_bytes())); Aug 29 21:15:36.661 INFO kablam! 125 | | } Aug 29 21:15:36.661 INFO kablam! | |_____^ `__test::test::TestDesc` does not have this field Aug 29 21:15:36.661 INFO kablam! | Aug 29 21:15:36.662 INFO kablam! = note: available fields are: `name`, `ignore`, `should_panic` Aug 29 21:15:36.662 INFO kablam! Aug 29 21:15:36.663 INFO kablam! error[E0560]: struct `__test::test::TestDesc` has no field named `allow_fail` Aug 29 21:15:36.663 INFO kablam! --> src/driver.rs:128:5 Aug 29 21:15:36.664 INFO kablam! | Aug 29 21:15:36.664 INFO kablam! 128 | / fn attr_serialize() { Aug 29 21:15:36.664 INFO kablam! 129 | | assert_serialization("Test", Aug 29 21:15:36.664 INFO kablam! 130 | | parse_document(RcDom::default(), XmlParseOpts::default()) Aug 29 21:15:36.664 INFO kablam! 131 | | .from_utf8() Aug 29 21:15:36.665 INFO kablam! 132 | | .one("Test".as_bytes())); Aug 29 21:15:36.665 INFO kablam! 133 | | } Aug 29 21:15:36.665 INFO kablam! | |_____^ `__test::test::TestDesc` does not have this field Aug 29 21:15:36.665 INFO kablam! | Aug 29 21:15:36.665 INFO kablam! = note: available fields are: `name`, `ignore`, `should_panic` Aug 29 21:15:36.665 INFO kablam! Aug 29 21:15:36.665 INFO kablam! error[E0560]: struct `__test::test::TestDesc` has no field named `allow_fail` Aug 29 21:15:36.665 INFO kablam! --> src/driver.rs:136:5 Aug 29 21:15:36.666 INFO kablam! | Aug 29 21:15:36.666 INFO kablam! 136 | / fn from_utf8() { Aug 29 21:15:36.666 INFO kablam! 137 | | assert_serialization("<title>Test", Aug 29 21:15:36.666 INFO kablam! 138 | | parse_document(RcDom::default(), XmlParseOpts::default()) Aug 29 21:15:36.666 INFO kablam! 139 | | .from_utf8() Aug 29 21:15:36.666 INFO kablam! 140 | | .one("Test".as_bytes())); Aug 29 21:15:36.666 INFO kablam! 141 | | } Aug 29 21:15:36.667 INFO kablam! | |_____^ `__test::test::TestDesc` does not have this field Aug 29 21:15:36.667 INFO kablam! | Aug 29 21:15:36.667 INFO kablam! = note: available fields are: `name`, `ignore`, `should_panic` Aug 29 21:15:36.667 INFO kablam! Aug 29 21:15:36.679 INFO kablam! error: aborting due to 20 previous errors Aug 29 21:15:36.679 INFO kablam! Aug 29 21:15:36.679 INFO kablam! Some errors occurred: E0425, E0560. Aug 29 21:15:36.680 INFO kablam! For more information about an error, try `rustc --explain E0425`. Aug 29 21:15:36.691 INFO kablam! error: Could not compile `xml5ever`. Aug 29 21:15:36.692 INFO kablam! warning: build failed, waiting for other jobs to finish... Aug 29 21:15:36.837 INFO kablam! warning: unused import: `std::ascii::AsciiExt` Aug 29 21:15:36.837 INFO kablam! --> src/tokenizer/mod.rs:24:5 Aug 29 21:15:36.837 INFO kablam! | Aug 29 21:15:36.837 INFO kablam! 24 | use std::ascii::AsciiExt; Aug 29 21:15:36.837 INFO kablam! | ^^^^^^^^^^^^^^^^^^^^ Aug 29 21:15:36.837 INFO kablam! | Aug 29 21:15:36.837 INFO kablam! = note: #[warn(unused_imports)] on by default Aug 29 21:15:36.837 INFO kablam! Aug 29 21:15:37.490 INFO kablam! error: build failed Aug 29 21:15:37.492 INFO kablam! su: No module specific data is present Aug 29 21:15:37.894 INFO running `"docker" "rm" "-f" "5b026c43fe715bfb9c0851e4d6caab45e1ed31dbb732be414c1f16f3d793a391"` Aug 29 21:15:38.012 INFO blam! 5b026c43fe715bfb9c0851e4d6caab45e1ed31dbb732be414c1f16f3d793a391