[INFO] fetching crate quiche-async 0.0.0...
[INFO] checking quiche-async-0.0.0 against 4d7c0cd298ace72490220301fa543d63a154f8ce for pr-164789
[INFO] extracting crate quiche-async 0.0.0 into /workspace/builds/worker-3-tc2/source
[INFO] started tweaking crates.io crate quiche-async 0.0.0
[INFO] finished tweaking crates.io crate quiche-async 0.0.0
[INFO] tweaked toml for crates.io crate quiche-async 0.0.0 written to /workspace/builds/worker-3-tc2/source/Cargo.toml
[INFO] validating manifest of crates.io crate quiche-async 0.0.0 on toolchain 4d7c0cd298ace72490220301fa543d63a154f8ce
[INFO] running `Command { std: CARGO_HOME="/workspace/cargo-home" RUSTUP_HOME="/workspace/rustup-home" "/workspace/cargo-home/bin/cargo" "+4d7c0cd298ace72490220301fa543d63a154f8ce" "metadata" "--manifest-path" "Cargo.toml" "--no-deps", kill_on_drop: false }`
[INFO] running `Command { std: CARGO_HOME="/workspace/cargo-home" RUSTUP_HOME="/workspace/rustup-home" "/workspace/cargo-home/bin/cargo" "+4d7c0cd298ace72490220301fa543d63a154f8ce" "generate-lockfile" "--manifest-path" "Cargo.toml", kill_on_drop: false }`
[INFO] [stderr]     Updating crates.io index
[INFO] [stderr]      Locking 41 packages to highest compatible versions
[INFO] [stderr]       Adding quiche v0.20.1 (available: v0.30.0)
[INFO] running `Command { std: CARGO_HOME="/workspace/cargo-home" RUSTUP_HOME="/workspace/rustup-home" "/workspace/cargo-home/bin/cargo" "+4d7c0cd298ace72490220301fa543d63a154f8ce" "fetch" "--manifest-path" "Cargo.toml", kill_on_drop: false }`
[INFO] [stderr]     Blocking waiting for file lock on package cache
[INFO] [stderr]     Blocking waiting for file lock on package cache
[INFO] running `Command { std: "docker" "create" "-v" "/var/lib/crater-agent-workspace/builds/worker-3-tc2/source:/opt/rustwide/workdir:ro,Z" "-v" "/var/lib/crater-agent-workspace/builds/worker-3-tc2/target:/opt/rustwide/target:rw,Z" "-v" "/var/lib/crater-agent-workspace/cargo-home:/opt/rustwide/cargo-home:ro,Z" "-v" "/var/lib/crater-agent-workspace/rustup-home:/opt/rustwide/rustup-home:ro,Z" "-m" "1610612736" "--network" "none" "ghcr.io/rust-lang/crates-build-env/linux@sha256:c0af3998e971868164375a7dfb646c9933ddd1a3bdb00fa2041266763dc1eeab" "sleep" "infinity", kill_on_drop: false }`
[INFO] [stdout] 2ecbee2ea5e474250da727820254caf1e6349a3a312bd3730ee6747c3e208285
[INFO] running `Command { std: "docker" "start" "2ecbee2ea5e474250da727820254caf1e6349a3a312bd3730ee6747c3e208285", kill_on_drop: false }`
[INFO] running `Command { std: "docker" "inspect" "2ecbee2ea5e474250da727820254caf1e6349a3a312bd3730ee6747c3e208285", kill_on_drop: false }`
[INFO] running `Command { std: "docker" "exec" "-e" "SOURCE_DIR=/opt/rustwide/workdir" "-e" "CARGO_HOME=/opt/rustwide/cargo-home" "-e" "RUSTUP_HOME=/opt/rustwide/rustup-home" "-e" "CARGO_TARGET_DIR=/opt/rustwide/target" "-w" "/opt/rustwide/workdir" "--user" "0:0" "2ecbee2ea5e474250da727820254caf1e6349a3a312bd3730ee6747c3e208285" "/opt/rustwide/cargo-home/bin/cargo" "+4d7c0cd298ace72490220301fa543d63a154f8ce" "metadata" "--no-deps" "--format-version=1", kill_on_drop: false }`
[INFO] running `Command { std: "docker" "inspect" "2ecbee2ea5e474250da727820254caf1e6349a3a312bd3730ee6747c3e208285", kill_on_drop: false }`
[INFO] running `Command { std: "docker" "exec" "-e" "SOURCE_DIR=/opt/rustwide/workdir" "-e" "CARGO_HOME=/opt/rustwide/cargo-home" "-e" "RUSTUP_HOME=/opt/rustwide/rustup-home" "-e" "CARGO_TARGET_DIR=/opt/rustwide/target" "-e" "CARGO_INCREMENTAL=0" "-e" "RUST_BACKTRACE=full" "-e" "RUSTFLAGS=--cap-lints=forbid" "-e" "RUSTDOCFLAGS=--cap-lints=forbid" "-w" "/opt/rustwide/workdir" "--user" "0:0" "2ecbee2ea5e474250da727820254caf1e6349a3a312bd3730ee6747c3e208285" "/opt/rustwide/cargo-home/bin/cargo" "+4d7c0cd298ace72490220301fa543d63a154f8ce" "check" "--frozen" "--all" "--all-targets" "--message-format=json", kill_on_drop: false }`
[INFO] [stderr]    Compiling serde_core v1.0.229
[INFO] [stderr]    Compiling serde v1.0.229
[INFO] [stderr]     Checking octets v0.2.0
[INFO] [stderr]    Compiling memoffset v0.9.1
[INFO] [stderr]    Compiling ring v0.17.14
[INFO] [stderr]     Checking getrandom v0.2.17
[INFO] [stderr]    Compiling quiche v0.20.1
[INFO] [stderr]     Checking intrusive-collections v0.9.7
[INFO] [stderr]     Checking smallvec v1.16.4
[INFO] [stderr] error: failed to run custom build command for `quiche v0.20.1`
[INFO] [stderr] note: To improve backtraces for build dependencies, set the CARGO_PROFILE_DEV_BUILD_OVERRIDE_DEBUG=true environment variable to enable debug information generation.
[INFO] [stderr] 
[INFO] [stderr] Caused by:
[INFO] [stderr]   process didn't exit successfully: `/opt/rustwide/target/debug/build/quiche/6a06f110397b2069/out/build_script_build` (exit status: 101)
[INFO] [stderr]   --- stdout
[INFO] [stderr]   CMAKE_TOOLCHAIN_FILE_x86_64-unknown-linux-gnu = None
[INFO] [stderr]   CMAKE_TOOLCHAIN_FILE_x86_64_unknown_linux_gnu = None
[INFO] [stderr]   HOST_CMAKE_TOOLCHAIN_FILE = None
[INFO] [stderr]   CMAKE_TOOLCHAIN_FILE = None
[INFO] [stderr]   CMAKE_GENERATOR_x86_64-unknown-linux-gnu = None
[INFO] [stderr]   CMAKE_GENERATOR_x86_64_unknown_linux_gnu = None
[INFO] [stderr]   HOST_CMAKE_GENERATOR = None
[INFO] [stderr]   CMAKE_GENERATOR = None
[INFO] [stderr]   CMAKE_PREFIX_PATH_x86_64-unknown-linux-gnu = None
[INFO] [stderr]   CMAKE_PREFIX_PATH_x86_64_unknown_linux_gnu = None
[INFO] [stderr]   HOST_CMAKE_PREFIX_PATH = None
[INFO] [stderr]   CMAKE_PREFIX_PATH = None
[INFO] [stderr]   CMAKE_x86_64-unknown-linux-gnu = None
[INFO] [stderr]   CMAKE_x86_64_unknown_linux_gnu = None
[INFO] [stderr]   HOST_CMAKE = None
[INFO] [stderr]   CMAKE = None
[INFO] [stderr]   -- The C compiler identification is GNU 15.2.0
[INFO] [stderr]   -- The CXX compiler identification is GNU 15.2.0
[INFO] [stderr]   -- Detecting C compiler ABI info
[INFO] [stderr]   -- Detecting C compiler ABI info - done
[INFO] [stderr]   -- Check for working C compiler: /usr/bin/cc - skipped
[INFO] [stderr]   -- Detecting C compile features
[INFO] [stderr]   -- Detecting C compile features - done
[INFO] [stderr]   -- Detecting CXX compiler ABI info
[INFO] [stderr]   -- Detecting CXX compiler ABI info - done
[INFO] [stderr]   -- Check for working CXX compiler: /usr/bin/c++ - skipped
[INFO] [stderr]   -- Detecting CXX compile features
[INFO] [stderr]   -- Detecting CXX compile features - done
[INFO] [stderr]   -- The ASM compiler identification is GNU
[INFO] [stderr]   -- Found assembler: /usr/bin/cc
[INFO] [stderr]   -- Configuring done (1.1s)
[INFO] [stderr]   -- Generating done (0.1s)
[INFO] [stderr]   -- Build files have been written to: /opt/rustwide/target/debug/build/quiche/fb553e93bacfe9f3/out/build
[INFO] [stderr]   [  0%] Building CXX object CMakeFiles/ssl.dir/src/ssl/bio_ssl.cc.o
[INFO] [stderr]   [  0%] Building CXX object CMakeFiles/ssl.dir/src/ssl/d1_pkt.cc.o
[INFO] [stderr]   [  7%] Building CXX object CMakeFiles/ssl.dir/src/ssl/encrypted_client_hello.cc.o
[INFO] [stderr]   [  7%] Building CXX object CMakeFiles/ssl.dir/src/ssl/extensions.cc.o
[INFO] [stderr]   [ 15%] Building CXX object CMakeFiles/ssl.dir/src/ssl/d1_both.cc.o
[INFO] [stderr]   [ 15%] Building CXX object CMakeFiles/ssl.dir/src/ssl/dtls_method.cc.o
[INFO] [stderr]   [ 23%] Building CXX object CMakeFiles/ssl.dir/src/ssl/d1_srtp.cc.o
[INFO] [stderr]   [ 23%] Building CXX object CMakeFiles/ssl.dir/src/ssl/dtls_record.cc.o
[INFO] [stderr]   [ 23%] Building CXX object CMakeFiles/ssl.dir/src/ssl/d1_lib.cc.o
[INFO] [stderr]   [ 23%] Building CXX object CMakeFiles/ssl.dir/src/ssl/handoff.cc.o
[INFO] [stderr]   [ 23%] Building CXX object CMakeFiles/ssl.dir/src/ssl/handshake_client.cc.o
[INFO] [stderr]   [ 23%] Building CXX object CMakeFiles/ssl.dir/src/ssl/handshake_server.cc.o
[INFO] [stderr]   [ 30%] Building CXX object CMakeFiles/ssl.dir/src/ssl/s3_both.cc.o
[INFO] [stderr]   [ 30%] Building CXX object CMakeFiles/ssl.dir/src/ssl/s3_lib.cc.o
[INFO] [stderr]   [ 38%] Building CXX object CMakeFiles/ssl.dir/src/ssl/handshake.cc.o
[INFO] [stderr]   [ 46%] Building CXX object CMakeFiles/ssl.dir/src/ssl/ssl_aead_ctx.cc.o
[INFO] [stderr]   [ 46%] Building CXX object CMakeFiles/ssl.dir/src/ssl/s3_pkt.cc.o
[INFO] [stderr] 
[INFO] [stderr]   --- stderr
[INFO] [stderr]   running: cd "/opt/rustwide/target/debug/build/quiche/fb553e93bacfe9f3/out/build" && CMAKE_PREFIX_PATH="" LC_ALL="C" "cmake" "/opt/rustwide/cargo-home/registry/src/index.crates.io-1949cf8c6b5b557f/quiche-0.20.1/deps/boringssl" "-B" "/opt/rustwide/target/debug/build/quiche/fb553e93bacfe9f3/out/build" "-DCMAKE_INSTALL_PREFIX=/opt/rustwide/target/debug/build/quiche/fb553e93bacfe9f3/out" "-DCMAKE_C_FLAGS= -ffunction-sections -fdata-sections -fPIC -m64 -w" "-DCMAKE_C_COMPILER=/usr/bin/cc" "-DCMAKE_CXX_FLAGS= -ffunction-sections -fdata-sections -fPIC -m64 -w" "-DCMAKE_CXX_COMPILER=/usr/bin/c++" "-DCMAKE_ASM_FLAGS= -ffunction-sections -fdata-sections -fPIC -m64 -w" "-DCMAKE_ASM_COMPILER=/usr/bin/cc" "-DCMAKE_BUILD_TYPE=Debug"
[INFO] [stderr]   CMake Deprecation Warning at CMakeLists.txt:7 (cmake_minimum_required):
[INFO] [stderr]     Compatibility with CMake < 3.10 will be removed from a future version of
[INFO] [stderr]     CMake.
[INFO] [stderr] 
[INFO] [stderr]     Update the VERSION argument <min> value.  Or, use the <min>...<max> syntax
[INFO] [stderr]     to tell CMake that the project requires at least <min> but has been updated
[INFO] [stderr]     to work with policies introduced by <max> or earlier.
[INFO] [stderr] 
[INFO] [stderr] 
[INFO] [stderr]   running: cd "/opt/rustwide/target/debug/build/quiche/fb553e93bacfe9f3/out/build" && LC_ALL="C" MAKEFLAGS="-j --jobserver-fds=4,5 --jobserver-auth=4,5" "cmake" "--build" "/opt/rustwide/target/debug/build/quiche/fb553e93bacfe9f3/out/build" "--target" "ssl" "--config" "Debug"
[INFO] [stderr]   c++: fatal error: Killed signal terminated program cc1plus
[INFO] [stderr]   compilation terminated.
[INFO] [stderr]   gmake[3]: *** [CMakeFiles/ssl.dir/build.make:191: CMakeFiles/ssl.dir/src/ssl/extensions.cc.o] Error 1
[INFO] [stderr]   gmake[3]: *** Waiting for unfinished jobs....
[INFO] [stderr]   gmake[2]: *** [CMakeFiles/Makefile2:125: CMakeFiles/ssl.dir/all] Error 2
[INFO] [stderr]   gmake[1]: *** [CMakeFiles/Makefile2:132: CMakeFiles/ssl.dir/rule] Error 2
[INFO] [stderr]   gmake: *** [Makefile:137: ssl] Error 2
[INFO] [stderr] 
[INFO] [stderr]   thread 'main' (343) panicked at /opt/rustwide/cargo-home/registry/src/index.crates.io-1949cf8c6b5b557f/cmake-0.1.58/src/lib.rs:1132:5:
[INFO] [stderr] 
[INFO] [stderr]   command did not execute successfully, got: exit status: 2
[INFO] [stderr] 
[INFO] [stderr]   build script failed, must exit now
[INFO] [stderr]   stack backtrace:
[INFO] [stderr]      0:     0x584310d99351 - std[195d500ac79e1cf]::backtrace_rs::backtrace::libunwind::trace
[INFO] [stderr]                                  at /rustc/4d7c0cd298ace72490220301fa543d63a154f8ce/library/std/src/../../backtrace/src/backtrace/libunwind.rs:117:9
[INFO] [stderr]      1:     0x584310d99351 - std[195d500ac79e1cf]::backtrace_rs::backtrace::trace_unsynchronized::<std[195d500ac79e1cf]::sys::backtrace::_print_fmt::{closure#1}>
[INFO] [stderr]                                  at /rustc/4d7c0cd298ace72490220301fa543d63a154f8ce/library/std/src/../../backtrace/src/backtrace/mod.rs:66:14
[INFO] [stderr]      2:     0x584310d99351 - std[195d500ac79e1cf]::sys::backtrace::_print_fmt
[INFO] [stderr]                                  at /rustc/4d7c0cd298ace72490220301fa543d63a154f8ce/library/std/src/sys/backtrace.rs:74:9
[INFO] [stderr]      3:     0x584310d99351 - <<std[195d500ac79e1cf]::sys::backtrace::BacktraceLock>::print::DisplayBacktrace as core[e69a843402edb09d]::fmt::Display>::fmt
[INFO] [stderr]                                  at /rustc/4d7c0cd298ace72490220301fa543d63a154f8ce/library/std/src/sys/backtrace.rs:44:26
[INFO] [stderr]      4:     0x584310dad08a - <core[e69a843402edb09d]::fmt::rt::Argument>::fmt
[INFO] [stderr]                                  at /rustc/4d7c0cd298ace72490220301fa543d63a154f8ce/library/core/src/fmt/rt.rs:152:76
[INFO] [stderr]      5:     0x584310dad08a - core[e69a843402edb09d]::fmt::write
[INFO] [stderr]      6:     0x584310d9ee1c - core[e69a843402edb09d]::io::write::default_write_fmt::<std[195d500ac79e1cf]::sys::stdio::unix::Stderr>
[INFO] [stderr]                                  at /rustc/4d7c0cd298ace72490220301fa543d63a154f8ce/library/core/src/io/write.rs:402:11
[INFO] [stderr]      7:     0x584310d9ee1c - <std[195d500ac79e1cf]::sys::stdio::unix::Stderr as core[e69a843402edb09d]::io::write::Write>::write_fmt
[INFO] [stderr]                                  at /rustc/4d7c0cd298ace72490220301fa543d63a154f8ce/library/core/src/io/write.rs:335:13
[INFO] [stderr]      8:     0x584310d783f6 - <std[195d500ac79e1cf]::sys::backtrace::BacktraceLock>::print
[INFO] [stderr]                                  at /rustc/4d7c0cd298ace72490220301fa543d63a154f8ce/library/std/src/sys/backtrace.rs:47:9
[INFO] [stderr]      9:     0x584310d783f6 - std[195d500ac79e1cf]::panicking::default_hook::{closure#0}
[INFO] [stderr]                                  at /rustc/4d7c0cd298ace72490220301fa543d63a154f8ce/library/std/src/panicking.rs:289:27
[INFO] [stderr]     10:     0x584310d940b1 - std[195d500ac79e1cf]::panicking::default_hook
[INFO] [stderr]                                  at /rustc/4d7c0cd298ace72490220301fa543d63a154f8ce/library/std/src/panicking.rs:316:9
[INFO] [stderr]     11:     0x584310d9426b - std[195d500ac79e1cf]::panicking::panic_with_hook
[INFO] [stderr]                                  at /rustc/4d7c0cd298ace72490220301fa543d63a154f8ce/library/std/src/panicking.rs:811:13
[INFO] [stderr]     12:     0x584310d784a2 - std[195d500ac79e1cf]::panicking::panic_handler::{closure#0}
[INFO] [stderr]                                  at /rustc/4d7c0cd298ace72490220301fa543d63a154f8ce/library/std/src/panicking.rs:685:13
[INFO] [stderr]     13:     0x584310d72359 - std[195d500ac79e1cf]::sys::backtrace::__rust_end_short_backtrace::<std[195d500ac79e1cf]::panicking::panic_handler::{closure#0}, !>
[INFO] [stderr]                                  at /rustc/4d7c0cd298ace72490220301fa543d63a154f8ce/library/std/src/sys/backtrace.rs:182:18
[INFO] [stderr]     14:     0x584310d78c8d - __rustc[d114041ddbf554ad]::rust_begin_unwind
[INFO] [stderr]                                  at /rustc/4d7c0cd298ace72490220301fa543d63a154f8ce/library/std/src/panicking.rs:676:5
[INFO] [stderr]     15:     0x584310dad81c - core[e69a843402edb09d]::panicking::panic_fmt
[INFO] [stderr]                                  at /rustc/4d7c0cd298ace72490220301fa543d63a154f8ce/library/core/src/panicking.rs:80:14
[INFO] [stderr]     16:     0x584310cfcf07 - cmake[d68b28761ccf144d]::fail
[INFO] [stderr]     17:     0x584310cfcb93 - cmake[d68b28761ccf144d]::run
[INFO] [stderr]     18:     0x584310d02ba6 - <cmake[d68b28761ccf144d]::Config>::build
[INFO] [stderr]     19:     0x584310cecfd4 - build_script_build[3e4dd6ba5c8ef1d1]::main::{closure#0}
[INFO] [stderr]     20:     0x584310cec6d7 - <core[e69a843402edb09d]::result::Result<alloc[66faaafea7b4f9b2]::string::String, std[195d500ac79e1cf]::env::VarError>>::unwrap_or_else::<build_script_build[3e4dd6ba5c8ef1d1]::main::{closure#0}>
[INFO] [stderr]     21:     0x584310cee290 - build_script_build[3e4dd6ba5c8ef1d1]::main
[INFO] [stderr]     22:     0x584310cef7cb - <fn() as core[e69a843402edb09d]::ops::function::FnOnce<()>>::call_once
[INFO] [stderr]     23:     0x584310cecf06 - std[195d500ac79e1cf]::sys::backtrace::__rust_begin_short_backtrace::<fn(), ()>
[INFO] [stderr]     24:     0x584310cecf19 - std[195d500ac79e1cf]::rt::lang_start::<()>::{closure#0}
[INFO] [stderr]     25:     0x584310d933b8 - <&dyn core[e69a843402edb09d]::ops::function::Fn<(), Output = i32> + core[e69a843402edb09d]::marker::Sync + core[e69a843402edb09d]::panic::unwind_safe::RefUnwindSafe as core[e69a843402edb09d]::ops::function::FnOnce<()>>::call_once
[INFO] [stderr]                                  at /rustc/4d7c0cd298ace72490220301fa543d63a154f8ce/library/core/src/ops/function.rs:287:21
[INFO] [stderr]     26:     0x584310d933b8 - std[195d500ac79e1cf]::panicking::catch_unwind::do_call::<&dyn core[e69a843402edb09d]::ops::function::Fn<(), Output = i32> + core[e69a843402edb09d]::marker::Sync + core[e69a843402edb09d]::panic::unwind_safe::RefUnwindSafe, i32>
[INFO] [stderr]                                  at /rustc/4d7c0cd298ace72490220301fa543d63a154f8ce/library/std/src/panicking.rs:573:43
[INFO] [stderr]     27:     0x584310d933b8 - std[195d500ac79e1cf]::panicking::catch_unwind::<i32, &dyn core[e69a843402edb09d]::ops::function::Fn<(), Output = i32> + core[e69a843402edb09d]::marker::Sync + core[e69a843402edb09d]::panic::unwind_safe::RefUnwindSafe>
[INFO] [stderr]                                  at /rustc/4d7c0cd298ace72490220301fa543d63a154f8ce/library/std/src/panicking.rs:541:19
[INFO] [stderr]     28:     0x584310d933b8 - std[195d500ac79e1cf]::panic::catch_unwind::<&dyn core[e69a843402edb09d]::ops::function::Fn<(), Output = i32> + core[e69a843402edb09d]::marker::Sync + core[e69a843402edb09d]::panic::unwind_safe::RefUnwindSafe, i32>
[INFO] [stderr]                                  at /rustc/4d7c0cd298ace72490220301fa543d63a154f8ce/library/std/src/panic.rs:359:14
[INFO] [stderr]     29:     0x584310d933b8 - std[195d500ac79e1cf]::rt::lang_start_internal::{closure#0}
[INFO] [stderr]                                  at /rustc/4d7c0cd298ace72490220301fa543d63a154f8ce/library/std/src/rt.rs:175:24
[INFO] [stderr]     30:     0x584310d933b8 - std[195d500ac79e1cf]::panicking::catch_unwind::do_call::<std[195d500ac79e1cf]::rt::lang_start_internal::{closure#0}, isize>
[INFO] [stderr]                                  at /rustc/4d7c0cd298ace72490220301fa543d63a154f8ce/library/std/src/panicking.rs:573:43
[INFO] [stderr]     31:     0x584310d933b8 - std[195d500ac79e1cf]::panicking::catch_unwind::<isize, std[195d500ac79e1cf]::rt::lang_start_internal::{closure#0}>
[INFO] [stderr]                                  at /rustc/4d7c0cd298ace72490220301fa543d63a154f8ce/library/std/src/panicking.rs:541:19
[INFO] [stderr]     32:     0x584310d933b8 - std[195d500ac79e1cf]::panic::catch_unwind::<std[195d500ac79e1cf]::rt::lang_start_internal::{closure#0}, isize>
[INFO] [stderr]                                  at /rustc/4d7c0cd298ace72490220301fa543d63a154f8ce/library/std/src/panic.rs:359:14
[INFO] [stderr]     33:     0x584310d933b8 - std[195d500ac79e1cf]::rt::lang_start_internal
[INFO] [stderr]                                  at /rustc/4d7c0cd298ace72490220301fa543d63a154f8ce/library/std/src/rt.rs:171:5
[INFO] [stderr]     34:     0x584310ceca41 - std[195d500ac79e1cf]::rt::lang_start::<()>
[INFO] [stderr]     35:     0x584310cef835 - main
[INFO] [stderr]     36:     0x7136451ef601 - <unknown>
[INFO] [stderr]     37:     0x7136451ef718 - __libc_start_main
[INFO] [stderr]     38:     0x584310ceb9e5 - _start
[INFO] [stderr]     39:                0x0 - <unknown>
[INFO] running `Command { std: "docker" "inspect" "2ecbee2ea5e474250da727820254caf1e6349a3a312bd3730ee6747c3e208285", kill_on_drop: false }`
[INFO] running `Command { std: "docker" "rm" "-f" "2ecbee2ea5e474250da727820254caf1e6349a3a312bd3730ee6747c3e208285", kill_on_drop: false }`
[INFO] [stdout] 2ecbee2ea5e474250da727820254caf1e6349a3a312bd3730ee6747c3e208285
