[INFO] cloning repository https://github.com/yuta0801/resvg-text
[INFO] running `Command { std: "git" "-c" "credential.helper=" "-c" "credential.helper=/workspace/cargo-home/bin/git-credential-null" "clone" "--bare" "https://github.com/yuta0801/resvg-text" "/workspace/cache/git-repos/https%3A%2F%2Fgithub.com%2Fyuta0801%2Fresvg-text", kill_on_drop: false }`
[INFO] [stderr] Cloning into bare repository '/workspace/cache/git-repos/https%3A%2F%2Fgithub.com%2Fyuta0801%2Fresvg-text'...
[INFO] running `Command { std: "git" "rev-parse" "HEAD", kill_on_drop: false }`
[INFO] [stdout] 051a8167bfa9284f7123ce3c7b045f3626e2959a
[INFO] checking yuta0801/resvg-text against 4d7c0cd298ace72490220301fa543d63a154f8ce for pr-164789
[INFO] running `Command { std: "git" "clone" "/workspace/cache/git-repos/https%3A%2F%2Fgithub.com%2Fyuta0801%2Fresvg-text" "/workspace/builds/worker-1-tc2/source", kill_on_drop: false }`
[INFO] [stderr] Cloning into '/workspace/builds/worker-1-tc2/source'...
[INFO] [stderr] done.
[INFO] started tweaking git repo https://github.com/yuta0801/resvg-text
[INFO] finished tweaking git repo https://github.com/yuta0801/resvg-text
[INFO] tweaked toml for git repo https://github.com/yuta0801/resvg-text written to /workspace/builds/worker-1-tc2/source/Cargo.toml
[INFO] validating manifest of git repo https://github.com/yuta0801/resvg-text on toolchain 4d7c0cd298ace72490220301fa543d63a154f8ce
[INFO] running `Command { std: CARGO_HOME="/workspace/cargo-home" RUSTUP_HOME="/workspace/rustup-home" "/workspace/cargo-home/bin/cargo" "+4d7c0cd298ace72490220301fa543d63a154f8ce" "metadata" "--manifest-path" "Cargo.toml" "--no-deps", kill_on_drop: false }`
[INFO] crate git repo https://github.com/yuta0801/resvg-text already has a lockfile, it will not be regenerated
[INFO] running `Command { std: CARGO_HOME="/workspace/cargo-home" RUSTUP_HOME="/workspace/rustup-home" "/workspace/cargo-home/bin/cargo" "+4d7c0cd298ace72490220301fa543d63a154f8ce" "fetch" "--manifest-path" "Cargo.toml", kill_on_drop: false }`
[INFO] running `Command { std: "docker" "create" "-v" "/var/lib/crater-agent-workspace/builds/worker-1-tc2/source:/opt/rustwide/workdir:ro,Z" "-v" "/var/lib/crater-agent-workspace/builds/worker-1-tc2/target:/opt/rustwide/target:rw,Z" "-v" "/var/lib/crater-agent-workspace/cargo-home:/opt/rustwide/cargo-home:ro,Z" "-v" "/var/lib/crater-agent-workspace/rustup-home:/opt/rustwide/rustup-home:ro,Z" "-m" "1610612736" "--network" "none" "ghcr.io/rust-lang/crates-build-env/linux@sha256:c0af3998e971868164375a7dfb646c9933ddd1a3bdb00fa2041266763dc1eeab" "sleep" "infinity", kill_on_drop: false }`
[INFO] [stdout] 33804853bb5e65cea0ca3c7ba54044745fe2eb552239e3d7bd51cf494281bf63
[INFO] running `Command { std: "docker" "start" "33804853bb5e65cea0ca3c7ba54044745fe2eb552239e3d7bd51cf494281bf63", kill_on_drop: false }`
[INFO] running `Command { std: "docker" "inspect" "33804853bb5e65cea0ca3c7ba54044745fe2eb552239e3d7bd51cf494281bf63", kill_on_drop: false }`
[INFO] running `Command { std: "docker" "exec" "-e" "SOURCE_DIR=/opt/rustwide/workdir" "-e" "CARGO_HOME=/opt/rustwide/cargo-home" "-e" "RUSTUP_HOME=/opt/rustwide/rustup-home" "-e" "CARGO_TARGET_DIR=/opt/rustwide/target" "-w" "/opt/rustwide/workdir" "--user" "0:0" "33804853bb5e65cea0ca3c7ba54044745fe2eb552239e3d7bd51cf494281bf63" "/opt/rustwide/cargo-home/bin/cargo" "+4d7c0cd298ace72490220301fa543d63a154f8ce" "metadata" "--no-deps" "--format-version=1", kill_on_drop: false }`
[INFO] running `Command { std: "docker" "inspect" "33804853bb5e65cea0ca3c7ba54044745fe2eb552239e3d7bd51cf494281bf63", kill_on_drop: false }`
[INFO] running `Command { std: "docker" "exec" "-e" "SOURCE_DIR=/opt/rustwide/workdir" "-e" "CARGO_HOME=/opt/rustwide/cargo-home" "-e" "RUSTUP_HOME=/opt/rustwide/rustup-home" "-e" "CARGO_TARGET_DIR=/opt/rustwide/target" "-e" "CARGO_INCREMENTAL=0" "-e" "RUST_BACKTRACE=full" "-e" "RUSTFLAGS=--cap-lints=forbid" "-e" "RUSTDOCFLAGS=--cap-lints=forbid" "-w" "/opt/rustwide/workdir" "--user" "0:0" "33804853bb5e65cea0ca3c7ba54044745fe2eb552239e3d7bd51cf494281bf63" "/opt/rustwide/cargo-home/bin/cargo" "+4d7c0cd298ace72490220301fa543d63a154f8ce" "check" "--frozen" "--all" "--all-targets" "--message-format=json", kill_on_drop: false }`
[INFO] [stderr]    Compiling libc v0.2.80
[INFO] [stderr]     Checking float-cmp v0.5.3
[INFO] [stderr]     Checking arrayvec v0.5.2
[INFO] [stderr]    Compiling miniz_oxide v0.4.3
[INFO] [stderr]     Checking xmlparser v0.13.3
[INFO] [stderr]     Checking rgb v0.8.25
[INFO] [stderr]     Checking data-url v0.1.0
[INFO] [stderr]     Checking unicode-vo v0.1.0
[INFO] [stderr]     Checking base64 v0.12.3
[INFO] [stderr]     Checking pico-args v0.3.4
[INFO] [stderr]     Checking xmlwriter v0.1.0
[INFO] [stderr]     Checking rctree v0.3.3
[INFO] [stderr]     Checking simplecss v0.2.0
[INFO] [stderr]     Checking unicode-script v0.5.2
[INFO] [stderr]     Checking jpeg-decoder v0.1.20
[INFO] [stderr]     Checking png v0.16.7
[INFO] [stderr]     Checking svgtypes v0.5.0
[INFO] [stderr]     Checking kurbo v0.6.3
[INFO] [stderr]     Checking roxmltree v0.13.0
[INFO] [stderr]     Checking svgfilters v0.2.0
[INFO] [stderr]     Checking getrandom v0.1.15
[INFO] [stderr]     Checking memmap2 v0.1.0
[INFO] [stderr]     Checking flate2 v1.0.19
[INFO] [stderr]    Compiling jobserver v0.1.21
[INFO] [stderr]     Checking rand_core v0.5.1
[INFO] [stderr]    Compiling cc v1.0.65
[INFO] [stderr]     Checking rand_chacha v0.2.2
[INFO] [stderr]     Checking rand v0.7.3
[INFO] [stderr]    Compiling rustybuzz v0.1.1
[INFO] [stderr]    Compiling tiny-skia v0.1.0
[INFO] [stderr]     Checking uuid v0.8.1
[INFO] [stderr]     Checking fontdb v0.1.0
[INFO] [stderr] warning: rustybuzz@0.1.1: c++: fatal error: Killed signal terminated program cc1plus
[INFO] [stderr] warning: rustybuzz@0.1.1: compilation terminated.
[INFO] [stderr] warning: rustybuzz@0.1.1: c++: fatal error: Killed signal terminated program cc1plus
[INFO] [stderr] warning: rustybuzz@0.1.1: compilation terminated.
[INFO] [stderr] warning: rustybuzz@0.1.1: c++: fatal error: Killed signal terminated program cc1plus
[INFO] [stderr] warning: rustybuzz@0.1.1: compilation terminated.
[INFO] [stderr] error: failed to run custom build command for `rustybuzz v0.1.1`
[INFO] [stderr] note: To improve backtraces for build dependencies, set the CARGO_PROFILE_DEV_BUILD_OVERRIDE_DEBUG=true environment variable to enable debug information generation.
[INFO] [stderr] 
[INFO] [stderr] Caused by:
[INFO] [stderr]   process didn't exit successfully: `/opt/rustwide/target/debug/build/rustybuzz/a464031f9cee7058/out/build_script_build` (exit status: 1)
[INFO] [stderr]   --- stdout
[INFO] [stderr]   OPT_LEVEL = Some("0")
[INFO] [stderr]   TARGET = Some("x86_64-unknown-linux-gnu")
[INFO] [stderr]   HOST = Some("x86_64-unknown-linux-gnu")
[INFO] [stderr]   CXX_x86_64-unknown-linux-gnu = None
[INFO] [stderr]   CXX_x86_64_unknown_linux_gnu = None
[INFO] [stderr]   HOST_CXX = None
[INFO] [stderr]   CXX = None
[INFO] [stderr]   CXXFLAGS_x86_64-unknown-linux-gnu = None
[INFO] [stderr]   CXXFLAGS_x86_64_unknown_linux_gnu = None
[INFO] [stderr]   HOST_CXXFLAGS = None
[INFO] [stderr]   CXXFLAGS = None
[INFO] [stderr]   CRATE_CC_NO_DEFAULTS = None
[INFO] [stderr]   DEBUG = Some("true")
[INFO] [stderr]   CARGO_CFG_TARGET_FEATURE = Some("fxsr,sse,sse2,x87")
[INFO] [stderr]   CXX_x86_64-unknown-linux-gnu = None
[INFO] [stderr]   CXX_x86_64_unknown_linux_gnu = None
[INFO] [stderr]   HOST_CXX = None
[INFO] [stderr]   CXX = None
[INFO] [stderr]   CXXFLAGS_x86_64-unknown-linux-gnu = None
[INFO] [stderr]   CXXFLAGS_x86_64_unknown_linux_gnu = None
[INFO] [stderr]   HOST_CXXFLAGS = None
[INFO] [stderr]   CXXFLAGS = None
[INFO] [stderr]   CRATE_CC_NO_DEFAULTS = None
[INFO] [stderr]   CARGO_CFG_TARGET_FEATURE = Some("fxsr,sse,sse2,x87")
[INFO] [stderr]   CXX_x86_64-unknown-linux-gnu = None
[INFO] [stderr]   CXX_x86_64_unknown_linux_gnu = None
[INFO] [stderr]   HOST_CXX = None
[INFO] [stderr]   CXX = None
[INFO] [stderr]   CXXFLAGS_x86_64-unknown-linux-gnu = None
[INFO] [stderr]   CXXFLAGS_x86_64_unknown_linux_gnu = None
[INFO] [stderr]   HOST_CXXFLAGS = None
[INFO] [stderr]   CXXFLAGS = None
[INFO] [stderr]   CRATE_CC_NO_DEFAULTS = None
[INFO] [stderr]   CARGO_CFG_TARGET_FEATURE = Some("fxsr,sse,sse2,x87")
[INFO] [stderr]   CXX_x86_64-unknown-linux-gnu = None
[INFO] [stderr]   CXX_x86_64_unknown_linux_gnu = None
[INFO] [stderr]   HOST_CXX = None
[INFO] [stderr]   CXX = None
[INFO] [stderr]   CXXFLAGS_x86_64-unknown-linux-gnu = None
[INFO] [stderr]   CXXFLAGS_x86_64_unknown_linux_gnu = None
[INFO] [stderr]   HOST_CXXFLAGS = None
[INFO] [stderr]   CXXFLAGS = None
[INFO] [stderr]   CRATE_CC_NO_DEFAULTS = None
[INFO] [stderr]   CARGO_CFG_TARGET_FEATURE = Some("fxsr,sse,sse2,x87")
[INFO] [stderr]   CXX_x86_64-unknown-linux-gnu = None
[INFO] [stderr]   CXX_x86_64_unknown_linux_gnu = None
[INFO] [stderr]   HOST_CXX = None
[INFO] [stderr]   CXX = None
[INFO] [stderr]   CXXFLAGS_x86_64-unknown-linux-gnu = None
[INFO] [stderr]   CXXFLAGS_x86_64_unknown_linux_gnu = None
[INFO] [stderr]   HOST_CXXFLAGS = None
[INFO] [stderr]   CXXFLAGS = None
[INFO] [stderr]   CRATE_CC_NO_DEFAULTS = None
[INFO] [stderr]   CARGO_CFG_TARGET_FEATURE = Some("fxsr,sse,sse2,x87")
[INFO] [stderr]   running: "c++" "-O0" "-ffunction-sections" "-fdata-sections" "-fPIC" "-g" "-fno-omit-frame-pointer" "-m64" "-I" "harfbuzz/src" "-Wall" "-Wextra" "-std=c++11" "-fno-rtti" "-fno-exceptions" "-fno-threadsafe-statics" "-fvisibility-inlines-hidden" "-o" "/opt/rustwide/target/debug/build/rustybuzz/5f851310c25a98da/out/harfbuzz/src/hb-aat-layout.o" "-c" "harfbuzz/src/hb-aat-layout.cc"
[INFO] [stderr]   running: "c++" "-O0" "-ffunction-sections" "-fdata-sections" "-fPIC" "-g" "-fno-omit-frame-pointer" "-m64" "-I" "harfbuzz/src" "-Wall" "-Wextra" "-std=c++11" "-fno-rtti" "-fno-exceptions" "-fno-threadsafe-statics" "-fvisibility-inlines-hidden" "-o" "/opt/rustwide/target/debug/build/rustybuzz/5f851310c25a98da/out/harfbuzz/src/hb-buffer-serialize.o" "-c" "harfbuzz/src/hb-buffer-serialize.cc"
[INFO] [stderr]   running: "c++" "-O0" "-ffunction-sections" "-fdata-sections" "-fPIC" "-g" "-fno-omit-frame-pointer" "-m64" "-I" "harfbuzz/src" "-Wall" "-Wextra" "-std=c++11" "-fno-rtti" "-fno-exceptions" "-fno-threadsafe-statics" "-fvisibility-inlines-hidden" "-o" "/opt/rustwide/target/debug/build/rustybuzz/5f851310c25a98da/out/harfbuzz/src/hb-common.o" "-c" "harfbuzz/src/hb-common.cc"
[INFO] [stderr]   running: "c++" "-O0" "-ffunction-sections" "-fdata-sections" "-fPIC" "-g" "-fno-omit-frame-pointer" "-m64" "-I" "harfbuzz/src" "-Wall" "-Wextra" "-std=c++11" "-fno-rtti" "-fno-exceptions" "-fno-threadsafe-statics" "-fvisibility-inlines-hidden" "-o" "/opt/rustwide/target/debug/build/rustybuzz/5f851310c25a98da/out/harfbuzz/src/hb-fallback-shape.o" "-c" "harfbuzz/src/hb-fallback-shape.cc"
[INFO] [stderr]   running: "c++" "-O0" "-ffunction-sections" "-fdata-sections" "-fPIC" "-g" "-fno-omit-frame-pointer" "-m64" "-I" "harfbuzz/src" "-Wall" "-Wextra" "-std=c++11" "-fno-rtti" "-fno-exceptions" "-fno-threadsafe-statics" "-fvisibility-inlines-hidden" "-o" "/opt/rustwide/target/debug/build/rustybuzz/5f851310c25a98da/out/harfbuzz/src/hb-map.o" "-c" "harfbuzz/src/hb-map.cc"
[INFO] [stderr]   running: "c++" "-O0" "-ffunction-sections" "-fdata-sections" "-fPIC" "-g" "-fno-omit-frame-pointer" "-m64" "-I" "harfbuzz/src" "-Wall" "-Wextra" "-std=c++11" "-fno-rtti" "-fno-exceptions" "-fno-threadsafe-statics" "-fvisibility-inlines-hidden" "-o" "/opt/rustwide/target/debug/build/rustybuzz/5f851310c25a98da/out/harfbuzz/src/hb-font.o" "-c" "harfbuzz/src/hb-font.cc"
[INFO] [stderr]   running: "c++" "-O0" "-ffunction-sections" "-fdata-sections" "-fPIC" "-g" "-fno-omit-frame-pointer" "-m64" "-I" "harfbuzz/src" "-Wall" "-Wextra" "-std=c++11" "-fno-rtti" "-fno-exceptions" "-fno-threadsafe-statics" "-fvisibility-inlines-hidden" "-o" "/opt/rustwide/target/debug/build/rustybuzz/5f851310c25a98da/out/harfbuzz/src/hb-face.o" "-c" "harfbuzz/src/hb-face.cc"
[INFO] [stderr]   running: "c++" "-O0" "-ffunction-sections" "-fdata-sections" "-fPIC" "-g" "-fno-omit-frame-pointer" "-m64" "-I" "harfbuzz/src" "-Wall" "-Wextra" "-std=c++11" "-fno-rtti" "-fno-exceptions" "-fno-threadsafe-statics" "-fvisibility-inlines-hidden" "-o" "/opt/rustwide/target/debug/build/rustybuzz/5f851310c25a98da/out/harfbuzz/src/hb-ot-cff1-table.o" "-c" "harfbuzz/src/hb-ot-cff1-table.cc"
[INFO] [stderr]   running: "c++" "-O0" "-ffunction-sections" "-fdata-sections" "-fPIC" "-g" "-fno-omit-frame-pointer" "-m64" "-I" "harfbuzz/src" "-Wall" "-Wextra" "-std=c++11" "-fno-rtti" "-fno-exceptions" "-fno-threadsafe-statics" "-fvisibility-inlines-hidden" "-o" "/opt/rustwide/target/debug/build/rustybuzz/5f851310c25a98da/out/harfbuzz/src/hb-ot-face.o" "-c" "harfbuzz/src/hb-ot-face.cc"
[INFO] [stderr]   running: "c++" "-O0" "-ffunction-sections" "-fdata-sections" "-fPIC" "-g" "-fno-omit-frame-pointer" "-m64" "-I" "harfbuzz/src" "-Wall" "-Wextra" "-std=c++11" "-fno-rtti" "-fno-exceptions" "-fno-threadsafe-statics" "-fvisibility-inlines-hidden" "-o" "/opt/rustwide/target/debug/build/rustybuzz/5f851310c25a98da/out/harfbuzz/src/hb-number.o" "-c" "harfbuzz/src/hb-number.cc"
[INFO] [stderr]   running: "c++" "-O0" "-ffunction-sections" "-fdata-sections" "-fPIC" "-g" "-fno-omit-frame-pointer" "-m64" "-I" "harfbuzz/src" "-Wall" "-Wextra" "-std=c++11" "-fno-rtti" "-fno-exceptions" "-fno-threadsafe-statics" "-fvisibility-inlines-hidden" "-o" "/opt/rustwide/target/debug/build/rustybuzz/5f851310c25a98da/out/harfbuzz/src/hb-ot-cff2-table.o" "-c" "harfbuzz/src/hb-ot-cff2-table.cc"
[INFO] [stderr]   running: "c++" "-O0" "-ffunction-sections" "-fdata-sections" "-fPIC" "-g" "-fno-omit-frame-pointer" "-m64" "-I" "harfbuzz/src" "-Wall" "-Wextra" "-std=c++11" "-fno-rtti" "-fno-exceptions" "-fno-threadsafe-statics" "-fvisibility-inlines-hidden" "-o" "/opt/rustwide/target/debug/build/rustybuzz/5f851310c25a98da/out/harfbuzz/src/hb-aat-map.o" "-c" "harfbuzz/src/hb-aat-map.cc"
[INFO] [stderr]   running: "c++" "-O0" "-ffunction-sections" "-fdata-sections" "-fPIC" "-g" "-fno-omit-frame-pointer" "-m64" "-I" "harfbuzz/src" "-Wall" "-Wextra" "-std=c++11" "-fno-rtti" "-fno-exceptions" "-fno-threadsafe-statics" "-fvisibility-inlines-hidden" "-o" "/opt/rustwide/target/debug/build/rustybuzz/5f851310c25a98da/out/harfbuzz/src/hb-blob.o" "-c" "harfbuzz/src/hb-blob.cc"
[INFO] [stderr]   running: "c++" "-O0" "-ffunction-sections" "-fdata-sections" "-fPIC" "-g" "-fno-omit-frame-pointer" "-m64" "-I" "harfbuzz/src" "-Wall" "-Wextra" "-std=c++11" "-fno-rtti" "-fno-exceptions" "-fno-threadsafe-statics" "-fvisibility-inlines-hidden" "-o" "/opt/rustwide/target/debug/build/rustybuzz/5f851310c25a98da/out/harfbuzz/src/hb-buffer.o" "-c" "harfbuzz/src/hb-buffer.cc"
[INFO] [stderr]   exit status: 0
[INFO] [stderr]   exit status: 0
[INFO] [stderr]   running: "c++" "-O0" "-ffunction-sections" "-fdata-sections" "-fPIC" "-g" "-fno-omit-frame-pointer" "-m64" "-I" "harfbuzz/src" "-Wall" "-Wextra" "-std=c++11" "-fno-rtti" "-fno-exceptions" "-fno-threadsafe-statics" "-fvisibility-inlines-hidden" "-o" "/opt/rustwide/target/debug/build/rustybuzz/5f851310c25a98da/out/harfbuzz/src/hb-ot-font.o" "-c" "harfbuzz/src/hb-ot-font.cc"
[INFO] [stderr]   exit status: 0
[INFO] [stderr]   exit status: 0
[INFO] [stderr]   running: "c++" "-O0" "-ffunction-sections" "-fdata-sections" "-fPIC" "-g" "-fno-omit-frame-pointer" "-m64" "-I" "harfbuzz/src" "-Wall" "-Wextra" "-std=c++11" "-fno-rtti" "-fno-exceptions" "-fno-threadsafe-statics" "-fvisibility-inlines-hidden" "-o" "/opt/rustwide/target/debug/build/rustybuzz/5f851310c25a98da/out/harfbuzz/src/hb-ot-layout.o" "-c" "harfbuzz/src/hb-ot-layout.cc"
[INFO] [stderr]   exit status: 0
[INFO] [stderr]   running: "c++" "-O0" "-ffunction-sections" "-fdata-sections" "-fPIC" "-g" "-fno-omit-frame-pointer" "-m64" "-I" "harfbuzz/src" "-Wall" "-Wextra" "-std=c++11" "-fno-rtti" "-fno-exceptions" "-fno-threadsafe-statics" "-fvisibility-inlines-hidden" "-o" "/opt/rustwide/target/debug/build/rustybuzz/5f851310c25a98da/out/harfbuzz/src/hb-ot-map.o" "-c" "harfbuzz/src/hb-ot-map.cc"
[INFO] [stderr]   exit status: 0
[INFO] [stderr]   running: "c++" "-O0" "-ffunction-sections" "-fdata-sections" "-fPIC" "-g" "-fno-omit-frame-pointer" "-m64" "-I" "harfbuzz/src" "-Wall" "-Wextra" "-std=c++11" "-fno-rtti" "-fno-exceptions" "-fno-threadsafe-statics" "-fvisibility-inlines-hidden" "-o" "/opt/rustwide/target/debug/build/rustybuzz/5f851310c25a98da/out/harfbuzz/src/hb-ot-metrics.o" "-c" "harfbuzz/src/hb-ot-metrics.cc"
[INFO] [stderr]   exit status: 0
[INFO] [stderr]   exit status: 0
[INFO] [stderr]   running: "c++" "-O0" "-ffunction-sections" "-fdata-sections" "-fPIC" "-g" "-fno-omit-frame-pointer" "-m64" "-I" "harfbuzz/src" "-Wall" "-Wextra" "-std=c++11" "-fno-rtti" "-fno-exceptions" "-fno-threadsafe-statics" "-fvisibility-inlines-hidden" "-o" "/opt/rustwide/target/debug/build/rustybuzz/5f851310c25a98da/out/harfbuzz/src/hb-ot-shape.o" "-c" "harfbuzz/src/hb-ot-shape.cc"
[INFO] [stderr]   running: "c++" "-O0" "-ffunction-sections" "-fdata-sections" "-fPIC" "-g" "-fno-omit-frame-pointer" "-m64" "-I" "harfbuzz/src" "-Wall" "-Wextra" "-std=c++11" "-fno-rtti" "-fno-exceptions" "-fno-threadsafe-statics" "-fvisibility-inlines-hidden" "-o" "/opt/rustwide/target/debug/build/rustybuzz/5f851310c25a98da/out/harfbuzz/src/hb-ot-shape-complex-arabic.o" "-c" "harfbuzz/src/hb-ot-shape-complex-arabic.cc"
[INFO] [stderr]   running: "c++" "-O0" "-ffunction-sections" "-fdata-sections" "-fPIC" "-g" "-fno-omit-frame-pointer" "-m64" "-I" "harfbuzz/src" "-Wall" "-Wextra" "-std=c++11" "-fno-rtti" "-fno-exceptions" "-fno-threadsafe-statics" "-fvisibility-inlines-hidden" "-o" "/opt/rustwide/target/debug/build/rustybuzz/5f851310c25a98da/out/harfbuzz/src/hb-ot-shape-complex-default.o" "-c" "harfbuzz/src/hb-ot-shape-complex-default.cc"
[INFO] [stderr]   exit status: 0
[INFO] [stderr]   exit status: 0
[INFO] [stderr]   running: "c++" "-O0" "-ffunction-sections" "-fdata-sections" "-fPIC" "-g" "-fno-omit-frame-pointer" "-m64" "-I" "harfbuzz/src" "-Wall" "-Wextra" "-std=c++11" "-fno-rtti" "-fno-exceptions" "-fno-threadsafe-statics" "-fvisibility-inlines-hidden" "-o" "/opt/rustwide/target/debug/build/rustybuzz/5f851310c25a98da/out/harfbuzz/src/hb-ot-shape-complex-hangul.o" "-c" "harfbuzz/src/hb-ot-shape-complex-hangul.cc"
[INFO] [stderr]   exit status: 0
[INFO] [stderr]   exit status: 0
[INFO] [stderr]   running: "c++" "-O0" "-ffunction-sections" "-fdata-sections" "-fPIC" "-g" "-fno-omit-frame-pointer" "-m64" "-I" "harfbuzz/src" "-Wall" "-Wextra" "-std=c++11" "-fno-rtti" "-fno-exceptions" "-fno-threadsafe-statics" "-fvisibility-inlines-hidden" "-o" "/opt/rustwide/target/debug/build/rustybuzz/5f851310c25a98da/out/harfbuzz/src/hb-ot-shape-complex-hebrew.o" "-c" "harfbuzz/src/hb-ot-shape-complex-hebrew.cc"
[INFO] [stderr]   exit status: 0
[INFO] [stderr]   exit status: 0
[INFO] [stderr]   running: "c++" "-O0" "-ffunction-sections" "-fdata-sections" "-fPIC" "-g" "-fno-omit-frame-pointer" "-m64" "-I" "harfbuzz/src" "-Wall" "-Wextra" "-std=c++11" "-fno-rtti" "-fno-exceptions" "-fno-threadsafe-statics" "-fvisibility-inlines-hidden" "-o" "/opt/rustwide/target/debug/build/rustybuzz/5f851310c25a98da/out/harfbuzz/src/hb-ot-shape-complex-indic.o" "-c" "harfbuzz/src/hb-ot-shape-complex-indic.cc"
[INFO] [stderr]   exit status: 0
[INFO] [stderr]   exit status: 0
[INFO] [stderr]   exit status: 0
[INFO] [stderr]   running: "c++" "-O0" "-ffunction-sections" "-fdata-sections" "-fPIC" "-g" "-fno-omit-frame-pointer" "-m64" "-I" "harfbuzz/src" "-Wall" "-Wextra" "-std=c++11" "-fno-rtti" "-fno-exceptions" "-fno-threadsafe-statics" "-fvisibility-inlines-hidden" "-o" "/opt/rustwide/target/debug/build/rustybuzz/5f851310c25a98da/out/harfbuzz/src/hb-ot-shape-complex-indic-table.o" "-c" "harfbuzz/src/hb-ot-shape-complex-indic-table.cc"
[INFO] [stderr]   exit status: 0
[INFO] [stderr]   running: "c++" "-O0" "-ffunction-sections" "-fdata-sections" "-fPIC" "-g" "-fno-omit-frame-pointer" "-m64" "-I" "harfbuzz/src" "-Wall" "-Wextra" "-std=c++11" "-fno-rtti" "-fno-exceptions" "-fno-threadsafe-statics" "-fvisibility-inlines-hidden" "-o" "/opt/rustwide/target/debug/build/rustybuzz/5f851310c25a98da/out/harfbuzz/src/hb-ot-shape-complex-khmer.o" "-c" "harfbuzz/src/hb-ot-shape-complex-khmer.cc"
[INFO] [stderr]   running: "c++" "-O0" "-ffunction-sections" "-fdata-sections" "-fPIC" "-g" "-fno-omit-frame-pointer" "-m64" "-I" "harfbuzz/src" "-Wall" "-Wextra" "-std=c++11" "-fno-rtti" "-fno-exceptions" "-fno-threadsafe-statics" "-fvisibility-inlines-hidden" "-o" "/opt/rustwide/target/debug/build/rustybuzz/5f851310c25a98da/out/harfbuzz/src/hb-ot-shape-complex-myanmar.o" "-c" "harfbuzz/src/hb-ot-shape-complex-myanmar.cc"
[INFO] [stderr]   exit status: 0
[INFO] [stderr]   running: "c++" "-O0" "-ffunction-sections" "-fdata-sections" "-fPIC" "-g" "-fno-omit-frame-pointer" "-m64" "-I" "harfbuzz/src" "-Wall" "-Wextra" "-std=c++11" "-fno-rtti" "-fno-exceptions" "-fno-threadsafe-statics" "-fvisibility-inlines-hidden" "-o" "/opt/rustwide/target/debug/build/rustybuzz/5f851310c25a98da/out/harfbuzz/src/hb-ot-shape-complex-thai.o" "-c" "harfbuzz/src/hb-ot-shape-complex-thai.cc"
[INFO] [stderr]   cargo:warning=c++: fatal error: Killed signal terminated program cc1plus
[INFO] [stderr]   cargo:warning=compilation terminated.
[INFO] [stderr]   cargo:warning=c++: fatal error: Killed signal terminated program cc1plus
[INFO] [stderr]   cargo:warning=compilation terminated.
[INFO] [stderr]   exit status: 0
[INFO] [stderr]   exit status: 0
[INFO] [stderr]   exit status: 0
[INFO] [stderr]   exit status: 0
[INFO] [stderr]   exit status: 0
[INFO] [stderr]   cargo:warning=c++: fatal error: Killed signal terminated program cc1plus
[INFO] [stderr]   cargo:warning=compilation terminated.
[INFO] [stderr]   exit status: 1
[INFO] [stderr]   exit status: 1
[INFO] [stderr]   exit status: 1
[INFO] [stderr]   running: "c++" "-O0" "-ffunction-sections" "-fdata-sections" "-fPIC" "-g" "-fno-omit-frame-pointer" "-m64" "-I" "harfbuzz/src" "-Wall" "-Wextra" "-std=c++11" "-fno-rtti" "-fno-exceptions" "-fno-threadsafe-statics" "-fvisibility-inlines-hidden" "-o" "/opt/rustwide/target/debug/build/rustybuzz/5f851310c25a98da/out/harfbuzz/src/hb-ot-shape-complex-use.o" "-c" "harfbuzz/src/hb-ot-shape-complex-use.cc"
[INFO] [stderr]   running: "c++" "-O0" "-ffunction-sections" "-fdata-sections" "-fPIC" "-g" "-fno-omit-frame-pointer" "-m64" "-I" "harfbuzz/src" "-Wall" "-Wextra" "-std=c++11" "-fno-rtti" "-fno-exceptions" "-fno-threadsafe-statics" "-fvisibility-inlines-hidden" "-o" "/opt/rustwide/target/debug/build/rustybuzz/5f851310c25a98da/out/harfbuzz/src/hb-ot-tag.o" "-c" "harfbuzz/src/hb-ot-tag.cc"
[INFO] [stderr]   running: "c++" "-O0" "-ffunction-sections" "-fdata-sections" "-fPIC" "-g" "-fno-omit-frame-pointer" "-m64" "-I" "harfbuzz/src" "-Wall" "-Wextra" "-std=c++11" "-fno-rtti" "-fno-exceptions" "-fno-threadsafe-statics" "-fvisibility-inlines-hidden" "-o" "/opt/rustwide/target/debug/build/rustybuzz/5f851310c25a98da/out/harfbuzz/src/hb-ot-shape-normalize.o" "-c" "harfbuzz/src/hb-ot-shape-normalize.cc"
[INFO] [stderr]   running: "c++" "-O0" "-ffunction-sections" "-fdata-sections" "-fPIC" "-g" "-fno-omit-frame-pointer" "-m64" "-I" "harfbuzz/src" "-Wall" "-Wextra" "-std=c++11" "-fno-rtti" "-fno-exceptions" "-fno-threadsafe-statics" "-fvisibility-inlines-hidden" "-o" "/opt/rustwide/target/debug/build/rustybuzz/5f851310c25a98da/out/harfbuzz/src/hb-ot-shape-complex-vowel-constraints.o" "-c" "harfbuzz/src/hb-ot-shape-complex-vowel-constraints.cc"
[INFO] [stderr]   running: "c++" "-O0" "-ffunction-sections" "-fdata-sections" "-fPIC" "-g" "-fno-omit-frame-pointer" "-m64" "-I" "harfbuzz/src" "-Wall" "-Wextra" "-std=c++11" "-fno-rtti" "-fno-exceptions" "-fno-threadsafe-statics" "-fvisibility-inlines-hidden" "-o" "/opt/rustwide/target/debug/build/rustybuzz/5f851310c25a98da/out/harfbuzz/src/hb-ot-shape-fallback.o" "-c" "harfbuzz/src/hb-ot-shape-fallback.cc"
[INFO] [stderr]   running: "c++" "-O0" "-ffunction-sections" "-fdata-sections" "-fPIC" "-g" "-fno-omit-frame-pointer" "-m64" "-I" "harfbuzz/src" "-Wall" "-Wextra" "-std=c++11" "-fno-rtti" "-fno-exceptions" "-fno-threadsafe-statics" "-fvisibility-inlines-hidden" "-o" "/opt/rustwide/target/debug/build/rustybuzz/5f851310c25a98da/out/harfbuzz/src/hb-ot-shape-complex-use-table.o" "-c" "harfbuzz/src/hb-ot-shape-complex-use-table.cc"
[INFO] [stderr]   running: "c++" "-O0" "-ffunction-sections" "-fdata-sections" "-fPIC" "-g" "-fno-omit-frame-pointer" "-m64" "-I" "harfbuzz/src" "-Wall" "-Wextra" "-std=c++11" "-fno-rtti" "-fno-exceptions" "-fno-threadsafe-statics" "-fvisibility-inlines-hidden" "-o" "/opt/rustwide/target/debug/build/rustybuzz/5f851310c25a98da/out/harfbuzz/src/hb-ot-var.o" "-c" "harfbuzz/src/hb-ot-var.cc"
[INFO] [stderr]   exit status: 0
[INFO] [stderr]   exit status: 0
[INFO] [stderr]   exit status: 0
[INFO] [stderr]   exit status: 0
[INFO] [stderr]   exit status: 0
[INFO] [stderr]   exit status: 0
[INFO] [stderr]   exit status: 0
[INFO] [stderr]   exit status: 0
[INFO] [stderr] 
[INFO] [stderr]   --- stderr
[INFO] [stderr] 
[INFO] [stderr] 
[INFO] [stderr]   error occurred: Command "c++" "-O0" "-ffunction-sections" "-fdata-sections" "-fPIC" "-g" "-fno-omit-frame-pointer" "-m64" "-I" "harfbuzz/src" "-Wall" "-Wextra" "-std=c++11" "-fno-rtti" "-fno-exceptions" "-fno-threadsafe-statics" "-fvisibility-inlines-hidden" "-o" "/opt/rustwide/target/debug/build/rustybuzz/5f851310c25a98da/out/harfbuzz/src/hb-aat-layout.o" "-c" "harfbuzz/src/hb-aat-layout.cc" with args "c++" did not execute successfully (status code exit status: 1).
[INFO] [stderr] 
[INFO] [stderr] 
[INFO] [stderr] warning: build failed, waiting for other jobs to finish...
[INFO] running `Command { std: "docker" "inspect" "33804853bb5e65cea0ca3c7ba54044745fe2eb552239e3d7bd51cf494281bf63", kill_on_drop: false }`
[INFO] running `Command { std: "docker" "rm" "-f" "33804853bb5e65cea0ca3c7ba54044745fe2eb552239e3d7bd51cf494281bf63", kill_on_drop: false }`
[INFO] [stdout] 33804853bb5e65cea0ca3c7ba54044745fe2eb552239e3d7bd51cf494281bf63
