[INFO] cloning repository https://github.com/shambhavigantla09/mx-sdk-rs
[INFO] running `Command { std: "git" "-c" "credential.helper=" "-c" "credential.helper=/workspace/cargo-home/bin/git-credential-null" "clone" "--bare" "https://github.com/shambhavigantla09/mx-sdk-rs" "/workspace/cache/git-repos/https%3A%2F%2Fgithub.com%2Fshambhavigantla09%2Fmx-sdk-rs", kill_on_drop: false }`
[INFO] [stderr] Cloning into bare repository '/workspace/cache/git-repos/https%3A%2F%2Fgithub.com%2Fshambhavigantla09%2Fmx-sdk-rs'...
[INFO] running `Command { std: "git" "rev-parse" "HEAD", kill_on_drop: false }`
[INFO] [stdout] 078e839315e51eca376f5178ca40336daa88bf9b
[INFO] checking shambhavigantla09/mx-sdk-rs against 4d7c0cd298ace72490220301fa543d63a154f8ce for pr-164789
[INFO] running `Command { std: "git" "clone" "/workspace/cache/git-repos/https%3A%2F%2Fgithub.com%2Fshambhavigantla09%2Fmx-sdk-rs" "/workspace/builds/worker-5-tc2/source", kill_on_drop: false }`
[INFO] [stderr] Cloning into '/workspace/builds/worker-5-tc2/source'...
[INFO] [stderr] done.
[INFO] removed /workspace/builds/worker-5-tc2/source/rust-toolchain.toml
[INFO] started tweaking git repo https://github.com/shambhavigantla09/mx-sdk-rs
[INFO] finished tweaking git repo https://github.com/shambhavigantla09/mx-sdk-rs
[INFO] tweaked toml for git repo https://github.com/shambhavigantla09/mx-sdk-rs written to /workspace/builds/worker-5-tc2/source/Cargo.toml
[INFO] validating manifest of git repo https://github.com/shambhavigantla09/mx-sdk-rs on toolchain 4d7c0cd298ace72490220301fa543d63a154f8ce
[INFO] running `Command { std: CARGO_HOME="/workspace/cargo-home" RUSTUP_HOME="/workspace/rustup-home" "/workspace/cargo-home/bin/cargo" "+4d7c0cd298ace72490220301fa543d63a154f8ce" "metadata" "--manifest-path" "Cargo.toml" "--no-deps", kill_on_drop: false }`
[INFO] crate git repo https://github.com/shambhavigantla09/mx-sdk-rs already has a lockfile, it will not be regenerated
[INFO] running `Command { std: CARGO_HOME="/workspace/cargo-home" RUSTUP_HOME="/workspace/rustup-home" "/workspace/cargo-home/bin/cargo" "+4d7c0cd298ace72490220301fa543d63a154f8ce" "fetch" "--manifest-path" "Cargo.toml", kill_on_drop: false }`
[INFO] [stderr]     Blocking waiting for file lock on package cache
[INFO] [stderr]     Updating crates.io index
[INFO] [stderr]     Blocking waiting for file lock on package cache
[ERROR] error running command: no output for 300 seconds
[INFO] checking shambhavigantla09/mx-sdk-rs against 4d7c0cd298ace72490220301fa543d63a154f8ce for pr-164789
[INFO] running `Command { std: "git" "clone" "/workspace/cache/git-repos/https%3A%2F%2Fgithub.com%2Fshambhavigantla09%2Fmx-sdk-rs" "/workspace/builds/worker-5-tc2/source", kill_on_drop: false }`
[INFO] [stderr] Cloning into '/workspace/builds/worker-5-tc2/source'...
[INFO] [stderr] done.
[INFO] removed /workspace/builds/worker-5-tc2/source/rust-toolchain.toml
[INFO] started tweaking git repo https://github.com/shambhavigantla09/mx-sdk-rs
[INFO] finished tweaking git repo https://github.com/shambhavigantla09/mx-sdk-rs
[INFO] tweaked toml for git repo https://github.com/shambhavigantla09/mx-sdk-rs written to /workspace/builds/worker-5-tc2/source/Cargo.toml
[INFO] validating manifest of git repo https://github.com/shambhavigantla09/mx-sdk-rs on toolchain 4d7c0cd298ace72490220301fa543d63a154f8ce
[INFO] running `Command { std: CARGO_HOME="/workspace/cargo-home" RUSTUP_HOME="/workspace/rustup-home" "/workspace/cargo-home/bin/cargo" "+4d7c0cd298ace72490220301fa543d63a154f8ce" "metadata" "--manifest-path" "Cargo.toml" "--no-deps", kill_on_drop: false }`
[INFO] crate git repo https://github.com/shambhavigantla09/mx-sdk-rs already has a lockfile, it will not be regenerated
[INFO] running `Command { std: CARGO_HOME="/workspace/cargo-home" RUSTUP_HOME="/workspace/rustup-home" "/workspace/cargo-home/bin/cargo" "+4d7c0cd298ace72490220301fa543d63a154f8ce" "fetch" "--manifest-path" "Cargo.toml", kill_on_drop: false }`
[INFO] [stderr]     Blocking waiting for file lock on package cache
[INFO] [stderr]     Blocking waiting for file lock on package cache
[ERROR] error running command: no output for 300 seconds
[INFO] checking shambhavigantla09/mx-sdk-rs against 4d7c0cd298ace72490220301fa543d63a154f8ce for pr-164789
[INFO] running `Command { std: "git" "clone" "/workspace/cache/git-repos/https%3A%2F%2Fgithub.com%2Fshambhavigantla09%2Fmx-sdk-rs" "/workspace/builds/worker-5-tc2/source", kill_on_drop: false }`
[INFO] [stderr] Cloning into '/workspace/builds/worker-5-tc2/source'...
[INFO] [stderr] done.
[INFO] removed /workspace/builds/worker-5-tc2/source/rust-toolchain.toml
[INFO] started tweaking git repo https://github.com/shambhavigantla09/mx-sdk-rs
[INFO] finished tweaking git repo https://github.com/shambhavigantla09/mx-sdk-rs
[INFO] tweaked toml for git repo https://github.com/shambhavigantla09/mx-sdk-rs written to /workspace/builds/worker-5-tc2/source/Cargo.toml
[INFO] validating manifest of git repo https://github.com/shambhavigantla09/mx-sdk-rs on toolchain 4d7c0cd298ace72490220301fa543d63a154f8ce
[INFO] running `Command { std: CARGO_HOME="/workspace/cargo-home" RUSTUP_HOME="/workspace/rustup-home" "/workspace/cargo-home/bin/cargo" "+4d7c0cd298ace72490220301fa543d63a154f8ce" "metadata" "--manifest-path" "Cargo.toml" "--no-deps", kill_on_drop: false }`
[INFO] crate git repo https://github.com/shambhavigantla09/mx-sdk-rs already has a lockfile, it will not be regenerated
[INFO] running `Command { std: CARGO_HOME="/workspace/cargo-home" RUSTUP_HOME="/workspace/rustup-home" "/workspace/cargo-home/bin/cargo" "+4d7c0cd298ace72490220301fa543d63a154f8ce" "fetch" "--manifest-path" "Cargo.toml", kill_on_drop: false }`
[INFO] [stderr]     Blocking waiting for file lock on package cache
[INFO] [stderr]     Blocking waiting for file lock on package cache
[ERROR] error running command: no output for 300 seconds
[INFO] checking shambhavigantla09/mx-sdk-rs against 4d7c0cd298ace72490220301fa543d63a154f8ce for pr-164789
[INFO] running `Command { std: "git" "clone" "/workspace/cache/git-repos/https%3A%2F%2Fgithub.com%2Fshambhavigantla09%2Fmx-sdk-rs" "/workspace/builds/worker-5-tc2/source", kill_on_drop: false }`
[INFO] [stderr] Cloning into '/workspace/builds/worker-5-tc2/source'...
[INFO] [stderr] done.
[INFO] removed /workspace/builds/worker-5-tc2/source/rust-toolchain.toml
[INFO] started tweaking git repo https://github.com/shambhavigantla09/mx-sdk-rs
[INFO] finished tweaking git repo https://github.com/shambhavigantla09/mx-sdk-rs
[INFO] tweaked toml for git repo https://github.com/shambhavigantla09/mx-sdk-rs written to /workspace/builds/worker-5-tc2/source/Cargo.toml
[INFO] validating manifest of git repo https://github.com/shambhavigantla09/mx-sdk-rs on toolchain 4d7c0cd298ace72490220301fa543d63a154f8ce
[INFO] running `Command { std: CARGO_HOME="/workspace/cargo-home" RUSTUP_HOME="/workspace/rustup-home" "/workspace/cargo-home/bin/cargo" "+4d7c0cd298ace72490220301fa543d63a154f8ce" "metadata" "--manifest-path" "Cargo.toml" "--no-deps", kill_on_drop: false }`
[INFO] crate git repo https://github.com/shambhavigantla09/mx-sdk-rs already has a lockfile, it will not be regenerated
[INFO] running `Command { std: CARGO_HOME="/workspace/cargo-home" RUSTUP_HOME="/workspace/rustup-home" "/workspace/cargo-home/bin/cargo" "+4d7c0cd298ace72490220301fa543d63a154f8ce" "fetch" "--manifest-path" "Cargo.toml", kill_on_drop: false }`
[INFO] [stderr]     Blocking waiting for file lock on package cache
[INFO] [stderr]     Blocking waiting for file lock on package cache
[INFO] [stderr]  Downloading crates ...
[INFO] [stderr]   Downloaded simple-error v0.3.2
[INFO] [stderr]   Downloaded wat v1.245.1
[INFO] [stderr]   Downloaded wasm-encoder v0.245.1
[INFO] [stderr]   Downloaded rand_seeder v0.5.0
[INFO] [stderr]   Downloaded unwrap-infallible v1.0.0
[INFO] [stderr]   Downloaded libunwind v1.3.3
[INFO] [stderr]   Downloaded multiversx-chain-vm-executor v0.5.1
[INFO] [stderr]   Downloaded rkyv_derive v0.8.15
[INFO] [stderr]   Downloaded region v3.0.2
[INFO] [stderr]   Downloaded wasmprinter v0.245.1
[INFO] [stderr]   Downloaded multiversx-chain-vm-executor-wasmer-experimental v0.5.1
[INFO] [stderr]   Downloaded wasmer-derive v6.1.0
[INFO] [stderr]   Downloaded generic-array v1.3.5
[INFO] [stderr]   Downloaded wasmer-types v6.1.0
[INFO] [stderr]   Downloaded macho-unwind-info v0.5.0
[INFO] [stderr]   Downloaded bech32 v0.11.1
[INFO] [stderr]   Downloaded corosensei v0.3.2
[INFO] [stderr]   Downloaded wasmer-vm v6.1.0
[INFO] [stderr]   Downloaded wast v245.0.1
[INFO] [stderr]   Downloaded loupe v0.1.3
[INFO] [stderr]   Downloaded loupe-derive v0.1.3
[INFO] [stderr]   Downloaded wasmer-compiler v6.1.0
[INFO] [stderr]   Downloaded rc-new-cyclic-fallible v1.0.0
[INFO] [stderr]   Downloaded wasmer-compiler-singlepass v6.1.0
[INFO] [stderr]   Downloaded rkyv v0.8.15
[INFO] [stderr]   Downloaded dynasm v4.0.2
[INFO] [stderr]   Downloaded wasmparser v0.245.1
[INFO] [stderr]   Downloaded wasmer v6.1.0
[INFO] [stderr]   Downloaded wasmparser v0.224.1
[INFO] [stderr]   Downloaded hex-literal v1.1.0
[INFO] [stderr]   Downloaded multiversx-bls v0.2.0
[INFO] [stderr]   Downloaded dynasmrt v4.0.2
[INFO] [stderr]   Downloaded yew-router v0.19.0
[INFO] [stderr]   Downloaded gloo-render v0.2.0
[INFO] [stderr]   Downloaded gloo-events v0.2.0
[INFO] [stderr]   Downloaded gloo-worker v0.5.0
[INFO] [stderr]   Downloaded gloo-storage v0.3.0
[INFO] [stderr]   Downloaded gloo-history v0.2.2
[INFO] [stderr]   Downloaded jiff-static v0.2.21
[INFO] [stderr]   Downloaded yew-macro v0.22.0
[INFO] [stderr]   Downloaded gloo-worker-macros v0.1.0
[INFO] [stderr]   Downloaded gloo-file v0.3.0
[INFO] [stderr]   Downloaded gloo-dialogs v0.2.0
[INFO] [stderr]   Downloaded pinned v0.1.0
[INFO] [stderr]   Downloaded tokise v0.2.0
[INFO] [stderr]   Downloaded yew-router-macro v0.19.0
[INFO] [stderr]   Downloaded gloo v0.11.0
[INFO] [stderr]   Downloaded gloo-console v0.3.0
[INFO] [stderr]   Downloaded yew v0.22.0
[INFO] [stderr]   Downloaded jiff v0.2.21
[INFO] [stderr]   Downloaded copy_dir v0.1.3
[INFO] [stderr]   Downloaded implicit-clone-derive v0.1.2
[INFO] [stderr]   Downloaded ruplacer v0.10.0
[INFO] [stderr]   Downloaded implicit-clone v0.6.0
[INFO] running `Command { std: "docker" "create" "-v" "/var/lib/crater-agent-workspace/builds/worker-5-tc2/source:/opt/rustwide/workdir:ro,Z" "-v" "/var/lib/crater-agent-workspace/builds/worker-5-tc2/target:/opt/rustwide/target:rw,Z" "-v" "/var/lib/crater-agent-workspace/cargo-home:/opt/rustwide/cargo-home:ro,Z" "-v" "/var/lib/crater-agent-workspace/rustup-home:/opt/rustwide/rustup-home:ro,Z" "-m" "1610612736" "--network" "none" "ghcr.io/rust-lang/crates-build-env/linux@sha256:c0af3998e971868164375a7dfb646c9933ddd1a3bdb00fa2041266763dc1eeab" "sleep" "infinity", kill_on_drop: false }`
[INFO] [stdout] 48771732f20397549b3c9422bf736d1d48f34be8ba3f4048961c8fb90d143727
[INFO] running `Command { std: "docker" "start" "48771732f20397549b3c9422bf736d1d48f34be8ba3f4048961c8fb90d143727", kill_on_drop: false }`
[INFO] running `Command { std: "docker" "inspect" "48771732f20397549b3c9422bf736d1d48f34be8ba3f4048961c8fb90d143727", kill_on_drop: false }`
[INFO] running `Command { std: "docker" "exec" "-e" "SOURCE_DIR=/opt/rustwide/workdir" "-e" "CARGO_HOME=/opt/rustwide/cargo-home" "-e" "RUSTUP_HOME=/opt/rustwide/rustup-home" "-e" "CARGO_TARGET_DIR=/opt/rustwide/target" "-w" "/opt/rustwide/workdir" "--user" "0:0" "48771732f20397549b3c9422bf736d1d48f34be8ba3f4048961c8fb90d143727" "/opt/rustwide/cargo-home/bin/cargo" "+4d7c0cd298ace72490220301fa543d63a154f8ce" "metadata" "--no-deps" "--format-version=1", kill_on_drop: false }`
[INFO] running `Command { std: "docker" "inspect" "48771732f20397549b3c9422bf736d1d48f34be8ba3f4048961c8fb90d143727", kill_on_drop: false }`
[INFO] running `Command { std: "docker" "exec" "-e" "SOURCE_DIR=/opt/rustwide/workdir" "-e" "CARGO_HOME=/opt/rustwide/cargo-home" "-e" "RUSTUP_HOME=/opt/rustwide/rustup-home" "-e" "CARGO_TARGET_DIR=/opt/rustwide/target" "-e" "CARGO_INCREMENTAL=0" "-e" "RUST_BACKTRACE=full" "-e" "RUSTFLAGS=--cap-lints=forbid" "-e" "RUSTDOCFLAGS=--cap-lints=forbid" "-w" "/opt/rustwide/workdir" "--user" "0:0" "48771732f20397549b3c9422bf736d1d48f34be8ba3f4048961c8fb90d143727" "/opt/rustwide/cargo-home/bin/cargo" "+4d7c0cd298ace72490220301fa543d63a154f8ce" "check" "--frozen" "--all" "--all-targets" "--message-format=json", kill_on_drop: false }`
[INFO] [stderr]    Compiling typenum v1.19.0
[INFO] [stderr]     Checking unwrap-infallible v1.0.0
[INFO] [stderr]     Checking bech32 v0.11.1
[INFO] [stderr]    Compiling smallvec v1.15.1
[INFO] [stderr]    Compiling endian-type v0.2.0
[INFO] [stderr]    Compiling multiversx-sc-codec-derive v0.25.0 (/opt/rustwide/workdir/data/codec-derive)
[INFO] [stderr]     Checking hashbrown v0.16.1
[INFO] [stderr]    Compiling serde_json v1.0.149
[INFO] [stderr]     Checking bumpalo v3.20.2
[INFO] [stderr]     Checking leb128fmt v0.1.0
[INFO] [stderr]    Compiling clap_derive v4.5.55
[INFO] [stderr]     Checking semver v1.0.27
[INFO] [stderr]     Checking convert_case v0.11.0
[INFO] [stderr]    Compiling zerocopy-derive v0.8.39
[INFO] [stderr]    Compiling libc v0.2.182
[INFO] [stderr]     Checking stable_deref_trait v1.2.1
[INFO] [stderr]     Checking getrandom v0.2.17
[INFO] [stderr]    Compiling tracing-attributes v0.1.31
[INFO] [stderr]    Compiling getrandom v0.4.1
[INFO] [stderr]     Checking wasm-encoder v0.245.1
[INFO] [stderr]    Compiling syn v1.0.109
[INFO] [stderr]    Compiling ptr_meta_derive v0.3.1
[INFO] [stderr]     Checking rustc_version v0.4.1
[INFO] [stderr]     Checking simd-adler32 v0.3.8
[INFO] [stderr]    Compiling nibble_vec v0.1.0
[INFO] [stderr]    Compiling darling_core v0.21.3
[INFO] [stderr]    Compiling radix_trie v0.3.0
[INFO] [stderr]     Checking simdutf8 v0.1.5
[INFO] [stderr]     Checking miniz_oxide v0.8.9
[INFO] [stderr]     Checking ptr_meta v0.3.1
[INFO] [stderr]     Checking rancor v0.1.1
[INFO] [stderr]    Compiling bytecheck_derive v0.8.2
[INFO] [stderr]    Compiling prettyplease v0.2.37
[INFO] [stderr]     Checking rand v0.10.0
[INFO] [stderr]    Compiling munge_macro v0.4.7
[INFO] [stderr]    Compiling multiversx-sc-derive v0.65.1 (/opt/rustwide/workdir/framework/derive)
[INFO] [stderr]     Checking multiversx-sc-codec v0.25.0 (/opt/rustwide/workdir/data/codec)
[INFO] [stderr]    Compiling target-lexicon v0.12.16
[INFO] [stderr]     Checking indexmap v2.13.0
[INFO] [stderr]     Checking bytecheck v0.8.2
[INFO] [stderr]     Checking wast v245.0.1
[INFO] [stderr]    Compiling object v0.37.3
[INFO] [stderr]    Compiling bytecheck v0.6.12
[INFO] [stderr]    Compiling rustix v1.1.4
[INFO] [stderr]    Compiling jobserver v0.1.34
[INFO] [stderr]     Checking generic-array v1.3.5
[INFO] [stderr]     Checking generic-array v0.14.7
[INFO] [stderr]     Checking rend v0.5.3
[INFO] [stderr]     Checking munge v0.4.7
[INFO] [stderr]    Compiling cc v1.2.56
[INFO] [stderr]     Checking toml v1.0.3+spec-1.1.0
[INFO] [stderr]     Checking multiversx-chain-core v0.22.1 (/opt/rustwide/workdir/chain/core)
[INFO] [stderr]     Checking wasmparser v0.245.1
[INFO] [stderr]     Checking crypto-common v0.1.7
[INFO] [stderr]     Checking block-buffer v0.10.4
[INFO] [stderr]     Checking zerocopy v0.8.39
[INFO] [stderr]    Compiling corosensei v0.3.2
[INFO] [stderr]    Compiling rkyv_derive v0.8.15
[INFO] [stderr]     Checking digest v0.10.7
[INFO] [stderr]     Checking tracing v0.1.44
[INFO] [stderr]    Compiling proc-macro-error-attr2 v2.0.0
[INFO] [stderr]     Checking gimli v0.32.3
[INFO] [stderr]     Checking sha3 v0.10.8
[INFO] [stderr]     Checking sha2 v0.10.9
[INFO] [stderr]     Checking multiversx-chain-scenario-format v0.26.0 (/opt/rustwide/workdir/sdk/scenario-format)
[INFO] [stderr]    Compiling regex-syntax v0.8.10
[INFO] [stderr]     Checking clap v4.5.60
[INFO] [stderr]    Compiling nom v7.1.3
[INFO] [stderr]    Compiling proc-macro-error2 v2.0.1
[INFO] [stderr]     Checking twox-hash v1.6.3
[INFO] [stderr]     Checking flate2 v1.1.9
[INFO] [stderr] error: could not compile `darling_core` (lib)
[INFO] [stderr] 
[INFO] [stderr] Caused by:
[INFO] [stderr]   process didn't exit successfully: `/opt/rustwide/rustup-home/toolchains/4d7c0cd298ace72490220301fa543d63a154f8ce/bin/rustc --crate-name darling_core --edition=2021 /opt/rustwide/cargo-home/registry/src/index.crates.io-1949cf8c6b5b557f/darling_core-0.21.3/src/lib.rs --error-format=json --json=diagnostic-rendered-ansi,artifacts,future-incompat,unused-externs-silent --crate-type lib --emit=dep-info,metadata,link -Z embed-metadata=no -C embed-bitcode=no --check-cfg 'cfg(docsrs,test)' --check-cfg 'cfg(feature, values("diagnostics", "serde", "strsim", "suggestions"))' -C metadata=743a015b4aa55961 -C extra-filename=-71093f7a5e8fb80b --out-dir /opt/rustwide/target/debug/build/darling_core/71093f7a5e8fb80b/out -L dependency=/opt/rustwide/target/debug/build/proc-macro2/d4cb564e807a9cd7/out -L dependency=/opt/rustwide/target/debug/build/quote/28532d321a976b97/out -L dependency=/opt/rustwide/target/debug/build/unicode-ident/8c98a1a0e58216a9/out --extern fnv=/opt/rustwide/target/debug/build/fnv/bd60753855300b18/out/libfnv-bd60753855300b18.rmeta --extern ident_case=/opt/rustwide/target/debug/build/ident_case/ecc112105bc5215b/out/libident_case-ecc112105bc5215b.rmeta --extern proc_macro2=/opt/rustwide/target/debug/build/proc-macro2/d4cb564e807a9cd7/out/libproc_macro2-d4cb564e807a9cd7.rmeta --extern quote=/opt/rustwide/target/debug/build/quote/28532d321a976b97/out/libquote-28532d321a976b97.rmeta --extern syn=/opt/rustwide/target/debug/build/syn/7c7437438a104b4b/out/libsyn-7c7437438a104b4b.rmeta --cap-lints allow --cap-lints=forbid --force-warn=unused_crate_dependencies` (signal: 9, SIGKILL: kill)
[INFO] [stderr] warning: build failed, waiting for other jobs to finish...
[INFO] [stderr] error: could not compile `syn` (lib)
[INFO] [stderr] 
[INFO] [stderr] Caused by:
[INFO] [stderr]   process didn't exit successfully: `/opt/rustwide/rustup-home/toolchains/4d7c0cd298ace72490220301fa543d63a154f8ce/bin/rustc --crate-name syn --edition=2018 /opt/rustwide/cargo-home/registry/src/index.crates.io-1949cf8c6b5b557f/syn-1.0.109/src/lib.rs --error-format=json --json=diagnostic-rendered-ansi,artifacts,future-incompat,unused-externs-silent --crate-type lib --emit=dep-info,metadata,link -Z embed-metadata=no -C embed-bitcode=no --cfg 'feature="clone-impls"' --cfg 'feature="default"' --cfg 'feature="derive"' --cfg 'feature="extra-traits"' --cfg 'feature="full"' --cfg 'feature="parsing"' --cfg 'feature="printing"' --cfg 'feature="proc-macro"' --cfg 'feature="quote"' --check-cfg 'cfg(docsrs,test)' --check-cfg 'cfg(feature, values("clone-impls", "default", "derive", "extra-traits", "fold", "full", "parsing", "printing", "proc-macro", "quote", "test", "visit", "visit-mut"))' -C metadata=a9d3c7874abab3c7 -C extra-filename=-6ebba9a671c9a5c4 --out-dir /opt/rustwide/target/debug/build/syn/6ebba9a671c9a5c4/out -L dependency=/opt/rustwide/target/debug/build/proc-macro2/d4cb564e807a9cd7/out -L dependency=/opt/rustwide/target/debug/build/unicode-ident/8c98a1a0e58216a9/out --extern proc_macro2=/opt/rustwide/target/debug/build/proc-macro2/d4cb564e807a9cd7/out/libproc_macro2-d4cb564e807a9cd7.rmeta --extern quote=/opt/rustwide/target/debug/build/quote/28532d321a976b97/out/libquote-28532d321a976b97.rmeta --extern unicode_ident=/opt/rustwide/target/debug/build/unicode-ident/8c98a1a0e58216a9/out/libunicode_ident-8c98a1a0e58216a9.rmeta --cap-lints allow --cap-lints=forbid --force-warn=unused_crate_dependencies` (signal: 9, SIGKILL: kill)
[INFO] running `Command { std: "docker" "inspect" "48771732f20397549b3c9422bf736d1d48f34be8ba3f4048961c8fb90d143727", kill_on_drop: false }`
[INFO] running `Command { std: "docker" "rm" "-f" "48771732f20397549b3c9422bf736d1d48f34be8ba3f4048961c8fb90d143727", kill_on_drop: false }`
[INFO] [stdout] 48771732f20397549b3c9422bf736d1d48f34be8ba3f4048961c8fb90d143727
