[INFO] cloning repository https://github.com/powersemmi/media_converter_service
[INFO] running `Command { std: "git" "-c" "credential.helper=" "-c" "credential.helper=/workspace/cargo-home/bin/git-credential-null" "clone" "--bare" "https://github.com/powersemmi/media_converter_service" "/workspace/cache/git-repos/https%3A%2F%2Fgithub.com%2Fpowersemmi%2Fmedia_converter_service", kill_on_drop: false }`
[INFO] [stderr] Cloning into bare repository '/workspace/cache/git-repos/https%3A%2F%2Fgithub.com%2Fpowersemmi%2Fmedia_converter_service'...
[INFO] running `Command { std: "git" "rev-parse" "HEAD", kill_on_drop: false }`
[INFO] [stdout] 7bdf8db3cce35d8a4511257e3128d075f0fb8886
[INFO] checking powersemmi/media_converter_service against 4d7c0cd298ace72490220301fa543d63a154f8ce for pr-164789
[INFO] running `Command { std: "git" "clone" "/workspace/cache/git-repos/https%3A%2F%2Fgithub.com%2Fpowersemmi%2Fmedia_converter_service" "/workspace/builds/worker-3-tc2/source", kill_on_drop: false }`
[INFO] [stderr] Cloning into '/workspace/builds/worker-3-tc2/source'...
[INFO] [stderr] done.
[INFO] started tweaking git repo https://github.com/powersemmi/media_converter_service
[INFO] finished tweaking git repo https://github.com/powersemmi/media_converter_service
[INFO] tweaked toml for git repo https://github.com/powersemmi/media_converter_service written to /workspace/builds/worker-3-tc2/source/Cargo.toml
[INFO] validating manifest of git repo https://github.com/powersemmi/media_converter_service on toolchain 4d7c0cd298ace72490220301fa543d63a154f8ce
[INFO] running `Command { std: CARGO_HOME="/workspace/cargo-home" RUSTUP_HOME="/workspace/rustup-home" "/workspace/cargo-home/bin/cargo" "+4d7c0cd298ace72490220301fa543d63a154f8ce" "metadata" "--manifest-path" "Cargo.toml" "--no-deps", kill_on_drop: false }`
[INFO] crate git repo https://github.com/powersemmi/media_converter_service already has a lockfile, it will not be regenerated
[INFO] running `Command { std: CARGO_HOME="/workspace/cargo-home" RUSTUP_HOME="/workspace/rustup-home" "/workspace/cargo-home/bin/cargo" "+4d7c0cd298ace72490220301fa543d63a154f8ce" "fetch" "--manifest-path" "Cargo.toml", kill_on_drop: false }`
[INFO] running `Command { std: "docker" "create" "-v" "/var/lib/crater-agent-workspace/builds/worker-3-tc2/source:/opt/rustwide/workdir:ro,Z" "-v" "/var/lib/crater-agent-workspace/builds/worker-3-tc2/target:/opt/rustwide/target:rw,Z" "-v" "/var/lib/crater-agent-workspace/cargo-home:/opt/rustwide/cargo-home:ro,Z" "-v" "/var/lib/crater-agent-workspace/rustup-home:/opt/rustwide/rustup-home:ro,Z" "-m" "1610612736" "--network" "none" "ghcr.io/rust-lang/crates-build-env/linux@sha256:c0af3998e971868164375a7dfb646c9933ddd1a3bdb00fa2041266763dc1eeab" "sleep" "infinity", kill_on_drop: false }`
[INFO] [stdout] ee418ccf41c2711fc2dc6f947914afb2911aec244b9c1343b662cc797c75b025
[INFO] running `Command { std: "docker" "start" "ee418ccf41c2711fc2dc6f947914afb2911aec244b9c1343b662cc797c75b025", kill_on_drop: false }`
[INFO] running `Command { std: "docker" "inspect" "ee418ccf41c2711fc2dc6f947914afb2911aec244b9c1343b662cc797c75b025", kill_on_drop: false }`
[INFO] running `Command { std: "docker" "exec" "-e" "SOURCE_DIR=/opt/rustwide/workdir" "-e" "CARGO_HOME=/opt/rustwide/cargo-home" "-e" "RUSTUP_HOME=/opt/rustwide/rustup-home" "-e" "CARGO_TARGET_DIR=/opt/rustwide/target" "-w" "/opt/rustwide/workdir" "--user" "0:0" "ee418ccf41c2711fc2dc6f947914afb2911aec244b9c1343b662cc797c75b025" "/opt/rustwide/cargo-home/bin/cargo" "+4d7c0cd298ace72490220301fa543d63a154f8ce" "metadata" "--no-deps" "--format-version=1", kill_on_drop: false }`
[INFO] running `Command { std: "docker" "inspect" "ee418ccf41c2711fc2dc6f947914afb2911aec244b9c1343b662cc797c75b025", kill_on_drop: false }`
[INFO] running `Command { std: "docker" "exec" "-e" "SOURCE_DIR=/opt/rustwide/workdir" "-e" "CARGO_HOME=/opt/rustwide/cargo-home" "-e" "RUSTUP_HOME=/opt/rustwide/rustup-home" "-e" "CARGO_TARGET_DIR=/opt/rustwide/target" "-e" "CARGO_INCREMENTAL=0" "-e" "RUST_BACKTRACE=full" "-e" "RUSTFLAGS=--cap-lints=forbid" "-e" "RUSTDOCFLAGS=--cap-lints=forbid" "-w" "/opt/rustwide/workdir" "--user" "0:0" "ee418ccf41c2711fc2dc6f947914afb2911aec244b9c1343b662cc797c75b025" "/opt/rustwide/cargo-home/bin/cargo" "+4d7c0cd298ace72490220301fa543d63a154f8ce" "check" "--frozen" "--all" "--all-targets" "--message-format=json", kill_on_drop: false }`
[INFO] [stderr]    Compiling proc-macro2 v1.0.107
[INFO] [stderr]    Compiling serde_core v1.0.229
[INFO] [stderr]    Compiling quote v1.0.47
[INFO] [stderr]     Checking futures-sink v0.3.33
[INFO] [stderr]     Checking log v0.4.33
[INFO] [stderr]    Compiling thiserror v2.0.19
[INFO] [stderr]    Compiling jobserver v0.1.35
[INFO] [stderr]     Checking http-body-util v0.1.4
[INFO] [stderr]     Checking futures-channel v0.3.33
[INFO] [stderr]    Compiling rustversion v1.0.23
[INFO] [stderr]    Compiling generic-array v0.14.9
[INFO] [stderr]    Compiling cc v1.4.1
[INFO] [stderr]    Compiling serde_json v1.0.151
[INFO] [stderr]     Checking http v0.2.12
[INFO] [stderr]     Checking getrandom v0.2.17
[INFO] [stderr]     Checking const-oid v0.10.2
[INFO] [stderr]     Checking digest v0.11.3
[INFO] [stderr]     Checking crypto-common v0.1.6
[INFO] [stderr]     Checking block-buffer v0.10.4
[INFO] [stderr]     Checking digest v0.10.7
[INFO] [stderr]    Compiling syn v2.0.119
[INFO] [stderr]    Compiling syn v3.0.3
[INFO] [stderr]     Checking http-body v0.4.6
[INFO] [stderr]    Compiling anyhow v1.0.104
[INFO] [stderr]     Checking outref v0.5.2
[INFO] [stderr]     Checking vsimd v0.8.0
[INFO] [stderr]     Checking time v0.3.55
[INFO] [stderr]     Checking num-integer v0.1.46
[INFO] [stderr]    Compiling wasm-bindgen-shared v0.2.127
[INFO] [stderr]     Checking base64-simd v0.8.0
[INFO] [stderr]     Checking sha2 v0.10.9
[INFO] [stderr]     Checking regex-automata v0.4.18
[INFO] [stderr]    Compiling cmake v0.1.58
[INFO] [stderr]     Checking sha2 v0.11.0
[INFO] [stderr]     Checking indexmap v2.14.0
[INFO] [stderr]     Checking uuid v1.24.0
[INFO] [stderr]     Checking hmac v0.13.0
[INFO] [stderr]    Compiling zerocopy v0.8.56
[INFO] [stderr]    Compiling bitflags v2.13.1
[INFO] [stderr]    Compiling fs_extra v1.3.0
[INFO] [stderr]    Compiling bumpalo v3.20.3
[INFO] [stderr]    Compiling num-traits v0.2.19
[INFO] [stderr]    Compiling aws-lc-sys v0.44.0
[INFO] [stderr]     Checking getrandom v0.3.4
[INFO] [stderr]    Compiling ring v0.17.14
[INFO] [stderr]    Compiling wasm-bindgen v0.2.127
[INFO] [stderr]     Checking base64ct v1.8.3
[INFO] [stderr]     Checking rand_core v0.9.5
[INFO] [stderr]     Checking pem-rfc7468 v0.7.0
[INFO] [stderr]     Checking rand_core v0.6.4
[INFO] [stderr]    Compiling aws-lc-rs v1.18.0
[INFO] [stderr]    Compiling ref-cast v1.0.26
[INFO] [stderr]    Compiling cpufeatures v0.3.0
[INFO] [stderr]     Checking der v0.7.10
[INFO] [stderr]    Compiling winnow v1.0.4
[INFO] [stderr]    Compiling iana-time-zone v0.1.65
[INFO] [stderr]    Compiling chrono v0.4.45
[INFO] [stderr]    Compiling serde_derive v1.0.229
[INFO] [stderr]    Compiling tokio-macros v2.7.2
[INFO] [stderr]     Checking tokio v1.53.1
[INFO] [stderr]    Compiling synstructure v0.13.2
[INFO] [stderr]    Compiling thiserror-impl v2.0.19
[INFO] [stderr]    Compiling displaydoc v0.2.7
[INFO] [stderr]    Compiling futures-macro v0.3.33
[INFO] [stderr]    Compiling tracing-attributes v0.1.31
[INFO] [stderr]    Compiling zerofrom-derive v0.1.7
[INFO] [stderr]     Checking futures-util v0.3.33
[INFO] [stderr]    Compiling yoke-derive v0.8.2
[INFO] [stderr]    Compiling zerovec-derive v0.11.3
[INFO] [stderr]     Checking tracing v0.1.44
[INFO] [stderr]    Compiling pin-project-internal v1.1.13
[INFO] [stderr]     Checking zerofrom v0.1.8
[INFO] [stderr]    Compiling async-trait v0.1.92
[INFO] [stderr]     Checking serde v1.0.229
[INFO] [stderr]     Checking yoke v0.8.3
[INFO] [stderr]     Checking zerovec v0.11.6
[INFO] [stderr]     Checking smallvec v1.15.2
[INFO] [stderr]     Checking either v1.17.0
[INFO] [stderr]     Checking tinystr v0.8.3
[INFO] [stderr]     Checking icu_locale_core v2.2.0
[INFO] [stderr]     Checking potential_utf v0.1.5
[INFO] [stderr]     Checking zerotrie v0.2.4
[INFO] [stderr]     Checking pin-project v1.1.13
[INFO] [stderr]     Checking bytes-utils v0.1.4
[INFO] [stderr]     Checking icu_collections v2.2.0
[INFO] [stderr]    Compiling itertools v0.14.0
[INFO] [stderr]    Compiling aws-smithy-runtime-api-macros v1.1.0
[INFO] [stderr]     Checking parking_lot_core v0.9.12
[INFO] [stderr]    Compiling wasm-bindgen-macro-support v0.2.127
[INFO] [stderr]     Checking parking_lot v0.12.5
[INFO] [stderr]     Checking icu_provider v2.2.0
[INFO] [stderr]     Checking icu_properties v2.2.0
[INFO] [stderr]     Checking icu_normalizer v2.2.0
[INFO] [stderr]     Checking futures-executor v0.3.33
[INFO] [stderr]     Checking tokio-util v0.7.19
[INFO] [stderr]     Checking futures v0.3.33
[INFO] [stderr]     Checking tokio-stream v0.1.19
[INFO] [stderr]     Checking aws-smithy-async v1.3.0
[INFO] [stderr]     Checking ppv-lite86 v0.2.21
[INFO] [stderr]    Compiling prost-derive v0.14.4
[INFO] [stderr]     Checking h2 v0.4.15
[INFO] [stderr]     Checking tower v0.5.3
[INFO] [stderr]     Checking idna_adapter v1.2.2
[INFO] [stderr]     Checking aws-smithy-types v1.6.1
[INFO] [stderr]     Checking idna v1.1.0
[INFO] [stderr]     Checking url v2.5.8
[INFO] [stderr]     Checking rand_chacha v0.9.0
[INFO] [stderr]     Checking aws-smithy-runtime-api v1.14.0
[INFO] [stderr]     Checking opentelemetry v0.32.0
[INFO] [stderr]    Compiling ref-cast-impl v1.0.26
[INFO] [stderr]     Checking prost v0.14.4
[INFO] [stderr]    Compiling futures-intrusive v0.5.0
[INFO] [stderr]     Checking rand v0.9.5
[INFO] [stderr]    Compiling toml_parser v1.1.3+spec-1.1.0
[INFO] [stderr]     Checking spki v0.7.3
[INFO] [stderr]    Compiling chacha20 v0.10.1
[INFO] [stderr]    Compiling proc-macro-error-attr2 v2.0.0
[INFO] [stderr]     Checking dyn-clone v1.0.20
[INFO] [stderr]    Compiling libz-sys v1.1.29
[INFO] [stderr]    Compiling proc-macro-error2 v2.0.1
[INFO] [stderr]    Compiling toml_edit v0.25.13+spec-1.1.0
[INFO] [stderr]    Compiling rand v0.10.2
[INFO] [stderr]    Compiling wasm-bindgen-macro v0.2.127
[INFO] [stderr]    Compiling hkdf v0.13.0
[INFO] [stderr]     Checking opentelemetry_sdk v0.32.1
[INFO] [stderr]     Checking pkcs8 v0.10.2
[INFO] [stderr]    Compiling sqlx-core v0.9.0
[INFO] [stderr]     Checking prost-types v0.14.4
[INFO] [stderr]     Checking tracing-serde v0.2.0
[INFO] [stderr]     Checking matchers v0.2.0
[INFO] [stderr]    Compiling atoi v2.0.0
[INFO] [stderr]     Checking hyper v1.11.0
[INFO] [stderr]     Checking ff v0.13.1
[INFO] [stderr]    Compiling md-5 v0.11.0
[INFO] [stderr]    Compiling serde_derive_internals v0.30.0
[INFO] [stderr]     Checking tracing-log v0.2.0
[INFO] [stderr]     Checking thread_local v1.1.10
[INFO] [stderr]    Compiling rustls v0.21.12
[INFO] [stderr]    Compiling prometheus v0.14.0
[INFO] [stderr]    Compiling unicode-segmentation v1.13.3
[INFO] [stderr]    Compiling whoami v2.1.2
[INFO] [stderr]     Checking js-sys v0.3.104
[INFO] [stderr]    Compiling rustls v0.23.43
[INFO] [stderr]     Checking tracing-subscriber v0.3.23
[INFO] [stderr]    Compiling convert_case v0.11.0
[INFO] [stderr]    Compiling schemars_derive v1.2.2
[INFO] [stderr]     Checking sec1 v0.7.3
[INFO] [stderr]     Checking hyper-util v0.1.20
[INFO] [stderr]     Checking group v0.13.0
[INFO] [stderr]    Compiling proc-macro-crate v3.5.0
[INFO] [stderr]     Checking rustls-webpki v0.101.7
[INFO] [stderr]     Checking sct v0.7.1
[INFO] [stderr]     Checking aws-smithy-schema v0.2.0
[INFO] [stderr]     Checking crypto-bigint v0.5.5
[INFO] [stderr]    Compiling sqlx-postgres v0.9.0
[INFO] [stderr]     Checking unsafe-libyaml-norway v0.2.15
[INFO] [stderr]     Checking hyper-timeout v0.5.2
[INFO] [stderr]     Checking tonic v0.14.6
[INFO] [stderr]     Checking serde_norway v0.9.42
[INFO] [stderr]     Checking axum-core v0.5.6
[INFO] [stderr]     Checking elliptic-curve v0.13.8
[INFO] [stderr]     Checking schemars v1.2.2
[INFO] [stderr]     Checking tonic-prost v0.14.6
[INFO] [stderr]     Checking opentelemetry-proto v0.32.0
[INFO] [stderr]     Checking tonic-types v0.14.6
[INFO] [stderr]     Checking tracing-opentelemetry v0.33.0
[INFO] [stderr]     Checking opentelemetry-otlp v0.32.0
[INFO] [stderr]     Checking aws-smithy-eventstream v0.61.1
[INFO] [stderr]    Compiling num_enum_derive v0.7.6
[INFO] [stderr]     Checking h2 v0.3.27
[INFO] [stderr]     Checking serde_urlencoded v0.7.1
[INFO] [stderr]    Compiling ruststream-macros v0.6.1
[INFO] [stderr]     Checking serde_path_to_error v0.1.20
[INFO] [stderr]     Checking hmac v0.12.1
[INFO] [stderr]    Compiling rdkafka-sys v4.10.0+2.12.1
[INFO] [stderr]     Checking socket2 v0.5.10
[INFO] [stderr]     Checking openssl-probe v0.2.1
[INFO] [stderr]    Compiling glob v0.3.4
[INFO] [stderr]     Checking axum v0.8.9
[INFO] [stderr]     Checking ruststream v0.6.1
[INFO] [stderr]    Compiling clang-sys v1.9.1
[INFO] [stderr]     Checking tokio-rustls v0.24.1
[INFO] [stderr]     Checking rustls-native-certs v0.8.4
[INFO] [stderr]    Compiling sqlx-macros-core v0.9.0
[INFO] [stderr]     Checking wasm-bindgen-futures v0.4.77
[INFO] [stderr]     Checking rfc6979 v0.4.0
[INFO] [stderr]     Checking num_enum v0.7.6
[INFO] [stderr]     Checking aws-smithy-http v0.64.0
[INFO] [stderr]     Checking signature v2.2.0
[INFO] [stderr]    Compiling proc-macro2-diagnostics v0.10.1
[INFO] [stderr]     Checking or_poisoned v0.1.0
[INFO] [stderr]     Checking hyper v0.14.32
[INFO] [stderr]    Compiling const_format_proc_macros v0.2.34
[INFO] [stderr]     Checking ecdsa v0.16.9
[INFO] [stderr]    Compiling sqlx-macros v0.9.0
[INFO] [stderr]     Checking web-sys v0.3.104
[INFO] [stderr]     Checking primeorder v0.13.6
[INFO] [stderr]     Checking aws-credential-types v1.3.0
[INFO] [stderr]    Compiling proc-macro-utils v0.10.0
[INFO] [stderr]    Compiling aws-types v1.5.0
[INFO] [stderr]    Compiling slotmap v1.1.1
[INFO] [stderr]     Checking sqlx v0.9.0
[INFO] [stderr]     Checking throw_error v0.3.1
[INFO] [stderr]    Compiling regex-syntax v0.8.11
[INFO] [stderr]    Compiling nom v7.1.3
[INFO] [stderr]     Checking p256 v0.13.2
[INFO] [stderr]     Checking aws-smithy-observability v0.3.0
[INFO] [stderr]    Compiling derive-where v1.6.1
[INFO] [stderr]     Checking event-listener-strategy v0.5.4
[INFO] [stderr]    Compiling server_fn_macro v0.8.10
[INFO] [stderr]    Compiling reactive_graph v0.2.14
[INFO] [stderr]    Compiling libloading v0.8.9
[INFO] [stderr]     Checking send_wrapper v0.6.0
[INFO] [stderr]    Compiling bindgen v0.72.1
[INFO] [stderr]    Compiling camino v1.2.5
[INFO] [stderr]     Checking async-lock v3.4.2
[INFO] [stderr]    Compiling cexpr v0.6.0
[INFO] [stderr]     Checking aws-sigv4 v1.5.1
[INFO] [stderr]     Checking hyper-rustls v0.24.2
[INFO] [stderr]    Compiling const_format v0.2.36
[INFO] [stderr]     Checking hydration_context v0.3.1
[INFO] [stderr]     Checking any_spawner v0.3.0
[INFO] [stderr]    Compiling syn_derive v0.2.0
[INFO] [stderr]    Compiling itertools v0.13.0
[INFO] [stderr]     Checking envy v0.4.2
[INFO] [stderr]    Compiling regex v1.13.1
[INFO] [stderr]    Compiling rustc-hash v2.1.3
[INFO] [stderr]    Compiling xxhash-rust v0.8.18
[INFO] [stderr]     Checking guardian v1.3.0
[INFO] [stderr]    Compiling quote-use-macros v0.8.4
[INFO] [stderr]    Compiling manyhow-macros v0.11.4
[INFO] [stderr]     Checking aws-smithy-json v0.63.0
[INFO] [stderr]    Compiling reactive_stores_macro v0.4.3
[INFO] [stderr]    Compiling thiserror-impl v1.0.69
[INFO] [stderr]     Checking arc-swap v1.9.2
[INFO] [stderr]    Compiling tachys v0.2.18
[INFO] [stderr]    Compiling num_cpus v1.17.0
[INFO] [stderr]    Compiling prettyplease v0.2.37
[INFO] [stderr]     Checking regex-lite v0.1.9
[INFO] [stderr]     Checking xmlparser v0.13.6
[INFO] [stderr]     Checking thiserror v1.0.69
[INFO] [stderr]     Checking aws-smithy-xml v0.62.0
[INFO] [stderr]     Checking reactive_stores v0.4.3
[INFO] [stderr]    Compiling manyhow v0.11.4
[INFO] [stderr]    Compiling quote-use v0.8.4
[INFO] [stderr]     Checking common v0.1.0 (/opt/rustwide/workdir/crates/common)
[INFO] [stderr]     Checking either_of v0.1.9
[INFO] [stderr]     Checking oco_ref v0.2.1
[INFO] [stderr]     Checking toml_datetime v1.1.1+spec-1.1.0
[INFO] [stderr]     Checking serde_spanned v1.1.1
[INFO] [stderr]    Compiling server_fn v0.8.13
[INFO] [stderr]     Checking next_tuple v0.1.0
[INFO] [stderr]     Checking erased v0.1.2
[INFO] [stderr]     Checking html-escape v0.2.15
[INFO] [stderr]     Checking const_str_slice_concat v0.1.0
[INFO] [stderr]    Compiling interpolator v0.5.0
[INFO] [stderr]     Checking drain_filter_polyfill v0.1.3
[INFO] [stderr]    Compiling collection_literals v1.0.3
[INFO] [stderr]     Checking yansi v1.0.1
[INFO] [stderr]    Compiling attribute-derive-macro v0.10.5
[INFO] [stderr]     Checking convert_case v0.6.0
[INFO] [stderr]     Checking toml v1.1.4+spec-1.1.0
[INFO] [stderr]    Compiling rstml v0.12.1
[INFO] [stderr]    Compiling server_fn_macro_default v0.8.5
[INFO] [stderr]     Checking serde_qs v0.15.0
[INFO] [stderr]    Compiling typed-builder-macro v0.23.2
[INFO] [stderr]    Compiling serde_derive_internals v0.29.1
[INFO] [stderr]    Compiling leptos_macro v0.8.17
[INFO] [stderr]     Checking const-str v1.1.0
[INFO] [stderr]    Compiling base16 v0.2.1
[INFO] [stderr]    Compiling ffmpeg-sys-next v9.0.0
[INFO] [stderr]     Checking spin v0.10.1
[INFO] [stderr]     Checking urlencoding v2.1.3
[INFO] [stderr]     Checking pathdiff v0.2.3
[INFO] [stderr]     Checking config v0.15.25
[INFO] [stderr]     Checking aws-smithy-query v0.62.0
[INFO] [stderr]     Checking crc-fast v1.10.0
[INFO] [stderr]    Compiling schemars_derive v0.9.0
[INFO] [stderr]     Checking typed-builder v0.23.2
[INFO] [stderr]    Compiling wasm_split_macros v0.2.2
[INFO] [stderr]    Compiling leptos_hot_reload v0.8.6
[INFO] [stderr]    Compiling attribute-derive v0.10.5
[INFO] [stderr]    Compiling convert_case_extras v0.2.0
[INFO] [stderr]     Checking codee v0.3.5
[INFO] [stderr]     Checking sha1 v0.11.0
[INFO] [stderr]     Checking gloo-utils v0.2.0
[INFO] [stderr]     Checking wasm-streams v0.5.0
[INFO] [stderr]     Checking gloo-net v0.6.0
[INFO] [stderr]    Compiling leptos v0.8.20
[INFO] [stderr]     Checking async-once-cell v0.5.4
[INFO] [stderr]    Compiling ffmpeg-next v9.0.0
[INFO] [stderr]     Checking wasm_split_helpers v0.2.3
[INFO] [stderr]     Checking aws-smithy-checksums v0.65.0
[INFO] [stderr]     Checking leptos_config v0.8.10
[INFO] [stderr]     Checking schemars v0.9.0
[INFO] [stderr]     Checking lru v0.16.4
[INFO] [stderr]     Checking sha1 v0.10.7
[INFO] [stderr]    Compiling migrator v0.1.0 (/opt/rustwide/workdir/crates/migrator)
[INFO] [stderr]     Checking tower-http v0.7.0
[INFO] [stderr]     Checking aide v0.15.1
[INFO] [stderr]     Checking rustls-webpki v0.103.13
[INFO] [stderr] error: could not compile `tachys` (lib)
[INFO] [stderr] 
[INFO] [stderr] Caused by:
[INFO] [stderr]   process didn't exit successfully: `/opt/rustwide/rustup-home/toolchains/4d7c0cd298ace72490220301fa543d63a154f8ce/bin/rustc --crate-name tachys --edition=2021 /opt/rustwide/cargo-home/registry/src/index.crates.io-1949cf8c6b5b557f/tachys-0.2.18/src/lib.rs --error-format=json --json=diagnostic-rendered-ansi,artifacts,future-incompat,unused-externs-silent --crate-type lib --emit=dep-info,metadata -C embed-bitcode=no -C debuginfo=2 --cfg 'feature="default"' --cfg 'feature="oco"' --cfg 'feature="reactive_graph"' --cfg 'feature="reactive_stores"' --cfg 'feature="testing"' --check-cfg 'cfg(docsrs,test)' --check-cfg 'cfg(feature, values("default", "delegation", "error-hook", "hydrate", "islands", "mark_branches", "nightly", "oco", "reactive_graph", "reactive_stores", "sledgehammer", "ssr", "testing", "tracing"))' -C metadata=e709a420781c481e -C extra-filename=-7640c60fef96bd14 --out-dir /opt/rustwide/target/debug/build/tachys/7640c60fef96bd14/out -L dependency=/opt/rustwide/target/debug/build/any_spawner/9792401ef76b5a0d/out -L dependency=/opt/rustwide/target/debug/build/async-lock/9447d6ea7750e6d0/out -L dependency=/opt/rustwide/target/debug/build/cfg-if/190c9021fd162845/out -L dependency=/opt/rustwide/target/debug/build/either/18de983f43b67d42/out -L dependency=/opt/rustwide/target/debug/build/equivalent/d23b026399a51038/out -L dependency=/opt/rustwide/target/debug/build/event-listener-strategy/924791aae62c8528/out -L dependency=/opt/rustwide/target/debug/build/event-listener/89985501854d033c/out -L dependency=/opt/rustwide/target/debug/build/futures-channel/dfe92fecf9204724/out -L dependency=/opt/rustwide/target/debug/build/futures-core/66c6c11339e0b249/out -L dependency=/opt/rustwide/target/debug/build/futures-executor/e2cf8a722540db3d/out -L dependency=/opt/rustwide/target/debug/build/futures-io/ec825954e5f24f03/out -L dependency=/opt/rustwide/target/debug/build/futures-macro/a1e259a25a538cd7/out -L dependency=/opt/rustwide/target/debug/build/futures-sink/cdd1669e988ddca7/out -L dependency=/opt/rustwide/target/debug/build/futures-task/7018d05962e87907/out -L dependency=/opt/rustwide/target/debug/build/futures-util/fab5ede051faaccc/out -L dependency=/opt/rustwide/target/debug/build/futures/bcfb3e201230d53d/out -L dependency=/opt/rustwide/target/debug/build/guardian/ba8f7a3485ab8908/out -L dependency=/opt/rustwide/target/debug/build/hashbrown/1ff293044ac6a4a8/out -L dependency=/opt/rustwide/target/debug/build/hydration_context/c6087a36b88a0230/out -L dependency=/opt/rustwide/target/debug/build/indexmap/55bc48bfa8eb1818/out -L dependency=/opt/rustwide/target/debug/build/itertools/a15ed78ca198cd54/out -L dependency=/opt/rustwide/target/debug/build/js-sys/316a34c47ddca802/out -L dependency=/opt/rustwide/target/debug/build/memchr/b924193483665774/out -L dependency=/opt/rustwide/target/debug/build/once_cell/6f8123b0c2eed634/out -L dependency=/opt/rustwide/target/debug/build/or_poisoned/2deb0a42a532e49b/out -L dependency=/opt/rustwide/target/debug/build/parking/fbbb0e1f7c7ebc3f/out -L dependency=/opt/rustwide/target/debug/build/paste/c5e5e8a2bd161c29/out -L dependency=/opt/rustwide/target/debug/build/pin-project-lite/7176d3be2b7ee2e1/out -L dependency=/opt/rustwide/target/debug/build/reactive_graph/9284e6b77bd36b76/out -L dependency=/opt/rustwide/target/debug/build/reactive_stores_macro/bec55d436ac6f045/out -L dependency=/opt/rustwide/target/debug/build/rustc-hash/9f55c8acc6427e18/out -L dependency=/opt/rustwide/target/debug/build/send_wrapper/0a80da4fbdde980d/out -L dependency=/opt/rustwide/target/debug/build/serde/4a35ee02466c4fb8/out -L dependency=/opt/rustwide/target/debug/build/serde_core/48032791fab7ab4f/out -L dependency=/opt/rustwide/target/debug/build/serde_derive/af47cbf2dae6fa11/out -L dependency=/opt/rustwide/target/debug/build/slab/101f873bca723251/out -L dependency=/opt/rustwide/target/debug/build/slotmap/cf15cf668824f605/out -L dependency=/opt/rustwide/target/debug/build/thiserror-impl/a08df9de0c0bbb01/out -L dependency=/opt/rustwide/target/debug/build/thiserror/5e2f0f4c4289035d/out -L dependency=/opt/rustwide/target/debug/build/throw_error/269dbf67dcc37d0b/out -L dependency=/opt/rustwide/target/debug/build/unicode-ident/3becac50809745ee/out -L dependency=/opt/rustwide/target/debug/build/wasm-bindgen-futures/d1ba0e9c6ed0a9e5/out -L dependency=/opt/rustwide/target/debug/build/wasm-bindgen-macro/39215c6c00973acc/out -L dependency=/opt/rustwide/target/debug/build/wasm-bindgen-shared/0b857138fd8847e1/out -L dependency=/opt/rustwide/target/debug/build/wasm-bindgen/a2f52573dffde720/out --extern any_spawner=/opt/rustwide/target/debug/build/any_spawner/9792401ef76b5a0d/out/libany_spawner-9792401ef76b5a0d.rmeta --extern async_trait=/opt/rustwide/target/debug/build/async-trait/a300ed56ae1fcac1/out/libasync_trait-a300ed56ae1fcac1.so --extern const_str_slice_concat=/opt/rustwide/target/debug/build/const_str_slice_concat/08e7dc445248aa7e/out/libconst_str_slice_concat-08e7dc445248aa7e.rmeta --extern drain_filter_polyfill=/opt/rustwide/target/debug/build/drain_filter_polyfill/a7bbfc0a5ce76198/out/libdrain_filter_polyfill-a7bbfc0a5ce76198.rmeta --extern either_of=/opt/rustwide/target/debug/build/either_of/4337979adb4a550c/out/libeither_of-4337979adb4a550c.rmeta --extern erased=/opt/rustwide/target/debug/build/erased/3ab7775162a332de/out/liberased-3ab7775162a332de.rmeta --extern futures=/opt/rustwide/target/debug/build/futures/bcfb3e201230d53d/out/libfutures-bcfb3e201230d53d.rmeta --extern html_escape=/opt/rustwide/target/debug/build/html-escape/3b2dccd52be9faa4/out/libhtml_escape-3b2dccd52be9faa4.rmeta --extern indexmap=/opt/rustwide/target/debug/build/indexmap/55bc48bfa8eb1818/out/libindexmap-55bc48bfa8eb1818.rmeta --extern itertools=/opt/rustwide/target/debug/build/itertools/a15ed78ca198cd54/out/libitertools-a15ed78ca198cd54.rmeta --extern js_sys=/opt/rustwide/target/debug/build/js-sys/316a34c47ddca802/out/libjs_sys-316a34c47ddca802.rmeta --extern next_tuple=/opt/rustwide/target/debug/build/next_tuple/5d2348e50a9bdbea/out/libnext_tuple-5d2348e50a9bdbea.rmeta --extern oco_ref=/opt/rustwide/target/debug/build/oco_ref/c3aa18aa4d2cb30f/out/liboco_ref-c3aa18aa4d2cb30f.rmeta --extern or_poisoned=/opt/rustwide/target/debug/build/or_poisoned/2deb0a42a532e49b/out/libor_poisoned-2deb0a42a532e49b.rmeta --extern paste=/opt/rustwide/target/debug/build/paste/c5e5e8a2bd161c29/out/libpaste-c5e5e8a2bd161c29.so --extern reactive_graph=/opt/rustwide/target/debug/build/reactive_graph/9284e6b77bd36b76/out/libreactive_graph-9284e6b77bd36b76.rmeta --extern reactive_stores=/opt/rustwide/target/debug/build/reactive_stores/6b7e1a64f760073b/out/libreactive_stores-6b7e1a64f760073b.rmeta --extern rustc_hash=/opt/rustwide/target/debug/build/rustc-hash/9f55c8acc6427e18/out/librustc_hash-9f55c8acc6427e18.rmeta --extern send_wrapper=/opt/rustwide/target/debug/build/send_wrapper/0a80da4fbdde980d/out/libsend_wrapper-0a80da4fbdde980d.rmeta --extern slotmap=/opt/rustwide/target/debug/build/slotmap/cf15cf668824f605/out/libslotmap-cf15cf668824f605.rmeta --extern throw_error=/opt/rustwide/target/debug/build/throw_error/269dbf67dcc37d0b/out/libthrow_error-269dbf67dcc37d0b.rmeta --extern wasm_bindgen=/opt/rustwide/target/debug/build/wasm-bindgen/a2f52573dffde720/out/libwasm_bindgen-a2f52573dffde720.rmeta --extern web_sys=/opt/rustwide/target/debug/build/web-sys/271d29d900a689cf/out/libweb_sys-271d29d900a689cf.rmeta --cap-lints allow --cap-lints=forbid --force-warn=unused_crate_dependencies --cfg rustc_nightly` (signal: 9, SIGKILL: kill)
[INFO] [stderr] warning: build failed, waiting for other jobs to finish...
[INFO] [stderr] error: failed to run custom build command for `rdkafka-sys v4.10.0+2.12.1`
[INFO] [stderr] note: To improve backtraces for build dependencies, set the CARGO_PROFILE_DEV_BUILD_OVERRIDE_DEBUG=true environment variable to enable debug information generation.
[INFO] [stderr] 
[INFO] [stderr] Caused by:
[INFO] [stderr]   process didn't exit successfully: `/opt/rustwide/target/debug/build/rdkafka-sys/10887cabde9875a1/out/build_script_build` (exit status: 101)
[INFO] [stderr]   --- stdout
[INFO] [stderr]   Cloning librdkafka
[INFO] [stderr]   Configuring librdkafka
[INFO] [stderr]   checking for OS or distribution... ok (ubuntu)
[INFO] [stderr]   checking for C compiler from CC env... failed
[INFO] [stderr]   checking for gcc (by command)... ok
[INFO] [stderr]   checking for C++ compiler from CXX env... failed
[INFO] [stderr]   checking for C++ compiler (g++)... ok
[INFO] [stderr]   checking executable ld... ok
[INFO] [stderr]   checking executable nm... ok
[INFO] [stderr]   checking executable objdump... ok
[INFO] [stderr]   checking executable strip... ok
[INFO] [stderr]   checking executable libtool... ok
[INFO] [stderr]   checking executable ranlib... ok
[INFO] [stderr]   checking for pkgconfig (by command)... ok
[INFO] [stderr]   checking for install (by command)... ok
[INFO] [stderr]   checking for GNU ar... ok
[INFO] [stderr]   checking for PIC (by compile)... ok
[INFO] [stderr]   checking for GNU-compatible linker options... ok
[INFO] [stderr]   checking for GNU linker-script ld flag... ok
[INFO] [stderr]   checking for __atomic_32 (by compile)... ok
[INFO] [stderr]   checking for __atomic_64 (by compile)... ok
[INFO] [stderr]   checking for socket (by compile)... ok
[INFO] [stderr]   parsing version '0x020c01ff'... ok (2.12.1)
[INFO] [stderr]   checking for librt (by pkg-config)... failed
[INFO] [stderr]   checking for librt (by compile)... ok
[INFO] [stderr]   checking for libpthread (by pkg-config)... failed
[INFO] [stderr]   checking for libpthread (by compile)... ok
[INFO] [stderr]   checking for c11threads (by pkg-config)... failed
[INFO] [stderr]   checking for c11threads (by compile)... ok
[INFO] [stderr]   checking for libdl (by pkg-config)... failed
[INFO] [stderr]   checking for libdl (by compile)... ok
[INFO] [stderr]   checking for zlib (by pkg-config)... ok
[INFO] [stderr]   checking for libm (by pkg-config)... failed
[INFO] [stderr]   checking for libm (by compile)... ok
[INFO] [stderr]   checking for syslog (by compile)... ok
[INFO] [stderr]   checking for rapidjson (by compile)... failed (disable)
[INFO] [stderr]   checking for crc32chw (by compile)... ok
[INFO] [stderr]   checking for regex (by compile)... ok
[INFO] [stderr]   checking for rand_r (by compile)... ok
[INFO] [stderr]   checking for strndup (by compile)... ok
[INFO] [stderr]   checking for strlcpy (by compile)... ok
[INFO] [stderr]   checking for strerror_r (by compile)... ok
[INFO] [stderr]   checking for strcasestr (by compile)... ok
[INFO] [stderr]   checking for pthread_setname_gnu (by compile)... ok
[INFO] [stderr]   checking for nm (by env NM)... ok (cached)
[INFO] [stderr]   checking for python3 (by command)... ok
[INFO] [stderr]   checking for getrusage (by compile)... ok
[INFO] [stderr]   Generated Makefile.config
[INFO] [stderr]   Generated config.h
[INFO] [stderr] 
[INFO] [stderr]   Configuration summary:
[INFO] [stderr]     prefix                   /usr/local
[INFO] [stderr]     MKL_DISTRO               ubuntu
[INFO] [stderr]     SOLIB_EXT                .so
[INFO] [stderr]     ARCH                     x86_64
[INFO] [stderr]     CPU                      generic
[INFO] [stderr]     GEN_PKG_CONFIG           y
[INFO] [stderr]     MKL_APP_NAME             librdkafka
[INFO] [stderr]     MKL_APP_DESC_ONELINE     The Apache Kafka C/C++ library
[INFO] [stderr]     CC                       gcc
[INFO] [stderr]     CXX                      g++
[INFO] [stderr]     LD                       ld
[INFO] [stderr]     NM                       nm
[INFO] [stderr]     OBJDUMP                  objdump
[INFO] [stderr]     STRIP                    strip
[INFO] [stderr]     LIBTOOL                  libtool
[INFO] [stderr]     RANLIB                   ranlib
[INFO] [stderr]     CPPFLAGS                 -g -O2 -fPIC -Wall -Wsign-compare -Wfloat-equal -Wpointer-arith -Wcast-align
[INFO] [stderr]     PKG_CONFIG               pkg-config
[INFO] [stderr]     INSTALL                  /usr/bin/install
[INFO] [stderr]     HAS_GNU_AR               y
[INFO] [stderr]     LIB_LDFLAGS              -shared -Wl,-soname,$(LIBFILENAME)
[INFO] [stderr]     LDFLAG_LINKERSCRIPT      -Wl,--version-script=
[INFO] [stderr]     RDKAFKA_VERSION_STR      2.12.1
[INFO] [stderr]     MKL_APP_VERSION          2.12.1
[INFO] [stderr]     LIBS                     -lm -lz -ldl -lpthread -lrt -lpthread -lrt
[INFO] [stderr]     MKL_PKGCONFIG_LIBS_PRIVATE -lm -ldl -lpthread -lrt -lpthread -lrt
[INFO] [stderr]     MKL_PKGCONFIG_REQUIRES_PRIVATE zlib
[INFO] [stderr]     CFLAGS                   
[INFO] [stderr]     MKL_PKGCONFIG_REQUIRES   zlib
[INFO] [stderr]     CXXFLAGS                 -Wno-non-virtual-dtor
[INFO] [stderr]     SYMDUMPER                $(NM) -D
[INFO] [stderr]     MKL_DYNAMIC_LIBS         -lm -lz -ldl -lpthread -lrt -lpthread -lrt
[INFO] [stderr]     exec_prefix              /usr/local
[INFO] [stderr]     bindir                   /usr/local/bin
[INFO] [stderr]     sbindir                  /usr/local/sbin
[INFO] [stderr]     libexecdir               /usr/local/libexec
[INFO] [stderr]     datadir                  /usr/local/share
[INFO] [stderr]     sysconfdir               /usr/local/etc
[INFO] [stderr]     sharedstatedir           /usr/local/com
[INFO] [stderr]     localstatedir            /usr/local/var
[INFO] [stderr]     runstatedir              /usr/local/var/run
[INFO] [stderr]     libdir                   /usr/local/lib
[INFO] [stderr]     includedir               /usr/local/include
[INFO] [stderr]     infodir                  /usr/local/info
[INFO] [stderr]     mandir                   /usr/local/man
[INFO] [stderr]     BUILT_WITH               GCC GXX PKGCONFIG INSTALL GNULD LDS C11THREADS LIBDL PLUGINS ZLIB HDRHISTOGRAM SYSLOG SNAPPY SOCKEM CRC32C_HW
[INFO] [stderr]   Generated config.cache
[INFO] [stderr] 
[INFO] [stderr]   Now type 'make' to build
[INFO] [stderr]   Compiling librdkafka
[INFO] [stderr]   make[1]: Entering directory '/opt/rustwide/target/debug/build/rdkafka-sys/620e1ff5cbceda5c/out/src'
[INFO] [stderr]   gcc -MD -MP -g -O2 -fPIC -Wall -Wsign-compare -Wfloat-equal -Wpointer-arith -Wcast-align -I.  -c rdkafka.c -o rdkafka.o
[INFO] [stderr]   gcc -MD -MP -g -O2 -fPIC -Wall -Wsign-compare -Wfloat-equal -Wpointer-arith -Wcast-align -I.  -c rdkafka_broker.c -o rdkafka_broker.o
[INFO] [stderr]   gcc -MD -MP -g -O2 -fPIC -Wall -Wsign-compare -Wfloat-equal -Wpointer-arith -Wcast-align -I.  -c rdkafka_msg.c -o rdkafka_msg.o
[INFO] [stderr]   gcc -MD -MP -g -O2 -fPIC -Wall -Wsign-compare -Wfloat-equal -Wpointer-arith -Wcast-align -I.  -c rdkafka_topic.c -o rdkafka_topic.o
[INFO] [stderr]   gcc -MD -MP -g -O2 -fPIC -Wall -Wsign-compare -Wfloat-equal -Wpointer-arith -Wcast-align -I.  -c rdkafka_conf.c -o rdkafka_conf.o
[INFO] [stderr]   gcc -MD -MP -g -O2 -fPIC -Wall -Wsign-compare -Wfloat-equal -Wpointer-arith -Wcast-align -I.  -c rdkafka_timer.c -o rdkafka_timer.o
[INFO] [stderr]   gcc -MD -MP -g -O2 -fPIC -Wall -Wsign-compare -Wfloat-equal -Wpointer-arith -Wcast-align -I.  -c rdkafka_offset.c -o rdkafka_offset.o
[INFO] [stderr]   gcc -MD -MP -g -O2 -fPIC -Wall -Wsign-compare -Wfloat-equal -Wpointer-arith -Wcast-align -I.  -c rdkafka_transport.c -o rdkafka_transport.o
[INFO] [stderr]   gcc -MD -MP -g -O2 -fPIC -Wall -Wsign-compare -Wfloat-equal -Wpointer-arith -Wcast-align -I.  -c rdkafka_buf.c -o rdkafka_buf.o
[INFO] [stderr]   gcc -MD -MP -g -O2 -fPIC -Wall -Wsign-compare -Wfloat-equal -Wpointer-arith -Wcast-align -I.  -c rdkafka_queue.c -o rdkafka_queue.o
[INFO] [stderr]   gcc -MD -MP -g -O2 -fPIC -Wall -Wsign-compare -Wfloat-equal -Wpointer-arith -Wcast-align -I.  -c rdkafka_op.c -o rdkafka_op.o
[INFO] [stderr]   gcc -MD -MP -g -O2 -fPIC -Wall -Wsign-compare -Wfloat-equal -Wpointer-arith -Wcast-align -I.  -c rdkafka_request.c -o rdkafka_request.o
[INFO] [stderr]   gcc -MD -MP -g -O2 -fPIC -Wall -Wsign-compare -Wfloat-equal -Wpointer-arith -Wcast-align -I.  -c rdkafka_cgrp.c -o rdkafka_cgrp.o
[INFO] [stderr]   gcc -MD -MP -g -O2 -fPIC -Wall -Wsign-compare -Wfloat-equal -Wpointer-arith -Wcast-align -I.  -c rdkafka_pattern.c -o rdkafka_pattern.o
[INFO] [stderr]   gcc -MD -MP -g -O2 -fPIC -Wall -Wsign-compare -Wfloat-equal -Wpointer-arith -Wcast-align -I.  -c rdkafka_partition.c -o rdkafka_partition.o
[INFO] [stderr]   gcc -MD -MP -g -O2 -fPIC -Wall -Wsign-compare -Wfloat-equal -Wpointer-arith -Wcast-align -I.  -c rdkafka_subscription.c -o rdkafka_subscription.o
[INFO] [stderr]   gcc -MD -MP -g -O2 -fPIC -Wall -Wsign-compare -Wfloat-equal -Wpointer-arith -Wcast-align -I.  -c rdkafka_assignment.c -o rdkafka_assignment.o
[INFO] [stderr]   gcc -MD -MP -g -O2 -fPIC -Wall -Wsign-compare -Wfloat-equal -Wpointer-arith -Wcast-align -I.  -c rdkafka_assignor.c -o rdkafka_assignor.o
[INFO] [stderr]   gcc -MD -MP -g -O2 -fPIC -Wall -Wsign-compare -Wfloat-equal -Wpointer-arith -Wcast-align -I.  -c rdkafka_range_assignor.c -o rdkafka_range_assignor.o
[INFO] [stderr]   gcc -MD -MP -g -O2 -fPIC -Wall -Wsign-compare -Wfloat-equal -Wpointer-arith -Wcast-align -I.  -c rdkafka_roundrobin_assignor.c -o rdkafka_roundrobin_assignor.o
[INFO] [stderr]   gcc -MD -MP -g -O2 -fPIC -Wall -Wsign-compare -Wfloat-equal -Wpointer-arith -Wcast-align -I.  -c rdkafka_sticky_assignor.c -o rdkafka_sticky_assignor.o
[INFO] [stderr]   gcc -MD -MP -g -O2 -fPIC -Wall -Wsign-compare -Wfloat-equal -Wpointer-arith -Wcast-align -I.  -c rdkafka_feature.c -o rdkafka_feature.o
[INFO] [stderr]   gcc -MD -MP -g -O2 -fPIC -Wall -Wsign-compare -Wfloat-equal -Wpointer-arith -Wcast-align -I.  -c rdcrc32.c -o rdcrc32.o
[INFO] [stderr]   gcc -MD -MP -g -O2 -fPIC -Wall -Wsign-compare -Wfloat-equal -Wpointer-arith -Wcast-align -I.  -c crc32c.c -o crc32c.o
[INFO] [stderr]   gcc -MD -MP -g -O2 -fPIC -Wall -Wsign-compare -Wfloat-equal -Wpointer-arith -Wcast-align -I.  -c rdmurmur2.c -o rdmurmur2.o
[INFO] [stderr]   gcc -MD -MP -g -O2 -fPIC -Wall -Wsign-compare -Wfloat-equal -Wpointer-arith -Wcast-align -I.  -c rdfnv1a.c -o rdfnv1a.o
[INFO] [stderr]   gcc -MD -MP -g -O2 -fPIC -Wall -Wsign-compare -Wfloat-equal -Wpointer-arith -Wcast-align -I.  -c cJSON.c -o cJSON.o
[INFO] [stderr]   gcc -MD -MP -g -O2 -fPIC -Wall -Wsign-compare -Wfloat-equal -Wpointer-arith -Wcast-align -I.  -c rdaddr.c -o rdaddr.o
[INFO] [stderr]   gcc -MD -MP -g -O2 -fPIC -Wall -Wsign-compare -Wfloat-equal -Wpointer-arith -Wcast-align -I.  -c rdrand.c -o rdrand.o
[INFO] [stderr]   gcc -MD -MP -g -O2 -fPIC -Wall -Wsign-compare -Wfloat-equal -Wpointer-arith -Wcast-align -I.  -c rdlist.c -o rdlist.o
[INFO] [stderr]   gcc -MD -MP -g -O2 -fPIC -Wall -Wsign-compare -Wfloat-equal -Wpointer-arith -Wcast-align -I.  -c tinycthread.c -o tinycthread.o
[INFO] [stderr]   gcc -MD -MP -g -O2 -fPIC -Wall -Wsign-compare -Wfloat-equal -Wpointer-arith -Wcast-align -I.  -c tinycthread_extra.c -o tinycthread_extra.o
[INFO] [stderr]   gcc -MD -MP -g -O2 -fPIC -Wall -Wsign-compare -Wfloat-equal -Wpointer-arith -Wcast-align -I.  -c rdlog.c -o rdlog.o
[INFO] [stderr]   gcc -MD -MP -g -O2 -fPIC -Wall -Wsign-compare -Wfloat-equal -Wpointer-arith -Wcast-align -I.  -c rdstring.c -o rdstring.o
[INFO] [stderr]   gcc -MD -MP -g -O2 -fPIC -Wall -Wsign-compare -Wfloat-equal -Wpointer-arith -Wcast-align -I.  -c rdkafka_event.c -o rdkafka_event.o
[INFO] [stderr]   gcc -MD -MP -g -O2 -fPIC -Wall -Wsign-compare -Wfloat-equal -Wpointer-arith -Wcast-align -I.  -c rdkafka_metadata.c -o rdkafka_metadata.o
[INFO] [stderr]   gcc -MD -MP -g -O2 -fPIC -Wall -Wsign-compare -Wfloat-equal -Wpointer-arith -Wcast-align -I.  -c rdregex.c -o rdregex.o
[INFO] [stderr]   gcc -MD -MP -g -O2 -fPIC -Wall -Wsign-compare -Wfloat-equal -Wpointer-arith -Wcast-align -I.  -c rdports.c -o rdports.o
[INFO] [stderr]   gcc -MD -MP -g -O2 -fPIC -Wall -Wsign-compare -Wfloat-equal -Wpointer-arith -Wcast-align -I.  -c rdkafka_metadata_cache.c -o rdkafka_metadata_cache.o
[INFO] [stderr]   gcc -MD -MP -g -O2 -fPIC -Wall -Wsign-compare -Wfloat-equal -Wpointer-arith -Wcast-align -I.  -c rdavl.c -o rdavl.o
[INFO] [stderr]   gcc -MD -MP -g -O2 -fPIC -Wall -Wsign-compare -Wfloat-equal -Wpointer-arith -Wcast-align -I.  -c rdkafka_sasl.c -o rdkafka_sasl.o
[INFO] [stderr]   gcc -MD -MP -g -O2 -fPIC -Wall -Wsign-compare -Wfloat-equal -Wpointer-arith -Wcast-align -I.  -c rdkafka_sasl_plain.c -o rdkafka_sasl_plain.o
[INFO] [stderr]   gcc -MD -MP -g -O2 -fPIC -Wall -Wsign-compare -Wfloat-equal -Wpointer-arith -Wcast-align -I.  -c rdkafka_interceptor.c -o rdkafka_interceptor.o
[INFO] [stderr]   gcc -MD -MP -g -O2 -fPIC -Wall -Wsign-compare -Wfloat-equal -Wpointer-arith -Wcast-align -I.  -c rdkafka_msgset_writer.c -o rdkafka_msgset_writer.o
[INFO] [stderr]   gcc -MD -MP -g -O2 -fPIC -Wall -Wsign-compare -Wfloat-equal -Wpointer-arith -Wcast-align -I.  -c rdkafka_msgset_reader.c -o rdkafka_msgset_reader.o
[INFO] [stderr]   gcc -MD -MP -g -O2 -fPIC -Wall -Wsign-compare -Wfloat-equal -Wpointer-arith -Wcast-align -I.  -c rdkafka_header.c -o rdkafka_header.o
[INFO] [stderr]   gcc -MD -MP -g -O2 -fPIC -Wall -Wsign-compare -Wfloat-equal -Wpointer-arith -Wcast-align -I.  -c rdkafka_admin.c -o rdkafka_admin.o
[INFO] [stderr]   gcc -MD -MP -g -O2 -fPIC -Wall -Wsign-compare -Wfloat-equal -Wpointer-arith -Wcast-align -I.  -c rdkafka_aux.c -o rdkafka_aux.o
[INFO] [stderr]   gcc -MD -MP -g -O2 -fPIC -Wall -Wsign-compare -Wfloat-equal -Wpointer-arith -Wcast-align -I.  -c rdkafka_background.c -o rdkafka_background.o
[INFO] [stderr]   gcc -MD -MP -g -O2 -fPIC -Wall -Wsign-compare -Wfloat-equal -Wpointer-arith -Wcast-align -I.  -c rdkafka_idempotence.c -o rdkafka_idempotence.o
[INFO] [stderr]   gcc -MD -MP -g -O2 -fPIC -Wall -Wsign-compare -Wfloat-equal -Wpointer-arith -Wcast-align -I.  -c rdkafka_cert.c -o rdkafka_cert.o
[INFO] [stderr]   gcc -MD -MP -g -O2 -fPIC -Wall -Wsign-compare -Wfloat-equal -Wpointer-arith -Wcast-align -I.  -c rdkafka_txnmgr.c -o rdkafka_txnmgr.o
[INFO] [stderr]   gcc -MD -MP -g -O2 -fPIC -Wall -Wsign-compare -Wfloat-equal -Wpointer-arith -Wcast-align -I.  -c rdkafka_coord.c -o rdkafka_coord.o
[INFO] [stderr]   gcc -MD -MP -g -O2 -fPIC -Wall -Wsign-compare -Wfloat-equal -Wpointer-arith -Wcast-align -I.  -c rdbase64.c -o rdbase64.o
[INFO] [stderr]   gcc -MD -MP -g -O2 -fPIC -Wall -Wsign-compare -Wfloat-equal -Wpointer-arith -Wcast-align -I.  -c rdvarint.c -o rdvarint.o
[INFO] [stderr]   gcc -MD -MP -g -O2 -fPIC -Wall -Wsign-compare -Wfloat-equal -Wpointer-arith -Wcast-align -I.  -c rdbuf.c -o rdbuf.o
[INFO] [stderr]   gcc -MD -MP -g -O2 -fPIC -Wall -Wsign-compare -Wfloat-equal -Wpointer-arith -Wcast-align -I.  -c rdmap.c -o rdmap.o
[INFO] [stderr]   gcc -MD -MP -g -O2 -fPIC -Wall -Wsign-compare -Wfloat-equal -Wpointer-arith -Wcast-align -I.  -c rdunittest.c -o rdunittest.o
[INFO] [stderr]   gcc -MD -MP -g -O2 -fPIC -Wall -Wsign-compare -Wfloat-equal -Wpointer-arith -Wcast-align -I.  -c rdkafka_mock.c -o rdkafka_mock.o
[INFO] [stderr]   gcc -MD -MP -g -O2 -fPIC -Wall -Wsign-compare -Wfloat-equal -Wpointer-arith -Wcast-align -I.  -c rdkafka_mock_handlers.c -o rdkafka_mock_handlers.o
[INFO] [stderr]   gcc -MD -MP -g -O2 -fPIC -Wall -Wsign-compare -Wfloat-equal -Wpointer-arith -Wcast-align -I.  -c rdkafka_mock_cgrp.c -o rdkafka_mock_cgrp.o
[INFO] [stderr]   gcc -MD -MP -g -O2 -fPIC -Wall -Wsign-compare -Wfloat-equal -Wpointer-arith -Wcast-align -I.  -c rdkafka_error.c -o rdkafka_error.o
[INFO] [stderr]   gcc -MD -MP -g -O2 -fPIC -Wall -Wsign-compare -Wfloat-equal -Wpointer-arith -Wcast-align -I.  -c rdkafka_fetcher.c -o rdkafka_fetcher.o
[INFO] [stderr]   gcc -MD -MP -g -O2 -fPIC -Wall -Wsign-compare -Wfloat-equal -Wpointer-arith -Wcast-align -I.  -c rdkafka_telemetry.c -o rdkafka_telemetry.o
[INFO] [stderr]   gcc -MD -MP -g -O2 -fPIC -Wall -Wsign-compare -Wfloat-equal -Wpointer-arith -Wcast-align -I.  -c rdkafka_telemetry_encode.c -o rdkafka_telemetry_encode.o
[INFO] [stderr]   gcc -MD -MP -g -O2 -fPIC -Wall -Wsign-compare -Wfloat-equal -Wpointer-arith -Wcast-align -I.  -c rdkafka_telemetry_decode.c -o rdkafka_telemetry_decode.o
[INFO] [stderr]   gcc -MD -MP -g -O2 -fPIC -Wall -Wsign-compare -Wfloat-equal -Wpointer-arith -Wcast-align -I.  -c nanopb/pb_encode.c -o nanopb/pb_encode.o
[INFO] [stderr]   gcc -MD -MP -g -O2 -fPIC -Wall -Wsign-compare -Wfloat-equal -Wpointer-arith -Wcast-align -I.  -c nanopb/pb_decode.c -o nanopb/pb_decode.o
[INFO] [stderr]   gcc -MD -MP -g -O2 -fPIC -Wall -Wsign-compare -Wfloat-equal -Wpointer-arith -Wcast-align -I.  -c nanopb/pb_common.c -o nanopb/pb_common.o
[INFO] [stderr]   gcc -MD -MP -g -O2 -fPIC -Wall -Wsign-compare -Wfloat-equal -Wpointer-arith -Wcast-align -I.  -c opentelemetry/metrics.pb.c -o opentelemetry/metrics.pb.o
[INFO] [stderr]   gcc -MD -MP -g -O2 -fPIC -Wall -Wsign-compare -Wfloat-equal -Wpointer-arith -Wcast-align -I.  -c opentelemetry/common.pb.c -o opentelemetry/common.pb.o
[INFO] [stderr]   gcc -MD -MP -g -O2 -fPIC -Wall -Wsign-compare -Wfloat-equal -Wpointer-arith -Wcast-align -I.  -c opentelemetry/resource.pb.c -o opentelemetry/resource.pb.o
[INFO] [stderr]   gcc -MD -MP -g -O2 -fPIC -Wall -Wsign-compare -Wfloat-equal -Wpointer-arith -Wcast-align -I.  -c snappy.c -o snappy.o
[INFO] [stderr]   gcc -MD -MP -g -O2 -fPIC -Wall -Wsign-compare -Wfloat-equal -Wpointer-arith -Wcast-align -I.  -c rdgz.c -o rdgz.o
[INFO] [stderr]   gcc -MD -MP -g -O2 -fPIC -Wall -Wsign-compare -Wfloat-equal -Wpointer-arith -Wcast-align -I.  -c rdhdrhistogram.c -o rdhdrhistogram.o
[INFO] [stderr]   gcc -MD -MP -g -O2 -fPIC -Wall -Wsign-compare -Wfloat-equal -Wpointer-arith -Wcast-align -I.  -c rdkafka_lz4.c -o rdkafka_lz4.o
[INFO] [stderr]   gcc -MD -MP -g -O2 -fPIC -Wall -Wsign-compare -Wfloat-equal -Wpointer-arith -Wcast-align -I.  -O3 -c rdxxhash.c -o rdxxhash.o
[INFO] [stderr]   gcc -MD -MP -g -O2 -fPIC -Wall -Wsign-compare -Wfloat-equal -Wpointer-arith -Wcast-align -I.  -O3 -c lz4.c -o lz4.o
[INFO] [stderr]   gcc -MD -MP -g -O2 -fPIC -Wall -Wsign-compare -Wfloat-equal -Wpointer-arith -Wcast-align -I.  -O3 -c lz4frame.c -o lz4frame.o
[INFO] [stderr]   gcc -MD -MP -g -O2 -fPIC -Wall -Wsign-compare -Wfloat-equal -Wpointer-arith -Wcast-align -I.  -O3 -c lz4hc.c -o lz4hc.o
[INFO] [stderr]   gcc -MD -MP -g -O2 -fPIC -Wall -Wsign-compare -Wfloat-equal -Wpointer-arith -Wcast-align -I.  -c rddl.c -o rddl.o
[INFO] [stderr]   gcc -MD -MP -g -O2 -fPIC -Wall -Wsign-compare -Wfloat-equal -Wpointer-arith -Wcast-align -I.  -c rdkafka_plugin.c -o rdkafka_plugin.o
[INFO] [stderr]   Generating linker script librdkafka.lds from rdkafka.h rdkafka_mock.h
[INFO] [stderr]   Generating pkg-config file rdkafka.pc
[INFO] [stderr]   make[1]: Leaving directory '/opt/rustwide/target/debug/build/rdkafka-sys/620e1ff5cbceda5c/out/src'
[INFO] [stderr] 
[INFO] [stderr]   --- stderr
[INFO] [stderr]   Building and linking librdkafka statically
[INFO] [stderr]   Running command: "cp -a librdkafka/. /opt/rustwide/target/debug/build/rdkafka-sys/620e1ff5cbceda5c/out" in dir: .
[INFO] [stderr]   Running command: "/opt/rustwide/target/debug/build/rdkafka-sys/620e1ff5cbceda5c/out/configure --disable-ssl --disable-gssapi --disable-curl --disable-zstd --disable-lz4-ext" in dir: /opt/rustwide/target/debug/build/rdkafka-sys/620e1ff5cbceda5c/out
[INFO] [stderr]   Running command: "make libs" in dir: /opt/rustwide/target/debug/build/rdkafka-sys/620e1ff5cbceda5c/out
[INFO] [stderr]   rdkafka_aux.c: In function 'rd_kafka_Node_new_from_brokers':
[INFO] [stderr]   rdkafka_aux.c:270:13: warning: initialization discards 'const' qualifier from pointer target type [-Wdiscarded-qualifiers]
[INFO] [stderr]     270 |             bsearch(&key_sorted, brokers_sorted, broker_cnt,
[INFO] [stderr]         |             ^~~~~~~
[INFO] [stderr]   rdkafka_aux.c:275:13: warning: initialization discards 'const' qualifier from pointer target type [-Wdiscarded-qualifiers]
[INFO] [stderr]     275 |             bsearch(&key_internal, brokers_internal, broker_cnt,
[INFO] [stderr]         |             ^~~~~~~
[INFO] [stderr]   gcc: fatal error: Killed signal terminated program cc1
[INFO] [stderr]   compilation terminated.
[INFO] [stderr]   make[1]: *** [../mklove/Makefile.base:97: rdkafka_admin.o] Error 1
[INFO] [stderr]   make[1]: *** Waiting for unfinished jobs....
[INFO] [stderr]   make: *** [Makefile:28: libs] Error 2
[INFO] [stderr] 
[INFO] [stderr]   thread 'main' (2862) panicked at /opt/rustwide/cargo-home/registry/src/index.crates.io-1949cf8c6b5b557f/rdkafka-sys-4.10.0+2.12.1/build.rs:36:33:
[INFO] [stderr]   Command failed with error code 2
[INFO] [stderr]   stack backtrace:
[INFO] [stderr]      0:     0x594c368de781 - std[195d500ac79e1cf]::backtrace_rs::backtrace::libunwind::trace
[INFO] [stderr]                                  at /rustc/4d7c0cd298ace72490220301fa543d63a154f8ce/library/std/src/../../backtrace/src/backtrace/libunwind.rs:117:9
[INFO] [stderr]      1:     0x594c368de781 - std[195d500ac79e1cf]::backtrace_rs::backtrace::trace_unsynchronized::<std[195d500ac79e1cf]::sys::backtrace::_print_fmt::{closure#1}>
[INFO] [stderr]                                  at /rustc/4d7c0cd298ace72490220301fa543d63a154f8ce/library/std/src/../../backtrace/src/backtrace/mod.rs:66:14
[INFO] [stderr]      2:     0x594c368de781 - std[195d500ac79e1cf]::sys::backtrace::_print_fmt
[INFO] [stderr]                                  at /rustc/4d7c0cd298ace72490220301fa543d63a154f8ce/library/std/src/sys/backtrace.rs:74:9
[INFO] [stderr]      3:     0x594c368de781 - <<std[195d500ac79e1cf]::sys::backtrace::BacktraceLock>::print::DisplayBacktrace as core[e69a843402edb09d]::fmt::Display>::fmt
[INFO] [stderr]                                  at /rustc/4d7c0cd298ace72490220301fa543d63a154f8ce/library/std/src/sys/backtrace.rs:44:26
[INFO] [stderr]      4:     0x594c368eff8a - <core[e69a843402edb09d]::fmt::rt::Argument>::fmt
[INFO] [stderr]                                  at /rustc/4d7c0cd298ace72490220301fa543d63a154f8ce/library/core/src/fmt/rt.rs:152:76
[INFO] [stderr]      5:     0x594c368eff8a - core[e69a843402edb09d]::fmt::write
[INFO] [stderr]      6:     0x594c368e2a7c - core[e69a843402edb09d]::io::write::default_write_fmt::<std[195d500ac79e1cf]::sys::stdio::unix::Stderr>
[INFO] [stderr]                                  at /rustc/4d7c0cd298ace72490220301fa543d63a154f8ce/library/core/src/io/write.rs:402:11
[INFO] [stderr]      7:     0x594c368e2a7c - <std[195d500ac79e1cf]::sys::stdio::unix::Stderr as core[e69a843402edb09d]::io::write::Write>::write_fmt
[INFO] [stderr]                                  at /rustc/4d7c0cd298ace72490220301fa543d63a154f8ce/library/core/src/io/write.rs:335:13
[INFO] [stderr]      8:     0x594c368bf7d6 - <std[195d500ac79e1cf]::sys::backtrace::BacktraceLock>::print
[INFO] [stderr]                                  at /rustc/4d7c0cd298ace72490220301fa543d63a154f8ce/library/std/src/sys/backtrace.rs:47:9
[INFO] [stderr]      9:     0x594c368bf7d6 - std[195d500ac79e1cf]::panicking::default_hook::{closure#0}
[INFO] [stderr]                                  at /rustc/4d7c0cd298ace72490220301fa543d63a154f8ce/library/std/src/panicking.rs:289:27
[INFO] [stderr]     10:     0x594c368d9b51 - std[195d500ac79e1cf]::panicking::default_hook
[INFO] [stderr]                                  at /rustc/4d7c0cd298ace72490220301fa543d63a154f8ce/library/std/src/panicking.rs:316:9
[INFO] [stderr]     11:     0x594c368d9d0b - std[195d500ac79e1cf]::panicking::panic_with_hook
[INFO] [stderr]                                  at /rustc/4d7c0cd298ace72490220301fa543d63a154f8ce/library/std/src/panicking.rs:811:13
[INFO] [stderr]     12:     0x594c368bf882 - std[195d500ac79e1cf]::panicking::panic_handler::{closure#0}
[INFO] [stderr]                                  at /rustc/4d7c0cd298ace72490220301fa543d63a154f8ce/library/std/src/panicking.rs:685:13
[INFO] [stderr]     13:     0x594c368b9559 - std[195d500ac79e1cf]::sys::backtrace::__rust_end_short_backtrace::<std[195d500ac79e1cf]::panicking::panic_handler::{closure#0}, !>
[INFO] [stderr]                                  at /rustc/4d7c0cd298ace72490220301fa543d63a154f8ce/library/std/src/sys/backtrace.rs:182:18
[INFO] [stderr]     14:     0x594c368c010d - __rustc[d114041ddbf554ad]::rust_begin_unwind
[INFO] [stderr]                                  at /rustc/4d7c0cd298ace72490220301fa543d63a154f8ce/library/std/src/panicking.rs:676:5
[INFO] [stderr]     15:     0x594c368f06bc - core[e69a843402edb09d]::panicking::panic_fmt
[INFO] [stderr]                                  at /rustc/4d7c0cd298ace72490220301fa543d63a154f8ce/library/core/src/panicking.rs:80:14
[INFO] [stderr]     16:     0x594c3688795d - build_script_build[693e63025351e80d]::run_command_or_fail::<&str, &str>
[INFO] [stderr]     17:     0x594c3688aa65 - build_script_build[693e63025351e80d]::build_librdkafka
[INFO] [stderr]     18:     0x594c3688af26 - build_script_build[693e63025351e80d]::main
[INFO] [stderr]     19:     0x594c3688bea3 - <fn() as core[e69a843402edb09d]::ops::function::FnOnce<()>>::call_once
[INFO] [stderr]     20:     0x594c36888a56 - std[195d500ac79e1cf]::sys::backtrace::__rust_begin_short_backtrace::<fn(), ()>
[INFO] [stderr]     21:     0x594c36888be9 - std[195d500ac79e1cf]::rt::lang_start::<()>::{closure#0}
[INFO] [stderr]     22:     0x594c368d8f58 - <&dyn core[e69a843402edb09d]::ops::function::Fn<(), Output = i32> + core[e69a843402edb09d]::marker::Sync + core[e69a843402edb09d]::panic::unwind_safe::RefUnwindSafe as core[e69a843402edb09d]::ops::function::FnOnce<()>>::call_once
[INFO] [stderr]                                  at /rustc/4d7c0cd298ace72490220301fa543d63a154f8ce/library/core/src/ops/function.rs:287:21
[INFO] [stderr]     23:     0x594c368d8f58 - std[195d500ac79e1cf]::panicking::catch_unwind::do_call::<&dyn core[e69a843402edb09d]::ops::function::Fn<(), Output = i32> + core[e69a843402edb09d]::marker::Sync + core[e69a843402edb09d]::panic::unwind_safe::RefUnwindSafe, i32>
[INFO] [stderr]                                  at /rustc/4d7c0cd298ace72490220301fa543d63a154f8ce/library/std/src/panicking.rs:573:43
[INFO] [stderr]     24:     0x594c368d8f58 - std[195d500ac79e1cf]::panicking::catch_unwind::<i32, &dyn core[e69a843402edb09d]::ops::function::Fn<(), Output = i32> + core[e69a843402edb09d]::marker::Sync + core[e69a843402edb09d]::panic::unwind_safe::RefUnwindSafe>
[INFO] [stderr]                                  at /rustc/4d7c0cd298ace72490220301fa543d63a154f8ce/library/std/src/panicking.rs:541:19
[INFO] [stderr]     25:     0x594c368d8f58 - std[195d500ac79e1cf]::panic::catch_unwind::<&dyn core[e69a843402edb09d]::ops::function::Fn<(), Output = i32> + core[e69a843402edb09d]::marker::Sync + core[e69a843402edb09d]::panic::unwind_safe::RefUnwindSafe, i32>
[INFO] [stderr]                                  at /rustc/4d7c0cd298ace72490220301fa543d63a154f8ce/library/std/src/panic.rs:359:14
[INFO] [stderr]     26:     0x594c368d8f58 - std[195d500ac79e1cf]::rt::lang_start_internal::{closure#0}
[INFO] [stderr]                                  at /rustc/4d7c0cd298ace72490220301fa543d63a154f8ce/library/std/src/rt.rs:175:24
[INFO] [stderr]     27:     0x594c368d8f58 - std[195d500ac79e1cf]::panicking::catch_unwind::do_call::<std[195d500ac79e1cf]::rt::lang_start_internal::{closure#0}, isize>
[INFO] [stderr]                                  at /rustc/4d7c0cd298ace72490220301fa543d63a154f8ce/library/std/src/panicking.rs:573:43
[INFO] [stderr]     28:     0x594c368d8f58 - std[195d500ac79e1cf]::panicking::catch_unwind::<isize, std[195d500ac79e1cf]::rt::lang_start_internal::{closure#0}>
[INFO] [stderr]                                  at /rustc/4d7c0cd298ace72490220301fa543d63a154f8ce/library/std/src/panicking.rs:541:19
[INFO] [stderr]     29:     0x594c368d8f58 - std[195d500ac79e1cf]::panic::catch_unwind::<std[195d500ac79e1cf]::rt::lang_start_internal::{closure#0}, isize>
[INFO] [stderr]                                  at /rustc/4d7c0cd298ace72490220301fa543d63a154f8ce/library/std/src/panic.rs:359:14
[INFO] [stderr]     30:     0x594c368d8f58 - std[195d500ac79e1cf]::rt::lang_start_internal
[INFO] [stderr]                                  at /rustc/4d7c0cd298ace72490220301fa543d63a154f8ce/library/std/src/rt.rs:171:5
[INFO] [stderr]     31:     0x594c36888701 - std[195d500ac79e1cf]::rt::lang_start::<()>
[INFO] [stderr]     32:     0x594c3688bef5 - main
[INFO] [stderr]     33:     0x729921ca2601 - <unknown>
[INFO] [stderr]     34:     0x729921ca2718 - __libc_start_main
[INFO] [stderr]     35:     0x594c36887225 - _start
[INFO] [stderr]     36:                0x0 - <unknown>
[INFO] running `Command { std: "docker" "inspect" "ee418ccf41c2711fc2dc6f947914afb2911aec244b9c1343b662cc797c75b025", kill_on_drop: false }`
[INFO] running `Command { std: "docker" "rm" "-f" "ee418ccf41c2711fc2dc6f947914afb2911aec244b9c1343b662cc797c75b025", kill_on_drop: false }`
[INFO] [stdout] ee418ccf41c2711fc2dc6f947914afb2911aec244b9c1343b662cc797c75b025
