[INFO] cloning repository https://github.com/amannhq/grepify
[INFO] running `Command { std: "git" "-c" "credential.helper=" "-c" "credential.helper=/workspace/cargo-home/bin/git-credential-null" "clone" "--bare" "https://github.com/amannhq/grepify" "/workspace/cache/git-repos/https%3A%2F%2Fgithub.com%2Famannhq%2Fgrepify", kill_on_drop: false }`
[INFO] [stderr] Cloning into bare repository '/workspace/cache/git-repos/https%3A%2F%2Fgithub.com%2Famannhq%2Fgrepify'...
[INFO] running `Command { std: "git" "rev-parse" "HEAD", kill_on_drop: false }`
[INFO] [stdout] 7c4f90b410cfc77dca7aecdbfd83b9744de2a4cb
[INFO] checking amannhq/grepify against 4d7c0cd298ace72490220301fa543d63a154f8ce for pr-164789
[INFO] running `Command { std: "git" "clone" "/workspace/cache/git-repos/https%3A%2F%2Fgithub.com%2Famannhq%2Fgrepify" "/workspace/builds/worker-2-tc2/source", kill_on_drop: false }`
[INFO] [stderr] Cloning into '/workspace/builds/worker-2-tc2/source'...
[INFO] [stderr] done.
[INFO] removed /workspace/builds/worker-2-tc2/source/.cargo/config.toml
[INFO] started tweaking git repo https://github.com/amannhq/grepify
[INFO] finished tweaking git repo https://github.com/amannhq/grepify
[INFO] tweaked toml for git repo https://github.com/amannhq/grepify written to /workspace/builds/worker-2-tc2/source/Cargo.toml
[INFO] validating manifest of git repo https://github.com/amannhq/grepify on toolchain 4d7c0cd298ace72490220301fa543d63a154f8ce
[INFO] running `Command { std: CARGO_HOME="/workspace/cargo-home" RUSTUP_HOME="/workspace/rustup-home" "/workspace/cargo-home/bin/cargo" "+4d7c0cd298ace72490220301fa543d63a154f8ce" "metadata" "--manifest-path" "Cargo.toml" "--no-deps", kill_on_drop: false }`
[INFO] crate git repo https://github.com/amannhq/grepify already has a lockfile, it will not be regenerated
[INFO] running `Command { std: CARGO_HOME="/workspace/cargo-home" RUSTUP_HOME="/workspace/rustup-home" "/workspace/cargo-home/bin/cargo" "+4d7c0cd298ace72490220301fa543d63a154f8ce" "fetch" "--manifest-path" "Cargo.toml", kill_on_drop: false }`
[INFO] [stderr] warning: unused workspace dependency `async-stream`
[INFO] [stderr]   --> Cargo.toml:12:1
[INFO] [stderr]    |
[INFO] [stderr] 12 | async-stream = "0.3.6"
[INFO] [stderr]    | ^^^^^^^^^^^^
[INFO] [stderr]    |
[INFO] [stderr]    = note: `cargo::unused_workspace_dependencies` is set to `warn` by default
[INFO] [stderr] help: consider removing the workspace dependency `async-stream`
[INFO] [stderr] warning: unused workspace dependency `axum-extra`
[INFO] [stderr]   --> Cargo.toml:49:25
[INFO] [stderr]    |
[INFO] [stderr] 49 | [workspace.dependencies.axum-extra]
[INFO] [stderr]    |                         ^^^^^^^^^^
[INFO] [stderr]    |
[INFO] [stderr] help: consider removing the workspace dependency `axum-extra`
[INFO] [stderr] warning: unused workspace dependency `chrono`
[INFO] [stderr]   --> Cargo.toml:18:1
[INFO] [stderr]    |
[INFO] [stderr] 18 | chrono = "0.4.42"
[INFO] [stderr]    | ^^^^^^
[INFO] [stderr]    |
[INFO] [stderr] help: consider removing the workspace dependency `chrono`
[INFO] [stderr] warning: unused workspace dependency `config`
[INFO] [stderr]   --> Cargo.toml:19:1
[INFO] [stderr]    |
[INFO] [stderr] 19 | config = "0.15.19"
[INFO] [stderr]    | ^^^^^^
[INFO] [stderr]    |
[INFO] [stderr] help: consider removing the workspace dependency `config`
[INFO] [stderr] warning: unused workspace dependency `const_format`
[INFO] [stderr]   --> Cargo.toml:20:1
[INFO] [stderr]    |
[INFO] [stderr] 20 | const_format = "0.2.35"
[INFO] [stderr]    | ^^^^^^^^^^^^
[INFO] [stderr]    |
[INFO] [stderr] help: consider removing the workspace dependency `const_format`
[INFO] [stderr] warning: unused workspace dependency `derivative`
[INFO] [stderr]   --> Cargo.toml:21:1
[INFO] [stderr]    |
[INFO] [stderr] 21 | derivative = "2.2.0"
[INFO] [stderr]    | ^^^^^^^^^^
[INFO] [stderr]    |
[INFO] [stderr] help: consider removing the workspace dependency `derivative`
[INFO] [stderr] warning: unused workspace dependency `encoding_rs`
[INFO] [stderr]   --> Cargo.toml:22:1
[INFO] [stderr]    |
[INFO] [stderr] 22 | encoding_rs = "0.8.35"
[INFO] [stderr]    | ^^^^^^^^^^^
[INFO] [stderr]    |
[INFO] [stderr] help: consider removing the workspace dependency `encoding_rs`
[INFO] [stderr] warning: unused workspace dependency `indicatif`
[INFO] [stderr]   --> Cargo.toml:28:1
[INFO] [stderr]    |
[INFO] [stderr] 28 | indicatif = "0.17.11"
[INFO] [stderr]    | ^^^^^^^^^
[INFO] [stderr]    |
[INFO] [stderr] help: consider removing the workspace dependency `indicatif`
[INFO] [stderr] warning: unused workspace dependency `indoc`
[INFO] [stderr]   --> Cargo.toml:29:1
[INFO] [stderr]    |
[INFO] [stderr] 29 | indoc = "2.0.7"
[INFO] [stderr]    | ^^^^^
[INFO] [stderr]    |
[INFO] [stderr] help: consider removing the workspace dependency `indoc`
[INFO] [stderr] warning: unused workspace dependency `log`
[INFO] [stderr]   --> Cargo.toml:31:1
[INFO] [stderr]    |
[INFO] [stderr] 31 | log = "0.4.28"
[INFO] [stderr]    | ^^^
[INFO] [stderr]    |
[INFO] [stderr] help: consider removing the workspace dependency `log`
[INFO] [stderr] warning: unused workspace dependency `numpy`
[INFO] [stderr]   --> Cargo.toml:32:1
[INFO] [stderr]    |
[INFO] [stderr] 32 | numpy = "0.27.0"
[INFO] [stderr]    | ^^^^^
[INFO] [stderr]    |
[INFO] [stderr] help: consider removing the workspace dependency `numpy`
[INFO] [stderr] warning: unused workspace dependency `pgvector`
[INFO] [stderr]   --> Cargo.toml:66:25
[INFO] [stderr]    |
[INFO] [stderr] 66 | [workspace.dependencies.pgvector]
[INFO] [stderr]    |                         ^^^^^^^^
[INFO] [stderr]    |
[INFO] [stderr] help: consider removing the workspace dependency `pgvector`
[INFO] [stderr] warning: unused workspace dependency `reqwest`
[INFO] [stderr]   --> Cargo.toml:78:25
[INFO] [stderr]    |
[INFO] [stderr] 78 | [workspace.dependencies.reqwest]
[INFO] [stderr]    |                         ^^^^^^^
[INFO] [stderr]    |
[INFO] [stderr] help: consider removing the workspace dependency `reqwest`
[INFO] [stderr] warning: unused workspace dependency `time`
[INFO] [stderr]    --> Cargo.toml:103:25
[INFO] [stderr]     |
[INFO] [stderr] 103 | [workspace.dependencies.time]
[INFO] [stderr]     |                         ^^^^
[INFO] [stderr]     |
[INFO] [stderr] help: consider removing the workspace dependency `time`
[INFO] [stderr] warning: unused workspace dependency `tower`
[INFO] [stderr]   --> Cargo.toml:42:1
[INFO] [stderr]    |
[INFO] [stderr] 42 | tower = "0.5.2"
[INFO] [stderr]    | ^^^^^
[INFO] [stderr]    |
[INFO] [stderr] help: consider removing the workspace dependency `tower`
[INFO] [stderr] warning: unused workspace dependency `tower-http`
[INFO] [stderr]    --> Cargo.toml:115:25
[INFO] [stderr]     |
[INFO] [stderr] 115 | [workspace.dependencies.tower-http]
[INFO] [stderr]     |                         ^^^^^^^^^^
[INFO] [stderr]     |
[INFO] [stderr] help: consider removing the workspace dependency `tower-http`
[INFO] [stderr] warning: workspace (manifest) generated 16 warnings
[INFO] [stderr]     Blocking waiting for file lock on package cache
[INFO] [stderr]     Updating crates.io index
[INFO] [stderr]     Blocking waiting for file lock on package cache
[ERROR] error running command: no output for 300 seconds
[INFO] checking amannhq/grepify against 4d7c0cd298ace72490220301fa543d63a154f8ce for pr-164789
[INFO] running `Command { std: "git" "clone" "/workspace/cache/git-repos/https%3A%2F%2Fgithub.com%2Famannhq%2Fgrepify" "/workspace/builds/worker-2-tc2/source", kill_on_drop: false }`
[INFO] [stderr] Cloning into '/workspace/builds/worker-2-tc2/source'...
[INFO] [stderr] done.
[INFO] removed /workspace/builds/worker-2-tc2/source/.cargo/config.toml
[INFO] started tweaking git repo https://github.com/amannhq/grepify
[INFO] finished tweaking git repo https://github.com/amannhq/grepify
[INFO] tweaked toml for git repo https://github.com/amannhq/grepify written to /workspace/builds/worker-2-tc2/source/Cargo.toml
[INFO] validating manifest of git repo https://github.com/amannhq/grepify on toolchain 4d7c0cd298ace72490220301fa543d63a154f8ce
[INFO] running `Command { std: CARGO_HOME="/workspace/cargo-home" RUSTUP_HOME="/workspace/rustup-home" "/workspace/cargo-home/bin/cargo" "+4d7c0cd298ace72490220301fa543d63a154f8ce" "metadata" "--manifest-path" "Cargo.toml" "--no-deps", kill_on_drop: false }`
[INFO] crate git repo https://github.com/amannhq/grepify already has a lockfile, it will not be regenerated
[INFO] running `Command { std: CARGO_HOME="/workspace/cargo-home" RUSTUP_HOME="/workspace/rustup-home" "/workspace/cargo-home/bin/cargo" "+4d7c0cd298ace72490220301fa543d63a154f8ce" "fetch" "--manifest-path" "Cargo.toml", kill_on_drop: false }`
[INFO] [stderr] warning: unused workspace dependency `async-stream`
[INFO] [stderr]   --> Cargo.toml:12:1
[INFO] [stderr]    |
[INFO] [stderr] 12 | async-stream = "0.3.6"
[INFO] [stderr]    | ^^^^^^^^^^^^
[INFO] [stderr]    |
[INFO] [stderr]    = note: `cargo::unused_workspace_dependencies` is set to `warn` by default
[INFO] [stderr] help: consider removing the workspace dependency `async-stream`
[INFO] [stderr] warning: unused workspace dependency `axum-extra`
[INFO] [stderr]   --> Cargo.toml:49:25
[INFO] [stderr]    |
[INFO] [stderr] 49 | [workspace.dependencies.axum-extra]
[INFO] [stderr]    |                         ^^^^^^^^^^
[INFO] [stderr]    |
[INFO] [stderr] help: consider removing the workspace dependency `axum-extra`
[INFO] [stderr] warning: unused workspace dependency `chrono`
[INFO] [stderr]   --> Cargo.toml:18:1
[INFO] [stderr]    |
[INFO] [stderr] 18 | chrono = "0.4.42"
[INFO] [stderr]    | ^^^^^^
[INFO] [stderr]    |
[INFO] [stderr] help: consider removing the workspace dependency `chrono`
[INFO] [stderr] warning: unused workspace dependency `config`
[INFO] [stderr]   --> Cargo.toml:19:1
[INFO] [stderr]    |
[INFO] [stderr] 19 | config = "0.15.19"
[INFO] [stderr]    | ^^^^^^
[INFO] [stderr]    |
[INFO] [stderr] help: consider removing the workspace dependency `config`
[INFO] [stderr] warning: unused workspace dependency `const_format`
[INFO] [stderr]   --> Cargo.toml:20:1
[INFO] [stderr]    |
[INFO] [stderr] 20 | const_format = "0.2.35"
[INFO] [stderr]    | ^^^^^^^^^^^^
[INFO] [stderr]    |
[INFO] [stderr] help: consider removing the workspace dependency `const_format`
[INFO] [stderr] warning: unused workspace dependency `derivative`
[INFO] [stderr]   --> Cargo.toml:21:1
[INFO] [stderr]    |
[INFO] [stderr] 21 | derivative = "2.2.0"
[INFO] [stderr]    | ^^^^^^^^^^
[INFO] [stderr]    |
[INFO] [stderr] help: consider removing the workspace dependency `derivative`
[INFO] [stderr] warning: unused workspace dependency `encoding_rs`
[INFO] [stderr]   --> Cargo.toml:22:1
[INFO] [stderr]    |
[INFO] [stderr] 22 | encoding_rs = "0.8.35"
[INFO] [stderr]    | ^^^^^^^^^^^
[INFO] [stderr]    |
[INFO] [stderr] help: consider removing the workspace dependency `encoding_rs`
[INFO] [stderr] warning: unused workspace dependency `indicatif`
[INFO] [stderr]   --> Cargo.toml:28:1
[INFO] [stderr]    |
[INFO] [stderr] 28 | indicatif = "0.17.11"
[INFO] [stderr]    | ^^^^^^^^^
[INFO] [stderr]    |
[INFO] [stderr] help: consider removing the workspace dependency `indicatif`
[INFO] [stderr] warning: unused workspace dependency `indoc`
[INFO] [stderr]   --> Cargo.toml:29:1
[INFO] [stderr]    |
[INFO] [stderr] 29 | indoc = "2.0.7"
[INFO] [stderr]    | ^^^^^
[INFO] [stderr]    |
[INFO] [stderr] help: consider removing the workspace dependency `indoc`
[INFO] [stderr] warning: unused workspace dependency `log`
[INFO] [stderr]   --> Cargo.toml:31:1
[INFO] [stderr]    |
[INFO] [stderr] 31 | log = "0.4.28"
[INFO] [stderr]    | ^^^
[INFO] [stderr]    |
[INFO] [stderr] help: consider removing the workspace dependency `log`
[INFO] [stderr] warning: unused workspace dependency `numpy`
[INFO] [stderr]   --> Cargo.toml:32:1
[INFO] [stderr]    |
[INFO] [stderr] 32 | numpy = "0.27.0"
[INFO] [stderr]    | ^^^^^
[INFO] [stderr]    |
[INFO] [stderr] help: consider removing the workspace dependency `numpy`
[INFO] [stderr] warning: unused workspace dependency `pgvector`
[INFO] [stderr]   --> Cargo.toml:66:25
[INFO] [stderr]    |
[INFO] [stderr] 66 | [workspace.dependencies.pgvector]
[INFO] [stderr]    |                         ^^^^^^^^
[INFO] [stderr]    |
[INFO] [stderr] help: consider removing the workspace dependency `pgvector`
[INFO] [stderr] warning: unused workspace dependency `reqwest`
[INFO] [stderr]   --> Cargo.toml:78:25
[INFO] [stderr]    |
[INFO] [stderr] 78 | [workspace.dependencies.reqwest]
[INFO] [stderr]    |                         ^^^^^^^
[INFO] [stderr]    |
[INFO] [stderr] help: consider removing the workspace dependency `reqwest`
[INFO] [stderr] warning: unused workspace dependency `time`
[INFO] [stderr]    --> Cargo.toml:103:25
[INFO] [stderr]     |
[INFO] [stderr] 103 | [workspace.dependencies.time]
[INFO] [stderr]     |                         ^^^^
[INFO] [stderr]     |
[INFO] [stderr] help: consider removing the workspace dependency `time`
[INFO] [stderr] warning: unused workspace dependency `tower`
[INFO] [stderr]   --> Cargo.toml:42:1
[INFO] [stderr]    |
[INFO] [stderr] 42 | tower = "0.5.2"
[INFO] [stderr]    | ^^^^^
[INFO] [stderr]    |
[INFO] [stderr] help: consider removing the workspace dependency `tower`
[INFO] [stderr] warning: unused workspace dependency `tower-http`
[INFO] [stderr]    --> Cargo.toml:115:25
[INFO] [stderr]     |
[INFO] [stderr] 115 | [workspace.dependencies.tower-http]
[INFO] [stderr]     |                         ^^^^^^^^^^
[INFO] [stderr]     |
[INFO] [stderr] help: consider removing the workspace dependency `tower-http`
[INFO] [stderr] warning: workspace (manifest) generated 16 warnings
[INFO] [stderr]     Blocking waiting for file lock on package cache
[INFO] [stderr]     Blocking waiting for file lock on package cache
[ERROR] error running command: no output for 300 seconds
[INFO] checking amannhq/grepify against 4d7c0cd298ace72490220301fa543d63a154f8ce for pr-164789
[INFO] running `Command { std: "git" "clone" "/workspace/cache/git-repos/https%3A%2F%2Fgithub.com%2Famannhq%2Fgrepify" "/workspace/builds/worker-2-tc2/source", kill_on_drop: false }`
[INFO] [stderr] Cloning into '/workspace/builds/worker-2-tc2/source'...
[INFO] [stderr] done.
[INFO] removed /workspace/builds/worker-2-tc2/source/.cargo/config.toml
[INFO] started tweaking git repo https://github.com/amannhq/grepify
[INFO] finished tweaking git repo https://github.com/amannhq/grepify
[INFO] tweaked toml for git repo https://github.com/amannhq/grepify written to /workspace/builds/worker-2-tc2/source/Cargo.toml
[INFO] validating manifest of git repo https://github.com/amannhq/grepify on toolchain 4d7c0cd298ace72490220301fa543d63a154f8ce
[INFO] running `Command { std: CARGO_HOME="/workspace/cargo-home" RUSTUP_HOME="/workspace/rustup-home" "/workspace/cargo-home/bin/cargo" "+4d7c0cd298ace72490220301fa543d63a154f8ce" "metadata" "--manifest-path" "Cargo.toml" "--no-deps", kill_on_drop: false }`
[INFO] crate git repo https://github.com/amannhq/grepify already has a lockfile, it will not be regenerated
[INFO] running `Command { std: CARGO_HOME="/workspace/cargo-home" RUSTUP_HOME="/workspace/rustup-home" "/workspace/cargo-home/bin/cargo" "+4d7c0cd298ace72490220301fa543d63a154f8ce" "fetch" "--manifest-path" "Cargo.toml", kill_on_drop: false }`
[INFO] [stderr] warning: unused workspace dependency `async-stream`
[INFO] [stderr]   --> Cargo.toml:12:1
[INFO] [stderr]    |
[INFO] [stderr] 12 | async-stream = "0.3.6"
[INFO] [stderr]    | ^^^^^^^^^^^^
[INFO] [stderr]    |
[INFO] [stderr]    = note: `cargo::unused_workspace_dependencies` is set to `warn` by default
[INFO] [stderr] help: consider removing the workspace dependency `async-stream`
[INFO] [stderr] warning: unused workspace dependency `axum-extra`
[INFO] [stderr]   --> Cargo.toml:49:25
[INFO] [stderr]    |
[INFO] [stderr] 49 | [workspace.dependencies.axum-extra]
[INFO] [stderr]    |                         ^^^^^^^^^^
[INFO] [stderr]    |
[INFO] [stderr] help: consider removing the workspace dependency `axum-extra`
[INFO] [stderr] warning: unused workspace dependency `chrono`
[INFO] [stderr]   --> Cargo.toml:18:1
[INFO] [stderr]    |
[INFO] [stderr] 18 | chrono = "0.4.42"
[INFO] [stderr]    | ^^^^^^
[INFO] [stderr]    |
[INFO] [stderr] help: consider removing the workspace dependency `chrono`
[INFO] [stderr] warning: unused workspace dependency `config`
[INFO] [stderr]   --> Cargo.toml:19:1
[INFO] [stderr]    |
[INFO] [stderr] 19 | config = "0.15.19"
[INFO] [stderr]    | ^^^^^^
[INFO] [stderr]    |
[INFO] [stderr] help: consider removing the workspace dependency `config`
[INFO] [stderr] warning: unused workspace dependency `const_format`
[INFO] [stderr]   --> Cargo.toml:20:1
[INFO] [stderr]    |
[INFO] [stderr] 20 | const_format = "0.2.35"
[INFO] [stderr]    | ^^^^^^^^^^^^
[INFO] [stderr]    |
[INFO] [stderr] help: consider removing the workspace dependency `const_format`
[INFO] [stderr] warning: unused workspace dependency `derivative`
[INFO] [stderr]   --> Cargo.toml:21:1
[INFO] [stderr]    |
[INFO] [stderr] 21 | derivative = "2.2.0"
[INFO] [stderr]    | ^^^^^^^^^^
[INFO] [stderr]    |
[INFO] [stderr] help: consider removing the workspace dependency `derivative`
[INFO] [stderr] warning: unused workspace dependency `encoding_rs`
[INFO] [stderr]   --> Cargo.toml:22:1
[INFO] [stderr]    |
[INFO] [stderr] 22 | encoding_rs = "0.8.35"
[INFO] [stderr]    | ^^^^^^^^^^^
[INFO] [stderr]    |
[INFO] [stderr] help: consider removing the workspace dependency `encoding_rs`
[INFO] [stderr] warning: unused workspace dependency `indicatif`
[INFO] [stderr]   --> Cargo.toml:28:1
[INFO] [stderr]    |
[INFO] [stderr] 28 | indicatif = "0.17.11"
[INFO] [stderr]    | ^^^^^^^^^
[INFO] [stderr]    |
[INFO] [stderr] help: consider removing the workspace dependency `indicatif`
[INFO] [stderr] warning: unused workspace dependency `indoc`
[INFO] [stderr]   --> Cargo.toml:29:1
[INFO] [stderr]    |
[INFO] [stderr] 29 | indoc = "2.0.7"
[INFO] [stderr]    | ^^^^^
[INFO] [stderr]    |
[INFO] [stderr] help: consider removing the workspace dependency `indoc`
[INFO] [stderr] warning: unused workspace dependency `log`
[INFO] [stderr]   --> Cargo.toml:31:1
[INFO] [stderr]    |
[INFO] [stderr] 31 | log = "0.4.28"
[INFO] [stderr]    | ^^^
[INFO] [stderr]    |
[INFO] [stderr] help: consider removing the workspace dependency `log`
[INFO] [stderr] warning: unused workspace dependency `numpy`
[INFO] [stderr]   --> Cargo.toml:32:1
[INFO] [stderr]    |
[INFO] [stderr] 32 | numpy = "0.27.0"
[INFO] [stderr]    | ^^^^^
[INFO] [stderr]    |
[INFO] [stderr] help: consider removing the workspace dependency `numpy`
[INFO] [stderr] warning: unused workspace dependency `pgvector`
[INFO] [stderr]   --> Cargo.toml:66:25
[INFO] [stderr]    |
[INFO] [stderr] 66 | [workspace.dependencies.pgvector]
[INFO] [stderr]    |                         ^^^^^^^^
[INFO] [stderr]    |
[INFO] [stderr] help: consider removing the workspace dependency `pgvector`
[INFO] [stderr] warning: unused workspace dependency `reqwest`
[INFO] [stderr]   --> Cargo.toml:78:25
[INFO] [stderr]    |
[INFO] [stderr] 78 | [workspace.dependencies.reqwest]
[INFO] [stderr]    |                         ^^^^^^^
[INFO] [stderr]    |
[INFO] [stderr] help: consider removing the workspace dependency `reqwest`
[INFO] [stderr] warning: unused workspace dependency `time`
[INFO] [stderr]    --> Cargo.toml:103:25
[INFO] [stderr]     |
[INFO] [stderr] 103 | [workspace.dependencies.time]
[INFO] [stderr]     |                         ^^^^
[INFO] [stderr]     |
[INFO] [stderr] help: consider removing the workspace dependency `time`
[INFO] [stderr] warning: unused workspace dependency `tower`
[INFO] [stderr]   --> Cargo.toml:42:1
[INFO] [stderr]    |
[INFO] [stderr] 42 | tower = "0.5.2"
[INFO] [stderr]    | ^^^^^
[INFO] [stderr]    |
[INFO] [stderr] help: consider removing the workspace dependency `tower`
[INFO] [stderr] warning: unused workspace dependency `tower-http`
[INFO] [stderr]    --> Cargo.toml:115:25
[INFO] [stderr]     |
[INFO] [stderr] 115 | [workspace.dependencies.tower-http]
[INFO] [stderr]     |                         ^^^^^^^^^^
[INFO] [stderr]     |
[INFO] [stderr] help: consider removing the workspace dependency `tower-http`
[INFO] [stderr] warning: workspace (manifest) generated 16 warnings
[INFO] [stderr]     Blocking waiting for file lock on package cache
[INFO] [stderr]     Blocking waiting for file lock on package cache
[ERROR] error running command: no output for 300 seconds
[INFO] checking amannhq/grepify against 4d7c0cd298ace72490220301fa543d63a154f8ce for pr-164789
[INFO] running `Command { std: "git" "clone" "/workspace/cache/git-repos/https%3A%2F%2Fgithub.com%2Famannhq%2Fgrepify" "/workspace/builds/worker-2-tc2/source", kill_on_drop: false }`
[INFO] [stderr] Cloning into '/workspace/builds/worker-2-tc2/source'...
[INFO] [stderr] done.
[INFO] removed /workspace/builds/worker-2-tc2/source/.cargo/config.toml
[INFO] started tweaking git repo https://github.com/amannhq/grepify
[INFO] finished tweaking git repo https://github.com/amannhq/grepify
[INFO] tweaked toml for git repo https://github.com/amannhq/grepify written to /workspace/builds/worker-2-tc2/source/Cargo.toml
[INFO] validating manifest of git repo https://github.com/amannhq/grepify on toolchain 4d7c0cd298ace72490220301fa543d63a154f8ce
[INFO] running `Command { std: CARGO_HOME="/workspace/cargo-home" RUSTUP_HOME="/workspace/rustup-home" "/workspace/cargo-home/bin/cargo" "+4d7c0cd298ace72490220301fa543d63a154f8ce" "metadata" "--manifest-path" "Cargo.toml" "--no-deps", kill_on_drop: false }`
[INFO] crate git repo https://github.com/amannhq/grepify already has a lockfile, it will not be regenerated
[INFO] running `Command { std: CARGO_HOME="/workspace/cargo-home" RUSTUP_HOME="/workspace/rustup-home" "/workspace/cargo-home/bin/cargo" "+4d7c0cd298ace72490220301fa543d63a154f8ce" "fetch" "--manifest-path" "Cargo.toml", kill_on_drop: false }`
[INFO] [stderr] warning: unused workspace dependency `async-stream`
[INFO] [stderr]   --> Cargo.toml:12:1
[INFO] [stderr]    |
[INFO] [stderr] 12 | async-stream = "0.3.6"
[INFO] [stderr]    | ^^^^^^^^^^^^
[INFO] [stderr]    |
[INFO] [stderr]    = note: `cargo::unused_workspace_dependencies` is set to `warn` by default
[INFO] [stderr] help: consider removing the workspace dependency `async-stream`
[INFO] [stderr] warning: unused workspace dependency `axum-extra`
[INFO] [stderr]   --> Cargo.toml:49:25
[INFO] [stderr]    |
[INFO] [stderr] 49 | [workspace.dependencies.axum-extra]
[INFO] [stderr]    |                         ^^^^^^^^^^
[INFO] [stderr]    |
[INFO] [stderr] help: consider removing the workspace dependency `axum-extra`
[INFO] [stderr] warning: unused workspace dependency `chrono`
[INFO] [stderr]   --> Cargo.toml:18:1
[INFO] [stderr]    |
[INFO] [stderr] 18 | chrono = "0.4.42"
[INFO] [stderr]    | ^^^^^^
[INFO] [stderr]    |
[INFO] [stderr] help: consider removing the workspace dependency `chrono`
[INFO] [stderr] warning: unused workspace dependency `config`
[INFO] [stderr]   --> Cargo.toml:19:1
[INFO] [stderr]    |
[INFO] [stderr] 19 | config = "0.15.19"
[INFO] [stderr]    | ^^^^^^
[INFO] [stderr]    |
[INFO] [stderr] help: consider removing the workspace dependency `config`
[INFO] [stderr] warning: unused workspace dependency `const_format`
[INFO] [stderr]   --> Cargo.toml:20:1
[INFO] [stderr]    |
[INFO] [stderr] 20 | const_format = "0.2.35"
[INFO] [stderr]    | ^^^^^^^^^^^^
[INFO] [stderr]    |
[INFO] [stderr] help: consider removing the workspace dependency `const_format`
[INFO] [stderr] warning: unused workspace dependency `derivative`
[INFO] [stderr]   --> Cargo.toml:21:1
[INFO] [stderr]    |
[INFO] [stderr] 21 | derivative = "2.2.0"
[INFO] [stderr]    | ^^^^^^^^^^
[INFO] [stderr]    |
[INFO] [stderr] help: consider removing the workspace dependency `derivative`
[INFO] [stderr] warning: unused workspace dependency `encoding_rs`
[INFO] [stderr]   --> Cargo.toml:22:1
[INFO] [stderr]    |
[INFO] [stderr] 22 | encoding_rs = "0.8.35"
[INFO] [stderr]    | ^^^^^^^^^^^
[INFO] [stderr]    |
[INFO] [stderr] help: consider removing the workspace dependency `encoding_rs`
[INFO] [stderr] warning: unused workspace dependency `indicatif`
[INFO] [stderr]   --> Cargo.toml:28:1
[INFO] [stderr]    |
[INFO] [stderr] 28 | indicatif = "0.17.11"
[INFO] [stderr]    | ^^^^^^^^^
[INFO] [stderr]    |
[INFO] [stderr] help: consider removing the workspace dependency `indicatif`
[INFO] [stderr] warning: unused workspace dependency `indoc`
[INFO] [stderr]   --> Cargo.toml:29:1
[INFO] [stderr]    |
[INFO] [stderr] 29 | indoc = "2.0.7"
[INFO] [stderr]    | ^^^^^
[INFO] [stderr]    |
[INFO] [stderr] help: consider removing the workspace dependency `indoc`
[INFO] [stderr] warning: unused workspace dependency `log`
[INFO] [stderr]   --> Cargo.toml:31:1
[INFO] [stderr]    |
[INFO] [stderr] 31 | log = "0.4.28"
[INFO] [stderr]    | ^^^
[INFO] [stderr]    |
[INFO] [stderr] help: consider removing the workspace dependency `log`
[INFO] [stderr] warning: unused workspace dependency `numpy`
[INFO] [stderr]   --> Cargo.toml:32:1
[INFO] [stderr]    |
[INFO] [stderr] 32 | numpy = "0.27.0"
[INFO] [stderr]    | ^^^^^
[INFO] [stderr]    |
[INFO] [stderr] help: consider removing the workspace dependency `numpy`
[INFO] [stderr] warning: unused workspace dependency `pgvector`
[INFO] [stderr]   --> Cargo.toml:66:25
[INFO] [stderr]    |
[INFO] [stderr] 66 | [workspace.dependencies.pgvector]
[INFO] [stderr]    |                         ^^^^^^^^
[INFO] [stderr]    |
[INFO] [stderr] help: consider removing the workspace dependency `pgvector`
[INFO] [stderr] warning: unused workspace dependency `reqwest`
[INFO] [stderr]   --> Cargo.toml:78:25
[INFO] [stderr]    |
[INFO] [stderr] 78 | [workspace.dependencies.reqwest]
[INFO] [stderr]    |                         ^^^^^^^
[INFO] [stderr]    |
[INFO] [stderr] help: consider removing the workspace dependency `reqwest`
[INFO] [stderr] warning: unused workspace dependency `time`
[INFO] [stderr]    --> Cargo.toml:103:25
[INFO] [stderr]     |
[INFO] [stderr] 103 | [workspace.dependencies.time]
[INFO] [stderr]     |                         ^^^^
[INFO] [stderr]     |
[INFO] [stderr] help: consider removing the workspace dependency `time`
[INFO] [stderr] warning: unused workspace dependency `tower`
[INFO] [stderr]   --> Cargo.toml:42:1
[INFO] [stderr]    |
[INFO] [stderr] 42 | tower = "0.5.2"
[INFO] [stderr]    | ^^^^^
[INFO] [stderr]    |
[INFO] [stderr] help: consider removing the workspace dependency `tower`
[INFO] [stderr] warning: unused workspace dependency `tower-http`
[INFO] [stderr]    --> Cargo.toml:115:25
[INFO] [stderr]     |
[INFO] [stderr] 115 | [workspace.dependencies.tower-http]
[INFO] [stderr]     |                         ^^^^^^^^^^
[INFO] [stderr]     |
[INFO] [stderr] help: consider removing the workspace dependency `tower-http`
[INFO] [stderr] warning: workspace (manifest) generated 16 warnings
[INFO] [stderr]     Blocking waiting for file lock on package cache
[INFO] [stderr]     Blocking waiting for file lock on package cache
[INFO] [stderr]  Downloading crates ...
[INFO] [stderr]   Downloaded napi-derive-backend v5.1.1
[INFO] [stderr]   Downloaded ctor v1.0.8
[INFO] [stderr]   Downloaded napi-derive v3.5.9
[INFO] [stderr]   Downloaded storekey-derive v0.9.0
[INFO] [stderr]   Downloaded napi-build v2.3.2
[INFO] [stderr]   Downloaded napi-sys v3.2.2
[INFO] [stderr]   Downloaded storekey v0.9.0
[INFO] [stderr]   Downloaded napi v3.10.3
[INFO] [stderr]   Downloaded neo4rs v0.8.0
[INFO] [stderr]   Downloaded retain_mut v0.1.9
[INFO] [stderr]   Downloaded chrono-tz-build v0.2.1
[INFO] [stderr]   Downloaded delegate v0.10.0
[INFO] [stderr]   Downloaded neo4rs-macros v0.3.0
[INFO] [stderr]   Downloaded chrono-tz v0.8.6
[INFO] [stderr]   Downloaded governor v0.10.4
[INFO] [stderr]   Downloaded deadpool v0.9.5
[INFO] [stderr]   Downloaded async-openai v0.30.1
[INFO] [stderr]   Downloaded async-openai-macros v0.1.1
[INFO] [stderr]   Downloaded triomphe v0.1.15
[INFO] [stderr]   Downloaded archery v1.2.2
[INFO] [stderr]   Downloaded rpds v1.2.0
[INFO] [stderr]   Downloaded synchronoise v1.0.1
[INFO] [stderr]   Downloaded heed-traits v0.20.0
[INFO] [stderr]   Downloaded doxygen-rs v0.4.2
[INFO] [stderr]   Downloaded heed v0.22.1
[INFO] [stderr]   Downloaded heed-types v0.21.0
[INFO] [stderr]   Downloaded lmdb-master-sys v0.2.6
[INFO] [stderr]   Downloaded zvec v0.1.0
[INFO] [stderr]   Downloaded yup-oauth2 v12.1.2
[INFO] [stderr]   Downloaded tokio-tungstenite-wasm v0.8.2
[INFO] [stderr]   Downloaded surrealdb-types v3.1.2
[INFO] [stderr]   Downloaded surrealdb-protocol v0.10.2
[INFO] [stderr]   Downloaded surrealdb-types-derive v3.1.2
[INFO] [stderr]   Downloaded surrealdb v3.1.2
[INFO] [stderr]   Downloaded rust_decimal v1.42.0
[INFO] [stderr]   Downloaded sif-itree v0.4.1
[INFO] [stderr]   Downloaded rstar v0.12.2
[INFO] [stderr]   Downloaded i_overlay v4.0.7
[INFO] [stderr]   Downloaded geo-types v0.7.19
[INFO] [stderr]   Downloaded geo v0.32.0
[INFO] [stderr]   Downloaded rstar v0.8.4
[INFO] [stderr]   Downloaded pdqselect v0.1.0
[INFO] [stderr]   Downloaded rstar v0.9.3
[INFO] [stderr]   Downloaded as-slice v0.1.5
[INFO] [stderr]   Downloaded generic-array v0.13.3
[INFO] [stderr]   Downloaded hash32 v0.1.1
[INFO] [stderr]   Downloaded rstar v0.10.0
[INFO] [stderr]   Downloaded heapless v0.6.1
[INFO] [stderr]   Downloaded papaya v0.2.4
[INFO] [stderr]   Downloaded vart v0.9.3
[INFO] [stderr]   Downloaded storekey v0.11.0
[INFO] [stderr]   Downloaded storekey-derive v0.11.0
[INFO] [stderr]   Downloaded surrealdb-collections v3.1.2
[INFO] [stderr]   Downloaded roaring v0.11.4
[INFO] [stderr]   Downloaded surrealdb-strand v3.1.2
[INFO] [stderr]   Downloaded revision-derive v0.28.0
[INFO] [stderr]   Downloaded revision v0.28.0
[INFO] [stderr]   Downloaded path-clean v1.0.1
[INFO] [stderr]   Downloaded endian-type v0.2.0
[INFO] [stderr]   Downloaded reblessive v0.4.3
[INFO] [stderr]   Downloaded ndarray-stats v0.7.0
[INFO] [stderr]   Downloaded radix_trie v0.3.0
[INFO] [stderr]   Downloaded quick_cache v0.6.22
[INFO] [stderr]   Downloaded noisy_float v0.2.1
[INFO] [stderr]   Downloaded lexicmp v0.2.0
[INFO] [stderr]   Downloaded jsonwebtoken v10.4.0
[INFO] [stderr]   Downloaded surrealdb-core v3.1.2
[INFO] [stderr]   Downloaded trice v0.4.0
[INFO] [stderr]   Downloaded bnum v0.12.1
[INFO] [stderr]   Downloaded dmp v0.2.3
[INFO] [stderr]   Downloaded bcrypt v0.18.0
[INFO] [stderr]   Downloaded fastnum v0.7.4
[INFO] [stderr]   Downloaded diskann-vector v0.52.0
[INFO] [stderr]   Downloaded diskann-utils v0.52.0
[INFO] [stderr]   Downloaded diskann v0.52.0
[INFO] [stderr]   Downloaded diskann-wide v0.52.0
[INFO] [stderr]   Downloaded ammonia v4.1.2
[INFO] [stderr]   Downloaded match_token v0.35.0
[INFO] [stderr]   Downloaded markup5ever v0.35.0
[INFO] [stderr]   Downloaded web_atoms v0.1.3
[INFO] [stderr]   Downloaded addr v0.15.6
[INFO] [stderr]   Downloaded html5ever v0.35.0
[INFO] [stderr]   Downloaded cssparser v0.35.0
[INFO] [stderr]   Downloaded snowflake-jwt v0.3.1
[INFO] [stderr]   Downloaded reqwest-retry v0.7.0
[INFO] [stderr]   Downloaded boxcar v0.2.14
[INFO] [stderr]   Downloaded retry-policies v0.4.0
[INFO] [stderr]   Downloaded arrow-select v57.3.1
[INFO] [stderr]   Downloaded arrow-data v57.3.1
[INFO] [stderr]   Downloaded snowflake-api v0.14.0
[INFO] [stderr]   Downloaded arrow-schema v57.3.1
[INFO] [stderr]   Downloaded arrow-ipc v57.3.1
[INFO] [stderr]   Downloaded arrow-buffer v57.3.1
[INFO] [stderr]   Downloaded lz4_flex v0.12.2
[INFO] [stderr]   Downloaded object_store v0.12.5
[INFO] [stderr]   Downloaded arrow-array v57.3.1
[INFO] [stderr]   Downloaded redis v0.32.7
[INFO] [stderr]   Downloaded linkme-impl v0.3.36
[INFO] [stderr]   Downloaded qdrant-client v1.18.0
[INFO] [stderr]   Downloaded linkme v0.3.36
[INFO] [stderr]   Downloaded lancedb v0.26.2
[INFO] [stderr]   Downloaded lance-testing v2.0.0
[INFO] [stderr]   Downloaded lance-arrow v2.0.0
[INFO] [stderr]   Downloaded arrow-cast v57.3.1
[INFO] [stderr]   Downloaded fast-float2 v0.2.3
[INFO] [stderr]   Downloaded arrow-ord v57.3.1
[INFO] [stderr]   Downloaded lance-table v2.0.0
[INFO] [stderr]   Downloaded pulldown-cmark-to-cmark v22.0.0
[INFO] [stderr]   Downloaded roaring v0.10.12
[INFO] [stderr]   Downloaded lance-io v2.0.0
[INFO] [stderr]   Downloaded deepsize_derive v0.1.2
[INFO] [stderr]   Downloaded arrow-string v57.3.1
[INFO] [stderr]   Downloaded arrow-json v57.3.1
[INFO] [stderr]   Downloaded lance-namespace-reqwest-client v0.4.5
[INFO] [stderr]   Downloaded datafusion-physical-expr-common v51.0.0
[INFO] [stderr]   Downloaded datafusion-expr-common v51.0.0
[INFO] [stderr]   Downloaded arrow-arith v57.3.1
[INFO] [stderr]   Downloaded arrow-csv v57.3.1
[INFO] [stderr]   Downloaded datafusion-functions-window-common v51.0.0
[INFO] [stderr]   Downloaded lance-namespace v2.0.0
[INFO] [stderr]   Downloaded lance-core v2.0.0
[INFO] [stderr]   Downloaded deepsize v0.2.0
[INFO] [stderr]   Downloaded sqlparser_derive v0.3.0
[INFO] [stderr]   Downloaded datafusion-doc v51.0.0
[INFO] [stderr]   Downloaded sqlparser v0.59.0
[INFO] [stderr]   Downloaded datafusion-sql v51.0.0
[INFO] [stderr]   Downloaded datafusion-expr v51.0.0
[INFO] [stderr]   Downloaded arrow v57.3.1
[INFO] [stderr]   Downloaded arrow-row v57.3.1
[INFO] [stderr]   Downloaded datafusion-functions-aggregate-common v51.0.0
[INFO] [stderr]   Downloaded lance-file v2.0.0
[INFO] [stderr]   Downloaded lance-bitpacking v2.0.0
[INFO] [stderr]   Downloaded fsst v2.0.0
[INFO] [stderr]   Downloaded lance-namespace-impls v2.0.0
[INFO] [stderr]   Downloaded tantivy-tokenizer-api v0.5.0
[INFO] [stderr]   Downloaded tantivy-stacker v0.5.0
[INFO] [stderr]   Downloaded tantivy-common v0.9.0
[INFO] [stderr]   Downloaded ownedbytes v0.9.0
[INFO] [stderr]   Downloaded measure_time v0.9.0
[INFO] [stderr]   Downloaded datafusion-common v51.0.0
[INFO] [stderr]   Downloaded lance-encoding v2.0.0
[INFO] [stderr]   Downloaded tantivy-query-grammar v0.24.0
[INFO] [stderr]   Downloaded tantivy-sstable v0.5.0
[INFO] [stderr]   Downloaded tantivy-bitpacker v0.8.0
[INFO] [stderr]   Downloaded tantivy-columnar v0.5.0
[INFO] [stderr]   Downloaded lance-index v2.0.0
[INFO] [stderr]   Downloaded geo-traits v0.3.0
[INFO] [stderr]   Downloaded bon-macros v3.9.1
[INFO] [stderr]   Downloaded lance-linalg v2.0.0
[INFO] [stderr]   Downloaded lance-geo v2.0.0
[INFO] [stderr]   Downloaded geoarrow-expr-geo v0.7.0
[INFO] [stderr]   Downloaded datafusion-common-runtime v51.0.0
[INFO] [stderr]   Downloaded datafusion-macros v51.0.0
[INFO] [stderr]   Downloaded datafusion-session v51.0.0
[INFO] [stderr]   Downloaded bon v3.9.1
[INFO] [stderr]   Downloaded geoarrow-schema v0.7.0
[INFO] [stderr]   Downloaded datafusion-physical-expr-adapter v51.0.0
[INFO] [stderr]   Downloaded datafusion-datasource-json v51.0.0
[INFO] [stderr]   Downloaded datafusion-datasource-csv v51.0.0
[INFO] [stderr]   Downloaded datafusion-pruning v51.0.0
[INFO] [stderr]   Downloaded datafusion-catalog v51.0.0
[INFO] [stderr]   Downloaded datafusion-functions-table v51.0.0
[INFO] [stderr]   Downloaded datafusion-datasource-arrow v51.0.0
[INFO] [stderr]   Downloaded datafusion-catalog-listing v51.0.0
[INFO] [stderr]   Downloaded datafusion-functions-window v51.0.0
[INFO] [stderr]   Downloaded lance-datagen v2.0.0
[INFO] [stderr]   Downloaded datafusion-execution v51.0.0
[INFO] [stderr]   Downloaded geodatafusion v0.2.0
[INFO] [stderr]   Downloaded datafusion-physical-optimizer v51.0.0
[INFO] [stderr]   Downloaded datafusion-functions-nested v51.0.0
[INFO] [stderr]   Downloaded lance-datafusion v2.0.0
[INFO] [stderr]   Downloaded nougat v0.2.4
[INFO] [stderr]   Downloaded geoarrow-array v0.7.0
[INFO] [stderr]   Downloaded rcgen v0.14.8
[INFO] [stderr]   Downloaded macro_rules_attribute-proc_macro v0.1.3
[INFO] [stderr]   Downloaded extension-traits v1.0.1
[INFO] [stderr]   Downloaded nougat-proc_macros v0.2.4
[INFO] [stderr]   Downloaded lending-iterator v0.1.7
[INFO] [stderr]   Downloaded polonius-the-crab v0.2.1
[INFO] [stderr]   Downloaded macro_rules_attribute v0.1.3
[INFO] [stderr]   Downloaded never-say-never v6.6.666
[INFO] [stderr]   Downloaded ext-trait v1.0.1
[INFO] [stderr]   Downloaded ext-trait-proc_macros v1.0.1
[INFO] [stderr]   Downloaded compio-tls v0.9.1
[INFO] [stderr]   Downloaded compio-log v0.1.0
[INFO] [stderr]   Downloaded io_uring_buf_ring v0.2.3
[INFO] [stderr]   Downloaded geohash v0.13.2
[INFO] [stderr]   Downloaded lending-iterator-proc_macros v0.1.7
[INFO] [stderr]   Downloaded human-repr v1.1.0
[INFO] [stderr]   Downloaded err_trail v0.11.0
[INFO] [stderr]   Downloaded compio-macros v0.1.2
[INFO] [stderr]   Downloaded wkt v0.14.0
[INFO] [stderr]   Downloaded thin-cell v0.1.2
[INFO] [stderr]   Downloaded compio-ws v0.3.1
[INFO] [stderr]   Downloaded datafusion-datasource v51.0.0
[INFO] [stderr]   Downloaded datafusion-functions-aggregate v51.0.0
[INFO] [stderr]   Downloaded compio-buf v0.8.2
[INFO] [stderr]   Downloaded synchrony v0.1.8
[INFO] [stderr]   Downloaded compio-net v0.11.1
[INFO] [stderr]   Downloaded compio-runtime v0.11.0
[INFO] [stderr]   Downloaded compio v0.18.0
[INFO] [stderr]   Downloaded iggy v0.10.0
[INFO] [stderr]   Downloaded compio-io v0.9.1
[INFO] [stderr]   Downloaded compio-fs v0.11.0
[INFO] [stderr]   Downloaded compio-quic v0.7.2
[INFO] [stderr]   Downloaded compio-driver v0.11.4
[INFO] [stderr]   Downloaded async-dropper v0.3.1
[INFO] [stderr]   Downloaded wkb v0.9.2
[INFO] [stderr]   Downloaded iggy_binary_protocol v0.10.0
[INFO] [stderr]   Downloaded async-dropper-simple v0.2.6
[INFO] [stderr]   Downloaded async-scoped v0.9.0
[INFO] [stderr]   Downloaded async-dropper-derive v0.3.1
[INFO] [stderr]   Downloaded datafusion-optimizer v51.0.0
[INFO] [stderr]   Downloaded tree-sitter-vue-next v0.1.0
[INFO] [stderr]   Downloaded tree-sitter-svelte-ng v1.0.2
[INFO] [stderr]   Downloaded iggy_common v0.10.0
[INFO] [stderr]   Downloaded tree-sitter-astro-next v0.1.1
[INFO] [stderr]   Downloaded datafusion-functions v51.0.0
[INFO] [stderr]   Downloaded io-uring v0.7.12
[INFO] [stderr]   Downloaded datafusion-physical-expr v51.0.0
[INFO] [stderr]   Downloaded tree-sitter-hcl v1.1.0
[INFO] [stderr]   Downloaded tree-sitter-cmake v0.7.1
[INFO] [stderr]   Downloaded datafusion v51.0.0
[INFO] [stderr]   Downloaded tree-sitter-xml v0.7.0
[INFO] [stderr]   Downloaded imgref v1.12.1
[INFO] [stderr]   Downloaded typespec_macros v1.0.0
[INFO] [stderr]   Downloaded tree-sitter-elm v5.9.0
[INFO] [stderr]   Downloaded tree-sitter-solidity v1.2.13
[INFO] [stderr]   Downloaded azure_core_macros v1.0.0
[INFO] [stderr]   Downloaded typespec v1.0.0
[INFO] [stderr]   Downloaded tree-sitter-r v1.2.0
[INFO] [stderr]   Downloaded gcp-bigquery-client v0.28.0
[INFO] [stderr]   Downloaded azure_identity v1.0.0
[INFO] [stderr]   Downloaded typespec_client_core v1.0.0
[INFO] [stderr]   Downloaded tree-sitter-pascal v0.10.2
[INFO] [stderr]   Downloaded azure_core v1.0.0
[INFO] [stderr]   Downloaded aws-smithy-checksums v0.63.12
[INFO] [stderr]   Downloaded aws-smithy-query v0.60.13
[INFO] [stderr]   Downloaded pyo3-macros v0.27.2
[INFO] [stderr]   Downloaded aws-smithy-eventstream v0.60.18
[INFO] [stderr]   Downloaded aws-smithy-json v0.62.3
[INFO] [stderr]   Downloaded pythonize v0.27.0
[INFO] [stderr]   Downloaded azure_storage_blob v1.0.0
[INFO] [stderr]   Downloaded pyo3-build-config v0.27.2
[INFO] [stderr]   Downloaded tantivy v0.24.2
[INFO] [stderr]   Downloaded pyo3-async-runtimes v0.27.0
[INFO] [stderr]   Downloaded aws-runtime v1.6.0
[INFO] [stderr]   Downloaded pyo3-ffi v0.27.2
[INFO] [stderr]   Downloaded aws-sigv4 v1.3.8
[INFO] [stderr]   Downloaded aws-sdk-sso v1.93.0
[INFO] [stderr]   Downloaded pyo3-macros-backend v0.27.2
[INFO] [stderr]   Downloaded datafusion-physical-plan v51.0.0
[INFO] [stderr]   Downloaded crc-fast v1.6.0
[INFO] [stderr]   Downloaded aws-sdk-ssooidc v1.95.0
[INFO] [stderr]   Downloaded aws-config v1.8.13
[INFO] [stderr]   Downloaded aws-sdk-sts v1.97.0
[INFO] [stderr]   Downloaded tree-sitter-php v0.23.11
[INFO] [stderr]   Downloaded lance v2.0.0
[INFO] [stderr]   Downloaded tree-sitter-swift v0.7.1
[INFO] [stderr]   Downloaded tree-sitter-scala v0.24.1
[INFO] [stderr]   Downloaded pyo3 v0.27.2
[INFO] [stderr]   Downloaded tree-sitter-fortran v0.5.1
[INFO] [stderr]   Downloaded aws-sdk-s3 v1.119.0
[INFO] [stderr]   Downloaded tree-sitter-julia v0.23.1
[INFO] [stderr]   Downloaded random_word v0.5.2
[INFO] running `Command { std: "docker" "create" "-v" "/var/lib/crater-agent-workspace/builds/worker-2-tc2/source:/opt/rustwide/workdir:ro,Z" "-v" "/var/lib/crater-agent-workspace/builds/worker-2-tc2/target:/opt/rustwide/target:rw,Z" "-v" "/var/lib/crater-agent-workspace/cargo-home:/opt/rustwide/cargo-home:ro,Z" "-v" "/var/lib/crater-agent-workspace/rustup-home:/opt/rustwide/rustup-home:ro,Z" "-m" "1610612736" "--network" "none" "ghcr.io/rust-lang/crates-build-env/linux@sha256:c0af3998e971868164375a7dfb646c9933ddd1a3bdb00fa2041266763dc1eeab" "sleep" "infinity", kill_on_drop: false }`
[INFO] [stdout] 55a155841efb46047af3537a2ef0b752e6997450dca488f4a8cdd1d3f1b922ef
[INFO] running `Command { std: "docker" "start" "55a155841efb46047af3537a2ef0b752e6997450dca488f4a8cdd1d3f1b922ef", kill_on_drop: false }`
[INFO] running `Command { std: "docker" "inspect" "55a155841efb46047af3537a2ef0b752e6997450dca488f4a8cdd1d3f1b922ef", kill_on_drop: false }`
[INFO] running `Command { std: "docker" "exec" "-e" "SOURCE_DIR=/opt/rustwide/workdir" "-e" "CARGO_HOME=/opt/rustwide/cargo-home" "-e" "RUSTUP_HOME=/opt/rustwide/rustup-home" "-e" "CARGO_TARGET_DIR=/opt/rustwide/target" "-w" "/opt/rustwide/workdir" "--user" "0:0" "55a155841efb46047af3537a2ef0b752e6997450dca488f4a8cdd1d3f1b922ef" "/opt/rustwide/cargo-home/bin/cargo" "+4d7c0cd298ace72490220301fa543d63a154f8ce" "metadata" "--no-deps" "--format-version=1", kill_on_drop: false }`
[INFO] running `Command { std: "docker" "inspect" "55a155841efb46047af3537a2ef0b752e6997450dca488f4a8cdd1d3f1b922ef", kill_on_drop: false }`
[INFO] running `Command { std: "docker" "exec" "-e" "SOURCE_DIR=/opt/rustwide/workdir" "-e" "CARGO_HOME=/opt/rustwide/cargo-home" "-e" "RUSTUP_HOME=/opt/rustwide/rustup-home" "-e" "CARGO_TARGET_DIR=/opt/rustwide/target" "-e" "CARGO_INCREMENTAL=0" "-e" "RUST_BACKTRACE=full" "-e" "RUSTFLAGS=--cap-lints=forbid" "-e" "RUSTDOCFLAGS=--cap-lints=forbid" "-w" "/opt/rustwide/workdir" "--user" "0:0" "55a155841efb46047af3537a2ef0b752e6997450dca488f4a8cdd1d3f1b922ef" "/opt/rustwide/cargo-home/bin/cargo" "+4d7c0cd298ace72490220301fa543d63a154f8ce" "check" "--frozen" "--all" "--all-targets" "--message-format=json", kill_on_drop: false }`
[INFO] [stderr] warning: unused workspace dependency `async-stream`
[INFO] [stderr]   --> Cargo.toml:12:1
[INFO] [stderr]    |
[INFO] [stderr] 12 | async-stream = "0.3.6"
[INFO] [stderr]    | ^^^^^^^^^^^^
[INFO] [stderr]    |
[INFO] [stderr]    = note: `cargo::unused_workspace_dependencies` is set to `warn` by default
[INFO] [stderr] help: consider removing the workspace dependency `async-stream`
[INFO] [stderr] warning: unused workspace dependency `axum-extra`
[INFO] [stderr]   --> Cargo.toml:49:25
[INFO] [stderr]    |
[INFO] [stderr] 49 | [workspace.dependencies.axum-extra]
[INFO] [stderr]    |                         ^^^^^^^^^^
[INFO] [stderr]    |
[INFO] [stderr] help: consider removing the workspace dependency `axum-extra`
[INFO] [stderr] warning: unused workspace dependency `chrono`
[INFO] [stderr]   --> Cargo.toml:18:1
[INFO] [stderr]    |
[INFO] [stderr] 18 | chrono = "0.4.42"
[INFO] [stderr]    | ^^^^^^
[INFO] [stderr]    |
[INFO] [stderr] help: consider removing the workspace dependency `chrono`
[INFO] [stderr] warning: unused workspace dependency `config`
[INFO] [stderr]   --> Cargo.toml:19:1
[INFO] [stderr]    |
[INFO] [stderr] 19 | config = "0.15.19"
[INFO] [stderr]    | ^^^^^^
[INFO] [stderr]    |
[INFO] [stderr] help: consider removing the workspace dependency `config`
[INFO] [stderr] warning: unused workspace dependency `const_format`
[INFO] [stderr]   --> Cargo.toml:20:1
[INFO] [stderr]    |
[INFO] [stderr] 20 | const_format = "0.2.35"
[INFO] [stderr]    | ^^^^^^^^^^^^
[INFO] [stderr]    |
[INFO] [stderr] help: consider removing the workspace dependency `const_format`
[INFO] [stderr] warning: unused workspace dependency `derivative`
[INFO] [stderr]   --> Cargo.toml:21:1
[INFO] [stderr]    |
[INFO] [stderr] 21 | derivative = "2.2.0"
[INFO] [stderr]    | ^^^^^^^^^^
[INFO] [stderr]    |
[INFO] [stderr] help: consider removing the workspace dependency `derivative`
[INFO] [stderr] warning: unused workspace dependency `encoding_rs`
[INFO] [stderr]   --> Cargo.toml:22:1
[INFO] [stderr]    |
[INFO] [stderr] 22 | encoding_rs = "0.8.35"
[INFO] [stderr]    | ^^^^^^^^^^^
[INFO] [stderr]    |
[INFO] [stderr] help: consider removing the workspace dependency `encoding_rs`
[INFO] [stderr] warning: unused workspace dependency `indicatif`
[INFO] [stderr]   --> Cargo.toml:28:1
[INFO] [stderr]    |
[INFO] [stderr] 28 | indicatif = "0.17.11"
[INFO] [stderr]    | ^^^^^^^^^
[INFO] [stderr]    |
[INFO] [stderr] help: consider removing the workspace dependency `indicatif`
[INFO] [stderr] warning: unused workspace dependency `indoc`
[INFO] [stderr]   --> Cargo.toml:29:1
[INFO] [stderr]    |
[INFO] [stderr] 29 | indoc = "2.0.7"
[INFO] [stderr]    | ^^^^^
[INFO] [stderr]    |
[INFO] [stderr] help: consider removing the workspace dependency `indoc`
[INFO] [stderr] warning: unused workspace dependency `log`
[INFO] [stderr]   --> Cargo.toml:31:1
[INFO] [stderr]    |
[INFO] [stderr] 31 | log = "0.4.28"
[INFO] [stderr]    | ^^^
[INFO] [stderr]    |
[INFO] [stderr] help: consider removing the workspace dependency `log`
[INFO] [stderr] warning: unused workspace dependency `numpy`
[INFO] [stderr]   --> Cargo.toml:32:1
[INFO] [stderr]    |
[INFO] [stderr] 32 | numpy = "0.27.0"
[INFO] [stderr]    | ^^^^^
[INFO] [stderr]    |
[INFO] [stderr] help: consider removing the workspace dependency `numpy`
[INFO] [stderr] warning: unused workspace dependency `pgvector`
[INFO] [stderr]   --> Cargo.toml:66:25
[INFO] [stderr]    |
[INFO] [stderr] 66 | [workspace.dependencies.pgvector]
[INFO] [stderr]    |                         ^^^^^^^^
[INFO] [stderr]    |
[INFO] [stderr] help: consider removing the workspace dependency `pgvector`
[INFO] [stderr] warning: unused workspace dependency `reqwest`
[INFO] [stderr]   --> Cargo.toml:78:25
[INFO] [stderr]    |
[INFO] [stderr] 78 | [workspace.dependencies.reqwest]
[INFO] [stderr]    |                         ^^^^^^^
[INFO] [stderr]    |
[INFO] [stderr] help: consider removing the workspace dependency `reqwest`
[INFO] [stderr] warning: unused workspace dependency `time`
[INFO] [stderr]    --> Cargo.toml:103:25
[INFO] [stderr]     |
[INFO] [stderr] 103 | [workspace.dependencies.time]
[INFO] [stderr]     |                         ^^^^
[INFO] [stderr]     |
[INFO] [stderr] help: consider removing the workspace dependency `time`
[INFO] [stderr] warning: unused workspace dependency `tower`
[INFO] [stderr]   --> Cargo.toml:42:1
[INFO] [stderr]    |
[INFO] [stderr] 42 | tower = "0.5.2"
[INFO] [stderr]    | ^^^^^
[INFO] [stderr]    |
[INFO] [stderr] help: consider removing the workspace dependency `tower`
[INFO] [stderr] warning: unused workspace dependency `tower-http`
[INFO] [stderr]    --> Cargo.toml:115:25
[INFO] [stderr]     |
[INFO] [stderr] 115 | [workspace.dependencies.tower-http]
[INFO] [stderr]     |                         ^^^^^^^^^^
[INFO] [stderr]     |
[INFO] [stderr] help: consider removing the workspace dependency `tower-http`
[INFO] [stderr] warning: workspace (manifest) generated 16 warnings
[INFO] [stderr]    Compiling tree-sitter-language v0.1.7
[INFO] [stderr]    Compiling cc v1.2.61
[INFO] [stderr]    Compiling zerocopy v0.8.48
[INFO] [stderr]     Checking futures-io v0.3.32
[INFO] [stderr]    Compiling serde_json v1.0.149
[INFO] [stderr]    Compiling num-traits v0.2.19
[INFO] [stderr]     Checking parking_lot_core v0.9.12
[INFO] [stderr]     Checking socket2 v0.6.3
[INFO] [stderr]     Checking mio v1.2.0
[INFO] [stderr]     Checking aho-corasick v1.1.4
[INFO] [stderr]     Checking typenum v1.20.0
[INFO] [stderr]    Compiling syn v2.0.117
[INFO] [stderr]     Checking http v1.4.0
[INFO] [stderr]     Checking getrandom v0.4.2
[INFO] [stderr]     Checking hashbrown v0.17.0
[INFO] [stderr]    Compiling getrandom v0.3.4
[INFO] [stderr]    Compiling serde_core v1.0.228
[INFO] [stderr]     Checking parking_lot v0.12.5
[INFO] [stderr]     Checking uuid v1.23.1
[INFO] [stderr]    Compiling portable-atomic v1.13.1
[INFO] [stderr]    Compiling zmij v1.0.21
[INFO] [stderr]    Compiling memchr v2.8.0
[INFO] [stderr]     Checking serde_path_to_error v0.1.20
[INFO] [stderr]     Checking rand_core v0.9.5
[INFO] [stderr]     Checking spinning_top v0.3.0
[INFO] [stderr]     Checking nonzero_ext v0.3.0
[INFO] [stderr]     Checking futures-timer v3.0.3
[INFO] [stderr]     Checking hashlink v0.11.0
[INFO] [stderr]     Checking http-body v1.0.1
[INFO] [stderr]    Compiling phf_shared v0.11.3
[INFO] [stderr]    Compiling rand v0.8.6
[INFO] [stderr]     Checking http-body-util v0.1.3
[INFO] [stderr]     Checking bitflags v2.11.1
[INFO] [stderr]    Compiling nix v0.30.1
[INFO] [stderr]     Checking crossbeam-queue v0.3.12
[INFO] [stderr]     Checking indexmap v2.14.0
[INFO] [stderr]     Checking rmp v0.8.15
[INFO] [stderr]     Checking triomphe v0.1.15
[INFO] [stderr]     Checking heed-traits v0.20.0
[INFO] [stderr]    Compiling heed v0.22.1
[INFO] [stderr]     Checking anstream v1.0.0
[INFO] [stderr]     Checking synchronoise v1.0.1
[INFO] [stderr]     Checking chrono v0.4.44
[INFO] [stderr]     Checking tracing-log v0.2.0
[INFO] [stderr]     Checking regex-automata v0.4.14
[INFO] [stderr]     Checking bstr v1.12.1
[INFO] [stderr]    Compiling tree-sitter-hcl v1.1.0
[INFO] [stderr]    Compiling tree-sitter-scala v0.24.1
[INFO] [stderr]    Compiling tree-sitter-julia v0.23.1
[INFO] [stderr]    Compiling tree-sitter-c-sharp v0.23.5
[INFO] [stderr]    Compiling tree-sitter-svelte-ng v1.0.2
[INFO] [stderr]    Compiling tree-sitter-swift v0.7.1
[INFO] [stderr]    Compiling tree-sitter-toml-ng v0.7.0
[INFO] [stderr]    Compiling tree-sitter-pascal v0.10.2
[INFO] [stderr]    Compiling tree-sitter-fortran v0.5.1
[INFO] [stderr]    Compiling tree-sitter-typescript v0.23.2
[INFO] [stderr]    Compiling tree-sitter-php v0.23.11
[INFO] [stderr]     Checking generic-array v0.14.7
[INFO] [stderr]    Compiling tree-sitter-vue-next v0.1.0
[INFO] [stderr]    Compiling tree-sitter-xml v0.7.0
[INFO] [stderr]    Compiling tree-sitter-yaml v0.7.2
[INFO] [stderr]    Compiling tree-sitter-ruby v0.23.1
[INFO] [stderr]    Compiling tree-sitter-javascript v0.23.1
[INFO] [stderr]    Compiling tree-sitter-bash v0.25.1
[INFO] [stderr]    Compiling tree-sitter-css v0.23.2
[INFO] [stderr]    Compiling tree-sitter-python v0.23.6
[INFO] [stderr]    Compiling tree-sitter-html v0.23.2
[INFO] [stderr]    Compiling tree-sitter-kotlin-ng v1.1.0
[INFO] [stderr]    Compiling tree-sitter-cmake v0.7.1
[INFO] [stderr]    Compiling tree-sitter-go v0.23.4
[INFO] [stderr]    Compiling tree-sitter-rust v0.24.2
[INFO] [stderr]    Compiling tree-sitter-json v0.24.8
[INFO] [stderr]    Compiling tree-sitter-md v0.5.3
[INFO] [stderr]    Compiling tree-sitter-c v0.24.2
[INFO] [stderr]    Compiling tree-sitter-elm v5.9.0
[INFO] [stderr]    Compiling tree-sitter-r v1.2.0
[INFO] [stderr]    Compiling tree-sitter-java v0.23.5
[INFO] [stderr]    Compiling tree-sitter-solidity v1.2.13
[INFO] [stderr]    Compiling tree-sitter-astro-next v0.1.1
[INFO] [stderr]    Compiling tree-sitter-cpp v0.23.4
[INFO] [stderr]    Compiling tree-sitter-sequel v0.3.11
[INFO] [stderr]     Checking block-buffer v0.10.4
[INFO] [stderr]     Checking crypto-common v0.1.7
[INFO] [stderr]     Checking digest v0.10.7
[INFO] [stderr]     Checking blake2 v0.10.6
[INFO] [stderr] error: could not compile `syn` (lib)
[INFO] [stderr] 
[INFO] [stderr] Caused by:
[INFO] [stderr]   process didn't exit successfully: `/opt/rustwide/rustup-home/toolchains/4d7c0cd298ace72490220301fa543d63a154f8ce/bin/rustc --crate-name syn --edition=2021 /opt/rustwide/cargo-home/registry/src/index.crates.io-1949cf8c6b5b557f/syn-2.0.117/src/lib.rs --error-format=json --json=diagnostic-rendered-ansi,artifacts,future-incompat,unused-externs-silent --crate-type lib --emit=dep-info,metadata,link -Z embed-metadata=no -C embed-bitcode=no --cfg 'feature="clone-impls"' --cfg 'feature="default"' --cfg 'feature="derive"' --cfg 'feature="extra-traits"' --cfg 'feature="fold"' --cfg 'feature="full"' --cfg 'feature="parsing"' --cfg 'feature="printing"' --cfg 'feature="proc-macro"' --cfg 'feature="visit"' --cfg 'feature="visit-mut"' --check-cfg 'cfg(docsrs,test)' --check-cfg 'cfg(feature, values("clone-impls", "default", "derive", "extra-traits", "fold", "full", "parsing", "printing", "proc-macro", "test", "visit", "visit-mut"))' -C metadata=38efe9c620ca8d0f -C extra-filename=-ae6c806947fc9697 --out-dir /opt/rustwide/target/debug/build/syn/ae6c806947fc9697/out -L dependency=/opt/rustwide/target/debug/build/proc-macro2/d4cb564e807a9cd7/out -L dependency=/opt/rustwide/target/debug/build/unicode-ident/8c98a1a0e58216a9/out --extern proc_macro2=/opt/rustwide/target/debug/build/proc-macro2/d4cb564e807a9cd7/out/libproc_macro2-d4cb564e807a9cd7.rmeta --extern quote=/opt/rustwide/target/debug/build/quote/aa2c5b8519914b46/out/libquote-aa2c5b8519914b46.rmeta --extern unicode_ident=/opt/rustwide/target/debug/build/unicode-ident/8c98a1a0e58216a9/out/libunicode_ident-8c98a1a0e58216a9.rmeta --cap-lints allow --cap-lints=forbid --force-warn=unused_crate_dependencies` (signal: 9, SIGKILL: kill)
[INFO] [stderr] warning: build failed, waiting for other jobs to finish...
[INFO] [stderr] error: could not compile `regex-automata` (lib)
[INFO] [stderr] 
[INFO] [stderr] Caused by:
[INFO] [stderr]   process didn't exit successfully: `/opt/rustwide/rustup-home/toolchains/4d7c0cd298ace72490220301fa543d63a154f8ce/bin/rustc --crate-name regex_automata --edition=2021 /opt/rustwide/cargo-home/registry/src/index.crates.io-1949cf8c6b5b557f/regex-automata-0.4.14/src/lib.rs --error-format=json --json=diagnostic-rendered-ansi,artifacts,future-incompat,unused-externs-silent --crate-type lib --emit=dep-info,metadata -C embed-bitcode=no -C debuginfo=2 --cfg 'feature="alloc"' --cfg 'feature="dfa-build"' --cfg 'feature="dfa-onepass"' --cfg 'feature="dfa-search"' --cfg 'feature="hybrid"' --cfg 'feature="meta"' --cfg 'feature="nfa"' --cfg 'feature="nfa-backtrack"' --cfg 'feature="nfa-pikevm"' --cfg 'feature="nfa-thompson"' --cfg 'feature="perf"' --cfg 'feature="perf-inline"' --cfg 'feature="perf-literal"' --cfg 'feature="perf-literal-multisubstring"' --cfg 'feature="perf-literal-substring"' --cfg 'feature="std"' --cfg 'feature="syntax"' --cfg 'feature="unicode"' --cfg 'feature="unicode-age"' --cfg 'feature="unicode-bool"' --cfg 'feature="unicode-case"' --cfg 'feature="unicode-gencat"' --cfg 'feature="unicode-perl"' --cfg 'feature="unicode-script"' --cfg 'feature="unicode-segment"' --cfg 'feature="unicode-word-boundary"' --check-cfg 'cfg(docsrs,test)' --check-cfg 'cfg(feature, values("alloc", "default", "dfa", "dfa-build", "dfa-onepass", "dfa-search", "hybrid", "internal-instrument", "internal-instrument-pikevm", "logging", "meta", "nfa", "nfa-backtrack", "nfa-pikevm", "nfa-thompson", "perf", "perf-inline", "perf-literal", "perf-literal-multisubstring", "perf-literal-substring", "std", "syntax", "unicode", "unicode-age", "unicode-bool", "unicode-case", "unicode-gencat", "unicode-perl", "unicode-script", "unicode-segment", "unicode-word-boundary"))' -C metadata=d2a94c2d48d779b6 -C extra-filename=-65cbcfa8e8645e5b --out-dir /opt/rustwide/target/debug/build/regex-automata/65cbcfa8e8645e5b/out -L dependency=/opt/rustwide/target/debug/build/memchr/3d944e3b9ac373a3/out --extern aho_corasick=/opt/rustwide/target/debug/build/aho-corasick/3ccdc8cca0146259/out/libaho_corasick-3ccdc8cca0146259.rmeta --extern memchr=/opt/rustwide/target/debug/build/memchr/3d944e3b9ac373a3/out/libmemchr-3d944e3b9ac373a3.rmeta --extern regex_syntax=/opt/rustwide/target/debug/build/regex-syntax/6cb68f2e111607e3/out/libregex_syntax-6cb68f2e111607e3.rmeta --cap-lints allow --cap-lints=forbid --force-warn=unused_crate_dependencies` (signal: 9, SIGKILL: kill)
[INFO] running `Command { std: "docker" "inspect" "55a155841efb46047af3537a2ef0b752e6997450dca488f4a8cdd1d3f1b922ef", kill_on_drop: false }`
[INFO] running `Command { std: "docker" "rm" "-f" "55a155841efb46047af3537a2ef0b752e6997450dca488f4a8cdd1d3f1b922ef", kill_on_drop: false }`
[INFO] [stdout] 55a155841efb46047af3537a2ef0b752e6997450dca488f4a8cdd1d3f1b922ef
