[INFO] fetching crate fynd-bench-harness 0.114.2...
[INFO] checking fynd-bench-harness-0.114.2 against 0cefa27fe3deee26fc98ee44249406358d9f0d26 for pr-164789
[INFO] extracting crate fynd-bench-harness 0.114.2 into /workspace/builds/worker-2-tc1/source
[INFO] started tweaking crates.io crate fynd-bench-harness 0.114.2
[INFO] finished tweaking crates.io crate fynd-bench-harness 0.114.2
[INFO] tweaked toml for crates.io crate fynd-bench-harness 0.114.2 written to /workspace/builds/worker-2-tc1/source/Cargo.toml
[INFO] validating manifest of crates.io crate fynd-bench-harness 0.114.2 on toolchain 0cefa27fe3deee26fc98ee44249406358d9f0d26
[INFO] running `Command { std: CARGO_HOME="/workspace/cargo-home" RUSTUP_HOME="/workspace/rustup-home" "/workspace/cargo-home/bin/cargo" "+0cefa27fe3deee26fc98ee44249406358d9f0d26" "metadata" "--manifest-path" "Cargo.toml" "--no-deps", kill_on_drop: false }`
[INFO] crate crates.io crate fynd-bench-harness 0.114.2 already has a lockfile, it will not be regenerated
[INFO] running `Command { std: CARGO_HOME="/workspace/cargo-home" RUSTUP_HOME="/workspace/rustup-home" "/workspace/cargo-home/bin/cargo" "+0cefa27fe3deee26fc98ee44249406358d9f0d26" "fetch" "--manifest-path" "Cargo.toml", kill_on_drop: false }`
[INFO] [stderr]     Updating crates.io index
[INFO] [stderr]     Blocking waiting for file lock on package cache
[INFO] [stderr]  Downloading crates ...
[INFO] [stderr]   Downloaded rand_core v0.10.1
[INFO] [stderr]   Downloaded rand v0.10.1
[INFO] [stderr]   Downloaded getrandom v0.4.2
[INFO] [stderr]   Downloaded semver v1.0.28
[INFO] [stderr]   Downloaded futures-io v0.3.32
[INFO] [stderr]   Downloaded cpufeatures v0.3.0
[INFO] [stderr]   Downloaded typetag-impl v0.2.22
[INFO] [stderr]   Downloaded typeid v1.0.3
[INFO] [stderr]   Downloaded deepsize_derive v0.1.2
[INFO] [stderr]   Downloaded futures-macro v0.3.32
[INFO] [stderr]   Downloaded strum v0.25.0
[INFO] [stderr]   Downloaded deepsize v0.2.0
[INFO] [stderr]   Downloaded darling_macro v0.23.0
[INFO] [stderr]   Downloaded strsim v0.11.1
[INFO] [stderr]   Downloaded ref-cast-impl v1.0.25
[INFO] [stderr]   Downloaded dyn-clone v1.0.20
[INFO] [stderr]   Downloaded futures-sink v0.3.32
[INFO] [stderr]   Downloaded inventory v0.3.24
[INFO] [stderr]   Downloaded strum_macros v0.25.3
[INFO] [stderr]   Downloaded ref-cast v1.0.25
[INFO] [stderr]   Downloaded futures-executor v0.3.32
[INFO] [stderr]   Downloaded backoff v0.4.0
[INFO] [stderr]   Downloaded zeroize_derive v1.5.0
[INFO] [stderr]   Downloaded rustc-hex v2.1.0
[INFO] [stderr]   Downloaded wait-timeout v0.2.1
[INFO] [stderr]   Downloaded bit-set v0.8.0
[INFO] [stderr]   Downloaded uint v0.9.5
[INFO] [stderr]   Downloaded impl-codec v0.6.0
[INFO] [stderr]   Downloaded konst_macro_rules v0.2.19
[INFO] [stderr]   Downloaded tap v1.0.1
[INFO] [stderr]   Downloaded radium v0.7.0
[INFO] [stderr]   Downloaded funty v2.0.0
[INFO] [stderr]   Downloaded fixed-hash v0.8.0
[INFO] [stderr]   Downloaded fastrlp v0.4.0
[INFO] [stderr]   Downloaded ark-serialize-derive v0.6.0
[INFO] [stderr]   Downloaded anyhow v1.0.104
[INFO] [stderr]   Downloaded futures-channel v0.3.32
[INFO] [stderr]   Downloaded chacha20 v0.10.0
[INFO] [stderr]   Downloaded typetag v0.2.22
[INFO] [stderr]   Downloaded erased-serde v0.4.10
[INFO] [stderr]   Downloaded utoipa v4.2.3
[INFO] [stderr]   Downloaded serde_yaml v0.9.34+deprecated
[INFO] [stderr]   Downloaded serde_with_macros v3.21.0
[INFO] [stderr]   Downloaded darling v0.23.0
[INFO] [stderr]   Downloaded bs58 v0.5.1
[INFO] [stderr]   Downloaded ruint-macro v1.2.1
[INFO] [stderr]   Downloaded rlp v0.5.2
[INFO] [stderr]   Downloaded unarray v0.1.4
[INFO] [stderr]   Downloaded quick-error v1.2.3
[INFO] [stderr]   Downloaded rand_xorshift v0.4.0
[INFO] [stderr]   Downloaded bit-vec v0.8.0
[INFO] [stderr]   Downloaded primitive-types v0.12.2
[INFO] [stderr]   Downloaded parity-scale-codec-derive v3.7.5
[INFO] [stderr]   Downloaded proc-macro-crate v3.5.0
[INFO] [stderr]   Downloaded impl-trait-for-tuples v0.2.3
[INFO] [stderr]   Downloaded byte-slice-cast v1.2.3
[INFO] [stderr]   Downloaded fastrlp v0.3.1
[INFO] [stderr]   Downloaded enum-ordinalize v4.3.2
[INFO] [stderr]   Downloaded enum-ordinalize-derive v4.3.2
[INFO] [stderr]   Downloaded subtle v2.6.1
[INFO] [stderr]   Downloaded ark-ff-asm v0.6.0
[INFO] [stderr]   Downloaded ark-serialize v0.5.0
[INFO] [stderr]   Downloaded ark-serialize-derive v0.5.0
[INFO] [stderr]   Downloaded ark-ff-macros v0.5.0
[INFO] [stderr]   Downloaded ark-ff-asm v0.5.0
[INFO] [stderr]   Downloaded crypto-common v0.2.2
[INFO] [stderr]   Downloaded unsafe-libyaml v0.2.11
[INFO] [stderr]   Downloaded futures v0.3.32
[INFO] [stderr]   Downloaded alloy v1.8.3
[INFO] [stderr]   Downloaded alloy-trie v0.9.5
[INFO] [stderr]   Downloaded rusty-fork v0.3.1
[INFO] [stderr]   Downloaded toml_datetime v1.1.1+spec-1.1.0
[INFO] [stderr]   Downloaded wyz v0.5.1
[INFO] [stderr]   Downloaded auto_impl v1.3.0
[INFO] [stderr]   Downloaded const-oid v0.9.6
[INFO] [stderr]   Downloaded ark-std v0.6.0
[INFO] [stderr]   Downloaded ark-serialize v0.6.0
[INFO] [stderr]   Downloaded ark-ff-asm v0.3.0
[INFO] [stderr]   Downloaded convert_case v0.10.0
[INFO] [stderr]   Downloaded const-oid v0.10.2
[INFO] [stderr]   Downloaded tinyvec v1.11.0
[INFO] [stderr]   Downloaded toml_parser v1.1.2+spec-1.1.0
[INFO] [stderr]   Downloaded educe v0.6.0
[INFO] [stderr]   Downloaded semver v0.11.0
[INFO] [stderr]   Downloaded cc v1.2.64
[INFO] [stderr]   Downloaded nybbles v0.4.8
[INFO] [stderr]   Downloaded zeroize v1.9.0
[INFO] [stderr]   Downloaded const_format_proc_macros v0.2.34
[INFO] [stderr]   Downloaded ctutils v0.4.2
[INFO] [stderr]   Downloaded darling_core v0.23.0
[INFO] [stderr]   Downloaded schemars v1.2.1
[INFO] [stderr]   Downloaded schemars v0.9.0
[INFO] [stderr]   Downloaded ark-ff v0.6.0
[INFO] [stderr]   Downloaded rustc-hash v2.1.2
[INFO] [stderr]   Downloaded base16ct v0.2.0
[INFO] [stderr]   Downloaded parity-scale-codec v3.7.5
[INFO] [stderr]   Downloaded toml_edit v0.25.12+spec-1.1.0
[INFO] [stderr]   Downloaded const_format v0.2.36
[INFO] [stderr]   Downloaded derivative v2.2.0
[INFO] [stderr]   Downloaded konst v0.2.20
[INFO] [stderr]   Downloaded ark-std v0.4.0
[INFO] [stderr]   Downloaded rustls-platform-verifier-android v0.1.1
[INFO] [stderr]   Downloaded async-stream-impl v0.3.6
[INFO] [stderr]   Downloaded tycho-ethereum v0.472.1
[INFO] [stderr]   Downloaded unicode-segmentation v1.13.3
[INFO] [stderr]   Downloaded tycho-common v0.472.1
[INFO] [stderr]   Downloaded num-bigint v0.4.6
[INFO] [stderr]   Downloaded itertools v0.10.5
[INFO] [stderr]   Downloaded ark-std v0.5.0
[INFO] [stderr]   Downloaded block-buffer v0.12.1
[INFO] [stderr]   Downloaded tower-layer v0.3.3
[INFO] [stderr]   Downloaded wasm-bindgen-futures v0.4.75
[INFO] [stderr]   Downloaded rand_pcg v0.10.2
[INFO] [stderr]   Downloaded lru-slab v0.1.2
[INFO] [stderr]   Downloaded turnkey_api_key_stamper v0.6.2
[INFO] [stderr]   Downloaded primeorder v0.13.6
[INFO] [stderr]   Downloaded tokio-native-tls v0.3.1
[INFO] [stderr]   Downloaded native-tls v0.2.18
[INFO] [stderr]   Downloaded hyper-tls v0.6.0
[INFO] [stderr]   Downloaded prost v0.12.6
[INFO] [stderr]   Downloaded prost-derive v0.12.6
[INFO] [stderr]   Downloaded alloy-signer v1.8.3
[INFO] [stderr]   Downloaded aws-smithy-runtime-api-macros v1.0.0
[INFO] [stderr]   Downloaded ark-ff-macros v0.6.0
[INFO] [stderr]   Downloaded ark-ff v0.5.0
[INFO] [stderr]   Downloaded rustc_version v0.3.3
[INFO] [stderr]   Downloaded ark-serialize v0.3.0
[INFO] [stderr]   Downloaded digest v0.9.0
[INFO] [stderr]   Downloaded rfc6979 v0.4.0
[INFO] [stderr]   Downloaded aws-smithy-observability v0.2.6
[INFO] [stderr]   Downloaded alloy-rpc-types-debug v1.8.3
[INFO] [stderr]   Downloaded idna_adapter v1.2.2
[INFO] [stderr]   Downloaded zerofrom v0.1.8
[INFO] [stderr]   Downloaded potential_utf v0.1.5
[INFO] [stderr]   Downloaded http-body v1.0.1
[INFO] [stderr]   Downloaded aws-smithy-query v0.60.15
[INFO] [stderr]   Downloaded rand v0.9.4
[INFO] [stderr]   Downloaded ark-ff v0.4.2
[INFO] [stderr]   Downloaded ark-ff-macros v0.4.2
[INFO] [stderr]   Downloaded alloy-rlp v0.3.15
[INFO] [stderr]   Downloaded bitcoin-io v0.1.101
[INFO] [stderr]   Downloaded keccak-asm v0.1.8
[INFO] [stderr]   Downloaded signature v2.2.0
[INFO] [stderr]   Downloaded zerofrom-derive v0.1.7
[INFO] [stderr]   Downloaded yoke-derive v0.8.2
[INFO] [stderr]   Downloaded tower-service v0.3.3
[INFO] [stderr]   Downloaded sync_wrapper v1.0.2
[INFO] [stderr]   Downloaded compression-core v0.4.32
[INFO] [stderr]   Downloaded serde_urlencoded v0.7.1
[INFO] [stderr]   Downloaded openssl-probe v0.2.1
[INFO] [stderr]   Downloaded windows-registry v0.6.1
[INFO] [stderr]   Downloaded alloy-serde v1.8.3
[INFO] [stderr]   Downloaded urlencoding v2.1.3
[INFO] [stderr]   Downloaded async-stream v0.3.6
[INFO] [stderr]   Downloaded utoipa-gen v4.3.1
[INFO] [stderr]   Downloaded ark-serialize v0.4.2
[INFO] [stderr]   Downloaded ark-ff-asm v0.4.2
[INFO] [stderr]   Downloaded ark-std v0.3.0
[INFO] [stderr]   Downloaded derive_more-impl v2.1.1
[INFO] [stderr]   Downloaded hybrid-array v0.4.12
[INFO] [stderr]   Downloaded bitcoin-internals v0.6.0
[INFO] [stderr]   Downloaded serdect v0.2.0
[INFO] [stderr]   Downloaded pem-rfc7468 v0.7.0
[INFO] [stderr]   Downloaded base64ct v1.8.3
[INFO] [stderr]   Downloaded group v0.13.0
[INFO] [stderr]   Downloaded ff v0.13.1
[INFO] [stderr]   Downloaded ecdsa v0.16.9
[INFO] [stderr]   Downloaded zerovec-derive v0.11.3
[INFO] [stderr]   Downloaded displaydoc v0.2.6
[INFO] [stderr]   Downloaded writeable v0.6.3
[INFO] [stderr]   Downloaded tinystr v0.8.3
[INFO] [stderr]   Downloaded simd-adler32 v0.3.9
[INFO] [stderr]   Downloaded cmake v0.1.58
[INFO] [stderr]   Downloaded security-framework-sys v2.17.0
[INFO] [stderr]   Downloaded rustls-native-certs v0.8.4
[INFO] [stderr]   Downloaded schannel v0.1.29
[INFO] [stderr]   Downloaded quinn-udp v0.5.14
[INFO] [stderr]   Downloaded mime_guess v2.0.5
[INFO] [stderr]   Downloaded unicase v2.9.0
[INFO] [stderr]   Downloaded mime v0.3.17
[INFO] [stderr]   Downloaded system-configuration v0.7.0
[INFO] [stderr]   Downloaded p256 v0.13.2
[INFO] [stderr]   Downloaded prost-types v0.12.6
[INFO] [stderr]   Downloaded alloy-network v1.8.3
[INFO] [stderr]   Downloaded alloy-eip7928 v0.3.7
[INFO] [stderr]   Downloaded alloy-eip7702 v0.6.3
[INFO] [stderr]   Downloaded alloy-eip2930 v0.2.3
[INFO] [stderr]   Downloaded alloy-eip2124 v0.2.0
[INFO] [stderr]   Downloaded memoffset v0.7.1
[INFO] [stderr]   Downloaded simple_asn1 v0.6.4
[INFO] [stderr]   Downloaded pem v3.0.6
[INFO] [stderr]   Downloaded aws-smithy-async v1.2.14
[INFO] [stderr]   Downloaded aws-credential-types v1.2.14
[INFO] [stderr]   Downloaded aws-smithy-http v0.63.6
[INFO] [stderr]   Downloaded sha2 v0.11.0
[INFO] [stderr]   Downloaded hmac v0.13.0
[INFO] [stderr]   Downloaded aws-smithy-xml v0.60.15
[INFO] [stderr]   Downloaded xmlparser v0.13.6
[INFO] [stderr]   Downloaded alloy-rpc-types v1.8.3
[INFO] [stderr]   Downloaded lru v0.16.4
[INFO] [stderr]   Downloaded dashmap v6.2.1
[INFO] [stderr]   Downloaded alloy-rpc-types-anvil v1.8.3
[INFO] [stderr]   Downloaded alloy-hardforks v0.2.13
[INFO] [stderr]   Downloaded thread_local v1.1.9
[INFO] [stderr]   Downloaded tracing-appender v0.2.5
[INFO] [stderr]   Downloaded symlink v0.1.0
[INFO] [stderr]   Downloaded toml v0.8.23
[INFO] [stderr]   Downloaded anstyle v1.0.14
[INFO] [stderr]   Downloaded anstream v1.0.0
[INFO] [stderr]   Downloaded anstyle-parse v1.0.0
[INFO] [stderr]   Downloaded libsecp256k1-gen-ecmult v0.3.0
[INFO] [stderr]   Downloaded futures v0.1.31
[INFO] [stderr]   Downloaded serde_with v3.21.0
[INFO] [stderr]   Downloaded ruint v1.20.0
[INFO] [stderr]   Downloaded ark-ff v0.3.0
[INFO] [stderr]   Downloaded semver-parser v0.10.3
[INFO] [stderr]   Downloaded ucd-trie v0.1.7
[INFO] [stderr]   Downloaded alloy-rlp-derive v0.3.15
[INFO] [stderr]   Downloaded cmov v0.5.4
[INFO] [stderr]   Downloaded bitcoin_hashes v0.14.101
[INFO] [stderr]   Downloaded hex-conservative v0.2.2
[INFO] [stderr]   Downloaded bitcoin-consensus-encoding v1.2.0
[INFO] [stderr]   Downloaded hex-conservative v1.2.0
[INFO] [stderr]   Downloaded rapidhash v4.4.1
[INFO] [stderr]   Downloaded elliptic-curve v0.13.8
[INFO] [stderr]   Downloaded sec1 v0.7.3
[INFO] [stderr]   Downloaded pkcs8 v0.10.2
[INFO] [stderr]   Downloaded spki v0.7.3
[INFO] [stderr]   Downloaded hmac v0.12.1
[INFO] [stderr]   Downloaded const-hex v1.19.1
[INFO] [stderr]   Downloaded alloy-transport-http v1.8.3
[INFO] [stderr]   Downloaded icu_properties v2.2.0
[INFO] [stderr]   Downloaded yoke v0.8.3
[INFO] [stderr]   Downloaded icu_locale_core v2.2.0
[INFO] [stderr]   Downloaded litemap v0.8.2
[INFO] [stderr]   Downloaded wasm-streams v0.5.0
[INFO] [stderr]   Downloaded http-body-util v0.1.3
[INFO] [stderr]   Downloaded compression-codecs v0.4.38
[INFO] [stderr]   Downloaded tokio-rustls v0.26.4
[INFO] [stderr]   Downloaded rustls-pki-types v1.14.1
[INFO] [stderr]   Downloaded rustls-platform-verifier v0.7.0
[INFO] [stderr]   Downloaded turnkey_client v0.6.0
[INFO] [stderr]   Downloaded openssl-sys v0.9.117
[INFO] [stderr]   Downloaded alloy-dyn-abi v1.6.0
[INFO] [stderr]   Downloaded alloy-rpc-types-eth v1.8.3
[INFO] [stderr]   Downloaded rusb v0.9.4
[INFO] [stderr]   Downloaded alloy-signer-gcp v1.8.3
[INFO] [stderr]   Downloaded tonic-prost v0.14.6
[INFO] [stderr]   Downloaded alloy-signer-aws v1.8.3
[INFO] [stderr]   Downloaded regex-lite v0.1.9
[INFO] [stderr]   Downloaded aws-smithy-schema v0.1.0
[INFO] [stderr]   Downloaded aws-smithy-runtime-api v1.12.3
[INFO] [stderr]   Downloaded aws-smithy-json v0.62.7
[INFO] [stderr]   Downloaded aws-runtime v1.7.5
[INFO] [stderr]   Downloaded aws-sigv4 v1.4.5
[INFO] [stderr]   Downloaded alloy-rpc-types-trace v1.8.3
[INFO] [stderr]   Downloaded alloy-rpc-client v1.8.3
[INFO] [stderr]   Downloaded alloy-node-bindings v1.8.3
[INFO] [stderr]   Downloaded tokio-tungstenite v0.28.0
[INFO] [stderr]   Downloaded revm-primitives v20.2.1
[INFO] [stderr]   Downloaded revm-bytecode v6.2.2
[INFO] [stderr]   Downloaded phf_macros v0.11.3
[INFO] [stderr]   Downloaded az v1.3.0
[INFO] [stderr]   Downloaded ripemd v0.1.3
[INFO] [stderr]   Downloaded libsecp256k1 v0.7.2
[INFO] [stderr]   Downloaded sha2 v0.9.9
[INFO] [stderr]   Downloaded opaque-debug v0.3.1
[INFO] [stderr]   Downloaded block-buffer v0.9.0
[INFO] [stderr]   Downloaded libsecp256k1-gen-genmult v0.3.0
[INFO] [stderr]   Downloaded libsecp256k1-core v0.3.0
[INFO] [stderr]   Downloaded aurora-engine-modexp v1.2.0
[INFO] [stderr]   Downloaded num-iter v0.1.45
[INFO] [stderr]   Downloaded ark-bn254 v0.5.0
[INFO] [stderr]   Downloaded proptest v1.11.0
[INFO] [stderr]   Downloaded winnow v1.0.3
[INFO] [stderr]   Downloaded bitvec v1.0.1
[INFO] [stderr]   Downloaded itertools v0.13.0
[INFO] [stderr]   Downloaded pest v2.8.6
[INFO] [stderr]   Downloaded ark-ff-macros v0.3.0
[INFO] [stderr]   Downloaded alloy-primitives v1.6.0
[INFO] [stderr]   Downloaded secp256k1 v0.31.1
[INFO] [stderr]   Downloaded k256 v0.13.4
[INFO] [stderr]   Downloaded der v0.7.10
[INFO] [stderr]   Downloaded crypto-bigint v0.5.5
[INFO] [stderr]   Downloaded zerovec v0.11.6
[INFO] [stderr]   Downloaded zerotrie v0.2.4
[INFO] [stderr]   Downloaded icu_provider v2.2.0
[INFO] [stderr]   Downloaded icu_collections v2.2.0
[INFO] [stderr]   Downloaded icu_normalizer v2.2.0
[INFO] [stderr]   Downloaded icu_normalizer_data v2.2.0
[INFO] [stderr]   Downloaded tower v0.5.3
[INFO] [stderr]   Downloaded tokio-util v0.7.18
[INFO] [stderr]   Downloaded http v1.4.2
[INFO] [stderr]   Downloaded async-compression v0.4.42
[INFO] [stderr]   Downloaded rustls-webpki v0.103.16
[INFO] [stderr]   Downloaded webpki-root-certs v1.0.10
[INFO] [stderr]   Downloaded security-framework v3.7.0
[INFO] [stderr]   Downloaded quinn v0.11.9
[INFO] [stderr]   Downloaded hyper-util v0.1.20
[INFO] [stderr]   Downloaded system-configuration-sys v0.6.0
[INFO] [stderr]   Downloaded reqwest v0.12.28
[INFO] [stderr]   Downloaded pin-project v1.1.13
[INFO] [stderr]   Downloaded http v0.2.12
[INFO] [stderr]   Downloaded aws-smithy-runtime v1.11.3
[INFO] [stderr]   Downloaded aws-config v1.8.18
[INFO] [stderr]   Downloaded aws-sdk-sts v1.107.0
[INFO] [stderr]   Downloaded alloy-provider v1.8.3
[INFO] [stderr]   Downloaded alloy-chains v0.2.39
[INFO] [stderr]   Downloaded num_enum_derive v0.7.6
[INFO] [stderr]   Downloaded alloy-core v1.6.0
[INFO] [stderr]   Downloaded alloy-contract v1.8.3
[INFO] [stderr]   Downloaded tracing-serde v0.2.0
[INFO] [stderr]   Downloaded revm-precompile v27.0.0
[INFO] [stderr]   Downloaded ark-ec v0.5.0
[INFO] [stderr]   Downloaded ark-poly v0.5.0
[INFO] [stderr]   Downloaded derive_more v2.1.1
[INFO] [stderr]   Downloaded keccak v0.2.0
[INFO] [stderr]   Downloaded icu_properties_data v2.2.0
[INFO] [stderr]   Downloaded reqwest v0.13.4
[INFO] [stderr]   Downloaded tower-http v0.6.11
[INFO] [stderr]   Downloaded aws-lc-rs v1.18.1
[INFO] [stderr]   Downloaded quinn-proto v0.11.18
[INFO] [stderr]   Downloaded hidapi-rusb v1.3.3
[INFO] [stderr]   Downloaded pin-project-internal v1.1.13
[INFO] [stderr]   Downloaded tycho-client v0.472.1
[INFO] [stderr]   Downloaded toml_edit v0.22.27
[INFO] [stderr]   Downloaded digest v0.11.3
[INFO] [stderr]   Downloaded sha3-asm v0.1.8
[INFO] [stderr]   Downloaded rustls v0.23.46
[INFO] [stderr]   Downloaded openssl v0.10.81
[INFO] [stderr]   Downloaded libusb1-sys v0.7.0
[INFO] [stderr]   Downloaded tonic v0.14.6
[INFO] [stderr]   Downloaded tokio-stream v0.1.18
[INFO] [stderr]   Downloaded alloy-genesis v1.8.3
[INFO] [stderr]   Downloaded rug v1.30.0
[INFO] [stderr]   Downloaded sha3 v0.11.0
[INFO] [stderr]   Downloaded want v0.3.1
[INFO] [stderr]   Downloaded toml_datetime v0.6.11
[INFO] [stderr]   Downloaded ipnet v2.12.0
[INFO] [stderr]   Downloaded hyper v1.10.1
[INFO] [stderr]   Downloaded try-lock v0.2.5
[INFO] [stderr]   Downloaded alloy-network-primitives v1.8.3
[INFO] [stderr]   Downloaded aws-sdk-kms v1.111.0
[INFO] [stderr]   Downloaded toml_write v0.1.2
[INFO] [stderr]   Downloaded ring v0.17.14
[INFO] [stderr]   Downloaded crc v3.4.0
[INFO] [stderr]   Downloaded crc-catalog v2.5.0
[INFO] [stderr]   Downloaded hyper-timeout v0.5.2
[INFO] [stderr]   Downloaded aws-types v1.3.16
[INFO] [stderr]   Downloaded phf v0.14.0
[INFO] [stderr]   Downloaded phf_shared v0.14.0
[INFO] [stderr]   Downloaded siphasher v1.0.3
[INFO] [stderr]   Downloaded num_enum v0.7.6
[INFO] [stderr]   Downloaded winnow v0.7.15
[INFO] [stderr]   Downloaded tokio-tungstenite v0.20.1
[INFO] [stderr]   Downloaded secp256k1-sys v0.11.0
[INFO] [stderr]   Downloaded alloy-eips v1.8.3
[INFO] [stderr]   Downloaded alloy-consensus v1.8.3
[INFO] [stderr]   Downloaded secp256k1 v0.30.0
[INFO] [stderr]   Downloaded aws-smithy-types v1.5.0
[INFO] [stderr]   Downloaded tungstenite v0.20.1
[INFO] [stderr]   Downloaded data-encoding v2.11.0
[INFO] [stderr]   Downloaded clap v4.6.1
[INFO] [stderr]   Downloaded clap_derive v4.6.1
[INFO] [stderr]   Downloaded clap_builder v4.6.0
[INFO] [stderr]   Downloaded clap_lex v1.1.0
[INFO] [stderr]   Downloaded colorchoice v1.0.5
[INFO] [stderr]   Downloaded hyper v0.14.32
[INFO] [stderr]   Downloaded is_terminal_polyfill v1.70.2
[INFO] [stderr]   Downloaded anstyle-wincon v3.0.11
[INFO] [stderr]   Downloaded once_cell_polyfill v1.70.2
[INFO] [stderr]   Downloaded anstyle-query v1.1.5
[INFO] [stderr]   Downloaded revm-state v7.0.5
[INFO] [stderr]   Downloaded revm-interpreter v25.0.3
[INFO] [stderr]   Downloaded encoding_rs v0.8.35
[INFO] [stderr]   Downloaded http-body v0.4.6
[INFO] [stderr]   Downloaded utf8parse v0.2.2
[INFO] [stderr]   Downloaded tungstenite v0.28.0
[INFO] [stderr]   Downloaded revm-inspectors v0.30.1
[INFO] [stderr]   Downloaded revm v29.0.1
[INFO] [stderr]   Downloaded ark-relations v0.5.1
[INFO] [stderr]   Downloaded httpdate v1.0.3
[INFO] [stderr]   Downloaded borsh v1.6.1
[INFO] [stderr]   Downloaded borsh-derive v1.6.1
[INFO] [stderr]   Downloaded matchit v0.8.4
[INFO] [stderr]   Downloaded tracing-subscriber v0.2.25
[INFO] [stderr]   Downloaded h2 v0.4.16
[INFO] [stderr]   Downloaded alloy-transport v1.8.3
[INFO] [stderr]   Downloaded alloy-sol-macro v1.6.0
[INFO] [stderr]   Downloaded syn-solidity v1.6.0
[INFO] [stderr]   Downloaded alloy-consensus-any v1.8.3
[INFO] [stderr]   Downloaded alloy-signer-local v1.8.3
[INFO] [stderr]   Downloaded alloy-signer-ledger v1.8.3
[INFO] [stderr]   Downloaded coins-ledger v0.13.0
[INFO] [stderr]   Downloaded prost v0.14.4
[INFO] [stderr]   Downloaded ark-r1cs-std v0.5.0
[INFO] [stderr]   Downloaded uint v0.10.0
[INFO] [stderr]   Downloaded hyper-rustls v0.27.9
[INFO] [stderr]   Downloaded itertools v0.14.0
[INFO] [stderr]   Downloaded wasmtimer v0.4.3
[INFO] [stderr]   Downloaded futures-utils-wasm v0.1.0
[INFO] [stderr]   Downloaded alloy-sol-types v1.6.0
[INFO] [stderr]   Downloaded macro-string v0.2.0
[INFO] [stderr]   Downloaded alloy-json-abi v1.6.0
[INFO] [stderr]   Downloaded alloy-sol-type-parser v1.6.0
[INFO] [stderr]   Downloaded alloy-signer-turnkey v1.8.3
[INFO] [stderr]   Downloaded threadpool v1.8.1
[INFO] [stderr]   Downloaded alloy-tx-macros v1.8.3
[INFO] [stderr]   Downloaded axum-core v0.5.6
[INFO] [stderr]   Downloaded hex-literal v0.4.1
[INFO] [stderr]   Downloaded ekubo_sdk v3.1.2
[INFO] [stderr]   Downloaded alloy-json-rpc v1.8.3
[INFO] [stderr]   Downloaded alloy-sol-macro-input v1.6.0
[INFO] [stderr]   Downloaded alloy-sol-macro-expander v1.6.0
[INFO] [stderr]   Downloaded glob v0.3.3
[INFO] [stderr]   Downloaded alloy-rpc-types-any v1.8.3
[INFO] [stderr]   Downloaded prost-derive v0.14.4
[INFO] [stderr]   Downloaded webpki-roots v1.0.10
[INFO] [stderr]   Downloaded prost-derive v0.13.5
[INFO] [stderr]   Downloaded enum_delegate v0.2.0
[INFO] [stderr]   Downloaded ark-bls12-381 v0.5.0
[INFO] [stderr]   Downloaded revm-database-interface v7.0.5
[INFO] [stderr]   Downloaded blst v0.3.16
[INFO] [stderr]   Downloaded nix v0.26.4
[INFO] [stderr]   Downloaded axum v0.8.9
[INFO] [stderr]   Downloaded enum_delegate_lib v0.2.0
[INFO] [stderr]   Downloaded revm-handler v10.0.1
[INFO] [stderr]   Downloaded revm-database v7.0.5
[INFO] [stderr]   Downloaded prost v0.13.5
[INFO] [stderr]   Downloaded metrics v0.24.6
[INFO] [stderr]   Downloaded revm-inspector v10.0.1
[INFO] [stderr]   Downloaded revm-context v9.1.0
[INFO] [stderr]   Downloaded lunarbase-pmm-math v0.4.1
[INFO] [stderr]   Downloaded foundry-block-explorers v0.22.0
[INFO] [stderr]   Downloaded evm_ekubo_sdk v0.6.5
[INFO] [stderr]   Downloaded starknet-types-core v1.0.0
[INFO] [stderr]   Downloaded revm-context-interface v10.2.0
[INFO] [stderr]   Downloaded derive-where v1.6.1
[INFO] [stderr]   Downloaded lambdaworks-math v0.13.0
[INFO] [stderr]   Downloaded base64-simd v0.8.0
[INFO] [stderr]   Downloaded outref v0.5.2
[INFO] [stderr]   Downloaded secret-vault-value v1.0.1
[INFO] [stderr]   Downloaded prost-types v0.14.4
[INFO] [stderr]   Downloaded jsonwebtoken v10.4.0
[INFO] [stderr]   Downloaded bytes-utils v0.1.4
[INFO] [stderr]   Downloaded vsimd v0.8.0
[INFO] [stderr]   Downloaded dotenv v0.15.0
[INFO] [stderr]   Downloaded fixedbitset v0.4.2
[INFO] [stderr]   Downloaded keccak v0.1.6
[INFO] [stderr]   Downloaded dotenvy v0.15.7
[INFO] [stderr]   Downloaded balancer-maths-rust v0.5.0
[INFO] [stderr]   Downloaded fynd-test-fixtures v0.114.2
[INFO] [stderr]   Downloaded aws-lc-sys v0.45.0
[INFO] [stderr]   Downloaded alloy-primitives v0.6.4
[INFO] [stderr]   Downloaded lambdaworks-crypto v0.13.0
[INFO] [stderr]   Downloaded tycho-simulation v0.472.1
[INFO] [stderr]   Downloaded c-kzg v2.1.7
[INFO] [stderr]   Downloaded fynd-core v0.114.2
[INFO] [stderr]   Downloaded petgraph v0.6.5
[INFO] [stderr]   Downloaded sha3 v0.10.9
[INFO] [stderr]   Downloaded tycho-execution v0.472.1
[INFO] [stderr]   Downloaded secp256k1-sys v0.10.1
[INFO] [stderr]   Downloaded gmp-mpfr-sys v1.7.1
[INFO] [stderr]   Downloaded gcloud-sdk v0.29.0
[INFO] running `Command { std: "docker" "create" "-v" "/var/lib/crater-agent-workspace/builds/worker-2-tc1/source:/opt/rustwide/workdir:ro,Z" "-v" "/var/lib/crater-agent-workspace/builds/worker-2-tc1/target:/opt/rustwide/target:rw,Z" "-v" "/var/lib/crater-agent-workspace/cargo-home:/opt/rustwide/cargo-home:ro,Z" "-v" "/var/lib/crater-agent-workspace/rustup-home:/opt/rustwide/rustup-home:ro,Z" "-m" "1610612736" "--network" "none" "ghcr.io/rust-lang/crates-build-env/linux@sha256:c0af3998e971868164375a7dfb646c9933ddd1a3bdb00fa2041266763dc1eeab" "sleep" "infinity", kill_on_drop: false }`
[INFO] [stdout] b5761671e099cd0843887fcf2437ec96cb4692025c89342eddf960145a744b67
[INFO] running `Command { std: "docker" "start" "b5761671e099cd0843887fcf2437ec96cb4692025c89342eddf960145a744b67", kill_on_drop: false }`
[INFO] running `Command { std: "docker" "inspect" "b5761671e099cd0843887fcf2437ec96cb4692025c89342eddf960145a744b67", kill_on_drop: false }`
[INFO] running `Command { std: "docker" "exec" "-e" "SOURCE_DIR=/opt/rustwide/workdir" "-e" "CARGO_HOME=/opt/rustwide/cargo-home" "-e" "RUSTUP_HOME=/opt/rustwide/rustup-home" "-e" "CARGO_TARGET_DIR=/opt/rustwide/target" "-w" "/opt/rustwide/workdir" "--user" "0:0" "b5761671e099cd0843887fcf2437ec96cb4692025c89342eddf960145a744b67" "/opt/rustwide/cargo-home/bin/cargo" "+0cefa27fe3deee26fc98ee44249406358d9f0d26" "metadata" "--no-deps" "--format-version=1", kill_on_drop: false }`
[INFO] running `Command { std: "docker" "inspect" "b5761671e099cd0843887fcf2437ec96cb4692025c89342eddf960145a744b67", kill_on_drop: false }`
[INFO] running `Command { std: "docker" "exec" "-e" "SOURCE_DIR=/opt/rustwide/workdir" "-e" "CARGO_HOME=/opt/rustwide/cargo-home" "-e" "RUSTUP_HOME=/opt/rustwide/rustup-home" "-e" "CARGO_TARGET_DIR=/opt/rustwide/target" "-e" "CARGO_INCREMENTAL=0" "-e" "RUST_BACKTRACE=full" "-e" "RUSTFLAGS=--cap-lints=forbid" "-e" "RUSTDOCFLAGS=--cap-lints=forbid" "-w" "/opt/rustwide/workdir" "--user" "0:0" "b5761671e099cd0843887fcf2437ec96cb4692025c89342eddf960145a744b67" "/opt/rustwide/cargo-home/bin/cargo" "+0cefa27fe3deee26fc98ee44249406358d9f0d26" "check" "--frozen" "--all" "--all-targets" "--message-format=json", kill_on_drop: false }`
[INFO] [stderr]    Compiling proc-macro2 v1.0.106
[INFO] [stderr]    Compiling unicode-ident v1.0.24
[INFO] [stderr]    Compiling quote v1.0.45
[INFO] [stderr]    Compiling libc v0.2.186
[INFO] [stderr]    Compiling serde_core v1.0.228
[INFO] [stderr]    Compiling serde v1.0.228
[INFO] [stderr]     Checking cfg-if v1.0.4
[INFO] [stderr]    Compiling version_check v0.9.5
[INFO] [stderr]     Checking subtle v2.6.1
[INFO] [stderr]     Checking typenum v1.20.1
[INFO] [stderr]    Compiling zerocopy v0.8.52
[INFO] [stderr]    Compiling autocfg v1.5.1
[INFO] [stderr]     Checking const-oid v0.9.6
[INFO] [stderr]     Checking itoa v1.0.18
[INFO] [stderr]     Checking foldhash v0.2.0
[INFO] [stderr]    Compiling paste v1.0.15
[INFO] [stderr]     Checking once_cell v1.21.4
[INFO] [stderr]    Compiling shlex v2.0.1
[INFO] [stderr]     Checking pin-project-lite v0.2.17
[INFO] [stderr]    Compiling find-msvc-tools v0.1.9
[INFO] [stderr]    Compiling getrandom v0.3.4
[INFO] [stderr]     Checking cpufeatures v0.2.17
[INFO] [stderr]    Compiling ruint-macro v1.2.1
[INFO] [stderr]    Compiling unicode-segmentation v1.13.3
[INFO] [stderr]    Compiling unicode-xid v0.2.6
[INFO] [stderr]    Compiling getrandom v0.4.2
[INFO] [stderr]    Compiling generic-array v0.14.7
[INFO] [stderr]     Checking rand_core v0.10.1
[INFO] [stderr]     Checking base16ct v0.2.0
[INFO] [stderr]     Checking keccak v0.2.0
[INFO] [stderr]     Checking equivalent v1.0.2
[INFO] [stderr]     Checking memchr v2.8.2
[INFO] [stderr]    Compiling zmij v1.0.21
[INFO] [stderr]    Compiling num-traits v0.2.19
[INFO] [stderr]    Compiling winnow v1.0.3
[INFO] [stderr]    Compiling pkg-config v0.3.33
[INFO] [stderr]    Compiling hashbrown v0.17.1
[INFO] [stderr]    Compiling thiserror v2.0.18
[INFO] [stderr]    Compiling convert_case v0.10.0
[INFO] [stderr]    Compiling serde_json v1.0.150
[INFO] [stderr]    Compiling syn v2.0.118
[INFO] [stderr]    Compiling parking_lot_core v0.9.12
[INFO] [stderr]    Compiling dunce v1.0.5
[INFO] [stderr]     Checking tracing-core v0.1.36
[INFO] [stderr]     Checking scopeguard v1.2.0
[INFO] [stderr]     Checking futures-core v0.3.32
[INFO] [stderr]    Compiling jobserver v0.1.34
[INFO] [stderr]     Checking lock_api v0.4.14
[INFO] [stderr]     Checking base64 v0.22.1
[INFO] [stderr]     Checking stable_deref_trait v1.2.1
[INFO] [stderr]     Checking futures-sink v0.3.32
[INFO] [stderr]    Compiling rustversion v1.0.22
[INFO] [stderr]    Compiling indexmap v2.14.0
[INFO] [stderr]    Compiling cc v1.2.64
[INFO] [stderr]    Compiling heck v0.5.0
[INFO] [stderr]    Compiling rustc-hash v2.1.2
[INFO] [stderr]     Checking getrandom v0.2.17
[INFO] [stderr]     Checking errno v0.3.14
[INFO] [stderr]     Checking mio v1.2.1
[INFO] [stderr]     Checking socket2 v0.6.4
[INFO] [stderr]     Checking hybrid-array v0.4.12
[INFO] [stderr]     Checking rand_core v0.6.4
[INFO] [stderr]     Checking signal-hook-registry v1.4.8
[INFO] [stderr]    Compiling ident_case v1.0.1
[INFO] [stderr]     Checking ff v0.13.1
[INFO] [stderr]    Compiling strsim v0.11.1
[INFO] [stderr]     Checking slab v0.4.12
[INFO] [stderr]     Checking group v0.13.0
[INFO] [stderr]     Checking futures-channel v0.3.32
[INFO] [stderr]    Compiling proc-macro-error-attr2 v2.0.0
[INFO] [stderr]     Checking litemap v0.8.2
[INFO] [stderr]     Checking futures-io v0.3.32
[INFO] [stderr]    Compiling toml_datetime v1.1.1+spec-1.1.0
[INFO] [stderr]     Checking writeable v0.6.3
[INFO] [stderr]     Checking futures-task v0.3.32
[INFO] [stderr]     Checking futures v0.1.31
[INFO] [stderr]     Checking log v0.4.32
[INFO] [stderr]    Compiling httparse v1.10.1
[INFO] [stderr]     Checking percent-encoding v2.3.2
[INFO] [stderr]    Compiling toml_parser v1.1.2+spec-1.1.0
[INFO] [stderr]    Compiling icu_normalizer_data v2.2.0
[INFO] [stderr]    Compiling fs_extra v1.3.0
[INFO] [stderr]     Checking utf8_iter v1.0.4
[INFO] [stderr]    Compiling icu_properties_data v2.2.0
[INFO] [stderr]     Checking fnv v1.0.7
[INFO] [stderr]     Checking crc-catalog v2.5.0
[INFO] [stderr]     Checking openssl-probe v0.2.1
[INFO] [stderr]     Checking crc v3.4.0
[INFO] [stderr]    Compiling aws-lc-rs v1.18.1
[INFO] [stderr]     Checking form_urlencoded v1.2.2
[INFO] [stderr]     Checking crypto-common v0.2.2
[INFO] [stderr]     Checking block-buffer v0.12.1
[INFO] [stderr]     Checking tower-service v0.3.3
[INFO] [stderr]     Checking num-integer v0.1.46
[INFO] [stderr]    Compiling zstd-safe v7.2.4
[INFO] [stderr]     Checking untrusted v0.9.0
[INFO] [stderr]     Checking try-lock v0.2.5
[INFO] [stderr]     Checking atomic-waker v1.1.2
[INFO] [stderr]     Checking allocator-api2 v0.2.21
[INFO] [stderr]     Checking want v0.3.1
[INFO] [stderr]    Compiling rustls v0.23.46
[INFO] [stderr]     Checking sync_wrapper v1.0.2
[INFO] [stderr]    Compiling cmake v0.1.58
[INFO] [stderr]    Compiling vcpkg v0.2.15
[INFO] [stderr]     Checking compression-core v0.4.32
[INFO] [stderr]     Checking tower-layer v0.3.3
[INFO] [stderr]    Compiling toml_edit v0.25.12+spec-1.1.0
[INFO] [stderr]     Checking ipnet v2.12.0
[INFO] [stderr]    Compiling crossbeam-utils v0.8.21
[INFO] [stderr]     Checking siphasher v1.0.3
[INFO] [stderr]    Compiling radium v0.7.0
[INFO] [stderr]     Checking futures-utils-wasm v0.1.0
[INFO] [stderr]     Checking const-hex v1.19.1
[INFO] [stderr]     Checking bitflags v2.13.0
[INFO] [stderr]     Checking phf_shared v0.14.0
[INFO] [stderr]     Checking digest v0.11.3
[INFO] [stderr]     Checking foreign-types-shared v0.1.1
[INFO] [stderr]     Checking tap v1.0.1
[INFO] [stderr]    Compiling syn v1.0.109
[INFO] [stderr]    Compiling openssl v0.10.81
[INFO] [stderr]     Checking hex v0.4.3
[INFO] [stderr]     Checking sha3 v0.11.0
[INFO] [stderr]     Checking wyz v0.5.1
[INFO] [stderr]     Checking phf v0.14.0
[INFO] [stderr]     Checking foreign-types v0.3.2
[INFO] [stderr]    Compiling rustix v1.1.4
[INFO] [stderr]    Compiling aws-lc-sys v0.45.0
[INFO] [stderr]    Compiling ring v0.17.14
[INFO] [stderr]    Compiling zstd-sys v2.0.16+zstd.1.5.7
[INFO] [stderr]    Compiling openssl-sys v0.9.117
[INFO] [stderr]    Compiling proc-macro-crate v3.5.0
[INFO] [stderr]     Checking funty v2.0.0
[INFO] [stderr]    Compiling native-tls v0.2.18
[INFO] [stderr]    Compiling ruint v1.20.0
[INFO] [stderr]    Compiling ahash v0.8.12
[INFO] [stderr]     Checking linux-raw-sys v0.12.1
[INFO] [stderr]     Checking hashbrown v0.16.1
[INFO] [stderr]     Checking fastrand v2.4.1
[INFO] [stderr]     Checking dyn-clone v1.0.20
[INFO] [stderr]    Compiling blst v0.3.16
[INFO] [stderr]     Checking hashbrown v0.15.5
[INFO] [stderr]    Compiling proc-macro-error-attr v1.0.4
[INFO] [stderr]    Compiling num-bigint v0.4.6
[INFO] [stderr]     Checking hashbrown v0.14.5
[INFO] [stderr]    Compiling crunchy v0.2.4
[INFO] [stderr]    Compiling anyhow v1.0.104
[INFO] [stderr]     Checking ppv-lite86 v0.2.21
[INFO] [stderr]    Compiling secp256k1-sys v0.11.0
[INFO] [stderr]     Checking lru v0.16.4
[INFO] [stderr]     Checking num_cpus v1.17.0
[INFO] [stderr]    Compiling proc-macro-error v1.0.4
[INFO] [stderr]     Checking ryu v1.0.23
[INFO] [stderr]    Compiling thiserror v1.0.69
[INFO] [stderr]     Checking rand_chacha v0.3.1
[INFO] [stderr]    Compiling typeid v1.0.3
[INFO] [stderr]     Checking threadpool v1.8.1
[INFO] [stderr]     Checking rand v0.8.6
[INFO] [stderr]    Compiling c-kzg v2.1.7
[INFO] [stderr]     Checking num-iter v0.1.45
[INFO] [stderr]     Checking num-complex v0.4.6
[INFO] [stderr]     Checking cpufeatures v0.3.0
[INFO] [stderr]    Compiling erased-serde v0.4.10
[INFO] [stderr]     Checking chacha20 v0.10.0
[INFO] [stderr]    Compiling tiny-keccak v2.0.2
[INFO] [stderr]    Compiling typetag v0.2.22
[INFO] [stderr]     Checking anstyle v1.0.14
[INFO] [stderr]     Checking colorchoice v1.0.5
[INFO] [stderr]     Checking utf8parse v0.2.2
[INFO] [stderr]     Checking anstyle-parse v1.0.0
[INFO] [stderr]     Checking rand v0.10.1
[INFO] [stderr]     Checking unsafe-libyaml v0.2.11
[INFO] [stderr]     Checking iana-time-zone v0.1.65
[INFO] [stderr]    Compiling heck v0.4.1
[INFO] [stderr]     Checking inventory v0.3.24
[INFO] [stderr]     Checking ark-std v0.5.0
[INFO] [stderr]     Checking byteorder v1.5.0
[INFO] [stderr]     Checking arrayref v0.3.9
[INFO] [stderr]     Checking is_terminal_polyfill v1.70.2
[INFO] [stderr]     Checking regex-syntax v0.8.11
[INFO] [stderr]     Checking anstyle-query v1.1.5
[INFO] [stderr]     Checking utf-8 v0.7.6
[INFO] [stderr]     Checking data-encoding v2.11.0
[INFO] [stderr]     Checking anstream v1.0.0
[INFO] [stderr]     Checking encoding_rs v0.8.35
[INFO] [stderr]     Checking uuid v1.23.3
[INFO] [stderr]     Checking lazy_static v1.5.0
[INFO] [stderr]     Checking tempfile v3.27.0
[INFO] [stderr]     Checking strum v0.25.0
[INFO] [stderr]     Checking clap_lex v1.1.0
[INFO] [stderr]     Checking mime v0.3.17
[INFO] [stderr]     Checking sharded-slab v0.1.7
[INFO] [stderr]     Checking clap_builder v4.6.0
[INFO] [stderr]     Checking tracing-log v0.2.0
[INFO] [stderr]     Checking instant v0.1.13
[INFO] [stderr]     Checking thread_local v1.1.9
[INFO] [stderr]    Compiling synstructure v0.13.2
[INFO] [stderr]    Compiling syn-solidity v1.6.0
[INFO] [stderr]    Compiling macro-string v0.2.0
[INFO] [stderr]    Compiling proc-macro-error2 v2.0.1
[INFO] [stderr]     Checking nu-ansi-term v0.50.3
[INFO] [stderr]     Checking toml_write v0.1.2
[INFO] [stderr]     Checking num-conv v0.2.2
[INFO] [stderr]     Checking powerfmt v0.2.0
[INFO] [stderr]     Checking time-core v0.1.9
[INFO] [stderr]     Checking deranged v0.5.8
[INFO] [stderr]    Compiling either v1.16.0
[INFO] [stderr]     Checking winnow v0.7.15
[INFO] [stderr]     Checking crossbeam-channel v0.5.15
[INFO] [stderr]    Compiling itertools v0.14.0
[INFO] [stderr]     Checking regex-automata v0.4.14
[INFO] [stderr]     Checking rapidhash v4.4.1
[INFO] [stderr]     Checking httpdate v1.0.3
[INFO] [stderr]     Checking static_assertions v1.1.0
[INFO] [stderr]     Checking symlink v0.1.0
[INFO] [stderr]     Checking parking v2.2.1
[INFO] [stderr]     Checking uint v0.10.0
[INFO] [stderr]     Checking metrics v0.24.6
[INFO] [stderr]     Checking semver v1.0.28
[INFO] [stderr]     Checking event-listener v5.4.2
[INFO] [stderr] error: could not compile `syn` (lib)
[INFO] [stderr] 
[INFO] [stderr] Caused by:
[INFO] [stderr]   process didn't exit successfully: `/opt/rustwide/rustup-home/toolchains/0cefa27fe3deee26fc98ee44249406358d9f0d26/bin/rustc --crate-name syn --edition=2021 /opt/rustwide/cargo-home/registry/src/index.crates.io-1949cf8c6b5b557f/syn-2.0.118/src/lib.rs --error-format=json --json=diagnostic-rendered-ansi,artifacts,future-incompat,unused-externs-silent --crate-type lib --emit=dep-info,metadata,link -Z embed-metadata=no -C embed-bitcode=no --cfg 'feature="clone-impls"' --cfg 'feature="default"' --cfg 'feature="derive"' --cfg 'feature="extra-traits"' --cfg 'feature="fold"' --cfg 'feature="full"' --cfg 'feature="parsing"' --cfg 'feature="printing"' --cfg 'feature="proc-macro"' --cfg 'feature="visit"' --cfg 'feature="visit-mut"' --check-cfg 'cfg(docsrs,test)' --check-cfg 'cfg(feature, values("clone-impls", "default", "derive", "extra-traits", "fold", "full", "parsing", "printing", "proc-macro", "test", "visit", "visit-mut"))' -C metadata=4ff726f669660d2c -C extra-filename=-9416ed7da02c6d0e --out-dir /opt/rustwide/target/debug/build/syn/9416ed7da02c6d0e/out -L dependency=/opt/rustwide/target/debug/build/proc-macro2/d4cb564e807a9cd7/out -L dependency=/opt/rustwide/target/debug/build/unicode-ident/8c98a1a0e58216a9/out --extern proc_macro2=/opt/rustwide/target/debug/build/proc-macro2/d4cb564e807a9cd7/out/libproc_macro2-d4cb564e807a9cd7.rmeta --extern quote=/opt/rustwide/target/debug/build/quote/aa2c5b8519914b46/out/libquote-aa2c5b8519914b46.rmeta --extern unicode_ident=/opt/rustwide/target/debug/build/unicode-ident/8c98a1a0e58216a9/out/libunicode_ident-8c98a1a0e58216a9.rmeta --cap-lints allow --cap-lints=forbid --force-warn=unused_crate_dependencies` (signal: 9, SIGKILL: kill)
[INFO] [stderr] warning: build failed, waiting for other jobs to finish...
[INFO] [stderr] warning: secp256k1-sys@0.11.0: cc: fatal error: Killed signal terminated program cc1
[INFO] [stderr] warning: secp256k1-sys@0.11.0: compilation terminated.
[INFO] [stderr] warning: secp256k1-sys@0.11.0: ToolExecError: command did not execute successfully (status code exit status: 1): LC_ALL="C" "cc" "-O0" "-ffunction-sections" "-fdata-sections" "-fPIC" "-g" "-gdwarf-4" "-fno-omit-frame-pointer" "-m64" "-I" "depend/secp256k1/" "-I" "depend/secp256k1/include" "-I" "depend/secp256k1/src" "-Wall" "-Wextra" "-Wno-unused-function" "-Wno-unused-parameter" "-DSECP256K1_API=" "-DENABLE_MODULE_ECDH=1" "-DENABLE_MODULE_SCHNORRSIG=1" "-DENABLE_MODULE_EXTRAKEYS=1" "-DENABLE_MODULE_ELLSWIFT=1" "-Dprintf(...)=" "-DECMULT_GEN_PREC_BITS=4" "-DECMULT_WINDOW_SIZE=15" "-DUSE_EXTERNAL_DEFAULT_CALLBACKS=1" "-DENABLE_MODULE_RECOVERY=1" "-o" "/opt/rustwide/target/debug/build/secp256k1-sys/551c937dbe6bf88f/out/fce6141bfa9bf74c-precomputed_ecmult.o" "-c" "depend/secp256k1/src/precomputed_ecmult.c"
[INFO] [stderr] warning: secp256k1-sys@0.11.0: In file included from depend/secp256k1/src/secp256k1.c:39:
[INFO] [stderr] warning: secp256k1-sys@0.11.0: depend/secp256k1/src/hsort_impl.h: In function 'rustsecp256k1_v0_11_heap_swap64':
[INFO] [stderr] warning: secp256k1-sys@0.11.0: depend/secp256k1/src/hsort_impl.h:30:5: error: implicit declaration of function 'memmove' [-Wimplicit-function-declaration]
[INFO] [stderr] warning: secp256k1-sys@0.11.0:    30 |     memmove(a, b, len);
[INFO] [stderr] warning: secp256k1-sys@0.11.0:       |     ^~~~~~~
[INFO] [stderr] warning: secp256k1-sys@0.11.0: depend/secp256k1/src/hsort_impl.h:11:1: note: include '<string.h>' or provide a declaration of 'memmove'
[INFO] [stderr] warning: secp256k1-sys@0.11.0:    10 | #include "hsort.h"
[INFO] [stderr] warning: secp256k1-sys@0.11.0:   +++ |+#include <string.h>
[INFO] [stderr] warning: secp256k1-sys@0.11.0:    11 | 
[INFO] [stderr] warning: secp256k1-sys@0.11.0: depend/secp256k1/src/hsort_impl.h:30:5: warning: incompatible implicit declaration of built-in function 'memmove' [-Wbuiltin-declaration-mismatch]
[INFO] [stderr] warning: secp256k1-sys@0.11.0:    30 |     memmove(a, b, len);
[INFO] [stderr] warning: secp256k1-sys@0.11.0:       |     ^~~~~~~
[INFO] [stderr] warning: secp256k1-sys@0.11.0: depend/secp256k1/src/hsort_impl.h:30:5: note: include '<string.h>' or provide a declaration of 'memmove'
[INFO] [stderr] warning: secp256k1-sys@0.11.0: ToolExecError: command did not execute successfully (status code exit status: 1): LC_ALL="C" "cc" "-O0" "-ffunction-sections" "-fdata-sections" "-fPIC" "-g" "-gdwarf-4" "-fno-omit-frame-pointer" "-m64" "-I" "depend/secp256k1/" "-I" "depend/secp256k1/include" "-I" "depend/secp256k1/src" "-I" "wasm/wasm-sysroot" "-Wall" "-Wextra" "-Wno-unused-function" "-Wno-unused-parameter" "-DSECP256K1_API=" "-DENABLE_MODULE_ECDH=1" "-DENABLE_MODULE_SCHNORRSIG=1" "-DENABLE_MODULE_EXTRAKEYS=1" "-DENABLE_MODULE_ELLSWIFT=1" "-Dprintf(...)=" "-DECMULT_GEN_PREC_BITS=4" "-DECMULT_WINDOW_SIZE=15" "-DUSE_EXTERNAL_DEFAULT_CALLBACKS=1" "-DENABLE_MODULE_RECOVERY=1" "-o" "/opt/rustwide/target/debug/build/secp256k1-sys/551c937dbe6bf88f/out/fce6141bfa9bf74c-secp256k1.o" "-c" "depend/secp256k1/src/secp256k1.c"
[INFO] [stderr] error: failed to run custom build command for `secp256k1-sys v0.11.0`
[INFO] [stderr] note: To improve backtraces for build dependencies, set the CARGO_PROFILE_DEV_BUILD_OVERRIDE_DEBUG=true environment variable to enable debug information generation.
[INFO] [stderr] 
[INFO] [stderr] Caused by:
[INFO] [stderr]   process didn't exit successfully: `/opt/rustwide/target/debug/build/secp256k1-sys/f0b0b425ef4eeba9/out/build_script_build` (exit status: 1)
[INFO] [stderr]   --- stdout
[INFO] [stderr]   cargo:rerun-if-env-changed=CC_FORCE_DISABLE
[INFO] [stderr]   CC_FORCE_DISABLE = None
[INFO] [stderr]   cargo:rerun-if-env-changed=CC_x86_64-unknown-linux-gnu
[INFO] [stderr]   CC_x86_64-unknown-linux-gnu = None
[INFO] [stderr]   cargo:rerun-if-env-changed=CC_x86_64_unknown_linux_gnu
[INFO] [stderr]   CC_x86_64_unknown_linux_gnu = None
[INFO] [stderr]   cargo:rerun-if-env-changed=HOST_CC
[INFO] [stderr]   HOST_CC = None
[INFO] [stderr]   cargo:rerun-if-env-changed=CC
[INFO] [stderr]   CC = None
[INFO] [stderr]   cargo:rerun-if-env-changed=CC_ENABLE_DEBUG_OUTPUT
[INFO] [stderr]   cargo:rerun-if-env-changed=CRATE_CC_NO_DEFAULTS
[INFO] [stderr]   CRATE_CC_NO_DEFAULTS = None
[INFO] [stderr]   cargo:rerun-if-env-changed=CFLAGS
[INFO] [stderr]   CFLAGS = None
[INFO] [stderr]   cargo:rerun-if-env-changed=HOST_CFLAGS
[INFO] [stderr]   HOST_CFLAGS = None
[INFO] [stderr]   cargo:rerun-if-env-changed=CFLAGS_x86_64_unknown_linux_gnu
[INFO] [stderr]   CFLAGS_x86_64_unknown_linux_gnu = None
[INFO] [stderr]   cargo:rerun-if-env-changed=CFLAGS_x86_64-unknown-linux-gnu
[INFO] [stderr]   CFLAGS_x86_64-unknown-linux-gnu = None
[INFO] [stderr]   cargo:rerun-if-env-changed=CC_ENABLE_DEBUG_OUTPUT
[INFO] [stderr]   cargo:rerun-if-env-changed=CRATE_CC_NO_DEFAULTS
[INFO] [stderr]   CRATE_CC_NO_DEFAULTS = None
[INFO] [stderr]   cargo:rerun-if-env-changed=CFLAGS
[INFO] [stderr]   CFLAGS = None
[INFO] [stderr]   cargo:rerun-if-env-changed=HOST_CFLAGS
[INFO] [stderr]   HOST_CFLAGS = None
[INFO] [stderr]   cargo:rerun-if-env-changed=CFLAGS_x86_64_unknown_linux_gnu
[INFO] [stderr]   CFLAGS_x86_64_unknown_linux_gnu = None
[INFO] [stderr]   cargo:rerun-if-env-changed=CFLAGS_x86_64-unknown-linux-gnu
[INFO] [stderr]   CFLAGS_x86_64-unknown-linux-gnu = None
[INFO] [stderr]   cargo:rerun-if-env-changed=CC_ENABLE_DEBUG_OUTPUT
[INFO] [stderr]   cargo:rerun-if-env-changed=CRATE_CC_NO_DEFAULTS
[INFO] [stderr]   CRATE_CC_NO_DEFAULTS = None
[INFO] [stderr]   cargo:rerun-if-env-changed=CFLAGS
[INFO] [stderr]   CFLAGS = None
[INFO] [stderr]   cargo:rerun-if-env-changed=HOST_CFLAGS
[INFO] [stderr]   HOST_CFLAGS = None
[INFO] [stderr]   cargo:rerun-if-env-changed=CFLAGS_x86_64_unknown_linux_gnu
[INFO] [stderr]   CFLAGS_x86_64_unknown_linux_gnu = None
[INFO] [stderr]   cargo:rerun-if-env-changed=CFLAGS_x86_64-unknown-linux-gnu
[INFO] [stderr]   CFLAGS_x86_64-unknown-linux-gnu = None
[INFO] [stderr]   cargo:rerun-if-env-changed=CC_x86_64-unknown-linux-gnu
[INFO] [stderr]   CC_x86_64-unknown-linux-gnu = None
[INFO] [stderr]   cargo:rerun-if-env-changed=CC_x86_64_unknown_linux_gnu
[INFO] [stderr]   CC_x86_64_unknown_linux_gnu = None
[INFO] [stderr]   cargo:rerun-if-env-changed=HOST_CC
[INFO] [stderr]   HOST_CC = None
[INFO] [stderr]   cargo:rerun-if-env-changed=CC
[INFO] [stderr]   CC = None
[INFO] [stderr]   cargo:rerun-if-env-changed=CRATE_CC_NO_DEFAULTS
[INFO] [stderr]   CRATE_CC_NO_DEFAULTS = None
[INFO] [stderr]   cargo:rerun-if-env-changed=CFLAGS
[INFO] [stderr]   CFLAGS = None
[INFO] [stderr]   cargo:rerun-if-env-changed=HOST_CFLAGS
[INFO] [stderr]   HOST_CFLAGS = None
[INFO] [stderr]   cargo:rerun-if-env-changed=CFLAGS_x86_64_unknown_linux_gnu
[INFO] [stderr]   CFLAGS_x86_64_unknown_linux_gnu = None
[INFO] [stderr]   cargo:rerun-if-env-changed=CFLAGS_x86_64-unknown-linux-gnu
[INFO] [stderr]   CFLAGS_x86_64-unknown-linux-gnu = None
[INFO] [stderr]   cargo:rerun-if-env-changed=CC_x86_64-unknown-linux-gnu
[INFO] [stderr]   CC_x86_64-unknown-linux-gnu = None
[INFO] [stderr]   cargo:rerun-if-env-changed=CC_x86_64_unknown_linux_gnu
[INFO] [stderr]   CC_x86_64_unknown_linux_gnu = None
[INFO] [stderr]   cargo:rerun-if-env-changed=HOST_CC
[INFO] [stderr]   HOST_CC = None
[INFO] [stderr]   cargo:rerun-if-env-changed=CC
[INFO] [stderr]   CC = None
[INFO] [stderr]   cargo:rerun-if-env-changed=CRATE_CC_NO_DEFAULTS
[INFO] [stderr]   CRATE_CC_NO_DEFAULTS = None
[INFO] [stderr]   cargo:rerun-if-env-changed=CFLAGS
[INFO] [stderr]   CFLAGS = None
[INFO] [stderr]   cargo:rerun-if-env-changed=HOST_CFLAGS
[INFO] [stderr]   HOST_CFLAGS = None
[INFO] [stderr]   cargo:rerun-if-env-changed=CFLAGS_x86_64_unknown_linux_gnu
[INFO] [stderr]   CFLAGS_x86_64_unknown_linux_gnu = None
[INFO] [stderr]   cargo:rerun-if-env-changed=CFLAGS_x86_64-unknown-linux-gnu
[INFO] [stderr]   CFLAGS_x86_64-unknown-linux-gnu = None
[INFO] [stderr]   cargo:rerun-if-env-changed=CC_x86_64-unknown-linux-gnu
[INFO] [stderr]   CC_x86_64-unknown-linux-gnu = None
[INFO] [stderr]   cargo:rerun-if-env-changed=CC_x86_64_unknown_linux_gnu
[INFO] [stderr]   CC_x86_64_unknown_linux_gnu = None
[INFO] [stderr]   cargo:rerun-if-env-changed=HOST_CC
[INFO] [stderr]   HOST_CC = None
[INFO] [stderr]   cargo:rerun-if-env-changed=CC
[INFO] [stderr]   CC = None
[INFO] [stderr]   cargo:rerun-if-env-changed=CRATE_CC_NO_DEFAULTS
[INFO] [stderr]   CRATE_CC_NO_DEFAULTS = None
[INFO] [stderr]   cargo:rerun-if-env-changed=CFLAGS
[INFO] [stderr]   CFLAGS = None
[INFO] [stderr]   cargo:rerun-if-env-changed=HOST_CFLAGS
[INFO] [stderr]   HOST_CFLAGS = None
[INFO] [stderr]   cargo:rerun-if-env-changed=CFLAGS_x86_64_unknown_linux_gnu
[INFO] [stderr]   CFLAGS_x86_64_unknown_linux_gnu = None
[INFO] [stderr]   cargo:rerun-if-env-changed=CFLAGS_x86_64-unknown-linux-gnu
[INFO] [stderr]   CFLAGS_x86_64-unknown-linux-gnu = None
[INFO] [stderr]   cargo:warning=cc: fatal error: Killed signal terminated program cc1
[INFO] [stderr]   cargo:warning=compilation terminated.
[INFO] [stderr]   exit status: 0
[INFO] [stderr]   exit status: 0
[INFO] [stderr]   exit status: 1
[INFO] [stderr]   cargo:warning=ToolExecError: command did not execute successfully (status code exit status: 1): LC_ALL="C" "cc" "-O0" "-ffunction-sections" "-fdata-sections" "-fPIC" "-g" "-gdwarf-4" "-fno-omit-frame-pointer" "-m64" "-I" "depend/secp256k1/" "-I" "depend/secp256k1/include" "-I" "depend/secp256k1/src" "-Wall" "-Wextra" "-Wno-unused-function" "-Wno-unused-parameter" "-DSECP256K1_API=" "-DENABLE_MODULE_ECDH=1" "-DENABLE_MODULE_SCHNORRSIG=1" "-DENABLE_MODULE_EXTRAKEYS=1" "-DENABLE_MODULE_ELLSWIFT=1" "-Dprintf(...)=" "-DECMULT_GEN_PREC_BITS=4" "-DECMULT_WINDOW_SIZE=15" "-DUSE_EXTERNAL_DEFAULT_CALLBACKS=1" "-DENABLE_MODULE_RECOVERY=1" "-o" "/opt/rustwide/target/debug/build/secp256k1-sys/551c937dbe6bf88f/out/fce6141bfa9bf74c-precomputed_ecmult.o" "-c" "depend/secp256k1/src/precomputed_ecmult.c"
[INFO] [stderr]   exit status: 0
[INFO] [stderr]   cargo:rerun-if-env-changed=CC_FORCE_DISABLE
[INFO] [stderr]   CC_FORCE_DISABLE = None
[INFO] [stderr]   cargo:rerun-if-env-changed=CC_x86_64-unknown-linux-gnu
[INFO] [stderr]   CC_x86_64-unknown-linux-gnu = None
[INFO] [stderr]   cargo:rerun-if-env-changed=CC_x86_64_unknown_linux_gnu
[INFO] [stderr]   CC_x86_64_unknown_linux_gnu = None
[INFO] [stderr]   cargo:rerun-if-env-changed=HOST_CC
[INFO] [stderr]   HOST_CC = None
[INFO] [stderr]   cargo:rerun-if-env-changed=CC
[INFO] [stderr]   CC = None
[INFO] [stderr]   cargo:rerun-if-env-changed=CRATE_CC_NO_DEFAULTS
[INFO] [stderr]   CRATE_CC_NO_DEFAULTS = None
[INFO] [stderr]   cargo:rerun-if-env-changed=CFLAGS
[INFO] [stderr]   CFLAGS = None
[INFO] [stderr]   cargo:rerun-if-env-changed=HOST_CFLAGS
[INFO] [stderr]   HOST_CFLAGS = None
[INFO] [stderr]   cargo:rerun-if-env-changed=CFLAGS_x86_64_unknown_linux_gnu
[INFO] [stderr]   CFLAGS_x86_64_unknown_linux_gnu = None
[INFO] [stderr]   cargo:rerun-if-env-changed=CFLAGS_x86_64-unknown-linux-gnu
[INFO] [stderr]   CFLAGS_x86_64-unknown-linux-gnu = None
[INFO] [stderr]   cargo:rerun-if-env-changed=CC_x86_64-unknown-linux-gnu
[INFO] [stderr]   CC_x86_64-unknown-linux-gnu = None
[INFO] [stderr]   cargo:rerun-if-env-changed=CC_x86_64_unknown_linux_gnu
[INFO] [stderr]   CC_x86_64_unknown_linux_gnu = None
[INFO] [stderr]   cargo:rerun-if-env-changed=HOST_CC
[INFO] [stderr]   HOST_CC = None
[INFO] [stderr]   cargo:rerun-if-env-changed=CC
[INFO] [stderr]   CC = None
[INFO] [stderr]   cargo:rerun-if-env-changed=CRATE_CC_NO_DEFAULTS
[INFO] [stderr]   CRATE_CC_NO_DEFAULTS = None
[INFO] [stderr]   cargo:rerun-if-env-changed=CFLAGS
[INFO] [stderr]   CFLAGS = None
[INFO] [stderr]   cargo:rerun-if-env-changed=HOST_CFLAGS
[INFO] [stderr]   HOST_CFLAGS = None
[INFO] [stderr]   cargo:rerun-if-env-changed=CFLAGS_x86_64_unknown_linux_gnu
[INFO] [stderr]   CFLAGS_x86_64_unknown_linux_gnu = None
[INFO] [stderr]   cargo:rerun-if-env-changed=CFLAGS_x86_64-unknown-linux-gnu
[INFO] [stderr]   CFLAGS_x86_64-unknown-linux-gnu = None
[INFO] [stderr]   cargo:rerun-if-env-changed=CC_x86_64-unknown-linux-gnu
[INFO] [stderr]   CC_x86_64-unknown-linux-gnu = None
[INFO] [stderr]   cargo:rerun-if-env-changed=CC_x86_64_unknown_linux_gnu
[INFO] [stderr]   CC_x86_64_unknown_linux_gnu = None
[INFO] [stderr]   cargo:rerun-if-env-changed=HOST_CC
[INFO] [stderr]   HOST_CC = None
[INFO] [stderr]   cargo:rerun-if-env-changed=CC
[INFO] [stderr]   CC = None
[INFO] [stderr]   cargo:rerun-if-env-changed=CRATE_CC_NO_DEFAULTS
[INFO] [stderr]   CRATE_CC_NO_DEFAULTS = None
[INFO] [stderr]   cargo:rerun-if-env-changed=CFLAGS
[INFO] [stderr]   CFLAGS = None
[INFO] [stderr]   cargo:rerun-if-env-changed=HOST_CFLAGS
[INFO] [stderr]   HOST_CFLAGS = None
[INFO] [stderr]   cargo:rerun-if-env-changed=CFLAGS_x86_64_unknown_linux_gnu
[INFO] [stderr]   CFLAGS_x86_64_unknown_linux_gnu = None
[INFO] [stderr]   cargo:rerun-if-env-changed=CFLAGS_x86_64-unknown-linux-gnu
[INFO] [stderr]   CFLAGS_x86_64-unknown-linux-gnu = None
[INFO] [stderr]   cargo:rerun-if-env-changed=CC_x86_64-unknown-linux-gnu
[INFO] [stderr]   CC_x86_64-unknown-linux-gnu = None
[INFO] [stderr]   cargo:rerun-if-env-changed=CC_x86_64_unknown_linux_gnu
[INFO] [stderr]   CC_x86_64_unknown_linux_gnu = None
[INFO] [stderr]   cargo:rerun-if-env-changed=HOST_CC
[INFO] [stderr]   HOST_CC = None
[INFO] [stderr]   cargo:rerun-if-env-changed=CC
[INFO] [stderr]   CC = None
[INFO] [stderr]   cargo:rerun-if-env-changed=CRATE_CC_NO_DEFAULTS
[INFO] [stderr]   CRATE_CC_NO_DEFAULTS = None
[INFO] [stderr]   cargo:rerun-if-env-changed=CFLAGS
[INFO] [stderr]   CFLAGS = None
[INFO] [stderr]   cargo:rerun-if-env-changed=HOST_CFLAGS
[INFO] [stderr]   HOST_CFLAGS = None
[INFO] [stderr]   cargo:rerun-if-env-changed=CFLAGS_x86_64_unknown_linux_gnu
[INFO] [stderr]   CFLAGS_x86_64_unknown_linux_gnu = None
[INFO] [stderr]   cargo:rerun-if-env-changed=CFLAGS_x86_64-unknown-linux-gnu
[INFO] [stderr]   CFLAGS_x86_64-unknown-linux-gnu = None
[INFO] [stderr]   cargo:warning=In file included from depend/secp256k1/src/secp256k1.c:39:
[INFO] [stderr]   cargo:warning=depend/secp256k1/src/hsort_impl.h: In function 'rustsecp256k1_v0_11_heap_swap64':
[INFO] [stderr]   cargo:warning=depend/secp256k1/src/hsort_impl.h:30:5: error: implicit declaration of function 'memmove' [-Wimplicit-function-declaration]
[INFO] [stderr]   cargo:warning=   30 |     memmove(a, b, len);
[INFO] [stderr]   cargo:warning=      |     ^~~~~~~
[INFO] [stderr]   cargo:warning=depend/secp256k1/src/hsort_impl.h:11:1: note: include '<string.h>' or provide a declaration of 'memmove'
[INFO] [stderr]   cargo:warning=   10 | #include "hsort.h"
[INFO] [stderr]   cargo:warning=  +++ |+#include <string.h>
[INFO] [stderr]   cargo:warning=   11 | 
[INFO] [stderr]   cargo:warning=depend/secp256k1/src/hsort_impl.h:30:5: warning: incompatible implicit declaration of built-in function 'memmove' [-Wbuiltin-declaration-mismatch]
[INFO] [stderr]   cargo:warning=   30 |     memmove(a, b, len);
[INFO] [stderr]   cargo:warning=      |     ^~~~~~~
[INFO] [stderr]   cargo:warning=depend/secp256k1/src/hsort_impl.h:30:5: note: include '<string.h>' or provide a declaration of 'memmove'
[INFO] [stderr]   exit status: 0
[INFO] [stderr]   exit status: 0
[INFO] [stderr]   exit status: 1
[INFO] [stderr]   cargo:warning=ToolExecError: command did not execute successfully (status code exit status: 1): LC_ALL="C" "cc" "-O0" "-ffunction-sections" "-fdata-sections" "-fPIC" "-g" "-gdwarf-4" "-fno-omit-frame-pointer" "-m64" "-I" "depend/secp256k1/" "-I" "depend/secp256k1/include" "-I" "depend/secp256k1/src" "-I" "wasm/wasm-sysroot" "-Wall" "-Wextra" "-Wno-unused-function" "-Wno-unused-parameter" "-DSECP256K1_API=" "-DENABLE_MODULE_ECDH=1" "-DENABLE_MODULE_SCHNORRSIG=1" "-DENABLE_MODULE_EXTRAKEYS=1" "-DENABLE_MODULE_ELLSWIFT=1" "-Dprintf(...)=" "-DECMULT_GEN_PREC_BITS=4" "-DECMULT_WINDOW_SIZE=15" "-DUSE_EXTERNAL_DEFAULT_CALLBACKS=1" "-DENABLE_MODULE_RECOVERY=1" "-o" "/opt/rustwide/target/debug/build/secp256k1-sys/551c937dbe6bf88f/out/fce6141bfa9bf74c-secp256k1.o" "-c" "depend/secp256k1/src/secp256k1.c"
[INFO] [stderr]   exit status: 0
[INFO] [stderr] 
[INFO] [stderr]   --- stderr
[INFO] [stderr] 
[INFO] [stderr] 
[INFO] [stderr]   error occurred in cc-rs: command did not execute successfully (status code exit status: 1): LC_ALL="C" "cc" "-O0" "-ffunction-sections" "-fdata-sections" "-fPIC" "-g" "-gdwarf-4" "-fno-omit-frame-pointer" "-m64" "-I" "depend/secp256k1/" "-I" "depend/secp256k1/include" "-I" "depend/secp256k1/src" "-I" "wasm/wasm-sysroot" "-Wall" "-Wextra" "-Wno-unused-function" "-Wno-unused-parameter" "-DSECP256K1_API=" "-DENABLE_MODULE_ECDH=1" "-DENABLE_MODULE_SCHNORRSIG=1" "-DENABLE_MODULE_EXTRAKEYS=1" "-DENABLE_MODULE_ELLSWIFT=1" "-Dprintf(...)=" "-DECMULT_GEN_PREC_BITS=4" "-DECMULT_WINDOW_SIZE=15" "-DUSE_EXTERNAL_DEFAULT_CALLBACKS=1" "-DENABLE_MODULE_RECOVERY=1" "-o" "/opt/rustwide/target/debug/build/secp256k1-sys/551c937dbe6bf88f/out/fce6141bfa9bf74c-secp256k1.o" "-c" "depend/secp256k1/src/secp256k1.c"
[INFO] [stderr] 
[INFO] [stderr] 
[INFO] running `Command { std: "docker" "inspect" "b5761671e099cd0843887fcf2437ec96cb4692025c89342eddf960145a744b67", kill_on_drop: false }`
[INFO] running `Command { std: "docker" "rm" "-f" "b5761671e099cd0843887fcf2437ec96cb4692025c89342eddf960145a744b67", kill_on_drop: false }`
[INFO] [stdout] b5761671e099cd0843887fcf2437ec96cb4692025c89342eddf960145a744b67
