[INFO] fetching crate dramsim3 0.2.2...
[INFO] checking dramsim3-0.2.2 against 0cefa27fe3deee26fc98ee44249406358d9f0d26 for pr-164789
[INFO] extracting crate dramsim3 0.2.2 into /workspace/builds/worker-5-tc1/source
[INFO] started tweaking crates.io crate dramsim3 0.2.2
[INFO] finished tweaking crates.io crate dramsim3 0.2.2
[INFO] tweaked toml for crates.io crate dramsim3 0.2.2 written to /workspace/builds/worker-5-tc1/source/Cargo.toml
[INFO] validating manifest of crates.io crate dramsim3 0.2.2 on toolchain 0cefa27fe3deee26fc98ee44249406358d9f0d26
[INFO] running `Command { std: CARGO_HOME="/workspace/cargo-home" RUSTUP_HOME="/workspace/rustup-home" "/workspace/cargo-home/bin/cargo" "+0cefa27fe3deee26fc98ee44249406358d9f0d26" "metadata" "--manifest-path" "Cargo.toml" "--no-deps", kill_on_drop: false }`
[INFO] crate crates.io crate dramsim3 0.2.2 already has a lockfile, it will not be regenerated
[INFO] running `Command { std: CARGO_HOME="/workspace/cargo-home" RUSTUP_HOME="/workspace/rustup-home" "/workspace/cargo-home/bin/cargo" "+0cefa27fe3deee26fc98ee44249406358d9f0d26" "fetch" "--manifest-path" "Cargo.toml", kill_on_drop: false }`
[INFO] [stderr]     Blocking waiting for file lock on package cache
[INFO] [stderr]     Blocking waiting for file lock on package cache
[INFO] running `Command { std: "docker" "create" "-v" "/var/lib/crater-agent-workspace/builds/worker-5-tc1/source:/opt/rustwide/workdir:ro,Z" "-v" "/var/lib/crater-agent-workspace/builds/worker-5-tc1/target:/opt/rustwide/target:rw,Z" "-v" "/var/lib/crater-agent-workspace/cargo-home:/opt/rustwide/cargo-home:ro,Z" "-v" "/var/lib/crater-agent-workspace/rustup-home:/opt/rustwide/rustup-home:ro,Z" "-m" "1610612736" "--network" "none" "ghcr.io/rust-lang/crates-build-env/linux@sha256:c0af3998e971868164375a7dfb646c9933ddd1a3bdb00fa2041266763dc1eeab" "sleep" "infinity", kill_on_drop: false }`
[INFO] [stdout] 319d27508ef9947a1948302dcfdc3575ef7af29ae24f5cbbe58ea9e82ae33be9
[INFO] running `Command { std: "docker" "start" "319d27508ef9947a1948302dcfdc3575ef7af29ae24f5cbbe58ea9e82ae33be9", kill_on_drop: false }`
[INFO] running `Command { std: "docker" "inspect" "319d27508ef9947a1948302dcfdc3575ef7af29ae24f5cbbe58ea9e82ae33be9", kill_on_drop: false }`
[INFO] running `Command { std: "docker" "exec" "-e" "SOURCE_DIR=/opt/rustwide/workdir" "-e" "CARGO_HOME=/opt/rustwide/cargo-home" "-e" "RUSTUP_HOME=/opt/rustwide/rustup-home" "-e" "CARGO_TARGET_DIR=/opt/rustwide/target" "-w" "/opt/rustwide/workdir" "--user" "0:0" "319d27508ef9947a1948302dcfdc3575ef7af29ae24f5cbbe58ea9e82ae33be9" "/opt/rustwide/cargo-home/bin/cargo" "+0cefa27fe3deee26fc98ee44249406358d9f0d26" "metadata" "--no-deps" "--format-version=1", kill_on_drop: false }`
[INFO] running `Command { std: "docker" "inspect" "319d27508ef9947a1948302dcfdc3575ef7af29ae24f5cbbe58ea9e82ae33be9", kill_on_drop: false }`
[INFO] running `Command { std: "docker" "exec" "-e" "SOURCE_DIR=/opt/rustwide/workdir" "-e" "CARGO_HOME=/opt/rustwide/cargo-home" "-e" "RUSTUP_HOME=/opt/rustwide/rustup-home" "-e" "CARGO_TARGET_DIR=/opt/rustwide/target" "-e" "CARGO_INCREMENTAL=0" "-e" "RUST_BACKTRACE=full" "-e" "RUSTFLAGS=--cap-lints=forbid" "-e" "RUSTDOCFLAGS=--cap-lints=forbid" "-w" "/opt/rustwide/workdir" "--user" "0:0" "319d27508ef9947a1948302dcfdc3575ef7af29ae24f5cbbe58ea9e82ae33be9" "/opt/rustwide/cargo-home/bin/cargo" "+0cefa27fe3deee26fc98ee44249406358d9f0d26" "check" "--frozen" "--all" "--all-targets" "--message-format=json", kill_on_drop: false }`
[INFO] [stderr]    Compiling find-msvc-tools v0.1.5
[INFO] [stderr]    Compiling anyhow v1.0.100
[INFO] [stderr]     Checking getrandom v0.3.4
[INFO] [stderr]    Compiling cc v1.2.50
[INFO] [stderr]     Checking tempfile v3.23.0
[INFO] [stderr]    Compiling cmake v0.1.57
[INFO] [stderr]    Compiling dramsim3 v0.2.2 (/opt/rustwide/workdir)
[INFO] [stderr] error: failed to run custom build command for `dramsim3 v0.2.2 (/opt/rustwide/workdir)`
[INFO] [stderr] note: To improve backtraces for build dependencies, set the CARGO_PROFILE_DEV_BUILD_OVERRIDE_DEBUG=true environment variable to enable debug information generation.
[INFO] [stderr] 
[INFO] [stderr] Caused by:
[INFO] [stderr]   process didn't exit successfully: `/opt/rustwide/target/debug/build/dramsim3/5375b30967b59571/out/build_script_build` (exit status: 101)
[INFO] [stderr]   --- stdout
[INFO] [stderr]   cargo::rerun-if-changed=DRAMsim3
[INFO] [stderr]   CMAKE_TOOLCHAIN_FILE_x86_64-unknown-linux-gnu = None
[INFO] [stderr]   CMAKE_TOOLCHAIN_FILE_x86_64_unknown_linux_gnu = None
[INFO] [stderr]   HOST_CMAKE_TOOLCHAIN_FILE = None
[INFO] [stderr]   CMAKE_TOOLCHAIN_FILE = None
[INFO] [stderr]   CMAKE_GENERATOR_x86_64-unknown-linux-gnu = None
[INFO] [stderr]   CMAKE_GENERATOR_x86_64_unknown_linux_gnu = None
[INFO] [stderr]   HOST_CMAKE_GENERATOR = None
[INFO] [stderr]   CMAKE_GENERATOR = None
[INFO] [stderr]   CMAKE_PREFIX_PATH_x86_64-unknown-linux-gnu = None
[INFO] [stderr]   CMAKE_PREFIX_PATH_x86_64_unknown_linux_gnu = None
[INFO] [stderr]   HOST_CMAKE_PREFIX_PATH = None
[INFO] [stderr]   CMAKE_PREFIX_PATH = None
[INFO] [stderr]   CMAKE_x86_64-unknown-linux-gnu = None
[INFO] [stderr]   CMAKE_x86_64_unknown_linux_gnu = None
[INFO] [stderr]   HOST_CMAKE = None
[INFO] [stderr]   CMAKE = None
[INFO] [stderr]   -- The C compiler identification is GNU 15.2.0
[INFO] [stderr]   -- The CXX compiler identification is GNU 15.2.0
[INFO] [stderr]   -- Detecting C compiler ABI info
[INFO] [stderr]   -- Detecting C compiler ABI info - done
[INFO] [stderr]   -- Check for working C compiler: /usr/bin/cc - skipped
[INFO] [stderr]   -- Detecting C compile features
[INFO] [stderr]   -- Detecting C compile features - done
[INFO] [stderr]   -- Detecting CXX compiler ABI info
[INFO] [stderr]   -- Detecting CXX compiler ABI info - done
[INFO] [stderr]   -- Check for working CXX compiler: /usr/bin/c++ - skipped
[INFO] [stderr]   -- Detecting CXX compile features
[INFO] [stderr]   -- Detecting CXX compile features - done
[INFO] [stderr]   -- Configuring done (0.8s)
[INFO] [stderr]   -- Generating done (0.0s)
[INFO] [stderr]   -- Build files have been written to: /opt/rustwide/target/debug/build/dramsim3/c02caadf5fa7b0bb/out/build
[INFO] [stderr]   [  5%] Building CXX object CMakeFiles/dramsim3obj.dir/src/bankstate.cc.o
[INFO] [stderr]   [ 11%] Building CXX object CMakeFiles/dramsim3obj.dir/src/command_queue.cc.o
[INFO] [stderr]   [ 17%] Building CXX object CMakeFiles/dramsim3obj.dir/src/hmc.cc.o
[INFO] [stderr]   [ 23%] Building CXX object CMakeFiles/dramsim3obj.dir/src/common.cc.o
[INFO] [stderr]   [ 29%] Building CXX object CMakeFiles/dramsim3obj.dir/src/refresh.cc.o
[INFO] [stderr]   [ 35%] Building CXX object CMakeFiles/dramsim3obj.dir/src/controller.cc.o
[INFO] [stderr]   [ 41%] Building CXX object CMakeFiles/dramsim3obj.dir/src/configuration.cc.o
[INFO] [stderr]   [ 47%] Building CXX object CMakeFiles/dramsim3obj.dir/src/simple_stats.cc.o
[INFO] [stderr]   [ 52%] Building CXX object CMakeFiles/dramsim3obj.dir/src/channel_state.cc.o
[INFO] [stderr]   [ 58%] Building CXX object CMakeFiles/dramsim3obj.dir/src/dram_system.cc.o
[INFO] [stderr]   [ 64%] Building CXX object CMakeFiles/dramsim3obj.dir/src/timing.cc.o
[INFO] [stderr]   [ 70%] Building CXX object CMakeFiles/dramsim3obj.dir/src/memory_system.cc.o
[INFO] [stderr]   [ 76%] Building CXX object CMakeFiles/dramsim3obj.dir/src/ffi.cc.o
[INFO] [stderr] 
[INFO] [stderr]   --- stderr
[INFO] [stderr]   running: cd "/opt/rustwide/target/debug/build/dramsim3/c02caadf5fa7b0bb/out/build" && CMAKE_PREFIX_PATH="" LC_ALL="C" "cmake" "/opt/rustwide/workdir/DRAMsim3" "-B" "/opt/rustwide/target/debug/build/dramsim3/c02caadf5fa7b0bb/out/build" "-DCMAKE_INSTALL_PREFIX=/opt/rustwide/target/debug/build/dramsim3/c02caadf5fa7b0bb/out" "-DCMAKE_C_FLAGS= -ffunction-sections -fdata-sections -fPIC -m64 -w" "-DCMAKE_C_COMPILER=/usr/bin/cc" "-DCMAKE_CXX_FLAGS= -ffunction-sections -fdata-sections -fPIC -m64 -w" "-DCMAKE_CXX_COMPILER=/usr/bin/c++" "-DCMAKE_ASM_FLAGS= -ffunction-sections -fdata-sections -fPIC -m64 -w" "-DCMAKE_ASM_COMPILER=/usr/bin/cc" "-DCMAKE_BUILD_TYPE=Debug"
[INFO] [stderr]   CMake Warning (dev) at CMakeLists.txt:118 (add_custom_command):
[INFO] [stderr]     The following keywords are not supported when using
[INFO] [stderr]     add_custom_command(TARGET): DEPENDS.
[INFO] [stderr] 
[INFO] [stderr]     Policy CMP0175 is not set: add_custom_command() rejects invalid arguments.
[INFO] [stderr]     Run "cmake --help-policy CMP0175" for policy details.  Use the cmake_policy
[INFO] [stderr]     command to set the policy and suppress this warning.
[INFO] [stderr]   This warning is for project developers.  Use -Wno-dev to suppress it.
[INFO] [stderr] 
[INFO] [stderr]   CMake Warning:
[INFO] [stderr]     Manually-specified variables were not used by the project:
[INFO] [stderr] 
[INFO] [stderr]       CMAKE_ASM_COMPILER
[INFO] [stderr]       CMAKE_ASM_FLAGS
[INFO] [stderr] 
[INFO] [stderr] 
[INFO] [stderr]   running: cd "/opt/rustwide/target/debug/build/dramsim3/c02caadf5fa7b0bb/out/build" && LC_ALL="C" MAKEFLAGS="-j --jobserver-fds=4,5 --jobserver-auth=4,5" "cmake" "--build" "/opt/rustwide/target/debug/build/dramsim3/c02caadf5fa7b0bb/out/build" "--target" "install" "--config" "Debug"
[INFO] [stderr]   c++: fatal error: Killed signal terminated program cc1plus
[INFO] [stderr]   compilation terminated.
[INFO] [stderr]   gmake[2]: *** [CMakeFiles/dramsim3obj.dir/build.make:163: CMakeFiles/dramsim3obj.dir/src/dram_system.cc.o] Error 1
[INFO] [stderr]   gmake[2]: *** Waiting for unfinished jobs....
[INFO] [stderr]   c++: fatal error: Killed signal terminated program cc1plus
[INFO] [stderr]   compilation terminated.
[INFO] [stderr]   gmake[2]: *** [CMakeFiles/dramsim3obj.dir/build.make:205: CMakeFiles/dramsim3obj.dir/src/simple_stats.cc.o] Error 1
[INFO] [stderr]   c++: fatal error: Killed signal terminated program cc1plus
[INFO] [stderr]   compilation terminated.
[INFO] [stderr]   gmake[2]: *** [CMakeFiles/dramsim3obj.dir/build.make:149: CMakeFiles/dramsim3obj.dir/src/controller.cc.o] Error 1
[INFO] [stderr]   gmake[1]: *** [CMakeFiles/Makefile2:94: CMakeFiles/dramsim3obj.dir/all] Error 2
[INFO] [stderr]   gmake: *** [Makefile:136: all] Error 2
[INFO] [stderr] 
[INFO] [stderr]   thread 'main' (159) panicked at /opt/rustwide/cargo-home/registry/src/index.crates.io-1949cf8c6b5b557f/cmake-0.1.57/src/lib.rs:1132:5:
[INFO] [stderr] 
[INFO] [stderr]   command did not execute successfully, got: exit status: 2
[INFO] [stderr] 
[INFO] [stderr]   build script failed, must exit now
[INFO] [stderr]   stack backtrace:
[INFO] [stderr]      0:     0x63e97cc6ab51 - std[d54af4b6f8a28972]::backtrace_rs::backtrace::libunwind::trace
[INFO] [stderr]                                  at /rustc/0cefa27fe3deee26fc98ee44249406358d9f0d26/library/std/src/../../backtrace/src/backtrace/libunwind.rs:117:9
[INFO] [stderr]      1:     0x63e97cc6ab51 - std[d54af4b6f8a28972]::backtrace_rs::backtrace::trace_unsynchronized::<std[d54af4b6f8a28972]::sys::backtrace::_print_fmt::{closure#1}>
[INFO] [stderr]                                  at /rustc/0cefa27fe3deee26fc98ee44249406358d9f0d26/library/std/src/../../backtrace/src/backtrace/mod.rs:66:14
[INFO] [stderr]      2:     0x63e97cc6ab51 - std[d54af4b6f8a28972]::sys::backtrace::_print_fmt
[INFO] [stderr]                                  at /rustc/0cefa27fe3deee26fc98ee44249406358d9f0d26/library/std/src/sys/backtrace.rs:74:9
[INFO] [stderr]      3:     0x63e97cc6ab51 - <<std[d54af4b6f8a28972]::sys::backtrace::BacktraceLock>::print::DisplayBacktrace as core[cbc10812dc19a79d]::fmt::Display>::fmt
[INFO] [stderr]                                  at /rustc/0cefa27fe3deee26fc98ee44249406358d9f0d26/library/std/src/sys/backtrace.rs:44:26
[INFO] [stderr]      4:     0x63e97cc7e9ba - <core[cbc10812dc19a79d]::fmt::rt::Argument>::fmt
[INFO] [stderr]                                  at /rustc/0cefa27fe3deee26fc98ee44249406358d9f0d26/library/core/src/fmt/rt.rs:152:76
[INFO] [stderr]      5:     0x63e97cc7e9ba - core[cbc10812dc19a79d]::fmt::write
[INFO] [stderr]      6:     0x63e97cc7067c - core[cbc10812dc19a79d]::io::write::default_write_fmt::<std[d54af4b6f8a28972]::sys::stdio::unix::Stderr>
[INFO] [stderr]                                  at /rustc/0cefa27fe3deee26fc98ee44249406358d9f0d26/library/core/src/io/write.rs:402:11
[INFO] [stderr]      7:     0x63e97cc7067c - <std[d54af4b6f8a28972]::sys::stdio::unix::Stderr as core[cbc10812dc19a79d]::io::write::Write>::write_fmt
[INFO] [stderr]                                  at /rustc/0cefa27fe3deee26fc98ee44249406358d9f0d26/library/core/src/io/write.rs:335:13
[INFO] [stderr]      8:     0x63e97cc4a396 - <std[d54af4b6f8a28972]::sys::backtrace::BacktraceLock>::print
[INFO] [stderr]                                  at /rustc/0cefa27fe3deee26fc98ee44249406358d9f0d26/library/std/src/sys/backtrace.rs:47:9
[INFO] [stderr]      9:     0x63e97cc4a396 - std[d54af4b6f8a28972]::panicking::default_hook::{closure#0}
[INFO] [stderr]                                  at /rustc/0cefa27fe3deee26fc98ee44249406358d9f0d26/library/std/src/panicking.rs:289:27
[INFO] [stderr]     10:     0x63e97cc658b1 - std[d54af4b6f8a28972]::panicking::default_hook
[INFO] [stderr]                                  at /rustc/0cefa27fe3deee26fc98ee44249406358d9f0d26/library/std/src/panicking.rs:316:9
[INFO] [stderr]     11:     0x63e97cc65a6b - std[d54af4b6f8a28972]::panicking::panic_with_hook
[INFO] [stderr]                                  at /rustc/0cefa27fe3deee26fc98ee44249406358d9f0d26/library/std/src/panicking.rs:811:13
[INFO] [stderr]     12:     0x63e97cc4a442 - std[d54af4b6f8a28972]::panicking::panic_handler::{closure#0}
[INFO] [stderr]                                  at /rustc/0cefa27fe3deee26fc98ee44249406358d9f0d26/library/std/src/panicking.rs:685:13
[INFO] [stderr]     13:     0x63e97cc430e9 - std[d54af4b6f8a28972]::sys::backtrace::__rust_end_short_backtrace::<std[d54af4b6f8a28972]::panicking::panic_handler::{closure#0}, !>
[INFO] [stderr]                                  at /rustc/0cefa27fe3deee26fc98ee44249406358d9f0d26/library/std/src/sys/backtrace.rs:182:18
[INFO] [stderr]     14:     0x63e97cc4ac2d - __rustc[94f29652302a4bf4]::rust_begin_unwind
[INFO] [stderr]                                  at /rustc/0cefa27fe3deee26fc98ee44249406358d9f0d26/library/std/src/panicking.rs:676:5
[INFO] [stderr]     15:     0x63e97cc7f14c - core[cbc10812dc19a79d]::panicking::panic_fmt
[INFO] [stderr]                                  at /rustc/0cefa27fe3deee26fc98ee44249406358d9f0d26/library/core/src/panicking.rs:80:14
[INFO] [stderr]     16:     0x63e97cbd4fd7 - cmake[756b52b1011efa9a]::fail
[INFO] [stderr]     17:     0x63e97cbd4c63 - cmake[756b52b1011efa9a]::run
[INFO] [stderr]     18:     0x63e97cbdabb6 - <cmake[756b52b1011efa9a]::Config>::build
[INFO] [stderr]     19:     0x63e97cbc61e5 - cmake[756b52b1011efa9a]::build::<&str>
[INFO] [stderr]     20:     0x63e97cbc7202 - build_script_build[1049c20a8215ef18]::main
[INFO] [stderr]     21:     0x63e97cbc77a3 - <fn() as core[cbc10812dc19a79d]::ops::function::FnOnce<()>>::call_once
[INFO] [stderr]     22:     0x63e97cbc718e - std[d54af4b6f8a28972]::sys::backtrace::__rust_begin_short_backtrace::<fn(), ()>
[INFO] [stderr]     23:     0x63e97cbc7199 - std[d54af4b6f8a28972]::rt::lang_start::<()>::{closure#0}
[INFO] [stderr]     24:     0x63e97cc64bb8 - <&dyn core[cbc10812dc19a79d]::ops::function::Fn<(), Output = i32> + core[cbc10812dc19a79d]::marker::Sync + core[cbc10812dc19a79d]::panic::unwind_safe::RefUnwindSafe as core[cbc10812dc19a79d]::ops::function::FnOnce<()>>::call_once
[INFO] [stderr]                                  at /rustc/0cefa27fe3deee26fc98ee44249406358d9f0d26/library/core/src/ops/function.rs:287:21
[INFO] [stderr]     25:     0x63e97cc64bb8 - std[d54af4b6f8a28972]::panicking::catch_unwind::do_call::<&dyn core[cbc10812dc19a79d]::ops::function::Fn<(), Output = i32> + core[cbc10812dc19a79d]::marker::Sync + core[cbc10812dc19a79d]::panic::unwind_safe::RefUnwindSafe, i32>
[INFO] [stderr]                                  at /rustc/0cefa27fe3deee26fc98ee44249406358d9f0d26/library/std/src/panicking.rs:573:43
[INFO] [stderr]     26:     0x63e97cc64bb8 - std[d54af4b6f8a28972]::panicking::catch_unwind::<i32, &dyn core[cbc10812dc19a79d]::ops::function::Fn<(), Output = i32> + core[cbc10812dc19a79d]::marker::Sync + core[cbc10812dc19a79d]::panic::unwind_safe::RefUnwindSafe>
[INFO] [stderr]                                  at /rustc/0cefa27fe3deee26fc98ee44249406358d9f0d26/library/std/src/panicking.rs:541:19
[INFO] [stderr]     27:     0x63e97cc64bb8 - std[d54af4b6f8a28972]::panic::catch_unwind::<&dyn core[cbc10812dc19a79d]::ops::function::Fn<(), Output = i32> + core[cbc10812dc19a79d]::marker::Sync + core[cbc10812dc19a79d]::panic::unwind_safe::RefUnwindSafe, i32>
[INFO] [stderr]                                  at /rustc/0cefa27fe3deee26fc98ee44249406358d9f0d26/library/std/src/panic.rs:359:14
[INFO] [stderr]     28:     0x63e97cc64bb8 - std[d54af4b6f8a28972]::rt::lang_start_internal::{closure#0}
[INFO] [stderr]                                  at /rustc/0cefa27fe3deee26fc98ee44249406358d9f0d26/library/std/src/rt.rs:175:24
[INFO] [stderr]     29:     0x63e97cc64bb8 - std[d54af4b6f8a28972]::panicking::catch_unwind::do_call::<std[d54af4b6f8a28972]::rt::lang_start_internal::{closure#0}, isize>
[INFO] [stderr]                                  at /rustc/0cefa27fe3deee26fc98ee44249406358d9f0d26/library/std/src/panicking.rs:573:43
[INFO] [stderr]     30:     0x63e97cc64bb8 - std[d54af4b6f8a28972]::panicking::catch_unwind::<isize, std[d54af4b6f8a28972]::rt::lang_start_internal::{closure#0}>
[INFO] [stderr]                                  at /rustc/0cefa27fe3deee26fc98ee44249406358d9f0d26/library/std/src/panicking.rs:541:19
[INFO] [stderr]     31:     0x63e97cc64bb8 - std[d54af4b6f8a28972]::panic::catch_unwind::<std[d54af4b6f8a28972]::rt::lang_start_internal::{closure#0}, isize>
[INFO] [stderr]                                  at /rustc/0cefa27fe3deee26fc98ee44249406358d9f0d26/library/std/src/panic.rs:359:14
[INFO] [stderr]     32:     0x63e97cc64bb8 - std[d54af4b6f8a28972]::rt::lang_start_internal
[INFO] [stderr]                                  at /rustc/0cefa27fe3deee26fc98ee44249406358d9f0d26/library/std/src/rt.rs:171:5
[INFO] [stderr]     33:     0x63e97cbc7181 - std[d54af4b6f8a28972]::rt::lang_start::<()>
[INFO] [stderr]     34:     0x63e97cbc7815 - main
[INFO] [stderr]     35:     0x730ab3fdf601 - <unknown>
[INFO] [stderr]     36:     0x730ab3fdf718 - __libc_start_main
[INFO] [stderr]     37:     0x63e97cbc60c5 - _start
[INFO] [stderr]     38:                0x0 - <unknown>
[INFO] running `Command { std: "docker" "inspect" "319d27508ef9947a1948302dcfdc3575ef7af29ae24f5cbbe58ea9e82ae33be9", kill_on_drop: false }`
[INFO] running `Command { std: "docker" "rm" "-f" "319d27508ef9947a1948302dcfdc3575ef7af29ae24f5cbbe58ea9e82ae33be9", kill_on_drop: false }`
[INFO] [stdout] 319d27508ef9947a1948302dcfdc3575ef7af29ae24f5cbbe58ea9e82ae33be9
