[INFO] cloning repository https://github.com/joypaul162/influxdata-influxdb
[INFO] running `Command { std: "git" "-c" "credential.helper=" "-c" "credential.helper=/workspace/cargo-home/bin/git-credential-null" "clone" "--bare" "https://github.com/joypaul162/influxdata-influxdb" "/workspace/cache/git-repos/https%3A%2F%2Fgithub.com%2Fjoypaul162%2Finfluxdata-influxdb", kill_on_drop: false }`
[INFO] [stderr] Cloning into bare repository '/workspace/cache/git-repos/https%3A%2F%2Fgithub.com%2Fjoypaul162%2Finfluxdata-influxdb'...
[INFO] running `Command { std: "git" "rev-parse" "HEAD", kill_on_drop: false }`
[INFO] [stdout] 8d254dda7a89bcdf7f870c487be367570b08488a
[INFO] checking joypaul162/influxdata-influxdb against 0cefa27fe3deee26fc98ee44249406358d9f0d26 for pr-164789
[INFO] running `Command { std: "git" "clone" "/workspace/cache/git-repos/https%3A%2F%2Fgithub.com%2Fjoypaul162%2Finfluxdata-influxdb" "/workspace/builds/worker-2-tc1/source", kill_on_drop: false }`
[INFO] [stderr] Cloning into '/workspace/builds/worker-2-tc1/source'...
[INFO] [stderr] done.
[INFO] removed /workspace/builds/worker-2-tc1/source/.cargo/config.toml
[INFO] removed /workspace/builds/worker-2-tc1/source/rust-toolchain.toml
[INFO] started tweaking git repo https://github.com/joypaul162/influxdata-influxdb
[INFO] finished tweaking git repo https://github.com/joypaul162/influxdata-influxdb
[INFO] tweaked toml for git repo https://github.com/joypaul162/influxdata-influxdb written to /workspace/builds/worker-2-tc1/source/Cargo.toml
[INFO] validating manifest of git repo https://github.com/joypaul162/influxdata-influxdb on toolchain 0cefa27fe3deee26fc98ee44249406358d9f0d26
[INFO] running `Command { std: CARGO_HOME="/workspace/cargo-home" RUSTUP_HOME="/workspace/rustup-home" "/workspace/cargo-home/bin/cargo" "+0cefa27fe3deee26fc98ee44249406358d9f0d26" "metadata" "--manifest-path" "Cargo.toml" "--no-deps", kill_on_drop: false }`
[INFO] crate git repo https://github.com/joypaul162/influxdata-influxdb already has a lockfile, it will not be regenerated
[INFO] running `Command { std: CARGO_HOME="/workspace/cargo-home" RUSTUP_HOME="/workspace/rustup-home" "/workspace/cargo-home/bin/cargo" "+0cefa27fe3deee26fc98ee44249406358d9f0d26" "fetch" "--manifest-path" "Cargo.toml", kill_on_drop: false }`
[INFO] [stderr] warning: unused workspace dependency `arrow-buffer`
[INFO] [stderr]   --> Cargo.toml:88:1
[INFO] [stderr]    |
[INFO] [stderr] 88 | arrow-buffer = "53.0.0"
[INFO] [stderr]    | ^^^^^^^^^^^^
[INFO] [stderr]    |
[INFO] [stderr]    = note: `cargo::unused_workspace_dependencies` is set to `warn` by default
[INFO] [stderr] help: consider removing the workspace dependency `arrow-buffer`
[INFO] [stderr] warning: unused workspace dependency `clru`
[INFO] [stderr]    --> Cargo.toml:100:1
[INFO] [stderr]     |
[INFO] [stderr] 100 | clru = "0.6.2"
[INFO] [stderr]     | ^^^^
[INFO] [stderr]     |
[INFO] [stderr] help: consider removing the workspace dependency `clru`
[INFO] [stderr] warning: unused workspace dependency `datafusion-proto`
[INFO] [stderr]    --> Cargo.toml:187:25
[INFO] [stderr]     |
[INFO] [stderr] 187 | [workspace.dependencies.datafusion-proto]
[INFO] [stderr]     |                         ^^^^^^^^^^^^^^^^
[INFO] [stderr]     |
[INFO] [stderr] help: consider removing the workspace dependency `datafusion-proto`
[INFO] [stderr] warning: unused workspace dependency `pbjson`
[INFO] [stderr]    --> Cargo.toml:120:1
[INFO] [stderr]     |
[INFO] [stderr] 120 | pbjson = "0.6.0"
[INFO] [stderr]     | ^^^^^^
[INFO] [stderr]     |
[INFO] [stderr] help: consider removing the workspace dependency `pbjson`
[INFO] [stderr] warning: unused workspace dependency `pbjson-build`
[INFO] [stderr]    --> Cargo.toml:121:1
[INFO] [stderr]     |
[INFO] [stderr] 121 | pbjson-build = "0.6.2"
[INFO] [stderr]     | ^^^^^^^^^^^^
[INFO] [stderr]     |
[INFO] [stderr] help: consider removing the workspace dependency `pbjson-build`
[INFO] [stderr] warning: unused workspace dependency `pbjson-types`
[INFO] [stderr]    --> Cargo.toml:122:1
[INFO] [stderr]     |
[INFO] [stderr] 122 | pbjson-types = "0.6.0"
[INFO] [stderr]     | ^^^^^^^^^^^^
[INFO] [stderr]     |
[INFO] [stderr] help: consider removing the workspace dependency `pbjson-types`
[INFO] [stderr] warning: unused workspace dependency `prost`
[INFO] [stderr]    --> Cargo.toml:125:1
[INFO] [stderr]     |
[INFO] [stderr] 125 | prost = "0.12.6"
[INFO] [stderr]     | ^^^^^
[INFO] [stderr]     |
[INFO] [stderr] help: consider removing the workspace dependency `prost`
[INFO] [stderr] warning: unused workspace dependency `prost-build`
[INFO] [stderr]    --> Cargo.toml:126:1
[INFO] [stderr]     |
[INFO] [stderr] 126 | prost-build = "0.12.6"
[INFO] [stderr]     | ^^^^^^^^^^^
[INFO] [stderr]     |
[INFO] [stderr] help: consider removing the workspace dependency `prost-build`
[INFO] [stderr] warning: unused workspace dependency `prost-types`
[INFO] [stderr]    --> Cargo.toml:127:1
[INFO] [stderr]     |
[INFO] [stderr] 127 | prost-types = "0.12.6"
[INFO] [stderr]     | ^^^^^^^^^^^
[INFO] [stderr]     |
[INFO] [stderr] help: consider removing the workspace dependency `prost-types`
[INFO] [stderr] warning: unused workspace dependency `sqlparser`
[INFO] [stderr]    --> Cargo.toml:137:1
[INFO] [stderr]     |
[INFO] [stderr] 137 | sqlparser = "0.48.0"
[INFO] [stderr]     | ^^^^^^^^^
[INFO] [stderr]     |
[INFO] [stderr] help: consider removing the workspace dependency `sqlparser`
[INFO] [stderr] warning: unused workspace dependency `tonic-build`
[INFO] [stderr]    --> Cargo.toml:142:1
[INFO] [stderr]     |
[INFO] [stderr] 142 | tonic-build = "0.11.0"
[INFO] [stderr]     | ^^^^^^^^^^^
[INFO] [stderr]     |
[INFO] [stderr] help: consider removing the workspace dependency `tonic-build`
[INFO] [stderr] warning: unused workspace dependency `tonic-health`
[INFO] [stderr]    --> Cargo.toml:143:1
[INFO] [stderr]     |
[INFO] [stderr] 143 | tonic-health = "0.11.0"
[INFO] [stderr]     | ^^^^^^^^^^^^
[INFO] [stderr]     |
[INFO] [stderr] help: consider removing the workspace dependency `tonic-health`
[INFO] [stderr] warning: unused workspace dependency `tonic-reflection`
[INFO] [stderr]    --> Cargo.toml:144:1
[INFO] [stderr]     |
[INFO] [stderr] 144 | tonic-reflection = "0.11.0"
[INFO] [stderr]     | ^^^^^^^^^^^^^^^^
[INFO] [stderr]     |
[INFO] [stderr] help: consider removing the workspace dependency `tonic-reflection`
[INFO] [stderr] warning: unused workspace dependency `twox-hash`
[INFO] [stderr]    --> Cargo.toml:146:1
[INFO] [stderr]     |
[INFO] [stderr] 146 | twox-hash = "2.1.0"
[INFO] [stderr]     | ^^^^^^^^^
[INFO] [stderr]     |
[INFO] [stderr] help: consider removing the workspace dependency `twox-hash`
[INFO] [stderr] warning: workspace (manifest) generated 14 warnings
[INFO] [stderr] warning: missing `[lints]` to inherit `[workspace.lints]`
[INFO] [stderr]    --> influxdb3/Cargo.toml
[INFO] [stderr]     = note: `cargo::missing_lints_inheritance` is set to `warn` by default
[INFO] [stderr] help: to inherit `workspace.lints, add:
[INFO] [stderr]     |
[INFO] [stderr] 103 ~ test-log.workspace = true
[INFO] [stderr] 104 + [lints]
[INFO] [stderr] 105 + workspace = true
[INFO] [stderr]     |
[INFO] [stderr] help: to clarify your intent to not inherit, add:
[INFO] [stderr]     |
[INFO] [stderr] 103 ~ test-log.workspace = true
[INFO] [stderr] 104 + [lints]
[INFO] [stderr]     |
[INFO] [stderr] warning: `influxdb3` (manifest) generated 1 warning
[INFO] [stderr]     Updating git repository `https://github.com/influxdata/arrow-rs.git`
[INFO] [stderr]     Updating git submodule `https://github.com/apache/parquet-testing.git`
[INFO] [stderr]     Updating git submodule `https://github.com/apache/arrow-testing`
[INFO] [stderr]     Updating git repository `https://github.com/influxdata/influxdb3_core`
[INFO] [stderr]     Updating git repository `https://github.com/influxdata/arrow-datafusion.git`
[INFO] [stderr]     Updating crates.io index
[INFO] [stderr]     Blocking waiting for file lock on package cache
[INFO] [stderr]  Downloading crates ...
[INFO] [stderr]   Downloaded zstd v0.13.2
[INFO] [stderr]   Downloaded pin-project-internal v1.1.8
[INFO] [stderr]   Downloaded zstd-safe v7.2.1
[INFO] [stderr]   Downloaded tokio-metrics v0.4.0
[INFO] [stderr]   Downloaded pin-project v1.1.8
[INFO] [stderr]   Downloaded snafu-derive v0.8.5
[INFO] [stderr]   Downloaded similar v2.6.0
[INFO] [stderr]   Downloaded snafu v0.8.5
[INFO] [stderr]   Downloaded security-framework-sys v2.13.0
[INFO] [stderr]   Downloaded quinn-udp v0.5.9
[INFO] [stderr]   Downloaded rustls v0.23.20
[INFO] [stderr]   Downloaded security-framework v3.1.0
[INFO] [stderr]   Downloaded async-compression v0.4.18
[INFO] [stderr]   Downloaded object_store v0.11.2
[INFO] [stderr]   Downloaded quick-xml v0.37.2
[INFO] [stderr]   Downloaded clap_builder v4.5.23
[INFO] [stderr]   Downloaded bloom2 v0.5.1
[INFO] [stderr]   Downloaded clap v4.5.23
[INFO] [stderr]   Downloaded lexical-core v1.0.5
[INFO] [stderr]   Downloaded lexical-parse-integer v1.0.5
[INFO] [stderr]   Downloaded lexical-write-integer v1.0.5
[INFO] [stderr]   Downloaded comfy-table v7.1.3
[INFO] [stderr]   Downloaded lexical-write-float v1.0.5
[INFO] [stderr]   Downloaded lexical-util v1.0.6
[INFO] [stderr]   Downloaded prettyplease v0.2.27
[INFO] [stderr]   Downloaded pbjson v0.6.0
[INFO] [stderr]   Downloaded sqlparser_derive v0.2.2
[INFO] [stderr]   Downloaded lexical-parse-float v1.0.5
[INFO] [stderr]   Downloaded pbjson-build v0.6.2
[INFO] [stderr]   Downloaded pbjson-types v0.6.0
[INFO] [stderr]   Downloaded murmur3 v0.5.2
[INFO] [stderr]   Downloaded test-log v0.2.16
[INFO] [stderr]   Downloaded test-log-macros v0.2.16
[INFO] [stderr]   Downloaded env_logger v0.11.6
[INFO] [stderr]   Downloaded bitcode_derive v0.6.3
[INFO] [stderr]   Downloaded cron v0.14.0
[INFO] [stderr]   Downloaded unindent v0.2.3
[INFO] [stderr]   Downloaded pyo3-macros v0.23.3
[INFO] [stderr]   Downloaded pest_generator v2.7.15
[INFO] [stderr]   Downloaded croaring v2.2.0
[INFO] [stderr]   Downloaded pest_derive v2.7.15
[INFO] [stderr]   Downloaded pyo3-build-config v0.23.3
[INFO] [stderr]   Downloaded bitcode v0.6.3
[INFO] [stderr]   Downloaded pest_meta v2.7.15
[INFO] [stderr]   Downloaded console v0.15.10
[INFO] [stderr]   Downloaded chrono-tz v0.10.0
[INFO] [stderr]   Downloaded pyo3-ffi v0.23.3
[INFO] [stderr]   Downloaded insta v1.42.0
[INFO] [stderr]   Downloaded pyo3-macros-backend v0.23.3
[INFO] [stderr]   Downloaded mockito v1.6.1
[INFO] [stderr]   Downloaded tonic-reflection v0.11.0
[INFO] [stderr]   Downloaded sqlparser v0.51.0
[INFO] [stderr]   Downloaded tikv-jemallocator v0.5.4
[INFO] [stderr]   Downloaded tikv-jemalloc-ctl v0.5.4
[INFO] [stderr]   Downloaded non-empty-string v0.2.5
[INFO] [stderr]   Downloaded delegate v0.8.0
[INFO] [stderr]   Downloaded pest v2.7.15
[INFO] [stderr]   Downloaded cron v0.15.0
[INFO] [stderr]   Downloaded console-subscriber v0.1.10
[INFO] [stderr]   Downloaded prometheus v0.13.4
[INFO] [stderr]   Downloaded console-api v0.5.0
[INFO] [stderr]   Downloaded portable-atomic v1.10.0
[INFO] [stderr]   Downloaded tikv-jemalloc-sys v0.5.4+5.3.0-patched
[INFO] [stderr]   Downloaded pyo3 v0.23.3
[INFO] [stderr]   Downloaded croaring-sys v4.2.1
[INFO] running `Command { std: "docker" "create" "-v" "/var/lib/crater-agent-workspace/builds/worker-2-tc1/source:/opt/rustwide/workdir:ro,Z" "-v" "/var/lib/crater-agent-workspace/builds/worker-2-tc1/target:/opt/rustwide/target:rw,Z" "-v" "/var/lib/crater-agent-workspace/cargo-home:/opt/rustwide/cargo-home:ro,Z" "-v" "/var/lib/crater-agent-workspace/rustup-home:/opt/rustwide/rustup-home:ro,Z" "-m" "1610612736" "--network" "none" "ghcr.io/rust-lang/crates-build-env/linux@sha256:c0af3998e971868164375a7dfb646c9933ddd1a3bdb00fa2041266763dc1eeab" "sleep" "infinity", kill_on_drop: false }`
[INFO] [stdout] 97d9d158c49793781b360bbbb733e0c672e6abba252d184e844071a29fe0b26f
[INFO] running `Command { std: "docker" "start" "97d9d158c49793781b360bbbb733e0c672e6abba252d184e844071a29fe0b26f", kill_on_drop: false }`
[INFO] running `Command { std: "docker" "inspect" "97d9d158c49793781b360bbbb733e0c672e6abba252d184e844071a29fe0b26f", kill_on_drop: false }`
[INFO] running `Command { std: "docker" "exec" "-e" "SOURCE_DIR=/opt/rustwide/workdir" "-e" "CARGO_HOME=/opt/rustwide/cargo-home" "-e" "RUSTUP_HOME=/opt/rustwide/rustup-home" "-e" "CARGO_TARGET_DIR=/opt/rustwide/target" "-w" "/opt/rustwide/workdir" "--user" "0:0" "97d9d158c49793781b360bbbb733e0c672e6abba252d184e844071a29fe0b26f" "/opt/rustwide/cargo-home/bin/cargo" "+0cefa27fe3deee26fc98ee44249406358d9f0d26" "metadata" "--no-deps" "--format-version=1", kill_on_drop: false }`
[INFO] running `Command { std: "docker" "inspect" "97d9d158c49793781b360bbbb733e0c672e6abba252d184e844071a29fe0b26f", kill_on_drop: false }`
[INFO] running `Command { std: "docker" "exec" "-e" "SOURCE_DIR=/opt/rustwide/workdir" "-e" "CARGO_HOME=/opt/rustwide/cargo-home" "-e" "RUSTUP_HOME=/opt/rustwide/rustup-home" "-e" "CARGO_TARGET_DIR=/opt/rustwide/target" "-e" "CARGO_INCREMENTAL=0" "-e" "RUST_BACKTRACE=full" "-e" "RUSTFLAGS=--cap-lints=forbid" "-e" "RUSTDOCFLAGS=--cap-lints=forbid" "-w" "/opt/rustwide/workdir" "--user" "0:0" "97d9d158c49793781b360bbbb733e0c672e6abba252d184e844071a29fe0b26f" "/opt/rustwide/cargo-home/bin/cargo" "+0cefa27fe3deee26fc98ee44249406358d9f0d26" "check" "--frozen" "--all" "--all-targets" "--message-format=json", kill_on_drop: false }`
[INFO] [stderr] warning: unused workspace dependency `arrow-buffer`
[INFO] [stderr]   --> Cargo.toml:88:1
[INFO] [stderr]    |
[INFO] [stderr] 88 | arrow-buffer = "53.0.0"
[INFO] [stderr]    | ^^^^^^^^^^^^
[INFO] [stderr]    |
[INFO] [stderr]    = note: `cargo::unused_workspace_dependencies` is set to `warn` by default
[INFO] [stderr] help: consider removing the workspace dependency `arrow-buffer`
[INFO] [stderr] warning: unused workspace dependency `clru`
[INFO] [stderr]    --> Cargo.toml:100:1
[INFO] [stderr]     |
[INFO] [stderr] 100 | clru = "0.6.2"
[INFO] [stderr]     | ^^^^
[INFO] [stderr]     |
[INFO] [stderr] help: consider removing the workspace dependency `clru`
[INFO] [stderr] warning: unused workspace dependency `datafusion-proto`
[INFO] [stderr]    --> Cargo.toml:187:25
[INFO] [stderr]     |
[INFO] [stderr] 187 | [workspace.dependencies.datafusion-proto]
[INFO] [stderr]     |                         ^^^^^^^^^^^^^^^^
[INFO] [stderr]     |
[INFO] [stderr] help: consider removing the workspace dependency `datafusion-proto`
[INFO] [stderr] warning: unused workspace dependency `pbjson`
[INFO] [stderr]    --> Cargo.toml:120:1
[INFO] [stderr]     |
[INFO] [stderr] 120 | pbjson = "0.6.0"
[INFO] [stderr]     | ^^^^^^
[INFO] [stderr]     |
[INFO] [stderr] help: consider removing the workspace dependency `pbjson`
[INFO] [stderr] warning: unused workspace dependency `pbjson-build`
[INFO] [stderr]    --> Cargo.toml:121:1
[INFO] [stderr]     |
[INFO] [stderr] 121 | pbjson-build = "0.6.2"
[INFO] [stderr]     | ^^^^^^^^^^^^
[INFO] [stderr]     |
[INFO] [stderr] help: consider removing the workspace dependency `pbjson-build`
[INFO] [stderr] warning: unused workspace dependency `pbjson-types`
[INFO] [stderr]    --> Cargo.toml:122:1
[INFO] [stderr]     |
[INFO] [stderr] 122 | pbjson-types = "0.6.0"
[INFO] [stderr]     | ^^^^^^^^^^^^
[INFO] [stderr]     |
[INFO] [stderr] help: consider removing the workspace dependency `pbjson-types`
[INFO] [stderr] warning: unused workspace dependency `prost`
[INFO] [stderr]    --> Cargo.toml:125:1
[INFO] [stderr]     |
[INFO] [stderr] 125 | prost = "0.12.6"
[INFO] [stderr]     | ^^^^^
[INFO] [stderr]     |
[INFO] [stderr] help: consider removing the workspace dependency `prost`
[INFO] [stderr] warning: unused workspace dependency `prost-build`
[INFO] [stderr]    --> Cargo.toml:126:1
[INFO] [stderr]     |
[INFO] [stderr] 126 | prost-build = "0.12.6"
[INFO] [stderr]     | ^^^^^^^^^^^
[INFO] [stderr]     |
[INFO] [stderr] help: consider removing the workspace dependency `prost-build`
[INFO] [stderr] warning: unused workspace dependency `prost-types`
[INFO] [stderr]    --> Cargo.toml:127:1
[INFO] [stderr]     |
[INFO] [stderr] 127 | prost-types = "0.12.6"
[INFO] [stderr]     | ^^^^^^^^^^^
[INFO] [stderr]     |
[INFO] [stderr] help: consider removing the workspace dependency `prost-types`
[INFO] [stderr] warning: unused workspace dependency `sqlparser`
[INFO] [stderr]    --> Cargo.toml:137:1
[INFO] [stderr]     |
[INFO] [stderr] 137 | sqlparser = "0.48.0"
[INFO] [stderr]     | ^^^^^^^^^
[INFO] [stderr]     |
[INFO] [stderr] help: consider removing the workspace dependency `sqlparser`
[INFO] [stderr] warning: unused workspace dependency `tonic-build`
[INFO] [stderr]    --> Cargo.toml:142:1
[INFO] [stderr]     |
[INFO] [stderr] 142 | tonic-build = "0.11.0"
[INFO] [stderr]     | ^^^^^^^^^^^
[INFO] [stderr]     |
[INFO] [stderr] help: consider removing the workspace dependency `tonic-build`
[INFO] [stderr] warning: unused workspace dependency `tonic-health`
[INFO] [stderr]    --> Cargo.toml:143:1
[INFO] [stderr]     |
[INFO] [stderr] 143 | tonic-health = "0.11.0"
[INFO] [stderr]     | ^^^^^^^^^^^^
[INFO] [stderr]     |
[INFO] [stderr] help: consider removing the workspace dependency `tonic-health`
[INFO] [stderr] warning: unused workspace dependency `tonic-reflection`
[INFO] [stderr]    --> Cargo.toml:144:1
[INFO] [stderr]     |
[INFO] [stderr] 144 | tonic-reflection = "0.11.0"
[INFO] [stderr]     | ^^^^^^^^^^^^^^^^
[INFO] [stderr]     |
[INFO] [stderr] help: consider removing the workspace dependency `tonic-reflection`
[INFO] [stderr] warning: unused workspace dependency `twox-hash`
[INFO] [stderr]    --> Cargo.toml:146:1
[INFO] [stderr]     |
[INFO] [stderr] 146 | twox-hash = "2.1.0"
[INFO] [stderr]     | ^^^^^^^^^
[INFO] [stderr]     |
[INFO] [stderr] help: consider removing the workspace dependency `twox-hash`
[INFO] [stderr] warning: workspace (manifest) generated 14 warnings
[INFO] [stderr] warning: missing `[lints]` to inherit `[workspace.lints]`
[INFO] [stderr]    --> influxdb3/Cargo.toml
[INFO] [stderr]     = note: `cargo::missing_lints_inheritance` is set to `warn` by default
[INFO] [stderr] help: to inherit `workspace.lints, add:
[INFO] [stderr]     |
[INFO] [stderr] 103 ~ test-log.workspace = true
[INFO] [stderr] 104 + [lints]
[INFO] [stderr] 105 + workspace = true
[INFO] [stderr]     |
[INFO] [stderr] help: to clarify your intent to not inherit, add:
[INFO] [stderr]     |
[INFO] [stderr] 103 ~ test-log.workspace = true
[INFO] [stderr] 104 + [lints]
[INFO] [stderr]     |
[INFO] [stderr] warning: `influxdb3` (manifest) generated 1 warning
[INFO] [stderr]    Compiling proc-macro2 v1.0.92
[INFO] [stderr]    Compiling serde v1.0.217
[INFO] [stderr]    Compiling num-traits v0.2.19
[INFO] [stderr]    Compiling libc v0.2.169
[INFO] [stderr]     Checking getrandom v0.2.15
[INFO] [stderr]    Compiling lock_api v0.4.12
[INFO] [stderr]     Checking foldhash v0.1.4
[INFO] [stderr]     Checking socket2 v0.5.8
[INFO] [stderr]     Checking signal-hook-registry v1.4.2
[INFO] [stderr]     Checking mio v1.0.3
[INFO] [stderr]    Compiling ahash v0.8.11
[INFO] [stderr]    Compiling aho-corasick v1.1.3
[INFO] [stderr]     Checking tracing-core v0.1.33
[INFO] [stderr]    Compiling serde_json v1.0.134
[INFO] [stderr]     Checking rustls-pki-types v1.10.1
[INFO] [stderr]     Checking iana-time-zone v0.1.61
[INFO] [stderr]    Compiling rustls v0.23.20
[INFO] [stderr]    Compiling httparse v1.9.5
[INFO] [stderr]     Checking rand_core v0.6.4
[INFO] [stderr]     Checking phf_shared v0.11.2
[INFO] [stderr]    Compiling quote v1.0.38
[INFO] [stderr]     Checking arrow-schema v53.3.0 (https://github.com/influxdata/arrow-rs.git?rev=eae176c21b1ef915227294e8a8a201b6f266031a#eae176c2)
[INFO] [stderr]     Checking num-integer v0.1.46
[INFO] [stderr]     Checking half v2.4.1
[INFO] [stderr]    Compiling syn v2.0.95
[INFO] [stderr]     Checking num-complex v0.4.6
[INFO] [stderr]     Checking phf v0.11.2
[INFO] [stderr]     Checking num-iter v0.1.45
[INFO] [stderr]     Checking rustls-pemfile v2.2.0
[INFO] [stderr]     Checking openssl-probe v0.1.5
[INFO] [stderr]     Checking regex-automata v0.4.9
[INFO] [stderr]     Checking lexical-util v1.0.6
[INFO] [stderr]     Checking http v1.2.0
[INFO] [stderr]     Checking atoi v2.0.0
[INFO] [stderr]     Checking webpki-roots v0.26.7
[INFO] [stderr]    Compiling semver v1.0.24
[INFO] [stderr]    Compiling rustix v0.38.42
[INFO] [stderr]    Compiling zstd-safe v7.2.1
[INFO] [stderr]     Checking lexical-parse-integer v1.0.5
[INFO] [stderr]     Checking lexical-write-integer v1.0.5
[INFO] [stderr]     Checking lexical-parse-float v1.0.5
[INFO] [stderr]    Compiling jobserver v0.1.32
[INFO] [stderr]    Compiling cc v1.2.7
[INFO] [stderr]     Checking http-body v1.0.1
[INFO] [stderr]     Checking lexical-write-float v1.0.5
[INFO] [stderr]     Checking miniz_oxide v0.8.2
[INFO] [stderr]    Compiling unicase v2.8.1
[INFO] [stderr]     Checking lexical-core v1.0.5
[INFO] [stderr]    Compiling mime_guess v2.0.5
[INFO] [stderr]    Compiling rustc_version v0.4.1
[INFO] [stderr]     Checking rustls-native-certs v0.8.1
[INFO] [stderr]     Checking flate2 v1.0.35
[INFO] [stderr]     Checking sync_wrapper v1.0.2
[INFO] [stderr]    Compiling flatbuffers v24.12.23
[INFO] [stderr]     Checking ipnet v2.10.1
[INFO] [stderr]     Checking twox-hash v1.6.3
[INFO] [stderr]     Checking num_cpus v1.16.0
[INFO] [stderr]     Checking csv-core v0.1.11
[INFO] [stderr]     Checking lz4_flex v0.11.3
[INFO] [stderr]     Checking threadpool v1.8.1
[INFO] [stderr]     Checking ordered-float v2.10.1
[INFO] [stderr]    Compiling bytes v1.9.0
[INFO] [stderr]     Checking integer-encoding v3.0.4
[INFO] [stderr]    Compiling log v0.4.22
[INFO] [stderr]     Checking thrift v0.17.0
[INFO] [stderr]    Compiling litemap v0.7.4
[INFO] [stderr]    Compiling writeable v0.5.5
[INFO] [stderr]    Compiling bitflags v2.6.0
[INFO] [stderr]    Compiling icu_locid_transform_data v1.5.0
[INFO] [stderr]    Compiling linux-raw-sys v0.4.14
[INFO] [stderr]    Compiling futures-core v0.3.31
[INFO] [stderr]    Compiling ring v0.17.8
[INFO] [stderr]    Compiling zstd-sys v2.0.13+zstd.1.5.6
[INFO] [stderr]    Compiling lzma-sys v0.1.20
[INFO] [stderr]     Checking regex v1.11.1
[INFO] [stderr]    Compiling bzip2-sys v0.1.11+1.0.8
[INFO] [stderr]     Checking bzip2 v0.4.4
[INFO] [stderr]    Compiling subtle v2.6.1
[INFO] [stderr]    Compiling const-oid v0.9.6
[INFO] [stderr]    Compiling icu_properties_data v1.5.0
[INFO] [stderr]    Compiling spin v0.9.8
[INFO] [stderr]    Compiling icu_normalizer_data v1.5.0
[INFO] [stderr]    Compiling utf16_iter v1.0.5
[INFO] [stderr]    Compiling futures-sink v0.3.31
[INFO] [stderr]    Compiling write16 v1.0.0
[INFO] [stderr]    Compiling synstructure v0.13.1
[INFO] [stderr]    Compiling parse-zoneinfo v0.3.1
[INFO] [stderr]    Compiling crossbeam-utils v0.8.21
[INFO] [stderr]     Checking http v0.2.12
[INFO] [stderr]    Compiling percent-encoding v2.3.1
[INFO] [stderr]    Compiling tempfile v3.15.0
[INFO] [stderr]    Compiling form_urlencoded v1.2.1
[INFO] [stderr]    Compiling libsqlite3-sys v0.30.1
[INFO] [stderr]    Compiling futures-channel v0.3.31
[INFO] [stderr]    Compiling serde_derive v1.0.217
[INFO] [stderr]    Compiling zerocopy-derive v0.7.35
[INFO] [stderr]    Compiling zeroize_derive v1.4.2
[INFO] [stderr]    Compiling tokio-macros v2.5.0
[INFO] [stderr]    Compiling zerofrom-derive v0.1.5
[INFO] [stderr]    Compiling yoke-derive v0.7.5
[INFO] [stderr]    Compiling futures-macro v0.3.31
[INFO] [stderr]    Compiling zerovec-derive v0.10.3
[INFO] [stderr]    Compiling displaydoc v0.2.5
[INFO] [stderr]    Compiling tracing-attributes v0.1.28
[INFO] [stderr]     Checking zerocopy v0.7.35
[INFO] [stderr]    Compiling icu_provider_macros v1.5.0
[INFO] [stderr]     Checking futures-util v0.3.31
[INFO] [stderr]     Checking zeroize v1.8.1
[INFO] [stderr]     Checking zerofrom v0.1.5
[INFO] [stderr]    Compiling ppv-lite86 v0.2.20
[INFO] [stderr]     Checking yoke v0.7.5
[INFO] [stderr]     Checking zerovec v0.10.4
[INFO] [stderr]     Checking generic-array v0.14.7
[INFO] [stderr]    Compiling rand_chacha v0.3.1
[INFO] [stderr]     Checking tracing v0.1.41
[INFO] [stderr]    Compiling rand v0.8.5
[INFO] [stderr]     Checking block-buffer v0.10.4
[INFO] [stderr]     Checking crypto-common v0.1.6
[INFO] [stderr]     Checking digest v0.10.7
[INFO] [stderr]     Checking tinystr v0.7.6
[INFO] [stderr]     Checking icu_collections v1.5.0
[INFO] [stderr]     Checking icu_locid v1.5.0
[INFO] [stderr]    Compiling phf_generator v0.11.2
[INFO] [stderr]    Compiling pin-project-internal v1.1.8
[INFO] [stderr]    Compiling phf_codegen v0.11.2
[INFO] [stderr]    Compiling chrono-tz-build v0.4.0
[INFO] [stderr]     Checking icu_provider v1.5.0
[INFO] [stderr]    Compiling chrono-tz v0.10.0
[INFO] [stderr]     Checking icu_locid_transform v1.5.0
[INFO] [stderr]    Compiling strum_macros v0.26.4
[INFO] [stderr]     Checking pin-project v1.1.8
[INFO] [stderr]    Compiling async-trait v0.1.85
[INFO] [stderr]     Checking icu_properties v1.5.1
[INFO] [stderr]     Checking futures-executor v0.3.31
[INFO] [stderr]     Checking xz2 v0.1.7
[INFO] [stderr]     Checking http-body-util v0.1.2
[INFO] [stderr]     Checking md-5 v0.10.6
[INFO] [stderr]     Checking hashbrown v0.14.5
[INFO] [stderr]    Compiling snafu-derive v0.8.5
[INFO] [stderr]     Checking futures v0.3.31
[INFO] [stderr]     Checking smallvec v1.13.2
[INFO] [stderr]     Checking hashbrown v0.15.2
[INFO] [stderr]     Checking parking_lot_core v0.9.10
[INFO] [stderr]     Checking chrono v0.4.39
[INFO] [stderr]     Checking parking_lot v0.12.3
[INFO] [stderr]     Checking tokio v1.43.0
[INFO] [stderr]     Checking either v1.13.0
[INFO] [stderr]     Checking num-bigint v0.4.6
[INFO] [stderr]     Checking indexmap v2.7.0
[INFO] [stderr]     Checking icu_normalizer v1.5.0
[INFO] [stderr]     Checking idna_adapter v1.2.0
[INFO] [stderr]     Checking idna v1.0.3
[INFO] [stderr]     Checking serde_urlencoded v0.7.1
[INFO] [stderr]     Checking rustls-webpki v0.102.8
[INFO] [stderr]     Checking url v2.5.4
[INFO] [stderr]     Checking strum v0.26.3
[INFO] [stderr]     Checking comfy-table v7.1.3
[INFO] [stderr]     Checking snafu v0.8.5
[INFO] [stderr]     Checking itertools v0.13.0
[INFO] [stderr]     Checking quick-xml v0.37.2
[INFO] [stderr]     Checking csv v1.3.1
[INFO] [stderr]     Checking num-rational v0.4.2
[INFO] [stderr]     Checking num v0.4.3
[INFO] [stderr]     Checking arrow-buffer v53.3.0 (https://github.com/influxdata/arrow-rs.git?rev=eae176c21b1ef915227294e8a8a201b6f266031a#eae176c2)
[INFO] [stderr]    Compiling itertools v0.12.1
[INFO] [stderr]     Checking arrow-data v53.3.0 (https://github.com/influxdata/arrow-rs.git?rev=eae176c21b1ef915227294e8a8a201b6f266031a#eae176c2)
[INFO] [stderr]    Compiling thiserror-impl v1.0.69
[INFO] [stderr]    Compiling prost-derive v0.12.6
[INFO] [stderr]     Checking zstd v0.13.2
[INFO] [stderr]     Checking tokio-util v0.7.13
[INFO] [stderr]     Checking tokio-rustls v0.26.1
[INFO] [stderr]     Checking async-compression v0.4.18
[INFO] [stderr]     Checking tower v0.5.2
[INFO] [stderr]     Checking h2 v0.4.7
[INFO] [stderr]    Compiling prost v0.12.6
[INFO] [stderr]    Compiling slab v0.4.9
[INFO] [stderr]    Compiling libm v0.2.11
[INFO] [stderr]    Compiling ryu v1.0.18
[INFO] [stderr]     Checking fixedbitset v0.4.2
[INFO] [stderr]    Compiling prost-types v0.12.6
[INFO] [stderr]    Compiling futures-io v0.3.31
[INFO] [stderr]    Compiling pin-utils v0.1.0
[INFO] [stderr]    Compiling futures-task v0.3.31
[INFO] [stderr]    Compiling petgraph v0.6.5
[INFO] [stderr]    Compiling nom v7.1.3
[INFO] [stderr]     Checking arrow-array v53.3.0 (https://github.com/influxdata/arrow-rs.git?rev=eae176c21b1ef915227294e8a8a201b6f266031a#eae176c2)
[INFO] [stderr]     Checking http-body v0.4.6
[INFO] [stderr]    Compiling concurrent-queue v2.5.0
[INFO] [stderr]    Compiling crc-catalog v2.4.0
[INFO] [stderr]    Compiling cpufeatures v0.2.16
[INFO] [stderr]    Compiling tinyvec_macros v0.1.1
[INFO] [stderr]    Compiling unicode_categories v0.1.1
[INFO] [stderr]    Compiling tinyvec v1.8.1
[INFO] [stderr]     Checking hyper v1.5.2
[INFO] [stderr]    Compiling sha2 v0.10.8
[INFO] [stderr]     Checking arrow-select v53.3.0 (https://github.com/influxdata/arrow-rs.git?rev=eae176c21b1ef915227294e8a8a201b6f266031a#eae176c2)
[INFO] [stderr]     Checking arrow-arith v53.3.0 (https://github.com/influxdata/arrow-rs.git?rev=eae176c21b1ef915227294e8a8a201b6f266031a#eae176c2)
[INFO] [stderr]     Checking arrow-row v53.3.0 (https://github.com/influxdata/arrow-rs.git?rev=eae176c21b1ef915227294e8a8a201b6f266031a#eae176c2)
[INFO] [stderr]    Compiling sqlformat v0.2.6
[INFO] [stderr]    Compiling event-listener v5.3.1
[INFO] [stderr]     Checking arrow-cast v53.3.0 (https://github.com/influxdata/arrow-rs.git?rev=eae176c21b1ef915227294e8a8a201b6f266031a#eae176c2)
[INFO] [stderr]     Checking arrow-string v53.3.0 (https://github.com/influxdata/arrow-rs.git?rev=eae176c21b1ef915227294e8a8a201b6f266031a#eae176c2)
[INFO] [stderr]     Checking arrow-ord v53.3.0 (https://github.com/influxdata/arrow-rs.git?rev=eae176c21b1ef915227294e8a8a201b6f266031a#eae176c2)
[INFO] [stderr]    Compiling crc v3.2.1
[INFO] [stderr]    Compiling hashlink v0.9.1
[INFO] [stderr]     Checking hyper-util v0.1.10
[INFO] [stderr]     Checking h2 v0.3.26
[INFO] [stderr]     Checking arrow-ipc v53.3.0 (https://github.com/influxdata/arrow-rs.git?rev=eae176c21b1ef915227294e8a8a201b6f266031a#eae176c2)
[INFO] [stderr]     Checking hyper-rustls v0.27.5
[INFO] [stderr]     Checking arrow-csv v53.3.0 (https://github.com/influxdata/arrow-rs.git?rev=eae176c21b1ef915227294e8a8a201b6f266031a#eae176c2)
[INFO] [stderr]     Checking reqwest v0.12.12
[INFO] [stderr]     Checking arrow-json v53.3.0 (https://github.com/influxdata/arrow-rs.git?rev=eae176c21b1ef915227294e8a8a201b6f266031a#eae176c2)
[INFO] [stderr]    Compiling futures-intrusive v0.5.0
[INFO] [stderr]    Compiling tokio-stream v0.1.17
[INFO] [stderr]     Checking arrow v53.3.0 (https://github.com/influxdata/arrow-rs.git?rev=eae176c21b1ef915227294e8a8a201b6f266031a#eae176c2)
[INFO] [stderr]     Checking object_store v0.11.2
[INFO] [stderr]    Compiling thiserror v1.0.69
[INFO] [stderr]    Compiling uuid v1.11.0
[INFO] [stderr]    Compiling crossbeam-queue v0.3.12
[INFO] [stderr]    Compiling unicode-normalization v0.1.24
[INFO] [stderr]    Compiling hmac v0.12.1
[INFO] [stderr]    Compiling indexmap v1.9.3
[INFO] [stderr]    Compiling unicode-properties v0.1.3
[INFO] [stderr]    Compiling unicode-bidi v0.3.18
[INFO] [stderr]    Compiling hkdf v0.12.4
[INFO] [stderr]    Compiling stringprep v0.1.5
[INFO] [stderr]    Compiling sqlx-core v0.8.2
[INFO] [stderr]    Compiling flume v0.11.1
[INFO] [stderr]     Checking crossbeam-epoch v0.9.18
[INFO] [stderr]     Checking hyper v0.14.32
[INFO] [stderr]    Compiling home v0.5.11
[INFO] [stderr]    Compiling whoami v1.5.2
[INFO] [stderr]     Checking sync_wrapper v0.1.2
[INFO] [stderr]    Compiling rustls v0.21.12
[INFO] [stderr]     Checking tower v0.4.13
[INFO] [stderr]     Checking sct v0.7.1
[INFO] [stderr]     Checking rustls-webpki v0.101.7
[INFO] [stderr]     Checking regex-syntax v0.6.29
[INFO] [stderr]     Checking wait-timeout v0.2.0
[INFO] [stderr]     Checking clap_builder v4.5.23
[INFO] [stderr]    Compiling nix v0.29.0
[INFO] [stderr]    Compiling sqlx-sqlite v0.8.2
[INFO] [stderr]    Compiling sqlx-postgres v0.8.2
[INFO] [stderr]     Checking regex-automata v0.1.10
[INFO] [stderr]     Checking tokio-rustls v0.24.1
[INFO] [stderr]     Checking matchers v0.1.0
[INFO] [stderr]     Checking tracing-serde v0.2.0
[INFO] [stderr]    Compiling clap_derive v4.5.18
[INFO] [stderr]     Checking tracing-log v0.2.0
[INFO] [stderr]     Checking thread_local v1.1.8
[INFO] [stderr]     Checking dotenvy v0.15.7
[INFO] [stderr]     Checking similar v2.6.0
[INFO] [stderr]     Checking tracing-subscriber v0.3.19
[INFO] [stderr]     Checking rusty-fork v0.3.0
[INFO] [stderr]     Checking hyper-rustls v0.24.2
[INFO] [stderr]     Checking rustls-native-certs v0.6.3
[INFO] [stderr]     Checking rand_xorshift v0.3.0
[INFO] [stderr]     Checking proptest v1.6.0
[INFO] [stderr]     Checking reqwest v0.11.27
[INFO] [stderr]    Compiling prost-derive v0.13.4
[INFO] [stderr]     Checking clap v4.5.23
[INFO] [stderr]     Checking tokio-metrics v0.4.0
[INFO] [stderr]     Checking bloom2 v0.5.1
[INFO] [stderr]     Checking signature v2.2.0
[INFO] [stderr]    Compiling snap v1.1.1
[INFO] [stderr]     Checking brotli-decompressor v4.0.1
[INFO] [stderr]    Compiling seq-macro v0.3.5
[INFO] [stderr]    Compiling sqlparser_derive v0.2.2
[INFO] [stderr]    Compiling sqlx-macros-core v0.8.2
[INFO] [stderr]     Checking sqlparser v0.51.0
[INFO] [stderr]     Checking prost v0.13.4
[INFO] [stderr]     Checking brotli v7.0.0
[INFO] [stderr]    Compiling prettyplease v0.2.27
[INFO] [stderr]    Compiling thiserror v2.0.9
[INFO] [stderr]    Compiling thiserror-impl v2.0.9
[INFO] [stderr]    Compiling axum-core v0.3.4
[INFO] [stderr]    Compiling rustls v0.22.4
[INFO] [stderr]     Checking dashmap v6.1.0
[INFO] [stderr]    Compiling axum v0.6.20
[INFO] [stderr]    Compiling multimap v0.10.0
[INFO] [stderr]    Compiling prost-build v0.12.6
[INFO] [stderr]    Compiling sqlx-macros v0.8.2
[INFO] [stderr]     Checking tokio-io-timeout v1.2.0
[INFO] [stderr]    Compiling itertools v0.11.0
[INFO] [stderr]    Compiling async-stream-impl v0.3.6
[INFO] [stderr]     Checking async-stream v0.3.6
[INFO] [stderr]     Checking hyper-timeout v0.4.1
[INFO] [stderr]     Checking parquet v53.3.0 (https://github.com/influxdata/arrow-rs.git?rev=eae176c21b1ef915227294e8a8a201b6f266031a#eae176c2)
[INFO] [stderr]    Compiling workspace-hack v0.1.0 (https://github.com/influxdata/influxdb3_core?rev=a5f6076c966f4940a67998e0b85d12c3e8596715#a5f6076c)
[INFO] [stderr]     Checking rustls-native-certs v0.7.3
[INFO] [stderr]    Compiling tonic-build v0.11.0
[INFO] [stderr]     Checking pbjson v0.6.0
[INFO] [stderr]    Compiling blake3 v1.5.5
[INFO] [stderr]     Checking tokio-rustls v0.25.0
[INFO] [stderr]     Checking datafusion-common-runtime v42.1.0 (https://github.com/influxdata/arrow-datafusion.git?rev=ae0a57b05895ccf4d2febb9c91bbb0956cf7e863#ae0a57b0)
[INFO] [stderr]     Checking blake2 v0.10.6
[INFO] [stderr]     Checking glob v0.3.2
[INFO] [stderr]    Compiling pbjson-build v0.6.2
[INFO] [stderr]    Compiling croaring-sys v4.2.1
[INFO] [stderr]     Checking sqlx v0.8.2
[INFO] [stderr]     Checking influxdb-line-protocol v1.0.0 (https://github.com/influxdata/influxdb3_core?rev=a5f6076c966f4940a67998e0b85d12c3e8596715#a5f6076c)
[INFO] [stderr]     Checking observability_deps v0.1.0 (https://github.com/influxdata/influxdb3_core?rev=a5f6076c966f4940a67998e0b85d12c3e8596715#a5f6076c)
[INFO] [stderr]     Checking iox_time v0.1.0 (https://github.com/influxdata/influxdb3_core?rev=a5f6076c966f4940a67998e0b85d12c3e8596715#a5f6076c)
[INFO] [stderr]     Checking metric v0.1.0 (https://github.com/influxdata/influxdb3_core?rev=a5f6076c966f4940a67998e0b85d12c3e8596715#a5f6076c)
[INFO] [stderr]     Checking schema v0.1.0 (https://github.com/influxdata/influxdb3_core?rev=a5f6076c966f4940a67998e0b85d12c3e8596715#a5f6076c)
[INFO] [stderr]     Checking ordered-float v4.6.0
[INFO] [stderr]    Compiling pbjson-types v0.6.0
[INFO] [stderr]    Compiling generated_types v0.1.0 (https://github.com/influxdata/influxdb3_core?rev=a5f6076c966f4940a67998e0b85d12c3e8596715#a5f6076c)
[INFO] [stderr]     Checking murmur3 v0.5.2
[INFO] [stderr]     Checking siphasher v1.0.1
[INFO] [stderr]     Checking crossbeam-deque v0.8.6
[INFO] [stderr]    Compiling darling_core v0.20.10
[INFO] [stderr]     Checking rayon-core v1.12.1
[INFO] [stderr]     Checking rayon v1.10.0
[INFO] [stderr]     Checking tokio_metrics_bridge v0.1.0 (https://github.com/influxdata/influxdb3_core?rev=a5f6076c966f4940a67998e0b85d12c3e8596715#a5f6076c)
[INFO] [stderr]     Checking trace v0.1.0 (https://github.com/influxdata/influxdb3_core?rev=a5f6076c966f4940a67998e0b85d12c3e8596715#a5f6076c)
[INFO] [stderr]     Checking winnow v0.6.24
[INFO] [stderr]    Compiling bitcode_derive v0.6.3
[INFO] [stderr]     Checking croaring v2.2.0
[INFO] [stderr]     Checking bytemuck v1.21.0
[INFO] [stderr]     Checking influxdb3_id v0.1.0 (/opt/rustwide/workdir/influxdb3_id)
[INFO] [stdout] warning: use of deprecated method `std::sync::atomic::Atomic::<u32>::fetch_update`: renamed to `try_update` for consistency
[INFO] [stdout]   --> influxdb3_id/src/lib.rs:24:26
[INFO] [stdout]    |
[INFO] [stdout] 11 | macro_rules! catalog_identifier_type {
[INFO] [stdout] ...
[INFO] [stdout] 24 |                         .fetch_update(Ordering::SeqCst, Ordering::SeqCst, |n| n.checked_add(1))
[INFO] [stdout]    |                          ^^^^^^^^^^^^
[INFO] [stdout] ...
[INFO] [stdout] 61 | catalog_identifier_type!(DbId, NEXT_DB_ID);
[INFO] [stdout]    | ------------------------------------------ in this macro invocation
[INFO] [stdout]    |
[INFO] [stdout]    = note: `#[warn(deprecated)]` on by default
[INFO] [stdout] help: replace the use of the deprecated method
[INFO] [stdout]    |
[INFO] [stdout] 24 -                         .fetch_update(Ordering::SeqCst, Ordering::SeqCst, |n| n.checked_add(1))
[INFO] [stdout] 24 +                         .try_update(Ordering::SeqCst, Ordering::SeqCst, |n| n.checked_add(1))
[INFO] [stdout]    |
[INFO] [stdout] 
[INFO] [stdout] 
[INFO] [stdout] warning: use of deprecated method `std::sync::atomic::Atomic::<u32>::fetch_update`: renamed to `try_update` for consistency
[INFO] [stdout]   --> influxdb3_id/src/lib.rs:24:26
[INFO] [stdout]    |
[INFO] [stdout] 11 | macro_rules! catalog_identifier_type {
[INFO] [stdout] ...
[INFO] [stdout] 24 |                         .fetch_update(Ordering::SeqCst, Ordering::SeqCst, |n| n.checked_add(1))
[INFO] [stdout]    |                          ^^^^^^^^^^^^
[INFO] [stdout] ...
[INFO] [stdout] 62 | catalog_identifier_type!(TableId, NEXT_TABLE_ID);
[INFO] [stdout]    | ------------------------------------------------ in this macro invocation
[INFO] [stdout]    |
[INFO] [stdout] help: replace the use of the deprecated method
[INFO] [stdout]    |
[INFO] [stdout] 24 -                         .fetch_update(Ordering::SeqCst, Ordering::SeqCst, |n| n.checked_add(1))
[INFO] [stdout] 24 +                         .try_update(Ordering::SeqCst, Ordering::SeqCst, |n| n.checked_add(1))
[INFO] [stdout]    |
[INFO] [stdout] 
[INFO] [stdout] 
[INFO] [stdout] warning: use of deprecated method `std::sync::atomic::Atomic::<u32>::fetch_update`: renamed to `try_update` for consistency
[INFO] [stdout]   --> influxdb3_id/src/lib.rs:24:26
[INFO] [stdout]    |
[INFO] [stdout] 11 | macro_rules! catalog_identifier_type {
[INFO] [stdout] ...
[INFO] [stdout] 24 |                         .fetch_update(Ordering::SeqCst, Ordering::SeqCst, |n| n.checked_add(1))
[INFO] [stdout]    |                          ^^^^^^^^^^^^
[INFO] [stdout] ...
[INFO] [stdout] 63 | catalog_identifier_type!(ColumnId, NEXT_COLUMN_ID);
[INFO] [stdout]    | -------------------------------------------------- in this macro invocation
[INFO] [stdout]    |
[INFO] [stdout] help: replace the use of the deprecated method
[INFO] [stdout]    |
[INFO] [stdout] 24 -                         .fetch_update(Ordering::SeqCst, Ordering::SeqCst, |n| n.checked_add(1))
[INFO] [stdout] 24 +                         .try_update(Ordering::SeqCst, Ordering::SeqCst, |n| n.checked_add(1))
[INFO] [stdout]    |
[INFO] [stdout] 
[INFO] [stdout] 
[INFO] [stdout] warning: use of deprecated method `std::sync::atomic::Atomic::<u64>::fetch_update`: renamed to `try_update` for consistency
[INFO] [stdout]   --> influxdb3_id/src/lib.rs:76:18
[INFO] [stdout]    |
[INFO] [stdout] 76 |                 .fetch_update(Ordering::SeqCst, Ordering::SeqCst, |n| n.checked_add(1))
[INFO] [stdout]    |                  ^^^^^^^^^^^^
[INFO] [stdout]    |
[INFO] [stdout] help: replace the use of the deprecated method
[INFO] [stdout]    |
[INFO] [stdout] 76 -                 .fetch_update(Ordering::SeqCst, Ordering::SeqCst, |n| n.checked_add(1))
[INFO] [stdout] 76 +                 .try_update(Ordering::SeqCst, Ordering::SeqCst, |n| n.checked_add(1))
[INFO] [stdout]    |
[INFO] [stdout] 
[INFO] [stdout] 
[INFO] [stderr]     Checking tokio_watchdog v0.1.0 (https://github.com/influxdata/influxdb3_core?rev=a5f6076c966f4940a67998e0b85d12c3e8596715#a5f6076c)
[INFO] [stderr]     Checking backoff v0.1.0 (https://github.com/influxdata/influxdb3_core?rev=a5f6076c966f4940a67998e0b85d12c3e8596715#a5f6076c)
[INFO] [stderr]     Checking bitcode v0.6.3
[INFO] [stderr]     Checking executor v0.1.0 (https://github.com/influxdata/influxdb3_core?rev=a5f6076c966f4940a67998e0b85d12c3e8596715#a5f6076c)
[INFO] [stderr]     Checking bimap v0.6.3
[INFO] [stderr]    Compiling darling_macro v0.20.10
[INFO] [stderr]     Checking trace_http v0.1.0 (https://github.com/influxdata/influxdb3_core?rev=a5f6076c966f4940a67998e0b85d12c3e8596715#a5f6076c)
[INFO] [stderr]     Checking error_reporting v0.1.0 (https://github.com/influxdata/influxdb3_core?rev=a5f6076c966f4940a67998e0b85d12c3e8596715#a5f6076c)
[INFO] [stderr]    Compiling darling v0.20.10
[INFO] [stderr]    Compiling serde_with_macros v3.12.0
[INFO] [stderr]    Compiling iox_catalog v0.1.0 (https://github.com/influxdata/influxdb3_core?rev=a5f6076c966f4940a67998e0b85d12c3e8596715#a5f6076c)
[INFO] [stderr]     Checking sqlx-hotswap-pool v0.1.0 (https://github.com/influxdata/influxdb3_core?rev=a5f6076c966f4940a67998e0b85d12c3e8596715#a5f6076c)
[INFO] [stderr]    Compiling tikv-jemalloc-sys v0.5.4+5.3.0-patched
[INFO] [stderr]     Checking sysinfo v0.33.1
[INFO] [stderr]     Checking sysinfo v0.30.13
[INFO] [stderr]     Checking cron v0.14.0
[INFO] [stderr]     Checking datafusion-common v42.1.0 (https://github.com/influxdata/arrow-datafusion.git?rev=ae0a57b05895ccf4d2febb9c91bbb0956cf7e863#ae0a57b0)
[INFO] [stderr]     Checking arrow_util v0.1.0 (https://github.com/influxdata/influxdb3_core?rev=a5f6076c966f4940a67998e0b85d12c3e8596715#a5f6076c)
[INFO] [stderr]     Checking env_filter v0.1.3
[INFO] [stderr]     Checking env_logger v0.11.6
[INFO] [stderr]     Checking tracker v0.1.0 (https://github.com/influxdata/influxdb3_core?rev=a5f6076c966f4940a67998e0b85d12c3e8596715#a5f6076c)
[INFO] [stderr]     Checking secrecy v0.8.0
[INFO] [stderr]     Checking serde_with v3.12.0
[INFO] [stderr]    Compiling test-log-macros v0.2.16
[INFO] [stderr]     Checking influxdb3_telemetry v0.1.0 (/opt/rustwide/workdir/influxdb3_telemetry)
[INFO] [stderr]     Checking influxdb3_test_helpers v0.1.0 (/opt/rustwide/workdir/influxdb3_test_helpers)
[INFO] [stderr]     Checking tonic v0.11.0
[INFO] [stderr]     Checking test-log v0.2.16
[INFO] [stderr]     Checking crossbeam-channel v0.5.14
[INFO] [stderr]    Compiling influxdb3_process v0.1.0 (/opt/rustwide/workdir/influxdb3_process)
[INFO] [stderr]    Compiling pest v2.7.15
[INFO] [stderr]    Compiling syn v1.0.109
[INFO] [stderr]     Checking logfmt v0.1.0 (https://github.com/influxdata/influxdb3_core?rev=a5f6076c966f4940a67998e0b85d12c3e8596715#a5f6076c)
[INFO] [stderr]    Compiling prometheus v0.13.4
[INFO] [stderr]     Checking trogging v0.1.0 (https://github.com/influxdata/influxdb3_core?rev=a5f6076c966f4940a67998e0b85d12c3e8596715#a5f6076c)
[INFO] [stderr]     Checking cron v0.15.0
[INFO] [stderr]     Checking trace_exporters v0.1.0 (https://github.com/influxdata/influxdb3_core?rev=a5f6076c966f4940a67998e0b85d12c3e8596715#a5f6076c)
[INFO] [stderr]     Checking prometheus-parse v0.2.5
[INFO] [stderr]     Checking diff v0.1.13
[INFO] [stderr]     Checking yansi v1.0.1
[INFO] [stderr]     Checking predicates-core v1.0.9
[INFO] [stderr]     Checking pretty_assertions v1.4.1
[INFO] [stderr]     Checking test_helpers v0.1.0 (https://github.com/influxdata/influxdb3_core?rev=a5f6076c966f4940a67998e0b85d12c3e8596715#a5f6076c)
[INFO] [stderr]     Checking datafusion-expr-common v42.1.0 (https://github.com/influxdata/arrow-datafusion.git?rev=ae0a57b05895ccf4d2febb9c91bbb0956cf7e863#ae0a57b0)
[INFO] [stderr]     Checking tower_trailer v0.1.0 (https://github.com/influxdata/influxdb3_core?rev=a5f6076c966f4940a67998e0b85d12c3e8596715#a5f6076c)
[INFO] [stderr]     Checking console v0.15.10
[INFO] [stderr]     Checking datafusion-physical-expr-common v42.1.0 (https://github.com/influxdata/arrow-datafusion.git?rev=ae0a57b05895ccf4d2febb9c91bbb0956cf7e863#ae0a57b0)
[INFO] [stderr]     Checking termtree v0.5.1
[INFO] [stderr]    Compiling pest_meta v2.7.15
[INFO] [stderr]     Checking datafusion-functions-aggregate-common v42.1.0 (https://github.com/influxdata/arrow-datafusion.git?rev=ae0a57b05895ccf4d2febb9c91bbb0956cf7e863#ae0a57b0)
[INFO] [stderr]     Checking datafusion-functions-window-common v42.1.0 (https://github.com/influxdata/arrow-datafusion.git?rev=ae0a57b05895ccf4d2febb9c91bbb0956cf7e863#ae0a57b0)
[INFO] [stderr]     Checking client_util v0.1.0 (https://github.com/influxdata/influxdb3_core?rev=a5f6076c966f4940a67998e0b85d12c3e8596715#a5f6076c)
[INFO] [stderr]     Checking arrow-flight v53.3.0 (https://github.com/influxdata/arrow-rs.git?rev=eae176c21b1ef915227294e8a8a201b6f266031a#eae176c2)
[INFO] [stderr]     Checking difflib v0.4.0
[INFO] [stderr]     Checking predicates v3.1.3
[INFO] [stderr]     Checking datafusion-expr v42.1.0 (https://github.com/influxdata/arrow-datafusion.git?rev=ae0a57b05895ccf4d2febb9c91bbb0956cf7e863#ae0a57b0)
[INFO] [stderr]     Checking predicates-tree v1.0.12
[INFO] [stderr]     Checking metric_exporters v0.1.0 (https://github.com/influxdata/influxdb3_core?rev=a5f6076c966f4940a67998e0b85d12c3e8596715#a5f6076c)
[INFO] [stderr]    Compiling pest_generator v2.7.15
[INFO] [stderr]    Compiling doc-comment v0.3.3
[INFO] [stderr]     Checking ciborium-ll v0.2.2
[INFO] [stderr]     Checking object v0.36.7
[INFO] [stderr]     Checking itertools v0.10.5
[INFO] [stderr]    Compiling pest_derive v2.7.15
[INFO] [stderr]     Checking insta v1.42.0
[INFO] [stderr]    Compiling delegate v0.8.0
[INFO] [stderr]     Checking rustc-demangle v0.1.24
[INFO] [stderr]    Compiling assert_cmd v2.0.16
[INFO] [stderr]    Compiling mockall_derive v0.13.1
[INFO] [stderr]     Checking criterion-plot v0.5.0
[INFO] [stderr]     Checking plotters v0.3.7
[INFO] [stderr]     Checking ciborium v0.2.2
[INFO] [stderr]     Checking tonic-reflection v0.11.0
[INFO] [stderr]     Checking non-empty-string v0.2.5
[INFO] [stderr]     Checking panic_logging v0.1.0 (https://github.com/influxdata/influxdb3_core?rev=a5f6076c966f4940a67998e0b85d12c3e8596715#a5f6076c)
[INFO] [stderr]     Checking datafusion-physical-expr v42.1.0 (https://github.com/influxdata/arrow-datafusion.git?rev=ae0a57b05895ccf4d2febb9c91bbb0956cf7e863#ae0a57b0)
[INFO] [stderr]     Checking datafusion-execution v42.1.0 (https://github.com/influxdata/arrow-datafusion.git?rev=ae0a57b05895ccf4d2febb9c91bbb0956cf7e863#ae0a57b0)
[INFO] [stderr]     Checking datafusion-sql v42.1.0 (https://github.com/influxdata/arrow-datafusion.git?rev=ae0a57b05895ccf4d2febb9c91bbb0956cf7e863#ae0a57b0)
[INFO] [stderr]     Checking assert-json-diff v2.0.2
[INFO] [stderr]     Checking tinytemplate v1.2.1
[INFO] [stderr]     Checking bstr v1.11.3
[INFO] [stderr]     Checking datafusion-functions v42.1.0 (https://github.com/influxdata/arrow-datafusion.git?rev=ae0a57b05895ccf4d2febb9c91bbb0956cf7e863#ae0a57b0)
[INFO] [stderr]     Checking is-terminal v0.4.13
[INFO] [stderr]     Checking oorandom v11.1.4
[INFO] [stderr]     Checking criterion v0.5.1
[INFO] [stderr]     Checking mockito v1.6.1
[INFO] [stderr]     Checking backtrace v0.3.74
[INFO] [stderr]     Checking downcast v0.11.0
[INFO] [stderr]     Checking fragile v2.0.0
[INFO] [stderr]     Checking urlencoding v1.3.3
[INFO] [stderr]     Checking datafusion-physical-plan v42.1.0 (https://github.com/influxdata/arrow-datafusion.git?rev=ae0a57b05895ccf4d2febb9c91bbb0956cf7e863#ae0a57b0)
[INFO] [stderr]     Checking datafusion-functions-aggregate v42.1.0 (https://github.com/influxdata/arrow-datafusion.git?rev=ae0a57b05895ccf4d2febb9c91bbb0956cf7e863#ae0a57b0)
[INFO] [stderr]     Checking datafusion-optimizer v42.1.0 (https://github.com/influxdata/arrow-datafusion.git?rev=ae0a57b05895ccf4d2febb9c91bbb0956cf7e863#ae0a57b0)
[INFO] [stderr]     Checking datafusion-functions-window v42.1.0 (https://github.com/influxdata/arrow-datafusion.git?rev=ae0a57b05895ccf4d2febb9c91bbb0956cf7e863#ae0a57b0)
[INFO] [stdout] warning: use of deprecated method `std::sync::atomic::Atomic::<u32>::fetch_update`: renamed to `try_update` for consistency
[INFO] [stdout]   --> influxdb3_id/src/lib.rs:24:26
[INFO] [stdout]    |
[INFO] [stdout] 11 | macro_rules! catalog_identifier_type {
[INFO] [stdout] ...
[INFO] [stdout] 24 |                         .fetch_update(Ordering::SeqCst, Ordering::SeqCst, |n| n.checked_add(1))
[INFO] [stdout]    |                          ^^^^^^^^^^^^
[INFO] [stdout] ...
[INFO] [stdout] 61 | catalog_identifier_type!(DbId, NEXT_DB_ID);
[INFO] [stdout]    | ------------------------------------------ in this macro invocation
[INFO] [stdout]    |
[INFO] [stdout]    = note: `#[warn(deprecated)]` on by default
[INFO] [stdout] help: replace the use of the deprecated method
[INFO] [stdout]    |
[INFO] [stdout] 24 -                         .fetch_update(Ordering::SeqCst, Ordering::SeqCst, |n| n.checked_add(1))
[INFO] [stdout] 24 +                         .try_update(Ordering::SeqCst, Ordering::SeqCst, |n| n.checked_add(1))
[INFO] [stdout]    |
[INFO] [stdout] 
[INFO] [stdout] 
[INFO] [stdout] warning: use of deprecated method `std::sync::atomic::Atomic::<u32>::fetch_update`: renamed to `try_update` for consistency
[INFO] [stdout]   --> influxdb3_id/src/lib.rs:24:26
[INFO] [stdout]    |
[INFO] [stdout] 11 | macro_rules! catalog_identifier_type {
[INFO] [stdout] ...
[INFO] [stdout] 24 |                         .fetch_update(Ordering::SeqCst, Ordering::SeqCst, |n| n.checked_add(1))
[INFO] [stdout]    |                          ^^^^^^^^^^^^
[INFO] [stdout] ...
[INFO] [stdout] 62 | catalog_identifier_type!(TableId, NEXT_TABLE_ID);
[INFO] [stdout]    | ------------------------------------------------ in this macro invocation
[INFO] [stdout]    |
[INFO] [stdout] help: replace the use of the deprecated method
[INFO] [stdout]    |
[INFO] [stdout] 24 -                         .fetch_update(Ordering::SeqCst, Ordering::SeqCst, |n| n.checked_add(1))
[INFO] [stdout] 24 +                         .try_update(Ordering::SeqCst, Ordering::SeqCst, |n| n.checked_add(1))
[INFO] [stdout]    |
[INFO] [stdout] 
[INFO] [stdout] 
[INFO] [stdout] warning: use of deprecated method `std::sync::atomic::Atomic::<u32>::fetch_update`: renamed to `try_update` for consistency
[INFO] [stdout]   --> influxdb3_id/src/lib.rs:24:26
[INFO] [stdout]    |
[INFO] [stdout] 11 | macro_rules! catalog_identifier_type {
[INFO] [stdout] ...
[INFO] [stdout] 24 |                         .fetch_update(Ordering::SeqCst, Ordering::SeqCst, |n| n.checked_add(1))
[INFO] [stdout]    |                          ^^^^^^^^^^^^
[INFO] [stdout] ...
[INFO] [stdout] 63 | catalog_identifier_type!(ColumnId, NEXT_COLUMN_ID);
[INFO] [stdout]    | -------------------------------------------------- in this macro invocation
[INFO] [stdout]    |
[INFO] [stdout] help: replace the use of the deprecated method
[INFO] [stdout]    |
[INFO] [stdout] 24 -                         .fetch_update(Ordering::SeqCst, Ordering::SeqCst, |n| n.checked_add(1))
[INFO] [stdout] 24 +                         .try_update(Ordering::SeqCst, Ordering::SeqCst, |n| n.checked_add(1))
[INFO] [stdout]    |
[INFO] [stdout] 
[INFO] [stdout] 
[INFO] [stdout] warning: use of deprecated method `std::sync::atomic::Atomic::<u64>::fetch_update`: renamed to `try_update` for consistency
[INFO] [stdout]   --> influxdb3_id/src/lib.rs:76:18
[INFO] [stdout]    |
[INFO] [stdout] 76 |                 .fetch_update(Ordering::SeqCst, Ordering::SeqCst, |n| n.checked_add(1))
[INFO] [stdout]    |                  ^^^^^^^^^^^^
[INFO] [stdout]    |
[INFO] [stdout] help: replace the use of the deprecated method
[INFO] [stdout]    |
[INFO] [stdout] 76 -                 .fetch_update(Ordering::SeqCst, Ordering::SeqCst, |n| n.checked_add(1))
[INFO] [stdout] 76 +                 .try_update(Ordering::SeqCst, Ordering::SeqCst, |n| n.checked_add(1))
[INFO] [stdout]    |
[INFO] [stdout] 
[INFO] [stdout] 
[INFO] [stderr]     Checking datafusion-functions-nested v42.1.0 (https://github.com/influxdata/arrow-datafusion.git?rev=ae0a57b05895ccf4d2febb9c91bbb0956cf7e863#ae0a57b0)
[INFO] [stderr]     Checking mockall v0.13.1
[INFO] [stderr]     Checking datafusion-catalog v42.1.0 (https://github.com/influxdata/arrow-datafusion.git?rev=ae0a57b05895ccf4d2febb9c91bbb0956cf7e863#ae0a57b0)
[INFO] [stderr]     Checking datafusion-physical-optimizer v42.1.0 (https://github.com/influxdata/arrow-datafusion.git?rev=ae0a57b05895ccf4d2febb9c91bbb0956cf7e863#ae0a57b0)
[INFO] [stderr]     Checking datafusion v42.1.0 (https://github.com/influxdata/arrow-datafusion.git?rev=ae0a57b05895ccf4d2febb9c91bbb0956cf7e863#ae0a57b0)
[INFO] [stderr] error: could not compile `generated_types` (lib)
[INFO] [stderr] 
[INFO] [stderr] Caused by:
[INFO] [stderr]   process didn't exit successfully: `/opt/rustwide/rustup-home/toolchains/0cefa27fe3deee26fc98ee44249406358d9f0d26/bin/rustc --crate-name generated_types --edition=2021 /opt/rustwide/cargo-home/git/checkouts/influxdb3_core-2ede6fca005e1dcf/a5f6076/generated_types/src/lib.rs --error-format=json --json=diagnostic-rendered-ansi,artifacts,future-incompat,unused-externs-silent --crate-type lib --emit=dep-info,metadata -C embed-bitcode=no -C debuginfo=2 --check-cfg 'cfg(docsrs,test)' --check-cfg 'cfg(feature, values())' -C metadata=61988c594acc4f33 -C extra-filename=-fdd0185a66082f16 --out-dir /opt/rustwide/target/debug/build/generated_types/fdd0185a66082f16/out -L dependency=/opt/rustwide/target/debug/build/adler2/bc974bf08ccb6746/out -L dependency=/opt/rustwide/target/debug/build/ahash/dce811eb395821b3/out -L dependency=/opt/rustwide/target/debug/build/aho-corasick/7c07cc3fdcce7f7b/out -L dependency=/opt/rustwide/target/debug/build/allocator-api2/34319c28828d46c3/out -L dependency=/opt/rustwide/target/debug/build/anstream/a2766095fdb3e6d7/out -L dependency=/opt/rustwide/target/debug/build/anstyle-parse/22917561947ebc4a/out -L dependency=/opt/rustwide/target/debug/build/anstyle-query/d61ea11851d6da82/out -L dependency=/opt/rustwide/target/debug/build/anstyle/0d96e84db9c2fe55/out -L dependency=/opt/rustwide/target/debug/build/arrayvec/f613cd6af8c87be4/out -L dependency=/opt/rustwide/target/debug/build/arrow-arith/34ab879d4a594575/out -L dependency=/opt/rustwide/target/debug/build/arrow-array/2e118e8d02b70b8a/out -L dependency=/opt/rustwide/target/debug/build/arrow-buffer/10dd8510eeb4bb9f/out -L dependency=/opt/rustwide/target/debug/build/arrow-cast/f2f9483ca04f7d26/out -L dependency=/opt/rustwide/target/debug/build/arrow-csv/49ec8be1db88404d/out -L dependency=/opt/rustwide/target/debug/build/arrow-data/16593243daefd48e/out -L dependency=/opt/rustwide/target/debug/build/arrow-ipc/aa0f684c85442ee9/out -L dependency=/opt/rustwide/target/debug/build/arrow-json/600729c542247661/out -L dependency=/opt/rustwide/target/debug/build/arrow-ord/46c08fc36a0825e4/out -L dependency=/opt/rustwide/target/debug/build/arrow-row/80b1a535314a36da/out -L dependency=/opt/rustwide/target/debug/build/arrow-schema/93149c0bdd1f539b/out -L dependency=/opt/rustwide/target/debug/build/arrow-select/2b5f7731cd96afff/out -L dependency=/opt/rustwide/target/debug/build/arrow-string/e7d3a2c7375161da/out -L dependency=/opt/rustwide/target/debug/build/arrow/71619ec566886835/out -L dependency=/opt/rustwide/target/debug/build/async-compression/b03cc674bbf69b25/out -L dependency=/opt/rustwide/target/debug/build/async-stream-impl/a931b54469dea77c/out -L dependency=/opt/rustwide/target/debug/build/async-stream/49e51e888ffa41a5/out -L dependency=/opt/rustwide/target/debug/build/async-trait/8a19bafa920ef449/out -L dependency=/opt/rustwide/target/debug/build/atoi/b402c5592868cf2e/out -L dependency=/opt/rustwide/target/debug/build/atomic-waker/d2edf130acb84086/out -L dependency=/opt/rustwide/target/debug/build/axum-core/73915fba1611e130/out -L dependency=/opt/rustwide/target/debug/build/axum/4ce79a46142c3233/out -L dependency=/opt/rustwide/target/debug/build/base64/d8aec028dea2d277/out -L dependency=/opt/rustwide/target/debug/build/base64/e08b94e4b5ffeef5/out -L dependency=/opt/rustwide/target/debug/build/bit-set/0d1d8cd877be6a55/out -L dependency=/opt/rustwide/target/debug/build/bit-vec/7c54c415c8441a74/out -L dependency=/opt/rustwide/target/debug/build/bitflags/2b23c89994425946/out -L dependency=/opt/rustwide/target/debug/build/bitflags/6dcfbc6bad33d8b2/out -L dependency=/opt/rustwide/target/debug/build/block-buffer/9906fc268e552321/out -L dependency=/opt/rustwide/target/debug/build/bloom2/c92fd3e3057cebb4/out -L dependency=/opt/rustwide/target/debug/build/byteorder/d92705dd1d5353b1/out -L dependency=/opt/rustwide/target/debug/build/bytes/1d1989d9e2c5ec54/out -L dependency=/opt/rustwide/target/debug/build/bzip2-sys/040977ab83dfa805/out -L dependency=/opt/rustwide/target/debug/build/bzip2/8f137fe438108afe/out -L dependency=/opt/rustwide/target/debug/build/cfg-if/d541ac7a75168aa5/out -L dependency=/opt/rustwide/target/debug/build/chrono-tz/6531ff0073a191f3/out -L dependency=/opt/rustwide/target/debug/build/chrono/4b4857217368d048/out -L dependency=/opt/rustwide/target/debug/build/clap/691ada4bed42b5b3/out -L dependency=/opt/rustwide/target/debug/build/clap_builder/ad4d3910c0688a46/out -L dependency=/opt/rustwide/target/debug/build/clap_derive/865afab4b6966d74/out -L dependency=/opt/rustwide/target/debug/build/clap_lex/9434ec7350502de9/out -L dependency=/opt/rustwide/target/debug/build/colorchoice/9d576389abfb9a3c/out -L dependency=/opt/rustwide/target/debug/build/comfy-table/18d1d1339729d21b/out -L dependency=/opt/rustwide/target/debug/build/concurrent-queue/3ae10450a890144a/out -L dependency=/opt/rustwide/target/debug/build/const-oid/b093ba1a9cffd7a0/out -L dependency=/opt/rustwide/target/debug/build/cpufeatures/ce4aec2514d7df93/out -L dependency=/opt/rustwide/target/debug/build/crc-catalog/48e8cc25e90ac530/out -L dependency=/opt/rustwide/target/debug/build/crc/f35e7a52fd238c91/out -L dependency=/opt/rustwide/target/debug/build/crc32fast/e30e1d858349fe59/out -L dependency=/opt/rustwide/target/debug/build/crossbeam-epoch/df884fc986a3360c/out -L dependency=/opt/rustwide/target/debug/build/crossbeam-queue/89e4797d939993b6/out -L dependency=/opt/rustwide/target/debug/build/crossbeam-utils/1c9006e854b046b8/out -L dependency=/opt/rustwide/target/debug/build/crypto-common/b9e07dfa23a2cdf5/out -L dependency=/opt/rustwide/target/debug/build/csv-core/7ff98bb645ea99ac/out -L dependency=/opt/rustwide/target/debug/build/csv/0a7ba15fcbe2b814/out -L dependency=/opt/rustwide/target/debug/build/digest/14cf0cf68b7a4ca9/out -L dependency=/opt/rustwide/target/debug/build/displaydoc/49bd0a4a6d188801/out -L dependency=/opt/rustwide/target/debug/build/dotenvy/9e536007c79e99aa/out -L dependency=/opt/rustwide/target/debug/build/either/28122f93da76a78d/out -L dependency=/opt/rustwide/target/debug/build/encoding_rs/5dea3bb78aabbef0/out -L dependency=/opt/rustwide/target/debug/build/equivalent/d3d0700524103a17/out -L dependency=/opt/rustwide/target/debug/build/event-listener/ae94ac147c34f85b/out -L dependency=/opt/rustwide/target/debug/build/fastrand/a6b04798eb47a00f/out -L dependency=/opt/rustwide/target/debug/build/fixedbitset/e04880e5dbe7e20c/out -L dependency=/opt/rustwide/target/debug/build/flatbuffers/9d71bde1b3feb800/out -L dependency=/opt/rustwide/target/debug/build/flate2/5aa2202d53a92616/out -L dependency=/opt/rustwide/target/debug/build/flume/76ce033482ccb060/out -L dependency=/opt/rustwide/target/debug/build/fnv/bf9ae889bab8acee/out -L dependency=/opt/rustwide/target/debug/build/foldhash/493dc8ccfdc499b7/out -L dependency=/opt/rustwide/target/debug/build/form_urlencoded/3c676194eacaa68c/out -L dependency=/opt/rustwide/target/debug/build/futures-channel/3b07ee62b6910a08/out -L dependency=/opt/rustwide/target/debug/build/futures-core/756e876442dee363/out -L dependency=/opt/rustwide/target/debug/build/futures-executor/dd17197883c7df04/out -L dependency=/opt/rustwide/target/debug/build/futures-intrusive/7bcc4187f8ff3e11/out -L dependency=/opt/rustwide/target/debug/build/futures-io/8d88089869a627e9/out -L dependency=/opt/rustwide/target/debug/build/futures-macro/c78b24a2b4c9f383/out -L dependency=/opt/rustwide/target/debug/build/futures-sink/e7bd2ffb932e7c3a/out -L dependency=/opt/rustwide/target/debug/build/futures-task/011073701ea3a715/out -L dependency=/opt/rustwide/target/debug/build/futures-util/86b326f4b303ac41/out -L dependency=/opt/rustwide/target/debug/build/futures/420aafb888dba3e5/out -L dependency=/opt/rustwide/target/debug/build/generic-array/8445f03ac48726cf/out -L dependency=/opt/rustwide/target/debug/build/getrandom/33f3e494b8c02589/out -L dependency=/opt/rustwide/target/debug/build/h2/3e8c0f981b7b4072/out -L dependency=/opt/rustwide/target/debug/build/h2/516910304d67b4c4/out -L dependency=/opt/rustwide/target/debug/build/half/3abc4ec9230d2a00/out -L dependency=/opt/rustwide/target/debug/build/hashbrown/3383faf94f93ba2a/out -L dependency=/opt/rustwide/target/debug/build/hashbrown/873179c8801ab2f1/out -L dependency=/opt/rustwide/target/debug/build/hashbrown/e10127bb8ece50e7/out -L dependency=/opt/rustwide/target/debug/build/hashlink/d7e64567b5de5163/out -L dependency=/opt/rustwide/target/debug/build/hex/4852862d92867e36/out -L dependency=/opt/rustwide/target/debug/build/hkdf/3718e6ffdf273ba4/out -L dependency=/opt/rustwide/target/debug/build/hmac/3ac9b444c5816fa9/out -L dependency=/opt/rustwide/target/debug/build/home/2069394d2bc108c3/out -L dependency=/opt/rustwide/target/debug/build/http-body-util/8d0b4fc1f2a5f343/out -L dependency=/opt/rustwide/target/debug/build/http-body/05b2cdfcaec92f9c/out -L dependency=/opt/rustwide/target/debug/build/http-body/7dfd68b82b7ea36b/out -L dependency=/opt/rustwide/target/debug/build/http/0ed2d5472dbe718b/out -L dependency=/opt/rustwide/target/debug/build/http/a4c16853f41d93f1/out -L dependency=/opt/rustwide/target/debug/build/httparse/eb61269ab79a0735/out -L dependency=/opt/rustwide/target/debug/build/httpdate/dd055e56878c34d5/out -L dependency=/opt/rustwide/target/debug/build/humantime/fbd4799d9ab0676e/out -L dependency=/opt/rustwide/target/debug/build/hyper-rustls/9bfbd597541564c4/out -L dependency=/opt/rustwide/target/debug/build/hyper-rustls/c2b776c3ea1d1e4b/out -L dependency=/opt/rustwide/target/debug/build/hyper-timeout/86e4a22420112151/out -L dependency=/opt/rustwide/target/debug/build/hyper-util/dae4c6c50fc68114/out -L dependency=/opt/rustwide/target/debug/build/hyper/73937d15943b4f7a/out -L dependency=/opt/rustwide/target/debug/build/hyper/896ee1bb7759cec4/out -L dependency=/opt/rustwide/target/debug/build/iana-time-zone/7d27e70b9db7ea8d/out -L dependency=/opt/rustwide/target/debug/build/icu_collections/b3c1de336af8c808/out -L dependency=/opt/rustwide/target/debug/build/icu_locid/4e6b9abcaf2e5f9d/out -L dependency=/opt/rustwide/target/debug/build/icu_locid_transform/ef54387f559b98ef/out -L dependency=/opt/rustwide/target/debug/build/icu_locid_transform_data/da0b97ef6cf718a5/out -L dependency=/opt/rustwide/target/debug/build/icu_normalizer/4a6120f877d5389c/out -L dependency=/opt/rustwide/target/debug/build/icu_normalizer_data/b2ba7b9c18bd44f3/out -L dependency=/opt/rustwide/target/debug/build/icu_properties/d6211714c765bb15/out -L dependency=/opt/rustwide/target/debug/build/icu_properties_data/f4ed54f820ba8e18/out -L dependency=/opt/rustwide/target/debug/build/icu_provider/383d4ac8ae7ee990/out -L dependency=/opt/rustwide/target/debug/build/icu_provider_macros/a92d9b18e2d9491a/out -L dependency=/opt/rustwide/target/debug/build/idna/9510f6eabdcd97d4/out -L dependency=/opt/rustwide/target/debug/build/idna_adapter/4e9a88c8813d6232/out -L dependency=/opt/rustwide/target/debug/build/indexmap/02dc8573a17ee6a8/out -L dependency=/opt/rustwide/target/debug/build/indexmap/9f51c70b1e69ef94/out -L dependency=/opt/rustwide/target/debug/build/integer-encoding/d90430f1bf67299b/out -L dependency=/opt/rustwide/target/debug/build/ipnet/08da43e36290c6d6/out -L dependency=/opt/rustwide/target/debug/build/is_terminal_polyfill/cf3da6cb1d361e95/out -L dependency=/opt/rustwide/target/debug/build/itertools/027d0806a1d7f3bf/out -L dependency=/opt/rustwide/target/debug/build/itertools/9927c81300484b00/out -L dependency=/opt/rustwide/target/debug/build/itoa/67fcf6f92d0e20ed/out -L dependency=/opt/rustwide/target/debug/build/lazy_static/cb8ca6aa8c56979f/out -L dependency=/opt/rustwide/target/debug/build/lexical-core/e949d4b3d5d72e16/out -L dependency=/opt/rustwide/target/debug/build/lexical-parse-float/762e7e9a2c8e1957/out -L dependency=/opt/rustwide/target/debug/build/lexical-parse-integer/25cea14d22aa89f3/out -L dependency=/opt/rustwide/target/debug/build/lexical-util/3f16b0b4d58e8a64/out -L dependency=/opt/rustwide/target/debug/build/lexical-write-float/31d70bce7d61b3c1/out -L dependency=/opt/rustwide/target/debug/build/lexical-write-integer/138041c0ded284ef/out -L dependency=/opt/rustwide/target/debug/build/libc/a129349dcefe6671/out -L dependency=/opt/rustwide/target/debug/build/libm/628734bda59b161e/out -L dependency=/opt/rustwide/target/debug/build/libsqlite3-sys/f91addc8284f6e9e/out -L dependency=/opt/rustwide/target/debug/build/linux-raw-sys/e43278b26deda006/out -L dependency=/opt/rustwide/target/debug/build/litemap/a753acbda52d45e5/out -L dependency=/opt/rustwide/target/debug/build/lock_api/24664c879aa0d5ea/out -L dependency=/opt/rustwide/target/debug/build/log/5bba7294d90dc890/out -L dependency=/opt/rustwide/target/debug/build/lz4_flex/82887b957e07d8e4/out -L dependency=/opt/rustwide/target/debug/build/lzma-sys/479c6ad101d79d75/out -L dependency=/opt/rustwide/target/debug/build/matchers/ea6044c23ebb0831/out -L dependency=/opt/rustwide/target/debug/build/matchit/6a845d8ff6f40043/out -L dependency=/opt/rustwide/target/debug/build/md-5/6d15e5384cf66e09/out -L dependency=/opt/rustwide/target/debug/build/memchr/a8313380c25031b5/out -L dependency=/opt/rustwide/target/debug/build/memoffset/07c0b78251ee15ac/out -L dependency=/opt/rustwide/target/debug/build/mime/719fdfbd841ea854/out -L dependency=/opt/rustwide/target/debug/build/mime_guess/8d7b04b0a3a39013/out -L dependency=/opt/rustwide/target/debug/build/minimal-lexical/b988ba17985965f5/out -L dependency=/opt/rustwide/target/debug/build/miniz_oxide/1c944b16a71ffb1e/out -L dependency=/opt/rustwide/target/debug/build/mio/049a2f9336762609/out -L dependency=/opt/rustwide/target/debug/build/nix/ab406702aafe6fe2/out -L dependency=/opt/rustwide/target/debug/build/nom/8855acfd03a0b672/out -L dependency=/opt/rustwide/target/debug/build/nu-ansi-term/84196be53135edbb/out -L dependency=/opt/rustwide/target/debug/build/num-bigint/5d779b83bacd6a64/out -L dependency=/opt/rustwide/target/debug/build/num-complex/eb1432acfdf861db/out -L dependency=/opt/rustwide/target/debug/build/num-integer/7f936b2e2c95d71e/out -L dependency=/opt/rustwide/target/debug/build/num-iter/3eedb4a1bcecd1d7/out -L dependency=/opt/rustwide/target/debug/build/num-rational/e703374b7a1fc07d/out -L dependency=/opt/rustwide/target/debug/build/num-traits/f8dd2231930c8ee5/out -L dependency=/opt/rustwide/target/debug/build/num/5bdd3ca5e1b7ac86/out -L dependency=/opt/rustwide/target/debug/build/num_cpus/a3002498c8785334/out -L dependency=/opt/rustwide/target/debug/build/object_store/cef2a1b9faafa6e1/out -L dependency=/opt/rustwide/target/debug/build/once_cell/154929b6ac9493b9/out -L dependency=/opt/rustwide/target/debug/build/openssl-probe/12a8663c84f55e82/out -L dependency=/opt/rustwide/target/debug/build/ordered-float/087d0142c53ae194/out -L dependency=/opt/rustwide/target/debug/build/overload/1fcf64ffbf3b67a8/out -L dependency=/opt/rustwide/target/debug/build/parking/fbbb0e1f7c7ebc3f/out -L dependency=/opt/rustwide/target/debug/build/parking_lot/fe89adf8e618ea8b/out -L dependency=/opt/rustwide/target/debug/build/parking_lot_core/33f53455e131efc1/out -L dependency=/opt/rustwide/target/debug/build/paste/c5e5e8a2bd161c29/out -L dependency=/opt/rustwide/target/debug/build/pbjson/2948f05172126d17/out -L dependency=/opt/rustwide/target/debug/build/percent-encoding/70e4695576ffb191/out -L dependency=/opt/rustwide/target/debug/build/petgraph/c2d955b50d0cd801/out -L dependency=/opt/rustwide/target/debug/build/phf/adae4d00985c7f2e/out -L dependency=/opt/rustwide/target/debug/build/phf_shared/db503162668724b6/out -L dependency=/opt/rustwide/target/debug/build/pin-project-internal/3104a40f302f82d3/out -L dependency=/opt/rustwide/target/debug/build/pin-project-lite/dccf8aabedbf6d41/out -L dependency=/opt/rustwide/target/debug/build/pin-project/28f338a5d7ae282e/out -L dependency=/opt/rustwide/target/debug/build/pin-utils/db1de871cd8706a6/out -L dependency=/opt/rustwide/target/debug/build/ppv-lite86/b4612861acbc60ed/out -L dependency=/opt/rustwide/target/debug/build/proptest/0f5ab897e38e3379/out -L dependency=/opt/rustwide/target/debug/build/prost-derive/0ba47470e9c872a7/out -L dependency=/opt/rustwide/target/debug/build/prost-derive/be11a7870523a589/out -L dependency=/opt/rustwide/target/debug/build/prost-types/3953420f5fd9b984/out -L dependency=/opt/rustwide/target/debug/build/prost/9668cbe923398d14/out -L dependency=/opt/rustwide/target/debug/build/prost/b8df282f9d841349/out -L dependency=/opt/rustwide/target/debug/build/quick-error/0a500856079b147c/out -L dependency=/opt/rustwide/target/debug/build/quick-xml/dbde6f3492be4cf6/out -L dependency=/opt/rustwide/target/debug/build/rand/d9819d32f1140f36/out -L dependency=/opt/rustwide/target/debug/build/rand_chacha/54333f1c1547f936/out -L dependency=/opt/rustwide/target/debug/build/rand_core/dd1d0bae56376c88/out -L dependency=/opt/rustwide/target/debug/build/rand_xorshift/364f91ee6334bdc7/out -L dependency=/opt/rustwide/target/debug/build/regex-automata/52a0addbcef61096/out -L dependency=/opt/rustwide/target/debug/build/regex-automata/fd2613802b664d4a/out -L dependency=/opt/rustwide/target/debug/build/regex-syntax/90ac9012d68da547/out -L dependency=/opt/rustwide/target/debug/build/regex-syntax/caaf51062fc6847e/out -L dependency=/opt/rustwide/target/debug/build/regex/751e2aed179fc327/out -L dependency=/opt/rustwide/target/debug/build/reqwest/2a02d95e27315ac1/out -L dependency=/opt/rustwide/target/debug/build/reqwest/d3c415693c1fe050/out -L dependency=/opt/rustwide/target/debug/build/ring/fc2cd508bf01572b/out -L dependency=/opt/rustwide/target/debug/build/rustix/2126e9af8c4276e3/out -L dependency=/opt/rustwide/target/debug/build/rustls-native-certs/058a592b2f696ee5/out -L dependency=/opt/rustwide/target/debug/build/rustls-native-certs/2fda25cb6e1f4e5c/out -L dependency=/opt/rustwide/target/debug/build/rustls-native-certs/70a5fa62cd733b29/out -L dependency=/opt/rustwide/target/debug/build/rustls-pemfile/19992990ef9f388a/out -L dependency=/opt/rustwide/target/debug/build/rustls-pemfile/3f7a29d9de4ee2cb/out -L dependency=/opt/rustwide/target/debug/build/rustls-pki-types/7c9444632ea75dab/out -L dependency=/opt/rustwide/target/debug/build/rustls-webpki/5267ceabd990ce3c/out -L dependency=/opt/rustwide/target/debug/build/rustls-webpki/eea2b3559bca9969/out -L dependency=/opt/rustwide/target/debug/build/rustls/4e084b8b1a255454/out -L dependency=/opt/rustwide/target/debug/build/rustls/8fc06b3dd7a76d8f/out -L dependency=/opt/rustwide/target/debug/build/rustls/f4106a6399dc0ffd/out -L dependency=/opt/rustwide/target/debug/build/rusty-fork/cfa4a7645366fe22/out -L dependency=/opt/rustwide/target/debug/build/ryu/bb602e5b3b9d8008/out -L dependency=/opt/rustwide/target/debug/build/same-file/b7226876f34d02dd/out -L dependency=/opt/rustwide/target/debug/build/scopeguard/e7d227cb308b3799/out -L dependency=/opt/rustwide/target/debug/build/sct/3b0d259a80c00d32/out -L dependency=/opt/rustwide/target/debug/build/serde/3f5d904938403068/out -L dependency=/opt/rustwide/target/debug/build/serde_derive/9dfe845cec2e880f/out -L dependency=/opt/rustwide/target/debug/build/serde_json/f93b682102148931/out -L dependency=/opt/rustwide/target/debug/build/serde_urlencoded/337ddc1e7f89ef92/out -L dependency=/opt/rustwide/target/debug/build/sha2/9681089a7787b554/out -L dependency=/opt/rustwide/target/debug/build/sharded-slab/5d7560049c0c9021/out -L dependency=/opt/rustwide/target/debug/build/signal-hook-registry/567c19bc37025361/out -L dependency=/opt/rustwide/target/debug/build/signature/68433aa82be87afa/out -L dependency=/opt/rustwide/target/debug/build/similar/90a5738b8ad16b41/out -L dependency=/opt/rustwide/target/debug/build/siphasher/d59709f3b7836b3c/out -L dependency=/opt/rustwide/target/debug/build/slab/336ee4618dc8a867/out -L dependency=/opt/rustwide/target/debug/build/smallvec/7c0a21008007c7dc/out -L dependency=/opt/rustwide/target/debug/build/snafu-derive/cc49e3fbde962792/out -L dependency=/opt/rustwide/target/debug/build/snafu/99932e17879b1564/out -L dependency=/opt/rustwide/target/debug/build/socket2/96fb590040cb6ea6/out -L dependency=/opt/rustwide/target/debug/build/spin/9a7cf2ed01420f7f/out -L dependency=/opt/rustwide/target/debug/build/sqlformat/efc428fb0465652d/out -L dependency=/opt/rustwide/target/debug/build/sqlx-core/6ea514a9320540ca/out -L dependency=/opt/rustwide/target/debug/build/sqlx-macros/d926b7408d7e5e63/out -L dependency=/opt/rustwide/target/debug/build/sqlx-postgres/733022aabec3986c/out -L dependency=/opt/rustwide/target/debug/build/sqlx-sqlite/41bcc8a6ed154d1a/out -L dependency=/opt/rustwide/target/debug/build/sqlx/97b9104393ea254a/out -L dependency=/opt/rustwide/target/debug/build/stable_deref_trait/72a60ad2f278f0cf/out -L dependency=/opt/rustwide/target/debug/build/static_assertions/f2154b0bf273423d/out -L dependency=/opt/rustwide/target/debug/build/stringprep/6b7ea9581e749307/out -L dependency=/opt/rustwide/target/debug/build/strsim/a1f0dce47f9b6856/out -L dependency=/opt/rustwide/target/debug/build/strum/6e1188df6c613de2/out -L dependency=/opt/rustwide/target/debug/build/strum_macros/b9c370f6fb1a416c/out -L dependency=/opt/rustwide/target/debug/build/subtle/a09a538f58f4943c/out -L dependency=/opt/rustwide/target/debug/build/sync_wrapper/8a5430cffd2d77a2/out -L dependency=/opt/rustwide/target/debug/build/sync_wrapper/d023d265f802d235/out -L dependency=/opt/rustwide/target/debug/build/tempfile/7b40098a4a88f6dc/out -L dependency=/opt/rustwide/target/debug/build/thiserror-impl/dfd6b78a9986380e/out -L dependency=/opt/rustwide/target/debug/build/thiserror/d08fc93ace3cba9f/out -L dependency=/opt/rustwide/target/debug/build/thread_local/aacc9bb132471e39/out -L dependency=/opt/rustwide/target/debug/build/threadpool/d340e6c99a4ff369/out -L dependency=/opt/rustwide/target/debug/build/thrift/df6cb06b80985f85/out -L dependency=/opt/rustwide/target/debug/build/tinystr/6bb1a2b4eab40fdd/out -L dependency=/opt/rustwide/target/debug/build/tinyvec/2f4345de16aa6edc/out -L dependency=/opt/rustwide/target/debug/build/tinyvec_macros/8f2743a6fdad0226/out -L dependency=/opt/rustwide/target/debug/build/tokio-io-timeout/0346eef98978a0e2/out -L dependency=/opt/rustwide/target/debug/build/tokio-macros/753bb516407671bc/out -L dependency=/opt/rustwide/target/debug/build/tokio-metrics/38df21086a823a4a/out -L dependency=/opt/rustwide/target/debug/build/tokio-rustls/4869a9b74caa8ce3/out -L dependency=/opt/rustwide/target/debug/build/tokio-rustls/63a630f0b4a5873b/out -L dependency=/opt/rustwide/target/debug/build/tokio-rustls/7db4ab8e8ca0edd6/out -L dependency=/opt/rustwide/target/debug/build/tokio-stream/8fc0b79775cfb685/out -L dependency=/opt/rustwide/target/debug/build/tokio-util/149c91d84aeea538/out -L dependency=/opt/rustwide/target/debug/build/tokio/406e35b8c386356a/out -L dependency=/opt/rustwide/target/debug/build/tower-layer/f6d5cc7b185cf351/out -L dependency=/opt/rustwide/target/debug/build/tower-service/e69ac8dcc8243395/out -L dependency=/opt/rustwide/target/debug/build/tower/471158c6d4ab021a/out -L dependency=/opt/rustwide/target/debug/build/tower/ecffa41b6f6dc46e/out -L dependency=/opt/rustwide/target/debug/build/tracing-attributes/5595e86191613570/out -L dependency=/opt/rustwide/target/debug/build/tracing-core/2c5dc52e2b06ed07/out -L dependency=/opt/rustwide/target/debug/build/tracing-log/85a021fc45881207/out -L dependency=/opt/rustwide/target/debug/build/tracing-serde/ae9eb6409ceee7a6/out -L dependency=/opt/rustwide/target/debug/build/tracing-subscriber/09d1687ae508c088/out -L dependency=/opt/rustwide/target/debug/build/tracing/fc641a8d1e923c20/out -L dependency=/opt/rustwide/target/debug/build/try-lock/08abaa63f4861efa/out -L dependency=/opt/rustwide/target/debug/build/twox-hash/b6832f580fd55c31/out -L dependency=/opt/rustwide/target/debug/build/typenum/c8aa4bd6375c23ad/out -L dependency=/opt/rustwide/target/debug/build/unarray/7cd11d7c1cdfd805/out -L dependency=/opt/rustwide/target/debug/build/unicase/db3141207659a530/out -L dependency=/opt/rustwide/target/debug/build/unicode-bidi/b38c5b9f0edeee4c/out -L dependency=/opt/rustwide/target/debug/build/unicode-normalization/f8de50dfe3e2fdcb/out -L dependency=/opt/rustwide/target/debug/build/unicode-properties/0668753f438a236e/out -L dependency=/opt/rustwide/target/debug/build/unicode-width/7262dbb037081dbc/out -L dependency=/opt/rustwide/target/debug/build/unicode_categories/f5a7746b80b61f3e/out -L dependency=/opt/rustwide/target/debug/build/untrusted/03cde965a30f6cbb/out -L dependency=/opt/rustwide/target/debug/build/url/3e11d4d8be099325/out -L dependency=/opt/rustwide/target/debug/build/utf16_iter/cec968ef598af760/out -L dependency=/opt/rustwide/target/debug/build/utf8_iter/88f5a358869389d3/out -L dependency=/opt/rustwide/target/debug/build/utf8parse/dfcca550ff662ae9/out -L dependency=/opt/rustwide/target/debug/build/uuid/b558b67502426247/out -L dependency=/opt/rustwide/target/debug/build/wait-timeout/62019fef37c9923f/out -L dependency=/opt/rustwide/target/debug/build/walkdir/1278d11b181efceb/out -L dependency=/opt/rustwide/target/debug/build/want/cc3dcee12d270b38/out -L dependency=/opt/rustwide/target/debug/build/webpki-roots/03d1683a00b31473/out -L dependency=/opt/rustwide/target/debug/build/webpki-roots/5f0d31615ea98f5b/out -L dependency=/opt/rustwide/target/debug/build/whoami/6fbdb19b2bbd6d47/out -L dependency=/opt/rustwide/target/debug/build/workspace-hack/0e411a087da309c2/out -L dependency=/opt/rustwide/target/debug/build/write16/781a49200fe7cbdc/out -L dependency=/opt/rustwide/target/debug/build/writeable/bfd40d7890b21b86/out -L dependency=/opt/rustwide/target/debug/build/xz2/f4c66668011259a8/out -L dependency=/opt/rustwide/target/debug/build/yoke-derive/991b4f232bb2517a/out -L dependency=/opt/rustwide/target/debug/build/yoke/3e2276b5cb01db9d/out -L dependency=/opt/rustwide/target/debug/build/zerocopy-derive/1c4deb29ade10cf3/out -L dependency=/opt/rustwide/target/debug/build/zerocopy/373d08914c77fe79/out -L dependency=/opt/rustwide/target/debug/build/zerofrom-derive/98a77b915901d633/out -L dependency=/opt/rustwide/target/debug/build/zerofrom/053e814e298a4980/out -L dependency=/opt/rustwide/target/debug/build/zeroize/91be37eee9d6de29/out -L dependency=/opt/rustwide/target/debug/build/zeroize_derive/f7e08be128e728ac/out -L dependency=/opt/rustwide/target/debug/build/zerovec-derive/e4b416d6d47f251b/out -L dependency=/opt/rustwide/target/debug/build/zerovec/1c77f45ee1a4d28f/out -L dependency=/opt/rustwide/target/debug/build/zstd-safe/de7812c0678b802e/out -L dependency=/opt/rustwide/target/debug/build/zstd-sys/fb79045690d2543e/out -L dependency=/opt/rustwide/target/debug/build/zstd/772f4486e853eb4f/out --extern observability_deps=/opt/rustwide/target/debug/build/observability_deps/6c1b338436403755/out/libobservability_deps-6c1b338436403755.rmeta --extern pbjson=/opt/rustwide/target/debug/build/pbjson/2948f05172126d17/out/libpbjson-2948f05172126d17.rmeta --extern pbjson_types=/opt/rustwide/target/debug/build/pbjson-types/9de3a32cbbb8d00a/out/libpbjson_types-9de3a32cbbb8d00a.rmeta --extern prost=/opt/rustwide/target/debug/build/prost/9668cbe923398d14/out/libprost-9668cbe923398d14.rmeta --extern prost_types=/opt/rustwide/target/debug/build/prost-types/3953420f5fd9b984/out/libprost_types-3953420f5fd9b984.rmeta --extern serde=/opt/rustwide/target/debug/build/serde/3f5d904938403068/out/libserde-3f5d904938403068.rmeta --extern tonic=/opt/rustwide/target/debug/build/tonic/2985552405ade696/out/libtonic-2985552405ade696.rmeta --extern uuid=/opt/rustwide/target/debug/build/uuid/b558b67502426247/out/libuuid-b558b67502426247.rmeta --extern workspace_hack=/opt/rustwide/target/debug/build/workspace-hack/0e411a087da309c2/out/libworkspace_hack-0e411a087da309c2.rmeta --cap-lints allow --cap-lints=forbid --force-warn=unused_crate_dependencies -L native=/opt/rustwide/target/debug/build/lzma-sys/88afee6ae9c0d239/out -L native=/opt/rustwide/target/debug/build/zstd-sys/22639e33ef36edf0/out -L native=/opt/rustwide/target/debug/build/ring/8db455432b23c8b0/out -L native=/opt/rustwide/target/debug/build/libsqlite3-sys/445339cab4b39074/out -L native=/usr/lib` (signal: 9, SIGKILL: kill)
[INFO] [stderr] warning: build failed, waiting for other jobs to finish...
[INFO] [stderr] error: failed to run custom build command for `tikv-jemalloc-sys v0.5.4+5.3.0-patched`
[INFO] [stderr] note: To improve backtraces for build dependencies, set the CARGO_PROFILE_DEV_BUILD_OVERRIDE_DEBUG=true environment variable to enable debug information generation.
[INFO] [stderr] 
[INFO] [stderr] Caused by:
[INFO] [stderr]   process didn't exit successfully: `/opt/rustwide/target/debug/build/tikv-jemalloc-sys/5742d0e77fe49613/out/build_script_build` (exit status: 101)
[INFO] [stderr]   --- stdout
[INFO] [stderr]   TARGET=x86_64-unknown-linux-gnu
[INFO] [stderr]   HOST=x86_64-unknown-linux-gnu
[INFO] [stderr]   NUM_JOBS=8
[INFO] [stderr]   OUT_DIR="/opt/rustwide/target/debug/build/tikv-jemalloc-sys/0118738427ad6380/out"
[INFO] [stderr]   BUILD_DIR="/opt/rustwide/target/debug/build/tikv-jemalloc-sys/0118738427ad6380/out/build"
[INFO] [stderr]   SRC_DIR="/opt/rustwide/cargo-home/registry/src/index.crates.io-1949cf8c6b5b557f/tikv-jemalloc-sys-0.5.4+5.3.0-patched"
[INFO] [stderr]   cargo:rerun-if-env-changed=JEMALLOC_OVERRIDE
[INFO] [stderr]   OPT_LEVEL = Some(0)
[INFO] [stderr]   OUT_DIR = Some(/opt/rustwide/target/debug/build/tikv-jemalloc-sys/0118738427ad6380/out)
[INFO] [stderr]   TARGET = Some(x86_64-unknown-linux-gnu)
[INFO] [stderr]   HOST = Some(x86_64-unknown-linux-gnu)
[INFO] [stderr]   cargo:rerun-if-env-changed=CC_x86_64-unknown-linux-gnu
[INFO] [stderr]   CC_x86_64-unknown-linux-gnu = None
[INFO] [stderr]   cargo:rerun-if-env-changed=CC_x86_64_unknown_linux_gnu
[INFO] [stderr]   CC_x86_64_unknown_linux_gnu = None
[INFO] [stderr]   cargo:rerun-if-env-changed=HOST_CC
[INFO] [stderr]   HOST_CC = None
[INFO] [stderr]   cargo:rerun-if-env-changed=CC
[INFO] [stderr]   CC = None
[INFO] [stderr]   cargo:rerun-if-env-changed=CC_ENABLE_DEBUG_OUTPUT
[INFO] [stderr]   RUSTC_WRAPPER = None
[INFO] [stderr]   cargo:rerun-if-env-changed=CRATE_CC_NO_DEFAULTS
[INFO] [stderr]   CRATE_CC_NO_DEFAULTS = None
[INFO] [stderr]   DEBUG = Some(true)
[INFO] [stderr]   CARGO_CFG_TARGET_FEATURE = Some(fxsr,sse,sse2,x87)
[INFO] [stderr]   cargo:rerun-if-env-changed=CFLAGS_x86_64-unknown-linux-gnu
[INFO] [stderr]   CFLAGS_x86_64-unknown-linux-gnu = None
[INFO] [stderr]   cargo:rerun-if-env-changed=CFLAGS_x86_64_unknown_linux_gnu
[INFO] [stderr]   CFLAGS_x86_64_unknown_linux_gnu = None
[INFO] [stderr]   cargo:rerun-if-env-changed=HOST_CFLAGS
[INFO] [stderr]   HOST_CFLAGS = None
[INFO] [stderr]   cargo:rerun-if-env-changed=CFLAGS
[INFO] [stderr]   CFLAGS = None
[INFO] [stderr]   CARGO_ENCODED_RUSTFLAGS = Some(--cap-lints=forbid)
[INFO] [stderr]   CC="cc"
[INFO] [stderr]   CFLAGS="-O0 -ffunction-sections -fdata-sections -fPIC -gdwarf-4 -fno-omit-frame-pointer -m64 -Wall"
[INFO] [stderr]   JEMALLOC_REPO_DIR="jemalloc"
[INFO] [stderr]   cargo:rerun-if-env-changed=JEMALLOC_SYS_WITH_MALLOC_CONF
[INFO] [stderr]   cargo:rerun-if-env-changed=JEMALLOC_SYS_WITH_LG_PAGE
[INFO] [stderr]   cargo:rerun-if-env-changed=JEMALLOC_SYS_WITH_LG_HUGEPAGE
[INFO] [stderr]   cargo:rerun-if-env-changed=JEMALLOC_SYS_WITH_LG_QUANTUM
[INFO] [stderr]   cargo:rerun-if-env-changed=JEMALLOC_SYS_WITH_LG_VADDR
[INFO] [stderr]   running: cd "/opt/rustwide/target/debug/build/tikv-jemalloc-sys/0118738427ad6380/out/build" && CC="cc" CFLAGS="-O0 -ffunction-sections -fdata-sections -fPIC -gdwarf-4 -fno-omit-frame-pointer -m64 -Wall" CPPFLAGS="-O0 -ffunction-sections -fdata-sections -fPIC -gdwarf-4 -fno-omit-frame-pointer -m64 -Wall" LDFLAGS="-O0 -ffunction-sections -fdata-sections -fPIC -gdwarf-4 -fno-omit-frame-pointer -m64 -Wall" "sh" "/opt/rustwide/target/debug/build/tikv-jemalloc-sys/0118738427ad6380/out/build/configure" "--disable-cxx" "--enable-doc=no" "--enable-shared=no" "--with-private-namespace=_rjem_" "--host=x86_64-unknown-linux-gnu" "--build=x86_64-unknown-linux-gnu" "--prefix=/opt/rustwide/target/debug/build/tikv-jemalloc-sys/0118738427ad6380/out"
[INFO] [stderr]   checking for xsltproc... false
[INFO] [stderr]   checking for x86_64-unknown-linux-gnu-gcc... cc
[INFO] [stderr]   checking whether the C compiler works... yes
[INFO] [stderr]   checking for C compiler default output file name... a.out
[INFO] [stderr]   checking for suffix of executables... 
[INFO] [stderr]   checking whether we are cross compiling... no
[INFO] [stderr]   checking for suffix of object files... o
[INFO] [stderr]   checking whether we are using the GNU C compiler... yes
[INFO] [stderr]   checking whether cc accepts -g... yes
[INFO] [stderr]   checking for cc option to accept ISO C89... none needed
[INFO] [stderr]   checking whether compiler is cray... no
[INFO] [stderr]   checking whether compiler supports -std=gnu11... yes
[INFO] [stderr]   checking whether compiler supports -Werror=unknown-warning-option... no
[INFO] [stderr]   checking whether compiler supports -Wall... yes
[INFO] [stderr]   checking whether compiler supports -Wextra... yes
[INFO] [stderr]   checking whether compiler supports -Wshorten-64-to-32... no
[INFO] [stderr]   checking whether compiler supports -Wsign-compare... yes
[INFO] [stderr]   checking whether compiler supports -Wundef... yes
[INFO] [stderr]   checking whether compiler supports -Wno-format-zero-length... yes
[INFO] [stderr]   checking whether compiler supports -Wpointer-arith... yes
[INFO] [stderr]   checking whether compiler supports -Wno-missing-braces... yes
[INFO] [stderr]   checking whether compiler supports -Wno-missing-field-initializers... yes
[INFO] [stderr]   checking whether compiler supports -Wno-missing-attributes... yes
[INFO] [stderr]   checking whether compiler supports -pipe... yes
[INFO] [stderr]   checking whether compiler supports -g3... yes
[INFO] [stderr]   checking how to run the C preprocessor... cc -E
[INFO] [stderr]   checking for grep that handles long lines and -e... /usr/bin/grep
[INFO] [stderr]   checking for egrep... /usr/bin/grep -E
[INFO] [stderr]   checking for ANSI C header files... yes
[INFO] [stderr]   checking for sys/types.h... yes
[INFO] [stderr]   checking for sys/stat.h... yes
[INFO] [stderr]   checking for stdlib.h... yes
[INFO] [stderr]   checking for string.h... yes
[INFO] [stderr]   checking for memory.h... yes
[INFO] [stderr]   checking for strings.h... yes
[INFO] [stderr]   checking for inttypes.h... yes
[INFO] [stderr]   checking for stdint.h... yes
[INFO] [stderr]   checking for unistd.h... yes
[INFO] [stderr]   checking whether byte ordering is bigendian... no
[INFO] [stderr]   checking size of void *... 8
[INFO] [stderr]   checking size of int... 4
[INFO] [stderr]   checking size of long... 8
[INFO] [stderr]   checking size of long long... 8
[INFO] [stderr]   checking size of intmax_t... 8
[INFO] [stderr]   checking build system type... x86_64-unknown-linux-gnu
[INFO] [stderr]   checking host system type... x86_64-unknown-linux-gnu
[INFO] [stderr]   checking whether pause instruction is compilable... yes
[INFO] [stderr]   checking number of significant virtual address bits... 48
[INFO] [stderr]   checking for x86_64-unknown-linux-gnu-ar... no
[INFO] [stderr]   checking for ar... ar
[INFO] [stderr]   checking for x86_64-unknown-linux-gnu-nm... no
[INFO] [stderr]   checking for nm... nm
[INFO] [stderr]   checking for gawk... no
[INFO] [stderr]   checking for mawk... mawk
[INFO] [stderr]   checking malloc.h usability... yes
[INFO] [stderr]   checking malloc.h presence... yes
[INFO] [stderr]   checking for malloc.h... yes
[INFO] [stderr]   checking whether malloc_usable_size definition can use const argument... no
[INFO] [stderr]   checking for library containing log... -lm
[INFO] [stderr]   checking whether __attribute__ syntax is compilable... yes
[INFO] [stderr]   checking whether compiler supports -fvisibility=hidden... yes
[INFO] [stderr]   checking whether compiler supports -fvisibility=hidden... no
[INFO] [stderr]   checking whether compiler supports -Werror... yes
[INFO] [stderr]   checking whether compiler supports -herror_on_warning... no
[INFO] [stderr]   checking whether tls_model attribute is compilable... yes
[INFO] [stderr]   checking whether compiler supports -Werror... yes
[INFO] [stderr]   checking whether compiler supports -herror_on_warning... no
[INFO] [stderr]   checking whether alloc_size attribute is compilable... yes
[INFO] [stderr]   checking whether compiler supports -Werror... yes
[INFO] [stderr]   checking whether compiler supports -herror_on_warning... no
[INFO] [stderr]   checking whether format(gnu_printf, ...) attribute is compilable... yes
[INFO] [stderr]   checking whether compiler supports -Werror... yes
[INFO] [stderr]   checking whether compiler supports -herror_on_warning... no
[INFO] [stderr]   checking whether format(printf, ...) attribute is compilable... yes
[INFO] [stderr]   checking whether compiler supports -Werror... yes
[INFO] [stderr]   checking whether compiler supports -herror_on_warning... no
[INFO] [stderr]   checking whether format(printf, ...) attribute is compilable... yes
[INFO] [stderr]   checking whether compiler supports -Wimplicit-fallthrough... yes
[INFO] [stderr]   checking whether fallthrough attribute is compilable... yes
[INFO] [stderr]   checking whether compiler supports -Wimplicit-fallthrough... yes
[INFO] [stderr]   checking whether compiler supports -Wimplicit-fallthrough... no
[INFO] [stderr]   checking whether compiler supports -Werror... yes
[INFO] [stderr]   checking whether compiler supports -herror_on_warning... no
[INFO] [stderr]   checking whether cold attribute is compilable... yes
[INFO] [stderr]   checking whether vm_make_tag is compilable... no
[INFO] [stderr]   checking for a BSD-compatible install... /usr/bin/install -c
[INFO] [stderr]   checking for x86_64-unknown-linux-gnu-ranlib... no
[INFO] [stderr]   checking for ranlib... ranlib
[INFO] [stderr]   checking for ld... /usr/bin/ld
[INFO] [stderr]   checking for autoconf... /usr/bin/autoconf
[INFO] [stderr]   checking for memalign... yes
[INFO] [stderr]   checking for valloc... yes
[INFO] [stderr]   checking for malloc_size... no
[INFO] [stderr]   checking for __libc_calloc... yes
[INFO] [stderr]   checking for __libc_free... yes
[INFO] [stderr]   checking for __libc_malloc... yes
[INFO] [stderr]   checking for __libc_memalign... yes
[INFO] [stderr]   checking for __libc_realloc... yes
[INFO] [stderr]   checking for __libc_valloc... yes
[INFO] [stderr]   checking for __posix_memalign... no
[INFO] [stderr]   checking whether compiler supports -O3... yes
[INFO] [stderr]   checking whether compiler supports -O3... no
[INFO] [stderr]   checking whether compiler supports -funroll-loops... yes
[INFO] [stderr]   checking configured backtracing method... N/A
[INFO] [stderr]   checking for sbrk... yes
[INFO] [stderr]   checking whether utrace(2) is compilable... no
[INFO] [stderr]   checking whether utrace(2) with label is compilable... no
[INFO] [stderr]   checking whether a program using __builtin_unreachable is compilable... yes
[INFO] [stderr]   checking whether a program using __builtin_ffsl is compilable... yes
[INFO] [stderr]   checking whether a program using __builtin_popcountl is compilable... yes
[INFO] [stderr]   checking LG_PAGE... 12
[INFO] [stderr]   checking pthread.h usability... yes
[INFO] [stderr]   checking pthread.h presence... yes
[INFO] [stderr]   checking for pthread.h... yes
[INFO] [stderr]   checking for pthread_create in -lpthread... yes
[INFO] [stderr]   checking dlfcn.h usability... yes
[INFO] [stderr]   checking dlfcn.h presence... yes
[INFO] [stderr]   checking for dlfcn.h... yes
[INFO] [stderr]   checking for dlsym... yes
[INFO] [stderr]   checking whether pthread_atfork(3) is compilable... yes
[INFO] [stderr]   checking whether pthread_setname_np(3) is compilable... yes
[INFO] [stderr]   checking whether pthread_getname_np(3) is compilable... yes
[INFO] [stderr]   checking whether pthread_get_name_np(3) is compilable... no
[INFO] [stderr]   checking for library containing clock_gettime... none required
[INFO] [stderr]   checking whether clock_gettime(CLOCK_MONOTONIC_COARSE, ...) is compilable... yes
[INFO] [stderr]   checking whether clock_gettime(CLOCK_MONOTONIC, ...) is compilable... yes
[INFO] [stderr]   checking whether mach_absolute_time() is compilable... no
[INFO] [stderr]   checking whether clock_gettime(CLOCK_REALTIME, ...) is compilable... yes
[INFO] [stderr]   checking whether compiler supports -Werror... yes
[INFO] [stderr]   checking whether syscall(2) is compilable... yes
[INFO] [stderr]   checking for secure_getenv... yes
[INFO] [stderr]   checking for sched_getcpu... yes
[INFO] [stderr]   checking for sched_setaffinity... yes
[INFO] [stderr]   checking for issetugid... no
[INFO] [stderr]   checking for _malloc_thread_cleanup... no
[INFO] [stderr]   checking for _pthread_mutex_init_calloc_cb... no
[INFO] [stderr]   checking for memcntl... no
[INFO] [stderr]   checking for TLS... yes
[INFO] [stderr]   checking whether C11 atomics is compilable... yes
[INFO] [stderr]   checking whether GCC __atomic atomics is compilable... yes
[INFO] [stderr]   checking whether GCC 8-bit __atomic atomics is compilable... yes
[INFO] [stderr]   checking whether GCC __sync atomics is compilable... yes
[INFO] [stderr]   checking whether GCC 8-bit __sync atomics is compilable... yes
[INFO] [stderr]   checking whether Darwin OSAtomic*() is compilable... no
[INFO] [stderr]   checking whether madvise(2) is compilable... yes
[INFO] [stderr]   checking whether madvise(..., MADV_FREE) is compilable... yes
[INFO] [stderr]   checking whether madvise(..., MADV_DONTNEED) is compilable... yes
[INFO] [stderr]   checking whether madvise(..., MADV_DO[NT]DUMP) is compilable... yes
[INFO] [stderr]   checking whether madvise(..., MADV_[NO]HUGEPAGE) is compilable... yes
[INFO] [stderr]   checking whether madvise(..., MADV_[NO]CORE) is compilable... no
[INFO] [stderr]   checking whether mprotect(2) is compilable... yes
[INFO] [stderr]   checking for __builtin_clz... yes
[INFO] [stderr]   checking whether Darwin os_unfair_lock_*() is compilable... no
[INFO] [stderr]   checking whether glibc malloc hook is compilable... no
[INFO] [stderr]   checking whether glibc memalign hook is compilable... no
[INFO] [stderr]   checking whether pthreads adaptive mutexes is compilable... yes
[INFO] [stderr]   checking whether compiler supports -D_GNU_SOURCE... yes
[INFO] [stderr]   checking whether compiler supports -Werror... yes
[INFO] [stderr]   checking whether compiler supports -herror_on_warning... no
[INFO] [stderr]   checking whether strerror_r returns char with gnu source is compilable... yes
[INFO] [stderr]   checking for stdbool.h that conforms to C99... yes
[INFO] [stderr]   checking for _Bool... yes
[INFO] [stderr]   configure: creating ./config.status
[INFO] [stderr]   config.status: creating Makefile
[INFO] [stderr]   config.status: creating jemalloc.pc
[INFO] [stderr]   config.status: creating doc/html.xsl
[INFO] [stderr]   config.status: creating doc/manpages.xsl
[INFO] [stderr]   config.status: creating doc/jemalloc.xml
[INFO] [stderr]   config.status: creating include/jemalloc/jemalloc_macros.h
[INFO] [stderr]   config.status: creating include/jemalloc/jemalloc_protos.h
[INFO] [stderr]   config.status: creating include/jemalloc/jemalloc_typedefs.h
[INFO] [stderr]   config.status: creating include/jemalloc/internal/jemalloc_preamble.h
[INFO] [stderr]   config.status: creating test/test.sh
[INFO] [stderr]   config.status: creating test/include/test/jemalloc_test.h
[INFO] [stderr]   config.status: creating config.stamp
[INFO] [stderr]   config.status: creating bin/jemalloc-config
[INFO] [stderr]   config.status: creating bin/jemalloc.sh
[INFO] [stderr]   config.status: creating bin/jeprof
[INFO] [stderr]   config.status: creating include/jemalloc/jemalloc_defs.h
[INFO] [stderr]   config.status: creating include/jemalloc/internal/jemalloc_internal_defs.h
[INFO] [stderr]   config.status: creating test/include/test/jemalloc_test_defs.h
[INFO] [stderr]   config.status: executing include/jemalloc/internal/public_symbols.txt commands
[INFO] [stderr]   config.status: executing include/jemalloc/internal/private_symbols.awk commands
[INFO] [stderr]   config.status: executing include/jemalloc/internal/private_symbols_jet.awk commands
[INFO] [stderr]   config.status: executing include/jemalloc/internal/public_namespace.h commands
[INFO] [stderr]   config.status: executing include/jemalloc/internal/public_unnamespace.h commands
[INFO] [stderr]   config.status: executing include/jemalloc/jemalloc_protos_jet.h commands
[INFO] [stderr]   config.status: executing include/jemalloc/jemalloc_rename.h commands
[INFO] [stderr]   config.status: executing include/jemalloc/jemalloc_mangle.h commands
[INFO] [stderr]   config.status: executing include/jemalloc/jemalloc_mangle_jet.h commands
[INFO] [stderr]   config.status: executing include/jemalloc/jemalloc.h commands
[INFO] [stderr]   ===============================================================================
[INFO] [stderr]   jemalloc version   : 5.3.0-0-g54eaed1d8b56b1aa528be3bdd1877e59c56fa90c
[INFO] [stderr]   library revision   : 2
[INFO] [stderr] 
[INFO] [stderr]   CONFIG             : --disable-cxx --enable-doc=no --enable-shared=no --with-private-namespace=_rjem_ --host=x86_64-unknown-linux-gnu --build=x86_64-unknown-linux-gnu --prefix=/opt/rustwide/target/debug/build/tikv-jemalloc-sys/0118738427ad6380/out build_alias=x86_64-unknown-linux-gnu host_alias=x86_64-unknown-linux-gnu CC=cc 'CFLAGS=-O0 -ffunction-sections -fdata-sections -fPIC -gdwarf-4 -fno-omit-frame-pointer -m64 -Wall' 'LDFLAGS=-O0 -ffunction-sections -fdata-sections -fPIC -gdwarf-4 -fno-omit-frame-pointer -m64 -Wall' 'CPPFLAGS=-O0 -ffunction-sections -fdata-sections -fPIC -gdwarf-4 -fno-omit-frame-pointer -m64 -Wall'
[INFO] [stderr]   CC                 : cc
[INFO] [stderr]   CONFIGURE_CFLAGS   : -std=gnu11 -Wall -Wextra -Wsign-compare -Wundef -Wno-format-zero-length -Wpointer-arith -Wno-missing-braces -Wno-missing-field-initializers -Wno-missing-attributes -pipe -g3 -fvisibility=hidden -Wimplicit-fallthrough -O3 -funroll-loops
[INFO] [stderr]   SPECIFIED_CFLAGS   : -O0 -ffunction-sections -fdata-sections -fPIC -gdwarf-4 -fno-omit-frame-pointer -m64 -Wall
[INFO] [stderr]   EXTRA_CFLAGS       : 
[INFO] [stderr]   CPPFLAGS           : -O0 -ffunction-sections -fdata-sections -fPIC -gdwarf-4 -fno-omit-frame-pointer -m64 -Wall -D_GNU_SOURCE -D_REENTRANT
[INFO] [stderr]   CXX                : 
[INFO] [stderr]   CONFIGURE_CXXFLAGS : 
[INFO] [stderr]   SPECIFIED_CXXFLAGS : 
[INFO] [stderr]   EXTRA_CXXFLAGS     : 
[INFO] [stderr]   LDFLAGS            : -O0 -ffunction-sections -fdata-sections -fPIC -gdwarf-4 -fno-omit-frame-pointer -m64 -Wall
[INFO] [stderr]   EXTRA_LDFLAGS      : 
[INFO] [stderr]   DSO_LDFLAGS        : -shared -Wl,-soname,$(@F)
[INFO] [stderr]   LIBS               : -lm  -pthread
[INFO] [stderr]   RPATH_EXTRA        : 
[INFO] [stderr] 
[INFO] [stderr]   XSLTPROC           : false
[INFO] [stderr]   XSLROOT            : 
[INFO] [stderr] 
[INFO] [stderr]   PREFIX             : /opt/rustwide/target/debug/build/tikv-jemalloc-sys/0118738427ad6380/out
[INFO] [stderr]   BINDIR             : /opt/rustwide/target/debug/build/tikv-jemalloc-sys/0118738427ad6380/out/bin
[INFO] [stderr]   DATADIR            : /opt/rustwide/target/debug/build/tikv-jemalloc-sys/0118738427ad6380/out/share
[INFO] [stderr]   INCLUDEDIR         : /opt/rustwide/target/debug/build/tikv-jemalloc-sys/0118738427ad6380/out/include
[INFO] [stderr]   LIBDIR             : /opt/rustwide/target/debug/build/tikv-jemalloc-sys/0118738427ad6380/out/lib
[INFO] [stderr]   MANDIR             : /opt/rustwide/target/debug/build/tikv-jemalloc-sys/0118738427ad6380/out/share/man
[INFO] [stderr] 
[INFO] [stderr]   srcroot            : 
[INFO] [stderr]   abs_srcroot        : /opt/rustwide/target/debug/build/tikv-jemalloc-sys/0118738427ad6380/out/build/
[INFO] [stderr]   objroot            : 
[INFO] [stderr]   abs_objroot        : /opt/rustwide/target/debug/build/tikv-jemalloc-sys/0118738427ad6380/out/build/
[INFO] [stderr] 
[INFO] [stderr]   JEMALLOC_PREFIX    : 
[INFO] [stderr]   JEMALLOC_PRIVATE_NAMESPACE
[INFO] [stderr]                      : _rjem_je_
[INFO] [stderr]   install_suffix     : 
[INFO] [stderr]   malloc_conf        : 
[INFO] [stderr]   documentation      : 0
[INFO] [stderr]   shared libs        : 0
[INFO] [stderr]   static libs        : 1
[INFO] [stderr]   autogen            : 0
[INFO] [stderr]   debug              : 0
[INFO] [stderr]   stats              : 1
[INFO] [stderr]   experimental_smallocx : 0
[INFO] [stderr]   prof               : 0
[INFO] [stderr]   prof-libunwind     : 0
[INFO] [stderr]   prof-libgcc        : 0
[INFO] [stderr]   prof-gcc           : 0
[INFO] [stderr]   fill               : 1
[INFO] [stderr]   utrace             : 0
[INFO] [stderr]   xmalloc            : 0
[INFO] [stderr]   log                : 0
[INFO] [stderr]   lazy_lock          : 0
[INFO] [stderr]   cache-oblivious    : 1
[INFO] [stderr]   cxx                : 0
[INFO] [stderr]   ===============================================================================
[INFO] [stderr]   running: cd "/opt/rustwide/target/debug/build/tikv-jemalloc-sys/0118738427ad6380/out/build" && "make" "-j" "8"
[INFO] [stderr]   cc -std=gnu11 -Wall -Wextra -Wsign-compare -Wundef -Wno-format-zero-length -Wpointer-arith -Wno-missing-braces -Wno-missing-field-initializers -Wno-missing-attributes -pipe -g3 -fvisibility=hidden -Wimplicit-fallthrough -O3 -funroll-loops -O0 -ffunction-sections -fdata-sections -fPIC -gdwarf-4 -fno-omit-frame-pointer -m64 -Wall -c -O0 -ffunction-sections -fdata-sections -fPIC -gdwarf-4 -fno-omit-frame-pointer -m64 -Wall -D_GNU_SOURCE -D_REENTRANT -Iinclude -Iinclude -DJEMALLOC_NO_PRIVATE_NAMESPACE -o src/jemalloc.sym.o src/jemalloc.c
[INFO] [stderr]   cc -std=gnu11 -Wall -Wextra -Wsign-compare -Wundef -Wno-format-zero-length -Wpointer-arith -Wno-missing-braces -Wno-missing-field-initializers -Wno-missing-attributes -pipe -g3 -fvisibility=hidden -Wimplicit-fallthrough -O3 -funroll-loops -O0 -ffunction-sections -fdata-sections -fPIC -gdwarf-4 -fno-omit-frame-pointer -m64 -Wall -c -O0 -ffunction-sections -fdata-sections -fPIC -gdwarf-4 -fno-omit-frame-pointer -m64 -Wall -D_GNU_SOURCE -D_REENTRANT -Iinclude -Iinclude -DJEMALLOC_NO_PRIVATE_NAMESPACE -o src/arena.sym.o src/arena.c
[INFO] [stderr]   cc -std=gnu11 -Wall -Wextra -Wsign-compare -Wundef -Wno-format-zero-length -Wpointer-arith -Wno-missing-braces -Wno-missing-field-initializers -Wno-missing-attributes -pipe -g3 -fvisibility=hidden -Wimplicit-fallthrough -O3 -funroll-loops -O0 -ffunction-sections -fdata-sections -fPIC -gdwarf-4 -fno-omit-frame-pointer -m64 -Wall -c -O0 -ffunction-sections -fdata-sections -fPIC -gdwarf-4 -fno-omit-frame-pointer -m64 -Wall -D_GNU_SOURCE -D_REENTRANT -Iinclude -Iinclude -DJEMALLOC_NO_PRIVATE_NAMESPACE -o src/background_thread.sym.o src/background_thread.c
[INFO] [stderr]   cc -std=gnu11 -Wall -Wextra -Wsign-compare -Wundef -Wno-format-zero-length -Wpointer-arith -Wno-missing-braces -Wno-missing-field-initializers -Wno-missing-attributes -pipe -g3 -fvisibility=hidden -Wimplicit-fallthrough -O3 -funroll-loops -O0 -ffunction-sections -fdata-sections -fPIC -gdwarf-4 -fno-omit-frame-pointer -m64 -Wall -c -O0 -ffunction-sections -fdata-sections -fPIC -gdwarf-4 -fno-omit-frame-pointer -m64 -Wall -D_GNU_SOURCE -D_REENTRANT -Iinclude -Iinclude -DJEMALLOC_NO_PRIVATE_NAMESPACE -o src/bitmap.sym.o src/bitmap.c
[INFO] [stderr]   cc -std=gnu11 -Wall -Wextra -Wsign-compare -Wundef -Wno-format-zero-length -Wpointer-arith -Wno-missing-braces -Wno-missing-field-initializers -Wno-missing-attributes -pipe -g3 -fvisibility=hidden -Wimplicit-fallthrough -O3 -funroll-loops -O0 -ffunction-sections -fdata-sections -fPIC -gdwarf-4 -fno-omit-frame-pointer -m64 -Wall -c -O0 -ffunction-sections -fdata-sections -fPIC -gdwarf-4 -fno-omit-frame-pointer -m64 -Wall -D_GNU_SOURCE -D_REENTRANT -Iinclude -Iinclude -DJEMALLOC_NO_PRIVATE_NAMESPACE -o src/base.sym.o src/base.c
[INFO] [stderr]   cc -std=gnu11 -Wall -Wextra -Wsign-compare -Wundef -Wno-format-zero-length -Wpointer-arith -Wno-missing-braces -Wno-missing-field-initializers -Wno-missing-attributes -pipe -g3 -fvisibility=hidden -Wimplicit-fallthrough -O3 -funroll-loops -O0 -ffunction-sections -fdata-sections -fPIC -gdwarf-4 -fno-omit-frame-pointer -m64 -Wall -c -O0 -ffunction-sections -fdata-sections -fPIC -gdwarf-4 -fno-omit-frame-pointer -m64 -Wall -D_GNU_SOURCE -D_REENTRANT -Iinclude -Iinclude -DJEMALLOC_NO_PRIVATE_NAMESPACE -o src/buf_writer.sym.o src/buf_writer.c
[INFO] [stderr]   cc -std=gnu11 -Wall -Wextra -Wsign-compare -Wundef -Wno-format-zero-length -Wpointer-arith -Wno-missing-braces -Wno-missing-field-initializers -Wno-missing-attributes -pipe -g3 -fvisibility=hidden -Wimplicit-fallthrough -O3 -funroll-loops -O0 -ffunction-sections -fdata-sections -fPIC -gdwarf-4 -fno-omit-frame-pointer -m64 -Wall -c -O0 -ffunction-sections -fdata-sections -fPIC -gdwarf-4 -fno-omit-frame-pointer -m64 -Wall -D_GNU_SOURCE -D_REENTRANT -Iinclude -Iinclude -DJEMALLOC_NO_PRIVATE_NAMESPACE -o src/bin.sym.o src/bin.c
[INFO] [stderr]   cc -std=gnu11 -Wall -Wextra -Wsign-compare -Wundef -Wno-format-zero-length -Wpointer-arith -Wno-missing-braces -Wno-missing-field-initializers -Wno-missing-attributes -pipe -g3 -fvisibility=hidden -Wimplicit-fallthrough -O3 -funroll-loops -O0 -ffunction-sections -fdata-sections -fPIC -gdwarf-4 -fno-omit-frame-pointer -m64 -Wall -c -O0 -ffunction-sections -fdata-sections -fPIC -gdwarf-4 -fno-omit-frame-pointer -m64 -Wall -D_GNU_SOURCE -D_REENTRANT -Iinclude -Iinclude -DJEMALLOC_NO_PRIVATE_NAMESPACE -o src/bin_info.sym.o src/bin_info.c
[INFO] [stderr]   cc -std=gnu11 -Wall -Wextra -Wsign-compare -Wundef -Wno-format-zero-length -Wpointer-arith -Wno-missing-braces -Wno-missing-field-initializers -Wno-missing-attributes -pipe -g3 -fvisibility=hidden -Wimplicit-fallthrough -O3 -funroll-loops -O0 -ffunction-sections -fdata-sections -fPIC -gdwarf-4 -fno-omit-frame-pointer -m64 -Wall -c -O0 -ffunction-sections -fdata-sections -fPIC -gdwarf-4 -fno-omit-frame-pointer -m64 -Wall -D_GNU_SOURCE -D_REENTRANT -Iinclude -Iinclude -DJEMALLOC_NO_PRIVATE_NAMESPACE -o src/cache_bin.sym.o src/cache_bin.c
[INFO] [stderr]   cc -std=gnu11 -Wall -Wextra -Wsign-compare -Wundef -Wno-format-zero-length -Wpointer-arith -Wno-missing-braces -Wno-missing-field-initializers -Wno-missing-attributes -pipe -g3 -fvisibility=hidden -Wimplicit-fallthrough -O3 -funroll-loops -O0 -ffunction-sections -fdata-sections -fPIC -gdwarf-4 -fno-omit-frame-pointer -m64 -Wall -c -O0 -ffunction-sections -fdata-sections -fPIC -gdwarf-4 -fno-omit-frame-pointer -m64 -Wall -D_GNU_SOURCE -D_REENTRANT -Iinclude -Iinclude -DJEMALLOC_NO_PRIVATE_NAMESPACE -o src/ckh.sym.o src/ckh.c
[INFO] [stderr]   cc -std=gnu11 -Wall -Wextra -Wsign-compare -Wundef -Wno-format-zero-length -Wpointer-arith -Wno-missing-braces -Wno-missing-field-initializers -Wno-missing-attributes -pipe -g3 -fvisibility=hidden -Wimplicit-fallthrough -O3 -funroll-loops -O0 -ffunction-sections -fdata-sections -fPIC -gdwarf-4 -fno-omit-frame-pointer -m64 -Wall -c -O0 -ffunction-sections -fdata-sections -fPIC -gdwarf-4 -fno-omit-frame-pointer -m64 -Wall -D_GNU_SOURCE -D_REENTRANT -Iinclude -Iinclude -DJEMALLOC_NO_PRIVATE_NAMESPACE -o src/counter.sym.o src/counter.c
[INFO] [stderr]   cc -std=gnu11 -Wall -Wextra -Wsign-compare -Wundef -Wno-format-zero-length -Wpointer-arith -Wno-missing-braces -Wno-missing-field-initializers -Wno-missing-attributes -pipe -g3 -fvisibility=hidden -Wimplicit-fallthrough -O3 -funroll-loops -O0 -ffunction-sections -fdata-sections -fPIC -gdwarf-4 -fno-omit-frame-pointer -m64 -Wall -c -O0 -ffunction-sections -fdata-sections -fPIC -gdwarf-4 -fno-omit-frame-pointer -m64 -Wall -D_GNU_SOURCE -D_REENTRANT -Iinclude -Iinclude -DJEMALLOC_NO_PRIVATE_NAMESPACE -o src/ctl.sym.o src/ctl.c
[INFO] [stderr]   cc -std=gnu11 -Wall -Wextra -Wsign-compare -Wundef -Wno-format-zero-length -Wpointer-arith -Wno-missing-braces -Wno-missing-field-initializers -Wno-missing-attributes -pipe -g3 -fvisibility=hidden -Wimplicit-fallthrough -O3 -funroll-loops -O0 -ffunction-sections -fdata-sections -fPIC -gdwarf-4 -fno-omit-frame-pointer -m64 -Wall -c -O0 -ffunction-sections -fdata-sections -fPIC -gdwarf-4 -fno-omit-frame-pointer -m64 -Wall -D_GNU_SOURCE -D_REENTRANT -Iinclude -Iinclude -DJEMALLOC_NO_PRIVATE_NAMESPACE -o src/decay.sym.o src/decay.c
[INFO] [stderr]   cc -std=gnu11 -Wall -Wextra -Wsign-compare -Wundef -Wno-format-zero-length -Wpointer-arith -Wno-missing-braces -Wno-missing-field-initializers -Wno-missing-attributes -pipe -g3 -fvisibility=hidden -Wimplicit-fallthrough -O3 -funroll-loops -O0 -ffunction-sections -fdata-sections -fPIC -gdwarf-4 -fno-omit-frame-pointer -m64 -Wall -c -O0 -ffunction-sections -fdata-sections -fPIC -gdwarf-4 -fno-omit-frame-pointer -m64 -Wall -D_GNU_SOURCE -D_REENTRANT -Iinclude -Iinclude -DJEMALLOC_NO_PRIVATE_NAMESPACE -o src/div.sym.o src/div.c
[INFO] [stderr]   cc -std=gnu11 -Wall -Wextra -Wsign-compare -Wundef -Wno-format-zero-length -Wpointer-arith -Wno-missing-braces -Wno-missing-field-initializers -Wno-missing-attributes -pipe -g3 -fvisibility=hidden -Wimplicit-fallthrough -O3 -funroll-loops -O0 -ffunction-sections -fdata-sections -fPIC -gdwarf-4 -fno-omit-frame-pointer -m64 -Wall -c -O0 -ffunction-sections -fdata-sections -fPIC -gdwarf-4 -fno-omit-frame-pointer -m64 -Wall -D_GNU_SOURCE -D_REENTRANT -Iinclude -Iinclude -DJEMALLOC_NO_PRIVATE_NAMESPACE -o src/ecache.sym.o src/ecache.c
[INFO] [stderr]   cc -std=gnu11 -Wall -Wextra -Wsign-compare -Wundef -Wno-format-zero-length -Wpointer-arith -Wno-missing-braces -Wno-missing-field-initializers -Wno-missing-attributes -pipe -g3 -fvisibility=hidden -Wimplicit-fallthrough -O3 -funroll-loops -O0 -ffunction-sections -fdata-sections -fPIC -gdwarf-4 -fno-omit-frame-pointer -m64 -Wall -c -O0 -ffunction-sections -fdata-sections -fPIC -gdwarf-4 -fno-omit-frame-pointer -m64 -Wall -D_GNU_SOURCE -D_REENTRANT -Iinclude -Iinclude -DJEMALLOC_NO_PRIVATE_NAMESPACE -o src/edata.sym.o src/edata.c
[INFO] [stderr]   cc -std=gnu11 -Wall -Wextra -Wsign-compare -Wundef -Wno-format-zero-length -Wpointer-arith -Wno-missing-braces -Wno-missing-field-initializers -Wno-missing-attributes -pipe -g3 -fvisibility=hidden -Wimplicit-fallthrough -O3 -funroll-loops -O0 -ffunction-sections -fdata-sections -fPIC -gdwarf-4 -fno-omit-frame-pointer -m64 -Wall -c -O0 -ffunction-sections -fdata-sections -fPIC -gdwarf-4 -fno-omit-frame-pointer -m64 -Wall -D_GNU_SOURCE -D_REENTRANT -Iinclude -Iinclude -DJEMALLOC_NO_PRIVATE_NAMESPACE -o src/edata_cache.sym.o src/edata_cache.c
[INFO] [stderr]   cc -std=gnu11 -Wall -Wextra -Wsign-compare -Wundef -Wno-format-zero-length -Wpointer-arith -Wno-missing-braces -Wno-missing-field-initializers -Wno-missing-attributes -pipe -g3 -fvisibility=hidden -Wimplicit-fallthrough -O3 -funroll-loops -O0 -ffunction-sections -fdata-sections -fPIC -gdwarf-4 -fno-omit-frame-pointer -m64 -Wall -c -O0 -ffunction-sections -fdata-sections -fPIC -gdwarf-4 -fno-omit-frame-pointer -m64 -Wall -D_GNU_SOURCE -D_REENTRANT -Iinclude -Iinclude -DJEMALLOC_NO_PRIVATE_NAMESPACE -o src/ehooks.sym.o src/ehooks.c
[INFO] [stderr]   cc -std=gnu11 -Wall -Wextra -Wsign-compare -Wundef -Wno-format-zero-length -Wpointer-arith -Wno-missing-braces -Wno-missing-field-initializers -Wno-missing-attributes -pipe -g3 -fvisibility=hidden -Wimplicit-fallthrough -O3 -funroll-loops -O0 -ffunction-sections -fdata-sections -fPIC -gdwarf-4 -fno-omit-frame-pointer -m64 -Wall -c -O0 -ffunction-sections -fdata-sections -fPIC -gdwarf-4 -fno-omit-frame-pointer -m64 -Wall -D_GNU_SOURCE -D_REENTRANT -Iinclude -Iinclude -DJEMALLOC_NO_PRIVATE_NAMESPACE -o src/emap.sym.o src/emap.c
[INFO] [stderr]   cc -std=gnu11 -Wall -Wextra -Wsign-compare -Wundef -Wno-format-zero-length -Wpointer-arith -Wno-missing-braces -Wno-missing-field-initializers -Wno-missing-attributes -pipe -g3 -fvisibility=hidden -Wimplicit-fallthrough -O3 -funroll-loops -O0 -ffunction-sections -fdata-sections -fPIC -gdwarf-4 -fno-omit-frame-pointer -m64 -Wall -c -O0 -ffunction-sections -fdata-sections -fPIC -gdwarf-4 -fno-omit-frame-pointer -m64 -Wall -D_GNU_SOURCE -D_REENTRANT -Iinclude -Iinclude -DJEMALLOC_NO_PRIVATE_NAMESPACE -o src/eset.sym.o src/eset.c
[INFO] [stderr]   cc -std=gnu11 -Wall -Wextra -Wsign-compare -Wundef -Wno-format-zero-length -Wpointer-arith -Wno-missing-braces -Wno-missing-field-initializers -Wno-missing-attributes -pipe -g3 -fvisibility=hidden -Wimplicit-fallthrough -O3 -funroll-loops -O0 -ffunction-sections -fdata-sections -fPIC -gdwarf-4 -fno-omit-frame-pointer -m64 -Wall -c -O0 -ffunction-sections -fdata-sections -fPIC -gdwarf-4 -fno-omit-frame-pointer -m64 -Wall -D_GNU_SOURCE -D_REENTRANT -Iinclude -Iinclude -DJEMALLOC_NO_PRIVATE_NAMESPACE -o src/exp_grow.sym.o src/exp_grow.c
[INFO] [stderr]   cc -std=gnu11 -Wall -Wextra -Wsign-compare -Wundef -Wno-format-zero-length -Wpointer-arith -Wno-missing-braces -Wno-missing-field-initializers -Wno-missing-attributes -pipe -g3 -fvisibility=hidden -Wimplicit-fallthrough -O3 -funroll-loops -O0 -ffunction-sections -fdata-sections -fPIC -gdwarf-4 -fno-omit-frame-pointer -m64 -Wall -c -O0 -ffunction-sections -fdata-sections -fPIC -gdwarf-4 -fno-omit-frame-pointer -m64 -Wall -D_GNU_SOURCE -D_REENTRANT -Iinclude -Iinclude -DJEMALLOC_NO_PRIVATE_NAMESPACE -o src/extent.sym.o src/extent.c
[INFO] [stderr]   cc -std=gnu11 -Wall -Wextra -Wsign-compare -Wundef -Wno-format-zero-length -Wpointer-arith -Wno-missing-braces -Wno-missing-field-initializers -Wno-missing-attributes -pipe -g3 -fvisibility=hidden -Wimplicit-fallthrough -O3 -funroll-loops -O0 -ffunction-sections -fdata-sections -fPIC -gdwarf-4 -fno-omit-frame-pointer -m64 -Wall -c -O0 -ffunction-sections -fdata-sections -fPIC -gdwarf-4 -fno-omit-frame-pointer -m64 -Wall -D_GNU_SOURCE -D_REENTRANT -Iinclude -Iinclude -DJEMALLOC_NO_PRIVATE_NAMESPACE -o src/extent_dss.sym.o src/extent_dss.c
[INFO] [stderr]   cc -std=gnu11 -Wall -Wextra -Wsign-compare -Wundef -Wno-format-zero-length -Wpointer-arith -Wno-missing-braces -Wno-missing-field-initializers -Wno-missing-attributes -pipe -g3 -fvisibility=hidden -Wimplicit-fallthrough -O3 -funroll-loops -O0 -ffunction-sections -fdata-sections -fPIC -gdwarf-4 -fno-omit-frame-pointer -m64 -Wall -c -O0 -ffunction-sections -fdata-sections -fPIC -gdwarf-4 -fno-omit-frame-pointer -m64 -Wall -D_GNU_SOURCE -D_REENTRANT -Iinclude -Iinclude -DJEMALLOC_NO_PRIVATE_NAMESPACE -o src/extent_mmap.sym.o src/extent_mmap.c
[INFO] [stderr]   cc -std=gnu11 -Wall -Wextra -Wsign-compare -Wundef -Wno-format-zero-length -Wpointer-arith -Wno-missing-braces -Wno-missing-field-initializers -Wno-missing-attributes -pipe -g3 -fvisibility=hidden -Wimplicit-fallthrough -O3 -funroll-loops -O0 -ffunction-sections -fdata-sections -fPIC -gdwarf-4 -fno-omit-frame-pointer -m64 -Wall -c -O0 -ffunction-sections -fdata-sections -fPIC -gdwarf-4 -fno-omit-frame-pointer -m64 -Wall -D_GNU_SOURCE -D_REENTRANT -Iinclude -Iinclude -DJEMALLOC_NO_PRIVATE_NAMESPACE -o src/fxp.sym.o src/fxp.c
[INFO] [stderr]   cc -std=gnu11 -Wall -Wextra -Wsign-compare -Wundef -Wno-format-zero-length -Wpointer-arith -Wno-missing-braces -Wno-missing-field-initializers -Wno-missing-attributes -pipe -g3 -fvisibility=hidden -Wimplicit-fallthrough -O3 -funroll-loops -O0 -ffunction-sections -fdata-sections -fPIC -gdwarf-4 -fno-omit-frame-pointer -m64 -Wall -c -O0 -ffunction-sections -fdata-sections -fPIC -gdwarf-4 -fno-omit-frame-pointer -m64 -Wall -D_GNU_SOURCE -D_REENTRANT -Iinclude -Iinclude -DJEMALLOC_NO_PRIVATE_NAMESPACE -o src/san.sym.o src/san.c
[INFO] [stderr]   cc -std=gnu11 -Wall -Wextra -Wsign-compare -Wundef -Wno-format-zero-length -Wpointer-arith -Wno-missing-braces -Wno-missing-field-initializers -Wno-missing-attributes -pipe -g3 -fvisibility=hidden -Wimplicit-fallthrough -O3 -funroll-loops -O0 -ffunction-sections -fdata-sections -fPIC -gdwarf-4 -fno-omit-frame-pointer -m64 -Wall -c -O0 -ffunction-sections -fdata-sections -fPIC -gdwarf-4 -fno-omit-frame-pointer -m64 -Wall -D_GNU_SOURCE -D_REENTRANT -Iinclude -Iinclude -DJEMALLOC_NO_PRIVATE_NAMESPACE -o src/san_bump.sym.o src/san_bump.c
[INFO] [stderr]   cc -std=gnu11 -Wall -Wextra -Wsign-compare -Wundef -Wno-format-zero-length -Wpointer-arith -Wno-missing-braces -Wno-missing-field-initializers -Wno-missing-attributes -pipe -g3 -fvisibility=hidden -Wimplicit-fallthrough -O3 -funroll-loops -O0 -ffunction-sections -fdata-sections -fPIC -gdwarf-4 -fno-omit-frame-pointer -m64 -Wall -c -O0 -ffunction-sections -fdata-sections -fPIC -gdwarf-4 -fno-omit-frame-pointer -m64 -Wall -D_GNU_SOURCE -D_REENTRANT -Iinclude -Iinclude -DJEMALLOC_NO_PRIVATE_NAMESPACE -o src/hook.sym.o src/hook.c
[INFO] [stderr]   cc -std=gnu11 -Wall -Wextra -Wsign-compare -Wundef -Wno-format-zero-length -Wpointer-arith -Wno-missing-braces -Wno-missing-field-initializers -Wno-missing-attributes -pipe -g3 -fvisibility=hidden -Wimplicit-fallthrough -O3 -funroll-loops -O0 -ffunction-sections -fdata-sections -fPIC -gdwarf-4 -fno-omit-frame-pointer -m64 -Wall -c -O0 -ffunction-sections -fdata-sections -fPIC -gdwarf-4 -fno-omit-frame-pointer -m64 -Wall -D_GNU_SOURCE -D_REENTRANT -Iinclude -Iinclude -DJEMALLOC_NO_PRIVATE_NAMESPACE -o src/hpa.sym.o src/hpa.c
[INFO] [stderr]   cc -std=gnu11 -Wall -Wextra -Wsign-compare -Wundef -Wno-format-zero-length -Wpointer-arith -Wno-missing-braces -Wno-missing-field-initializers -Wno-missing-attributes -pipe -g3 -fvisibility=hidden -Wimplicit-fallthrough -O3 -funroll-loops -O0 -ffunction-sections -fdata-sections -fPIC -gdwarf-4 -fno-omit-frame-pointer -m64 -Wall -c -O0 -ffunction-sections -fdata-sections -fPIC -gdwarf-4 -fno-omit-frame-pointer -m64 -Wall -D_GNU_SOURCE -D_REENTRANT -Iinclude -Iinclude -DJEMALLOC_NO_PRIVATE_NAMESPACE -o src/hpa_hooks.sym.o src/hpa_hooks.c
[INFO] [stderr]   cc -std=gnu11 -Wall -Wextra -Wsign-compare -Wundef -Wno-format-zero-length -Wpointer-arith -Wno-missing-braces -Wno-missing-field-initializers -Wno-missing-attributes -pipe -g3 -fvisibility=hidden -Wimplicit-fallthrough -O3 -funroll-loops -O0 -ffunction-sections -fdata-sections -fPIC -gdwarf-4 -fno-omit-frame-pointer -m64 -Wall -c -O0 -ffunction-sections -fdata-sections -fPIC -gdwarf-4 -fno-omit-frame-pointer -m64 -Wall -D_GNU_SOURCE -D_REENTRANT -Iinclude -Iinclude -DJEMALLOC_NO_PRIVATE_NAMESPACE -o src/hpdata.sym.o src/hpdata.c
[INFO] [stderr]   cc -std=gnu11 -Wall -Wextra -Wsign-compare -Wundef -Wno-format-zero-length -Wpointer-arith -Wno-missing-braces -Wno-missing-field-initializers -Wno-missing-attributes -pipe -g3 -fvisibility=hidden -Wimplicit-fallthrough -O3 -funroll-loops -O0 -ffunction-sections -fdata-sections -fPIC -gdwarf-4 -fno-omit-frame-pointer -m64 -Wall -c -O0 -ffunction-sections -fdata-sections -fPIC -gdwarf-4 -fno-omit-frame-pointer -m64 -Wall -D_GNU_SOURCE -D_REENTRANT -Iinclude -Iinclude -DJEMALLOC_NO_PRIVATE_NAMESPACE -o src/log.sym.o src/log.c
[INFO] [stderr]   cc -std=gnu11 -Wall -Wextra -Wsign-compare -Wundef -Wno-format-zero-length -Wpointer-arith -Wno-missing-braces -Wno-missing-field-initializers -Wno-missing-attributes -pipe -g3 -fvisibility=hidden -Wimplicit-fallthrough -O3 -funroll-loops -O0 -ffunction-sections -fdata-sections -fPIC -gdwarf-4 -fno-omit-frame-pointer -m64 -Wall -c -O0 -ffunction-sections -fdata-sections -fPIC -gdwarf-4 -fno-omit-frame-pointer -m64 -Wall -D_GNU_SOURCE -D_REENTRANT -Iinclude -Iinclude -DJEMALLOC_NO_PRIVATE_NAMESPACE -o src/inspect.sym.o src/inspect.c
[INFO] [stderr]   cc -std=gnu11 -Wall -Wextra -Wsign-compare -Wundef -Wno-format-zero-length -Wpointer-arith -Wno-missing-braces -Wno-missing-field-initializers -Wno-missing-attributes -pipe -g3 -fvisibility=hidden -Wimplicit-fallthrough -O3 -funroll-loops -O0 -ffunction-sections -fdata-sections -fPIC -gdwarf-4 -fno-omit-frame-pointer -m64 -Wall -c -O0 -ffunction-sections -fdata-sections -fPIC -gdwarf-4 -fno-omit-frame-pointer -m64 -Wall -D_GNU_SOURCE -D_REENTRANT -Iinclude -Iinclude -DJEMALLOC_NO_PRIVATE_NAMESPACE -o src/large.sym.o src/large.c
[INFO] [stderr]   cc -std=gnu11 -Wall -Wextra -Wsign-compare -Wundef -Wno-format-zero-length -Wpointer-arith -Wno-missing-braces -Wno-missing-field-initializers -Wno-missing-attributes -pipe -g3 -fvisibility=hidden -Wimplicit-fallthrough -O3 -funroll-loops -O0 -ffunction-sections -fdata-sections -fPIC -gdwarf-4 -fno-omit-frame-pointer -m64 -Wall -c -O0 -ffunction-sections -fdata-sections -fPIC -gdwarf-4 -fno-omit-frame-pointer -m64 -Wall -D_GNU_SOURCE -D_REENTRANT -Iinclude -Iinclude -DJEMALLOC_NO_PRIVATE_NAMESPACE -o src/malloc_io.sym.o src/malloc_io.c
[INFO] [stderr]   cc -std=gnu11 -Wall -Wextra -Wsign-compare -Wundef -Wno-format-zero-length -Wpointer-arith -Wno-missing-braces -Wno-missing-field-initializers -Wno-missing-attributes -pipe -g3 -fvisibility=hidden -Wimplicit-fallthrough -O3 -funroll-loops -O0 -ffunction-sections -fdata-sections -fPIC -gdwarf-4 -fno-omit-frame-pointer -m64 -Wall -c -O0 -ffunction-sections -fdata-sections -fPIC -gdwarf-4 -fno-omit-frame-pointer -m64 -Wall -D_GNU_SOURCE -D_REENTRANT -Iinclude -Iinclude -DJEMALLOC_NO_PRIVATE_NAMESPACE -o src/mutex.sym.o src/mutex.c
[INFO] [stderr]   cc -std=gnu11 -Wall -Wextra -Wsign-compare -Wundef -Wno-format-zero-length -Wpointer-arith -Wno-missing-braces -Wno-missing-field-initializers -Wno-missing-attributes -pipe -g3 -fvisibility=hidden -Wimplicit-fallthrough -O3 -funroll-loops -O0 -ffunction-sections -fdata-sections -fPIC -gdwarf-4 -fno-omit-frame-pointer -m64 -Wall -c -O0 -ffunction-sections -fdata-sections -fPIC -gdwarf-4 -fno-omit-frame-pointer -m64 -Wall -D_GNU_SOURCE -D_REENTRANT -Iinclude -Iinclude -DJEMALLOC_NO_PRIVATE_NAMESPACE -o src/nstime.sym.o src/nstime.c
[INFO] [stderr]   cc -std=gnu11 -Wall -Wextra -Wsign-compare -Wundef -Wno-format-zero-length -Wpointer-arith -Wno-missing-braces -Wno-missing-field-initializers -Wno-missing-attributes -pipe -g3 -fvisibility=hidden -Wimplicit-fallthrough -O3 -funroll-loops -O0 -ffunction-sections -fdata-sections -fPIC -gdwarf-4 -fno-omit-frame-pointer -m64 -Wall -c -O0 -ffunction-sections -fdata-sections -fPIC -gdwarf-4 -fno-omit-frame-pointer -m64 -Wall -D_GNU_SOURCE -D_REENTRANT -Iinclude -Iinclude -DJEMALLOC_NO_PRIVATE_NAMESPACE -o src/pa.sym.o src/pa.c
[INFO] [stderr]   cc -std=gnu11 -Wall -Wextra -Wsign-compare -Wundef -Wno-format-zero-length -Wpointer-arith -Wno-missing-braces -Wno-missing-field-initializers -Wno-missing-attributes -pipe -g3 -fvisibility=hidden -Wimplicit-fallthrough -O3 -funroll-loops -O0 -ffunction-sections -fdata-sections -fPIC -gdwarf-4 -fno-omit-frame-pointer -m64 -Wall -c -O0 -ffunction-sections -fdata-sections -fPIC -gdwarf-4 -fno-omit-frame-pointer -m64 -Wall -D_GNU_SOURCE -D_REENTRANT -Iinclude -Iinclude -DJEMALLOC_NO_PRIVATE_NAMESPACE -o src/pa_extra.sym.o src/pa_extra.c
[INFO] [stderr]   cc -std=gnu11 -Wall -Wextra -Wsign-compare -Wundef -Wno-format-zero-length -Wpointer-arith -Wno-missing-braces -Wno-missing-field-initializers -Wno-missing-attributes -pipe -g3 -fvisibility=hidden -Wimplicit-fallthrough -O3 -funroll-loops -O0 -ffunction-sections -fdata-sections -fPIC -gdwarf-4 -fno-omit-frame-pointer -m64 -Wall -c -O0 -ffunction-sections -fdata-sections -fPIC -gdwarf-4 -fno-omit-frame-pointer -m64 -Wall -D_GNU_SOURCE -D_REENTRANT -Iinclude -Iinclude -DJEMALLOC_NO_PRIVATE_NAMESPACE -o src/pai.sym.o src/pai.c
[INFO] [stderr]   cc -std=gnu11 -Wall -Wextra -Wsign-compare -Wundef -Wno-format-zero-length -Wpointer-arith -Wno-missing-braces -Wno-missing-field-initializers -Wno-missing-attributes -pipe -g3 -fvisibility=hidden -Wimplicit-fallthrough -O3 -funroll-loops -O0 -ffunction-sections -fdata-sections -fPIC -gdwarf-4 -fno-omit-frame-pointer -m64 -Wall -c -O0 -ffunction-sections -fdata-sections -fPIC -gdwarf-4 -fno-omit-frame-pointer -m64 -Wall -D_GNU_SOURCE -D_REENTRANT -Iinclude -Iinclude -DJEMALLOC_NO_PRIVATE_NAMESPACE -o src/pages.sym.o src/pages.c
[INFO] [stderr]   cc -std=gnu11 -Wall -Wextra -Wsign-compare -Wundef -Wno-format-zero-length -Wpointer-arith -Wno-missing-braces -Wno-missing-field-initializers -Wno-missing-attributes -pipe -g3 -fvisibility=hidden -Wimplicit-fallthrough -O3 -funroll-loops -O0 -ffunction-sections -fdata-sections -fPIC -gdwarf-4 -fno-omit-frame-pointer -m64 -Wall -c -O0 -ffunction-sections -fdata-sections -fPIC -gdwarf-4 -fno-omit-frame-pointer -m64 -Wall -D_GNU_SOURCE -D_REENTRANT -Iinclude -Iinclude -DJEMALLOC_NO_PRIVATE_NAMESPACE -o src/pac.sym.o src/pac.c
[INFO] [stderr]   cc -std=gnu11 -Wall -Wextra -Wsign-compare -Wundef -Wno-format-zero-length -Wpointer-arith -Wno-missing-braces -Wno-missing-field-initializers -Wno-missing-attributes -pipe -g3 -fvisibility=hidden -Wimplicit-fallthrough -O3 -funroll-loops -O0 -ffunction-sections -fdata-sections -fPIC -gdwarf-4 -fno-omit-frame-pointer -m64 -Wall -c -O0 -ffunction-sections -fdata-sections -fPIC -gdwarf-4 -fno-omit-frame-pointer -m64 -Wall -D_GNU_SOURCE -D_REENTRANT -Iinclude -Iinclude -DJEMALLOC_NO_PRIVATE_NAMESPACE -o src/peak_event.sym.o src/peak_event.c
[INFO] [stderr]   cc -std=gnu11 -Wall -Wextra -Wsign-compare -Wundef -Wno-format-zero-length -Wpointer-arith -Wno-missing-braces -Wno-missing-field-initializers -Wno-missing-attributes -pipe -g3 -fvisibility=hidden -Wimplicit-fallthrough -O3 -funroll-loops -O0 -ffunction-sections -fdata-sections -fPIC -gdwarf-4 -fno-omit-frame-pointer -m64 -Wall -c -O0 -ffunction-sections -fdata-sections -fPIC -gdwarf-4 -fno-omit-frame-pointer -m64 -Wall -D_GNU_SOURCE -D_REENTRANT -Iinclude -Iinclude -DJEMALLOC_NO_PRIVATE_NAMESPACE -o src/prof.sym.o src/prof.c
[INFO] [stderr]   cc -std=gnu11 -Wall -Wextra -Wsign-compare -Wundef -Wno-format-zero-length -Wpointer-arith -Wno-missing-braces -Wno-missing-field-initializers -Wno-missing-attributes -pipe -g3 -fvisibility=hidden -Wimplicit-fallthrough -O3 -funroll-loops -O0 -ffunction-sections -fdata-sections -fPIC -gdwarf-4 -fno-omit-frame-pointer -m64 -Wall -c -O0 -ffunction-sections -fdata-sections -fPIC -gdwarf-4 -fno-omit-frame-pointer -m64 -Wall -D_GNU_SOURCE -D_REENTRANT -Iinclude -Iinclude -DJEMALLOC_NO_PRIVATE_NAMESPACE -o src/prof_data.sym.o src/prof_data.c
[INFO] [stderr]   cc -std=gnu11 -Wall -Wextra -Wsign-compare -Wundef -Wno-format-zero-length -Wpointer-arith -Wno-missing-braces -Wno-missing-field-initializers -Wno-missing-attributes -pipe -g3 -fvisibility=hidden -Wimplicit-fallthrough -O3 -funroll-loops -O0 -ffunction-sections -fdata-sections -fPIC -gdwarf-4 -fno-omit-frame-pointer -m64 -Wall -c -O0 -ffunction-sections -fdata-sections -fPIC -gdwarf-4 -fno-omit-frame-pointer -m64 -Wall -D_GNU_SOURCE -D_REENTRANT -Iinclude -Iinclude -DJEMALLOC_NO_PRIVATE_NAMESPACE -o src/prof_log.sym.o src/prof_log.c
[INFO] [stderr]   cc -std=gnu11 -Wall -Wextra -Wsign-compare -Wundef -Wno-format-zero-length -Wpointer-arith -Wno-missing-braces -Wno-missing-field-initializers -Wno-missing-attributes -pipe -g3 -fvisibility=hidden -Wimplicit-fallthrough -O3 -funroll-loops -O0 -ffunction-sections -fdata-sections -fPIC -gdwarf-4 -fno-omit-frame-pointer -m64 -Wall -c -O0 -ffunction-sections -fdata-sections -fPIC -gdwarf-4 -fno-omit-frame-pointer -m64 -Wall -D_GNU_SOURCE -D_REENTRANT -Iinclude -Iinclude -DJEMALLOC_NO_PRIVATE_NAMESPACE -o src/prof_recent.sym.o src/prof_recent.c
[INFO] [stderr]   cc -std=gnu11 -Wall -Wextra -Wsign-compare -Wundef -Wno-format-zero-length -Wpointer-arith -Wno-missing-braces -Wno-missing-field-initializers -Wno-missing-attributes -pipe -g3 -fvisibility=hidden -Wimplicit-fallthrough -O3 -funroll-loops -O0 -ffunction-sections -fdata-sections -fPIC -gdwarf-4 -fno-omit-frame-pointer -m64 -Wall -c -O0 -ffunction-sections -fdata-sections -fPIC -gdwarf-4 -fno-omit-frame-pointer -m64 -Wall -D_GNU_SOURCE -D_REENTRANT -Iinclude -Iinclude -DJEMALLOC_NO_PRIVATE_NAMESPACE -o src/prof_stats.sym.o src/prof_stats.c
[INFO] [stderr]   cc -std=gnu11 -Wall -Wextra -Wsign-compare -Wundef -Wno-format-zero-length -Wpointer-arith -Wno-missing-braces -Wno-missing-field-initializers -Wno-missing-attributes -pipe -g3 -fvisibility=hidden -Wimplicit-fallthrough -O3 -funroll-loops -O0 -ffunction-sections -fdata-sections -fPIC -gdwarf-4 -fno-omit-frame-pointer -m64 -Wall -c -O0 -ffunction-sections -fdata-sections -fPIC -gdwarf-4 -fno-omit-frame-pointer -m64 -Wall -D_GNU_SOURCE -D_REENTRANT -Iinclude -Iinclude -DJEMALLOC_NO_PRIVATE_NAMESPACE -o src/prof_sys.sym.o src/prof_sys.c
[INFO] [stderr]   cc -std=gnu11 -Wall -Wextra -Wsign-compare -Wundef -Wno-format-zero-length -Wpointer-arith -Wno-missing-braces -Wno-missing-field-initializers -Wno-missing-attributes -pipe -g3 -fvisibility=hidden -Wimplicit-fallthrough -O3 -funroll-loops -O0 -ffunction-sections -fdata-sections -fPIC -gdwarf-4 -fno-omit-frame-pointer -m64 -Wall -c -O0 -ffunction-sections -fdata-sections -fPIC -gdwarf-4 -fno-omit-frame-pointer -m64 -Wall -D_GNU_SOURCE -D_REENTRANT -Iinclude -Iinclude -DJEMALLOC_NO_PRIVATE_NAMESPACE -o src/psset.sym.o src/psset.c
[INFO] [stderr]   cc -std=gnu11 -Wall -Wextra -Wsign-compare -Wundef -Wno-format-zero-length -Wpointer-arith -Wno-missing-braces -Wno-missing-field-initializers -Wno-missing-attributes -pipe -g3 -fvisibility=hidden -Wimplicit-fallthrough -O3 -funroll-loops -O0 -ffunction-sections -fdata-sections -fPIC -gdwarf-4 -fno-omit-frame-pointer -m64 -Wall -c -O0 -ffunction-sections -fdata-sections -fPIC -gdwarf-4 -fno-omit-frame-pointer -m64 -Wall -D_GNU_SOURCE -D_REENTRANT -Iinclude -Iinclude -DJEMALLOC_NO_PRIVATE_NAMESPACE -o src/rtree.sym.o src/rtree.c
[INFO] [stderr]   cc -std=gnu11 -Wall -Wextra -Wsign-compare -Wundef -Wno-format-zero-length -Wpointer-arith -Wno-missing-braces -Wno-missing-field-initializers -Wno-missing-attributes -pipe -g3 -fvisibility=hidden -Wimplicit-fallthrough -O3 -funroll-loops -O0 -ffunction-sections -fdata-sections -fPIC -gdwarf-4 -fno-omit-frame-pointer -m64 -Wall -c -O0 -ffunction-sections -fdata-sections -fPIC -gdwarf-4 -fno-omit-frame-pointer -m64 -Wall -D_GNU_SOURCE -D_REENTRANT -Iinclude -Iinclude -DJEMALLOC_NO_PRIVATE_NAMESPACE -o src/safety_check.sym.o src/safety_check.c
[INFO] [stderr]   cc -std=gnu11 -Wall -Wextra -Wsign-compare -Wundef -Wno-format-zero-length -Wpointer-arith -Wno-missing-braces -Wno-missing-field-initializers -Wno-missing-attributes -pipe -g3 -fvisibility=hidden -Wimplicit-fallthrough -O3 -funroll-loops -O0 -ffunction-sections -fdata-sections -fPIC -gdwarf-4 -fno-omit-frame-pointer -m64 -Wall -c -O0 -ffunction-sections -fdata-sections -fPIC -gdwarf-4 -fno-omit-frame-pointer -m64 -Wall -D_GNU_SOURCE -D_REENTRANT -Iinclude -Iinclude -DJEMALLOC_NO_PRIVATE_NAMESPACE -o src/sc.sym.o src/sc.c
[INFO] [stderr]   cc -std=gnu11 -Wall -Wextra -Wsign-compare -Wundef -Wno-format-zero-length -Wpointer-arith -Wno-missing-braces -Wno-missing-field-initializers -Wno-missing-attributes -pipe -g3 -fvisibility=hidden -Wimplicit-fallthrough -O3 -funroll-loops -O0 -ffunction-sections -fdata-sections -fPIC -gdwarf-4 -fno-omit-frame-pointer -m64 -Wall -c -O0 -ffunction-sections -fdata-sections -fPIC -gdwarf-4 -fno-omit-frame-pointer -m64 -Wall -D_GNU_SOURCE -D_REENTRANT -Iinclude -Iinclude -DJEMALLOC_NO_PRIVATE_NAMESPACE -o src/sec.sym.o src/sec.c
[INFO] [stderr]   cc -std=gnu11 -Wall -Wextra -Wsign-compare -Wundef -Wno-format-zero-length -Wpointer-arith -Wno-missing-braces -Wno-missing-field-initializers -Wno-missing-attributes -pipe -g3 -fvisibility=hidden -Wimplicit-fallthrough -O3 -funroll-loops -O0 -ffunction-sections -fdata-sections -fPIC -gdwarf-4 -fno-omit-frame-pointer -m64 -Wall -c -O0 -ffunction-sections -fdata-sections -fPIC -gdwarf-4 -fno-omit-frame-pointer -m64 -Wall -D_GNU_SOURCE -D_REENTRANT -Iinclude -Iinclude -DJEMALLOC_NO_PRIVATE_NAMESPACE -o src/sz.sym.o src/sz.c
[INFO] [stderr]   cc -std=gnu11 -Wall -Wextra -Wsign-compare -Wundef -Wno-format-zero-length -Wpointer-arith -Wno-missing-braces -Wno-missing-field-initializers -Wno-missing-attributes -pipe -g3 -fvisibility=hidden -Wimplicit-fallthrough -O3 -funroll-loops -O0 -ffunction-sections -fdata-sections -fPIC -gdwarf-4 -fno-omit-frame-pointer -m64 -Wall -c -O0 -ffunction-sections -fdata-sections -fPIC -gdwarf-4 -fno-omit-frame-pointer -m64 -Wall -D_GNU_SOURCE -D_REENTRANT -Iinclude -Iinclude -DJEMALLOC_NO_PRIVATE_NAMESPACE -o src/stats.sym.o src/stats.c
[INFO] [stderr]   cc -std=gnu11 -Wall -Wextra -Wsign-compare -Wundef -Wno-format-zero-length -Wpointer-arith -Wno-missing-braces -Wno-missing-field-initializers -Wno-missing-attributes -pipe -g3 -fvisibility=hidden -Wimplicit-fallthrough -O3 -funroll-loops -O0 -ffunction-sections -fdata-sections -fPIC -gdwarf-4 -fno-omit-frame-pointer -m64 -Wall -c -O0 -ffunction-sections -fdata-sections -fPIC -gdwarf-4 -fno-omit-frame-pointer -m64 -Wall -D_GNU_SOURCE -D_REENTRANT -Iinclude -Iinclude -DJEMALLOC_NO_PRIVATE_NAMESPACE -o src/tcache.sym.o src/tcache.c
[INFO] [stderr]   cc -std=gnu11 -Wall -Wextra -Wsign-compare -Wundef -Wno-format-zero-length -Wpointer-arith -Wno-missing-braces -Wno-missing-field-initializers -Wno-missing-attributes -pipe -g3 -fvisibility=hidden -Wimplicit-fallthrough -O3 -funroll-loops -O0 -ffunction-sections -fdata-sections -fPIC -gdwarf-4 -fno-omit-frame-pointer -m64 -Wall -c -O0 -ffunction-sections -fdata-sections -fPIC -gdwarf-4 -fno-omit-frame-pointer -m64 -Wall -D_GNU_SOURCE -D_REENTRANT -Iinclude -Iinclude -DJEMALLOC_NO_PRIVATE_NAMESPACE -o src/test_hooks.sym.o src/test_hooks.c
[INFO] [stderr]   cc -std=gnu11 -Wall -Wextra -Wsign-compare -Wundef -Wno-format-zero-length -Wpointer-arith -Wno-missing-braces -Wno-missing-field-initializers -Wno-missing-attributes -pipe -g3 -fvisibility=hidden -Wimplicit-fallthrough -O3 -funroll-loops -O0 -ffunction-sections -fdata-sections -fPIC -gdwarf-4 -fno-omit-frame-pointer -m64 -Wall -c -O0 -ffunction-sections -fdata-sections -fPIC -gdwarf-4 -fno-omit-frame-pointer -m64 -Wall -D_GNU_SOURCE -D_REENTRANT -Iinclude -Iinclude -DJEMALLOC_NO_PRIVATE_NAMESPACE -o src/thread_event.sym.o src/thread_event.c
[INFO] [stderr]   cc -std=gnu11 -Wall -Wextra -Wsign-compare -Wundef -Wno-format-zero-length -Wpointer-arith -Wno-missing-braces -Wno-missing-field-initializers -Wno-missing-attributes -pipe -g3 -fvisibility=hidden -Wimplicit-fallthrough -O3 -funroll-loops -O0 -ffunction-sections -fdata-sections -fPIC -gdwarf-4 -fno-omit-frame-pointer -m64 -Wall -c -O0 -ffunction-sections -fdata-sections -fPIC -gdwarf-4 -fno-omit-frame-pointer -m64 -Wall -D_GNU_SOURCE -D_REENTRANT -Iinclude -Iinclude -DJEMALLOC_NO_PRIVATE_NAMESPACE -o src/ticker.sym.o src/ticker.c
[INFO] [stderr]   cc -std=gnu11 -Wall -Wextra -Wsign-compare -Wundef -Wno-format-zero-length -Wpointer-arith -Wno-missing-braces -Wno-missing-field-initializers -Wno-missing-attributes -pipe -g3 -fvisibility=hidden -Wimplicit-fallthrough -O3 -funroll-loops -O0 -ffunction-sections -fdata-sections -fPIC -gdwarf-4 -fno-omit-frame-pointer -m64 -Wall -c -O0 -ffunction-sections -fdata-sections -fPIC -gdwarf-4 -fno-omit-frame-pointer -m64 -Wall -D_GNU_SOURCE -D_REENTRANT -Iinclude -Iinclude -DJEMALLOC_NO_PRIVATE_NAMESPACE -o src/tsd.sym.o src/tsd.c
[INFO] [stderr]   cc -std=gnu11 -Wall -Wextra -Wsign-compare -Wundef -Wno-format-zero-length -Wpointer-arith -Wno-missing-braces -Wno-missing-field-initializers -Wno-missing-attributes -pipe -g3 -fvisibility=hidden -Wimplicit-fallthrough -O3 -funroll-loops -O0 -ffunction-sections -fdata-sections -fPIC -gdwarf-4 -fno-omit-frame-pointer -m64 -Wall -c -O0 -ffunction-sections -fdata-sections -fPIC -gdwarf-4 -fno-omit-frame-pointer -m64 -Wall -D_GNU_SOURCE -D_REENTRANT -Iinclude -Iinclude -DJEMALLOC_NO_PRIVATE_NAMESPACE -o src/witness.sym.o src/witness.c
[INFO] [stderr]   nm -a src/arena.sym.o | mawk -f include/jemalloc/internal/private_symbols.awk > src/arena.sym
[INFO] [stderr]   nm -a src/background_thread.sym.o | mawk -f include/jemalloc/internal/private_symbols.awk > src/background_thread.sym
[INFO] [stderr]   nm -a src/base.sym.o | mawk -f include/jemalloc/internal/private_symbols.awk > src/base.sym
[INFO] [stderr]   nm -a src/bin.sym.o | mawk -f include/jemalloc/internal/private_symbols.awk > src/bin.sym
[INFO] [stderr]   nm -a src/bin_info.sym.o | mawk -f include/jemalloc/internal/private_symbols.awk > src/bin_info.sym
[INFO] [stderr]   nm -a src/bitmap.sym.o | mawk -f include/jemalloc/internal/private_symbols.awk > src/bitmap.sym
[INFO] [stderr]   nm -a src/buf_writer.sym.o | mawk -f include/jemalloc/internal/private_symbols.awk > src/buf_writer.sym
[INFO] [stderr]   nm -a src/cache_bin.sym.o | mawk -f include/jemalloc/internal/private_symbols.awk > src/cache_bin.sym
[INFO] [stderr]   nm -a src/ckh.sym.o | mawk -f include/jemalloc/internal/private_symbols.awk > src/ckh.sym
[INFO] [stderr]   nm -a src/counter.sym.o | mawk -f include/jemalloc/internal/private_symbols.awk > src/counter.sym
[INFO] [stderr]   nm -a src/ctl.sym.o | mawk -f include/jemalloc/internal/private_symbols.awk > src/ctl.sym
[INFO] [stderr]   nm -a src/decay.sym.o | mawk -f include/jemalloc/internal/private_symbols.awk > src/decay.sym
[INFO] [stderr]   nm -a src/div.sym.o | mawk -f include/jemalloc/internal/private_symbols.awk > src/div.sym
[INFO] [stderr]   nm -a src/ecache.sym.o | mawk -f include/jemalloc/internal/private_symbols.awk > src/ecache.sym
[INFO] [stderr]   nm -a src/edata.sym.o | mawk -f include/jemalloc/internal/private_symbols.awk > src/edata.sym
[INFO] [stderr]   nm -a src/edata_cache.sym.o | mawk -f include/jemalloc/internal/private_symbols.awk > src/edata_cache.sym
[INFO] [stderr]   nm -a src/emap.sym.o | mawk -f include/jemalloc/internal/private_symbols.awk > src/emap.sym
[INFO] [stderr]   nm -a src/ehooks.sym.o | mawk -f include/jemalloc/internal/private_symbols.awk > src/ehooks.sym
[INFO] [stderr]   nm -a src/eset.sym.o | mawk -f include/jemalloc/internal/private_symbols.awk > src/eset.sym
[INFO] [stderr]   nm -a src/exp_grow.sym.o | mawk -f include/jemalloc/internal/private_symbols.awk > src/exp_grow.sym
[INFO] [stderr]   nm -a src/extent.sym.o | mawk -f include/jemalloc/internal/private_symbols.awk > src/extent.sym
[INFO] [stderr]   nm -a src/extent_dss.sym.o | mawk -f include/jemalloc/internal/private_symbols.awk > src/extent_dss.sym
[INFO] [stderr]   nm -a src/extent_mmap.sym.o | mawk -f include/jemalloc/internal/private_symbols.awk > src/extent_mmap.sym
[INFO] [stderr]   nm -a src/fxp.sym.o | mawk -f include/jemalloc/internal/private_symbols.awk > src/fxp.sym
[INFO] [stderr]   nm -a src/san.sym.o | mawk -f include/jemalloc/internal/private_symbols.awk > src/san.sym
[INFO] [stderr]   nm -a src/san_bump.sym.o | mawk -f include/jemalloc/internal/private_symbols.awk > src/san_bump.sym
[INFO] [stderr]   nm -a src/hook.sym.o | mawk -f include/jemalloc/internal/private_symbols.awk > src/hook.sym
[INFO] [stderr]   nm -a src/hpa.sym.o | mawk -f include/jemalloc/internal/private_symbols.awk > src/hpa.sym
[INFO] [stderr]   nm -a src/hpa_hooks.sym.o | mawk -f include/jemalloc/internal/private_symbols.awk > src/hpa_hooks.sym
[INFO] [stderr]   nm -a src/hpdata.sym.o | mawk -f include/jemalloc/internal/private_symbols.awk > src/hpdata.sym
[INFO] [stderr] 
[INFO] [stderr]   --- stderr
[INFO] [stderr]   /opt/rustwide/target/debug/build/tikv-jemalloc-sys/0118738427ad6380/out/build/configure: line 8271: cd: null directory
[INFO] [stderr]   Assembler messages:
[INFO] [stderr]   {standard input}:120139: Warning: end of file not at end of a line; newline inserted
[INFO] [stderr]   {standard input}:120761: Error: number of operands mismatch for `movq'
[INFO] [stderr]   {standard input}: Error: open CFI at the end of file; missing .cfi_endproc directive
[INFO] [stderr]   cc: fatal error: Killed signal terminated program cc1
[INFO] [stderr]   compilation terminated.
[INFO] [stderr]   make: *** [Makefile:478: src/jemalloc.sym.o] Error 1
[INFO] [stderr]   make: *** Waiting for unfinished jobs....
[INFO] [stderr] 
[INFO] [stderr]   thread 'main' (4300) panicked at /opt/rustwide/cargo-home/registry/src/index.crates.io-1949cf8c6b5b557f/tikv-jemalloc-sys-0.5.4+5.3.0-patched/build.rs:351:9:
[INFO] [stderr]   command did not execute successfully: cd "/opt/rustwide/target/debug/build/tikv-jemalloc-sys/0118738427ad6380/out/build" && "make" "-j" "8"
[INFO] [stderr]   expected success, got: exit status: 2
[INFO] [stderr]   stack backtrace:
[INFO] [stderr]      0:     0x5a4d1429e781 - std[d54af4b6f8a28972]::backtrace_rs::backtrace::libunwind::trace
[INFO] [stderr]                                  at /rustc/0cefa27fe3deee26fc98ee44249406358d9f0d26/library/std/src/../../backtrace/src/backtrace/libunwind.rs:117:9
[INFO] [stderr]      1:     0x5a4d1429e781 - std[d54af4b6f8a28972]::backtrace_rs::backtrace::trace_unsynchronized::<std[d54af4b6f8a28972]::sys::backtrace::_print_fmt::{closure#1}>
[INFO] [stderr]                                  at /rustc/0cefa27fe3deee26fc98ee44249406358d9f0d26/library/std/src/../../backtrace/src/backtrace/mod.rs:66:14
[INFO] [stderr]      2:     0x5a4d1429e781 - std[d54af4b6f8a28972]::sys::backtrace::_print_fmt
[INFO] [stderr]                                  at /rustc/0cefa27fe3deee26fc98ee44249406358d9f0d26/library/std/src/sys/backtrace.rs:74:9
[INFO] [stderr]      3:     0x5a4d1429e781 - <<std[d54af4b6f8a28972]::sys::backtrace::BacktraceLock>::print::DisplayBacktrace as core[cbc10812dc19a79d]::fmt::Display>::fmt
[INFO] [stderr]                                  at /rustc/0cefa27fe3deee26fc98ee44249406358d9f0d26/library/std/src/sys/backtrace.rs:44:26
[INFO] [stderr]      4:     0x5a4d142b1c6a - <core[cbc10812dc19a79d]::fmt::rt::Argument>::fmt
[INFO] [stderr]                                  at /rustc/0cefa27fe3deee26fc98ee44249406358d9f0d26/library/core/src/fmt/rt.rs:152:76
[INFO] [stderr]      5:     0x5a4d142b1c6a - core[cbc10812dc19a79d]::fmt::write
[INFO] [stderr]      6:     0x5a4d142a424c - core[cbc10812dc19a79d]::io::write::default_write_fmt::<std[d54af4b6f8a28972]::sys::stdio::unix::Stderr>
[INFO] [stderr]                                  at /rustc/0cefa27fe3deee26fc98ee44249406358d9f0d26/library/core/src/io/write.rs:402:11
[INFO] [stderr]      7:     0x5a4d142a424c - <std[d54af4b6f8a28972]::sys::stdio::unix::Stderr as core[cbc10812dc19a79d]::io::write::Write>::write_fmt
[INFO] [stderr]                                  at /rustc/0cefa27fe3deee26fc98ee44249406358d9f0d26/library/core/src/io/write.rs:335:13
[INFO] [stderr]      8:     0x5a4d1427d446 - <std[d54af4b6f8a28972]::sys::backtrace::BacktraceLock>::print
[INFO] [stderr]                                  at /rustc/0cefa27fe3deee26fc98ee44249406358d9f0d26/library/std/src/sys/backtrace.rs:47:9
[INFO] [stderr]      9:     0x5a4d1427d446 - std[d54af4b6f8a28972]::panicking::default_hook::{closure#0}
[INFO] [stderr]                                  at /rustc/0cefa27fe3deee26fc98ee44249406358d9f0d26/library/std/src/panicking.rs:289:27
[INFO] [stderr]     10:     0x5a4d142986a1 - std[d54af4b6f8a28972]::panicking::default_hook
[INFO] [stderr]                                  at /rustc/0cefa27fe3deee26fc98ee44249406358d9f0d26/library/std/src/panicking.rs:316:9
[INFO] [stderr]     11:     0x5a4d1429885b - std[d54af4b6f8a28972]::panicking::panic_with_hook
[INFO] [stderr]                                  at /rustc/0cefa27fe3deee26fc98ee44249406358d9f0d26/library/std/src/panicking.rs:811:13
[INFO] [stderr]     12:     0x5a4d1427d4f2 - std[d54af4b6f8a28972]::panicking::panic_handler::{closure#0}
[INFO] [stderr]                                  at /rustc/0cefa27fe3deee26fc98ee44249406358d9f0d26/library/std/src/panicking.rs:685:13
[INFO] [stderr]     13:     0x5a4d142760f9 - std[d54af4b6f8a28972]::sys::backtrace::__rust_end_short_backtrace::<std[d54af4b6f8a28972]::panicking::panic_handler::{closure#0}, !>
[INFO] [stderr]                                  at /rustc/0cefa27fe3deee26fc98ee44249406358d9f0d26/library/std/src/sys/backtrace.rs:182:18
[INFO] [stderr]     14:     0x5a4d1427dcdd - __rustc[94f29652302a4bf4]::rust_begin_unwind
[INFO] [stderr]                                  at /rustc/0cefa27fe3deee26fc98ee44249406358d9f0d26/library/std/src/panicking.rs:676:5
[INFO] [stderr]     15:     0x5a4d142b23fc - core[cbc10812dc19a79d]::panicking::panic_fmt
[INFO] [stderr]                                  at /rustc/0cefa27fe3deee26fc98ee44249406358d9f0d26/library/core/src/panicking.rs:80:14
[INFO] [stderr]     16:     0x5a4d1421297f - build_script_build[b30580320e99a2c8]::execute::<build_script_build[b30580320e99a2c8]::run::{closure#0}>
[INFO] [stderr]     17:     0x5a4d142157a6 - build_script_build[b30580320e99a2c8]::run
[INFO] [stderr]     18:     0x5a4d14218c52 - build_script_build[b30580320e99a2c8]::main
[INFO] [stderr]     19:     0x5a4d1421ae73 - <fn() as core[cbc10812dc19a79d]::ops::function::FnOnce<()>>::call_once
[INFO] [stderr]     20:     0x5a4d1421445e - std[d54af4b6f8a28972]::sys::backtrace::__rust_begin_short_backtrace::<fn(), ()>
[INFO] [stderr]     21:     0x5a4d14214a59 - std[d54af4b6f8a28972]::rt::lang_start::<()>::{closure#0}
[INFO] [stderr]     22:     0x5a4d142979a8 - <&dyn core[cbc10812dc19a79d]::ops::function::Fn<(), Output = i32> + core[cbc10812dc19a79d]::marker::Sync + core[cbc10812dc19a79d]::panic::unwind_safe::RefUnwindSafe as core[cbc10812dc19a79d]::ops::function::FnOnce<()>>::call_once
[INFO] [stderr]                                  at /rustc/0cefa27fe3deee26fc98ee44249406358d9f0d26/library/core/src/ops/function.rs:287:21
[INFO] [stderr]     23:     0x5a4d142979a8 - std[d54af4b6f8a28972]::panicking::catch_unwind::do_call::<&dyn core[cbc10812dc19a79d]::ops::function::Fn<(), Output = i32> + core[cbc10812dc19a79d]::marker::Sync + core[cbc10812dc19a79d]::panic::unwind_safe::RefUnwindSafe, i32>
[INFO] [stderr]                                  at /rustc/0cefa27fe3deee26fc98ee44249406358d9f0d26/library/std/src/panicking.rs:573:43
[INFO] [stderr]     24:     0x5a4d142979a8 - std[d54af4b6f8a28972]::panicking::catch_unwind::<i32, &dyn core[cbc10812dc19a79d]::ops::function::Fn<(), Output = i32> + core[cbc10812dc19a79d]::marker::Sync + core[cbc10812dc19a79d]::panic::unwind_safe::RefUnwindSafe>
[INFO] [stderr]                                  at /rustc/0cefa27fe3deee26fc98ee44249406358d9f0d26/library/std/src/panicking.rs:541:19
[INFO] [stderr]     25:     0x5a4d142979a8 - std[d54af4b6f8a28972]::panic::catch_unwind::<&dyn core[cbc10812dc19a79d]::ops::function::Fn<(), Output = i32> + core[cbc10812dc19a79d]::marker::Sync + core[cbc10812dc19a79d]::panic::unwind_safe::RefUnwindSafe, i32>
[INFO] [stderr]                                  at /rustc/0cefa27fe3deee26fc98ee44249406358d9f0d26/library/std/src/panic.rs:359:14
[INFO] [stderr]     26:     0x5a4d142979a8 - std[d54af4b6f8a28972]::rt::lang_start_internal::{closure#0}
[INFO] [stderr]                                  at /rustc/0cefa27fe3deee26fc98ee44249406358d9f0d26/library/std/src/rt.rs:175:24
[INFO] [stderr]     27:     0x5a4d142979a8 - std[d54af4b6f8a28972]::panicking::catch_unwind::do_call::<std[d54af4b6f8a28972]::rt::lang_start_internal::{closure#0}, isize>
[INFO] [stderr]                                  at /rustc/0cefa27fe3deee26fc98ee44249406358d9f0d26/library/std/src/panicking.rs:573:43
[INFO] [stderr]     28:     0x5a4d142979a8 - std[d54af4b6f8a28972]::panicking::catch_unwind::<isize, std[d54af4b6f8a28972]::rt::lang_start_internal::{closure#0}>
[INFO] [stderr]                                  at /rustc/0cefa27fe3deee26fc98ee44249406358d9f0d26/library/std/src/panicking.rs:541:19
[INFO] [stderr]     29:     0x5a4d142979a8 - std[d54af4b6f8a28972]::panic::catch_unwind::<std[d54af4b6f8a28972]::rt::lang_start_internal::{closure#0}, isize>
[INFO] [stderr]                                  at /rustc/0cefa27fe3deee26fc98ee44249406358d9f0d26/library/std/src/panic.rs:359:14
[INFO] [stderr]     30:     0x5a4d142979a8 - std[d54af4b6f8a28972]::rt::lang_start_internal
[INFO] [stderr]                                  at /rustc/0cefa27fe3deee26fc98ee44249406358d9f0d26/library/std/src/rt.rs:171:5
[INFO] [stderr]     31:     0x5a4d14214451 - std[d54af4b6f8a28972]::rt::lang_start::<()>
[INFO] [stderr]     32:     0x5a4d1421aee5 - main
[INFO] [stderr]     33:     0x76f6d713a601 - <unknown>
[INFO] [stderr]     34:     0x76f6d713a718 - __libc_start_main
[INFO] [stderr]     35:     0x5a4d14212505 - _start
[INFO] [stderr]     36:                0x0 - <unknown>
[INFO] running `Command { std: "docker" "inspect" "97d9d158c49793781b360bbbb733e0c672e6abba252d184e844071a29fe0b26f", kill_on_drop: false }`
[INFO] running `Command { std: "docker" "rm" "-f" "97d9d158c49793781b360bbbb733e0c672e6abba252d184e844071a29fe0b26f", kill_on_drop: false }`
[INFO] [stdout] 97d9d158c49793781b360bbbb733e0c672e6abba252d184e844071a29fe0b26f
