[INFO] cloning repository https://github.com/cwfitzgerald/ctt
[INFO] running `Command { std: "git" "-c" "credential.helper=" "-c" "credential.helper=/workspace/cargo-home/bin/git-credential-null" "clone" "--bare" "https://github.com/cwfitzgerald/ctt" "/workspace/cache/git-repos/https%3A%2F%2Fgithub.com%2Fcwfitzgerald%2Fctt", kill_on_drop: false }`
[INFO] [stderr] Cloning into bare repository '/workspace/cache/git-repos/https%3A%2F%2Fgithub.com%2Fcwfitzgerald%2Fctt'...
[INFO] running `Command { std: "git" "rev-parse" "HEAD", kill_on_drop: false }`
[INFO] [stdout] 08403a243ffd320ce8b6185031550e1e3a65a378
[INFO] checking cwfitzgerald/ctt against 0cefa27fe3deee26fc98ee44249406358d9f0d26 for pr-164789
[INFO] running `Command { std: "git" "clone" "/workspace/cache/git-repos/https%3A%2F%2Fgithub.com%2Fcwfitzgerald%2Fctt" "/workspace/builds/worker-2-tc1/source", kill_on_drop: false }`
[INFO] [stderr] Cloning into '/workspace/builds/worker-2-tc1/source'...
[INFO] [stderr] done.
[INFO] removed /workspace/builds/worker-2-tc1/source/.cargo/config.toml
[INFO] removed /workspace/builds/worker-2-tc1/source/rust-toolchain.toml
[INFO] started tweaking git repo https://github.com/cwfitzgerald/ctt
[INFO] finished tweaking git repo https://github.com/cwfitzgerald/ctt
[INFO] tweaked toml for git repo https://github.com/cwfitzgerald/ctt written to /workspace/builds/worker-2-tc1/source/Cargo.toml
[INFO] validating manifest of git repo https://github.com/cwfitzgerald/ctt on toolchain 0cefa27fe3deee26fc98ee44249406358d9f0d26
[INFO] running `Command { std: CARGO_HOME="/workspace/cargo-home" RUSTUP_HOME="/workspace/rustup-home" "/workspace/cargo-home/bin/cargo" "+0cefa27fe3deee26fc98ee44249406358d9f0d26" "metadata" "--manifest-path" "Cargo.toml" "--no-deps", kill_on_drop: false }`
[INFO] crate git repo https://github.com/cwfitzgerald/ctt already has a lockfile, it will not be regenerated
[INFO] running `Command { std: CARGO_HOME="/workspace/cargo-home" RUSTUP_HOME="/workspace/rustup-home" "/workspace/cargo-home/bin/cargo" "+0cefa27fe3deee26fc98ee44249406358d9f0d26" "fetch" "--manifest-path" "Cargo.toml", kill_on_drop: false }`
[INFO] [stderr] warning: missing `[lints]` to inherit `[workspace.lints]`
[INFO] [stderr]   --> xtask/Cargo.toml
[INFO] [stderr]    = note: `cargo::missing_lints_inheritance` is set to `warn` by default
[INFO] [stderr] help: to inherit `workspace.lints, add:
[INFO] [stderr]    |
[INFO] [stderr] 17 ~ tempfile = { workspace = true }
[INFO] [stderr] 18 + [lints]
[INFO] [stderr] 19 + workspace = true
[INFO] [stderr]    |
[INFO] [stderr] help: to clarify your intent to not inherit, add:
[INFO] [stderr]    |
[INFO] [stderr] 17 ~ tempfile = { workspace = true }
[INFO] [stderr] 18 + [lints]
[INFO] [stderr]    |
[INFO] [stderr] warning: `xtask` (manifest) generated 1 warning
[INFO] [stderr]     Updating crates.io index
[INFO] [stderr]  Downloading crates ...
[INFO] [stderr]   Downloaded terminal_size v0.4.4
[INFO] [stderr]   Downloaded toml_edit v0.25.17+spec-1.1.0
[INFO] [stderr]   Downloaded toml_datetime v1.1.2+spec-1.1.0
[INFO] [stderr]   Downloaded toml_writer v1.1.3+spec-1.1.0
[INFO] [stderr]   Downloaded toml_parser v1.1.5+spec-1.1.0
[INFO] [stderr]   Downloaded glob v0.3.4
[INFO] [stderr]   Downloaded serde_spanned v1.1.2
[INFO] [stderr]   Downloaded plotters-svg v0.3.7
[INFO] [stderr]   Downloaded page_size v0.6.0
[INFO] [stderr]   Downloaded ciborium-ll v0.2.2
[INFO] [stderr]   Downloaded ciborium-io v0.2.2
[INFO] [stderr]   Downloaded enum-primitive-derive v0.3.0
[INFO] [stderr]   Downloaded plotters-backend v0.3.7
[INFO] [stderr]   Downloaded either v1.19.0
[INFO] [stderr]   Downloaded alloca v0.4.0
[INFO] [stderr]   Downloaded cast v0.3.0
[INFO] [stderr]   Downloaded ddsfile v0.6.0
[INFO] [stderr]   Downloaded oorandom v11.1.5
[INFO] [stderr]   Downloaded criterion-plot v0.8.2
[INFO] [stderr]   Downloaded crossbeam-deque v0.8.8
[INFO] [stderr]   Downloaded tinytemplate v1.2.1
[INFO] [stderr]   Downloaded bytemuck_derive v1.12.1
[INFO] [stderr]   Downloaded facet-macros v0.46.5
[INFO] [stderr]   Downloaded mutants v0.0.3
[INFO] [stderr]   Downloaded impls v1.0.3
[INFO] [stderr]   Downloaded facet-macro-types v0.46.5
[INFO] [stderr]   Downloaded clang-sys v1.9.1
[INFO] [stderr]   Downloaded ktx2 v0.5.0
[INFO] [stderr]   Downloaded litrs v1.0.1
[INFO] [stderr]   Downloaded anes v0.1.6
[INFO] [stderr]   Downloaded imgref v1.12.3
[INFO] [stderr]   Downloaded zstd-safe v8.2.0
[INFO] [stderr]   Downloaded facet-macro-parse v0.46.5
[INFO] [stderr]   Downloaded crossbeam-epoch v0.9.21
[INFO] [stderr]   Downloaded ciborium v0.2.2
[INFO] [stderr]   Downloaded arbitrary v1.5.0
[INFO] [stderr]   Downloaded facet-path v0.46.5
[INFO] [stderr]   Downloaded zstd v0.14.3
[INFO] [stderr]   Downloaded smallvec v2.0.0-beta.3
[INFO] [stderr]   Downloaded prettyplease v0.3.0
[INFO] [stderr]   Downloaded facet-macros-impl v0.46.5
[INFO] [stderr]   Downloaded criterion v0.8.2
[INFO] [stderr]   Downloaded unsynn v0.3.0
[INFO] [stderr]   Downloaded plotters v0.3.7
[INFO] [stderr]   Downloaded zerocopy-derive v0.8.63
[INFO] [stderr]   Downloaded fast_image_resize v6.1.0
[INFO] [stderr]   Downloaded facet v0.46.5
[INFO] [stderr]   Downloaded facet-core v0.46.5
[INFO] [stderr]   Downloaded bindgen v0.73.2
[INFO] [stderr]   Downloaded cbindgen v0.29.4
[INFO] [stderr]   Downloaded iddqd v0.4.6
[INFO] [stderr]   Downloaded facet-reflect v0.46.5
[INFO] [stderr]   Downloaded fern v0.7.1
[INFO] [stderr]   Downloaded zerocopy v0.8.63
[INFO] [stderr]   Downloaded fearless_simd v1.2.0
[INFO] [stderr]   Downloaded zstd-sys v2.1.2+zstd.1.5.7
[INFO] running `Command { std: "docker" "create" "-v" "/var/lib/crater-agent-workspace/builds/worker-2-tc1/source:/opt/rustwide/workdir:ro,Z" "-v" "/var/lib/crater-agent-workspace/builds/worker-2-tc1/target:/opt/rustwide/target:rw,Z" "-v" "/var/lib/crater-agent-workspace/cargo-home:/opt/rustwide/cargo-home:ro,Z" "-v" "/var/lib/crater-agent-workspace/rustup-home:/opt/rustwide/rustup-home:ro,Z" "-m" "1610612736" "--network" "none" "ghcr.io/rust-lang/crates-build-env/linux@sha256:c0af3998e971868164375a7dfb646c9933ddd1a3bdb00fa2041266763dc1eeab" "sleep" "infinity", kill_on_drop: false }`
[INFO] [stdout] 4863f766ed7d726627974f09c76ab1b8b4d5e8723be39d9d7ae7def1714294f0
[INFO] running `Command { std: "docker" "start" "4863f766ed7d726627974f09c76ab1b8b4d5e8723be39d9d7ae7def1714294f0", kill_on_drop: false }`
[INFO] running `Command { std: "docker" "inspect" "4863f766ed7d726627974f09c76ab1b8b4d5e8723be39d9d7ae7def1714294f0", kill_on_drop: false }`
[INFO] running `Command { std: "docker" "exec" "-e" "SOURCE_DIR=/opt/rustwide/workdir" "-e" "CARGO_HOME=/opt/rustwide/cargo-home" "-e" "RUSTUP_HOME=/opt/rustwide/rustup-home" "-e" "CARGO_TARGET_DIR=/opt/rustwide/target" "-w" "/opt/rustwide/workdir" "--user" "0:0" "4863f766ed7d726627974f09c76ab1b8b4d5e8723be39d9d7ae7def1714294f0" "/opt/rustwide/cargo-home/bin/cargo" "+0cefa27fe3deee26fc98ee44249406358d9f0d26" "metadata" "--no-deps" "--format-version=1", kill_on_drop: false }`
[INFO] running `Command { std: "docker" "inspect" "4863f766ed7d726627974f09c76ab1b8b4d5e8723be39d9d7ae7def1714294f0", kill_on_drop: false }`
[INFO] running `Command { std: "docker" "exec" "-e" "SOURCE_DIR=/opt/rustwide/workdir" "-e" "CARGO_HOME=/opt/rustwide/cargo-home" "-e" "RUSTUP_HOME=/opt/rustwide/rustup-home" "-e" "CARGO_TARGET_DIR=/opt/rustwide/target" "-e" "CARGO_INCREMENTAL=0" "-e" "RUST_BACKTRACE=full" "-e" "RUSTFLAGS=--cap-lints=forbid" "-e" "RUSTDOCFLAGS=--cap-lints=forbid" "-w" "/opt/rustwide/workdir" "--user" "0:0" "4863f766ed7d726627974f09c76ab1b8b4d5e8723be39d9d7ae7def1714294f0" "/opt/rustwide/cargo-home/bin/cargo" "+0cefa27fe3deee26fc98ee44249406358d9f0d26" "check" "--frozen" "--all" "--all-targets" "--message-format=json", kill_on_drop: false }`
[INFO] [stderr] warning: missing `[lints]` to inherit `[workspace.lints]`
[INFO] [stderr]   --> xtask/Cargo.toml
[INFO] [stderr]    = note: `cargo::missing_lints_inheritance` is set to `warn` by default
[INFO] [stderr] help: to inherit `workspace.lints, add:
[INFO] [stderr]    |
[INFO] [stderr] 17 ~ tempfile = { workspace = true }
[INFO] [stderr] 18 + [lints]
[INFO] [stderr] 19 + workspace = true
[INFO] [stderr]    |
[INFO] [stderr] help: to clarify your intent to not inherit, add:
[INFO] [stderr]    |
[INFO] [stderr] 17 ~ tempfile = { workspace = true }
[INFO] [stderr] 18 + [lints]
[INFO] [stderr]    |
[INFO] [stderr] warning: `xtask` (manifest) generated 1 warning
[INFO] [stderr]    Compiling proc-macro2 v1.0.107
[INFO] [stderr]    Compiling unicode-ident v1.0.27
[INFO] [stderr]    Compiling libc v0.2.191
[INFO] [stderr]    Compiling find-msvc-tools v0.1.15
[INFO] [stderr]     Checking cfg-if v1.0.5
[INFO] [stderr]     Checking bitflags v2.13.2
[INFO] [stderr]    Compiling num-traits v0.2.19
[INFO] [stderr]    Compiling crossbeam-utils v0.8.23
[INFO] [stderr]    Compiling crossbeam-epoch v0.9.21
[INFO] [stderr]    Compiling crossbeam-deque v0.8.8
[INFO] [stderr]     Checking either v1.19.0
[INFO] [stderr]    Compiling ispc-build-utils v0.6.1 (/opt/rustwide/workdir/crates/ispc-build-utils)
[INFO] [stderr]     Checking memchr v2.8.3
[INFO] [stderr]    Compiling thiserror v2.0.21
[INFO] [stderr]    Compiling zerocopy v0.8.63
[INFO] [stderr]    Compiling ctt-bc7enc-rdo-prebuilt v0.6.1 (/opt/rustwide/workdir/crates/ctt-bc7enc-rdo/prebuilt)
[INFO] [stderr]    Compiling ctt-intel-texture-compressor-prebuilt v0.6.1 (/opt/rustwide/workdir/crates/ctt-intel-texture-compressor/prebuilt)
[INFO] [stderr]    Compiling crc32fast v1.5.3
[INFO] [stderr]     Checking miniz_oxide v0.9.1
[INFO] [stderr]    Compiling ctt-bc7enc-rdo v0.6.1 (/opt/rustwide/workdir/crates/ctt-bc7enc-rdo)
[INFO] [stderr]    Compiling quote v1.0.47
[INFO] [stderr]    Compiling syn v3.0.9
[INFO] [stderr]    Compiling syn v2.0.119
[INFO] [stderr]     Checking rayon-core v1.13.0
[INFO] [stderr]    Compiling rustix v1.1.6
[INFO] [stderr]     Checking flate2 v1.1.10
[INFO] [stderr]    Compiling zstd-safe v8.2.0
[INFO] [stderr]     Checking rayon v1.12.0
[INFO] [stderr]    Compiling litrs v1.0.1
[INFO] [stderr]    Compiling jobserver v0.1.35
[INFO] [stderr]    Compiling cc v1.10.0
[INFO] [stderr]     Checking regex-syntax v0.8.11
[INFO] [stderr]     Checking ktx2 v0.5.0
[INFO] [stderr]    Compiling document-features v0.2.12
[INFO] [stderr]     Checking fearless_simd v1.2.0
[INFO] [stderr]     Checking clap_lex v1.1.1
[INFO] [stderr]    Compiling anyhow v1.0.104
[INFO] [stderr]     Checking regex-automata v0.4.18
[INFO] [stderr]    Compiling serde v1.0.229
[INFO] [stderr]     Checking num-integer v0.1.47
[INFO] [stderr]     Checking equivalent v1.0.3
[INFO] [stderr]    Compiling serde_json v1.0.154
[INFO] [stderr]     Checking terminal_size v0.4.4
[INFO] [stderr]     Checking hashbrown v0.17.1
[INFO] [stderr]     Checking clap_builder v4.6.7
[INFO] [stderr]    Compiling zstd-sys v2.1.2+zstd.1.5.7
[INFO] [stderr]    Compiling ctt-intel-texture-compressor v0.6.1 (/opt/rustwide/workdir/crates/ctt-intel-texture-compressor)
[INFO] [stderr]    Compiling ctt-etcpak v0.6.1 (/opt/rustwide/workdir/crates/ctt-etcpak)
[INFO] [stderr]    Compiling ctt-compressonator v0.6.1 (/opt/rustwide/workdir/crates/ctt-compressonator)
[INFO] [stderr]    Compiling ctt-bc7f v0.6.1 (/opt/rustwide/workdir/crates/ctt-bc7f)
[INFO] [stderr]    Compiling ctt-astcenc v0.6.1 (/opt/rustwide/workdir/crates/ctt-astcenc)
[INFO] [stderr]    Compiling bytemuck_derive v1.12.1
[INFO] [stderr]    Compiling thiserror-impl v2.0.21
[INFO] [stderr]     Checking bytemuck v1.25.2
[INFO] [stderr]    Compiling zerocopy-derive v0.8.63
[INFO] [stderr]    Compiling profiling-procmacros v1.0.18
[INFO] [stderr]     Checking profiling v1.0.18
[INFO] [stderr]    Compiling enum-primitive-derive v0.3.0
[INFO] [stderr]     Checking ddsfile v0.6.0
[INFO] [stderr]     Checking fast_image_resize v6.1.0
[INFO] [stderr]    Compiling clap_derive v4.6.7
[INFO] [stderr]     Checking half v2.7.1
[INFO] [stderr]     Checking regex v1.13.1
[INFO] [stderr]    Compiling equator-macro v0.4.2
[INFO] [stderr]    Compiling serde_derive v1.0.229
[INFO] [stderr]     Checking num-bigint v0.4.8
[INFO] [stderr]     Checking clap v4.6.7
[INFO] [stderr]     Checking equator v0.4.2
[INFO] [stderr]    Compiling mutants v0.0.3
[INFO] [stderr]    Compiling rustc-hash v2.1.3
[INFO] [stderr]     Checking arrayvec v0.7.8
[INFO] [stderr]     Checking aligned-vec v0.6.4
[INFO] [stderr]     Checking as-slice v0.2.1
[INFO] [stderr]    Compiling unsynn v0.3.0
[INFO] [stderr]     Checking v_frame v0.3.9
[INFO] [stderr]     Checking num-rational v0.4.2
[INFO] [stderr]    Compiling facet-core v0.46.5
[INFO] [stderr]    Compiling av-scenechange v0.14.1
[INFO] [stderr]    Compiling libm v0.2.16
[INFO] [stderr]    Compiling built v0.8.1
[INFO] [stderr]    Compiling pulp v0.22.3
[INFO] [stderr]    Compiling facet-macro-types v0.46.5
[INFO] [stderr]     Checking aligned v0.4.3
[INFO] [stderr]    Compiling arg_enum_proc_macro v0.3.4
[INFO] [stderr]    Compiling rav1e v0.8.1
[INFO] [stderr]     Checking zstd v0.14.3
[INFO] [stderr]     Checking nom v8.0.0
[INFO] [stderr]     Checking no_std_io2 v0.9.4
[INFO] [stderr]     Checking impls v1.0.3
[INFO] [stderr]     Checking y4m v0.8.0
[INFO] [stderr]    Compiling pastey v0.1.1
[INFO] [stderr]     Checking quick-error v2.0.1
[INFO] [stderr]     Checking const-fnv1a-hash v1.1.0
[INFO] [stderr]     Checking bitstream-io v4.10.0
[INFO] [stderr]    Compiling facet-macro-parse v0.46.5
[INFO] [stderr]    Compiling num-derive v0.4.2
[INFO] [stderr]     Checking num-complex v0.4.6
[INFO] [stderr]     Checking maybe-rayon v0.1.1
[INFO] [stderr]    Compiling alloca v0.4.0
[INFO] [stderr]    Compiling simd_helpers v0.1.0
[INFO] [stderr]     Checking itertools v0.14.0
[INFO] [stderr]     Checking raw-cpuid v11.6.0
[INFO] [stderr]     Checking ciborium-io v0.2.2
[INFO] [stderr]     Checking weezl v0.1.12
[INFO] [stderr]     Checking plotters-backend v0.3.7
[INFO] [stderr]     Checking imgref v1.12.3
[INFO] [stderr]    Compiling noop_proc_macro v0.3.0
[INFO] [stderr]     Checking reborrow v0.5.5
[INFO] [stderr]     Checking zune-core v0.5.3
[INFO] [stderr]     Checking pulp-wasm-simd-flag v0.1.1
[INFO] [stderr]     Checking new_debug_unreachable v1.0.6
[INFO] [stderr]    Compiling strsim v0.11.1
[INFO] [stderr]     Checking plotters-svg v0.3.7
[INFO] [stderr]     Checking zune-jpeg v0.5.15
[INFO] [stderr]     Checking loop9 v0.1.5
[INFO] [stderr]     Checking ciborium-ll v0.2.2
[INFO] [stderr]    Compiling facet-macros-impl v0.46.5
[INFO] [stderr]     Checking getrandom v0.4.3
[INFO] [stderr]     Checking avif-serialize v0.8.9
[INFO] [stderr]     Checking fdeflate v0.3.7
[INFO] [stderr]     Checking zune-inflate v0.2.54
[INFO] [stderr]     Checking itertools v0.13.0
[INFO] [stderr]    Compiling facet v0.46.5
[INFO] [stderr]     Checking bit_field v0.10.3
[INFO] [stderr]     Checking once_cell v1.21.4
[INFO] [stderr]    Compiling glob v0.3.4
[INFO] [stderr]     Checking smallvec v1.16.4
[INFO] [stderr]     Checking pxfm v0.1.30
[INFO] [stderr]     Checking cast v0.3.0
[INFO] [stderr]     Checking rgb v0.8.53
[INFO] [stderr]     Checking av1-grain v0.2.5
[INFO] [stderr]     Checking byteorder-lite v0.1.0
[INFO] [stderr]     Checking color_quant v1.1.0
[INFO] [stderr]     Checking lebe v0.5.3
[INFO] [stderr]     Checking fax v0.2.7
[INFO] [stderr]     Checking criterion-plot v0.8.2
[INFO] [stderr]     Checking tiff v0.11.3
[INFO] [stderr]     Checking gif v0.14.2
[INFO] [stderr]     Checking image-webp v0.2.4
[INFO] [stderr]     Checking tempfile v3.27.0
[INFO] [stderr]    Compiling clang-sys v1.9.1
[INFO] [stderr]     Checking moxcms v0.8.1
[INFO] [stderr]     Checking png v0.18.1
[INFO] [stderr]     Checking ciborium v0.2.2
[INFO] [stderr]     Checking plotters v0.3.7
[INFO] [stderr]     Checking facet-path v0.46.5
[INFO] [stderr]     Checking tinytemplate v1.2.1
[INFO] [stderr]     Checking qoi v0.4.1
[INFO] [stderr]     Checking walkdir v2.5.0
[INFO] [stderr]     Checking page_size v0.6.0
[INFO] [stderr]     Checking anes v0.1.6
[INFO] [stderr]     Checking exr v1.74.2
[INFO] [stderr]     Checking smallvec v2.0.0-beta.3
[INFO] [stderr]     Checking oorandom v11.1.5
[INFO] [stderr]    Compiling prettyplease v0.3.0
[INFO] [stderr]     Checking shlex v2.0.1
[INFO] [stderr]     Checking criterion v0.8.2
[INFO] [stderr]     Checking facet-reflect v0.46.5
[INFO] [stderr]    Compiling facet-macros v0.46.5
[INFO] [stderr]     Checking toml_parser v1.1.5+spec-1.1.0
[INFO] [stderr]     Checking fern v0.7.1
[INFO] [stderr]     Checking minimal-lexical v0.2.1
[INFO] [stderr]     Checking ravif v0.13.0
[INFO] [stderr]     Checking indexmap v2.14.2
[INFO] [stderr]     Checking serde_spanned v1.1.2
[INFO] [stderr]     Checking nom v7.1.3
[INFO] [stderr]     Checking libloading v0.8.9
[INFO] [stderr]    Compiling cbindgen v0.29.4
[INFO] [stderr]    Compiling bindgen v0.73.2
[INFO] [stderr]    Compiling ctt-c-api v0.6.1 (/opt/rustwide/workdir/crates/ctt-c-api)
[INFO] [stderr]     Checking toml v0.9.12+spec-1.1.0
[INFO] [stderr]     Checking toml_writer v1.1.3+spec-1.1.0
[INFO] [stderr]     Checking heck v0.5.0
[INFO] [stderr]     Checking toml_datetime v1.1.2+spec-1.1.0
[INFO] [stderr]     Checking toml_edit v0.25.17+spec-1.1.0
[INFO] [stderr]     Checking image v0.25.10
[INFO] [stderr]     Checking cexpr v0.6.0
[INFO] [stderr] error: could not compile `bindgen` (lib)
[INFO] [stderr] 
[INFO] [stderr] Caused by:
[INFO] [stderr]   process didn't exit successfully: `/opt/rustwide/rustup-home/toolchains/0cefa27fe3deee26fc98ee44249406358d9f0d26/bin/rustc --crate-name bindgen --edition=2021 /opt/rustwide/cargo-home/registry/src/index.crates.io-1949cf8c6b5b557f/bindgen-0.73.2/lib.rs --error-format=json --json=diagnostic-rendered-ansi,artifacts,future-incompat,unused-externs-silent --crate-type lib --emit=dep-info,metadata -C embed-bitcode=no -C debuginfo=2 --cfg 'feature="default"' --cfg 'feature="logging"' --cfg 'feature="prettyplease"' --cfg 'feature="runtime"' --check-cfg 'cfg(docsrs,test)' --check-cfg 'cfg(feature, values("__cli", "__testing_only_extra_assertions", "__testing_only_libclang_16", "__testing_only_libclang_20", "__testing_only_libclang_22", "default", "experimental", "libcpp", "logging", "prettyplease", "runtime", "static"))' -C metadata=c8dbe0dc905f8256 -C extra-filename=-48b267ad6809c17b --out-dir /opt/rustwide/target/debug/build/bindgen/48b267ad6809c17b/out -L dependency=/opt/rustwide/target/debug/build/cfg-if/557927e41f083466/out -L dependency=/opt/rustwide/target/debug/build/glob/d6c6681e19d65e40/out -L dependency=/opt/rustwide/target/debug/build/libc/beac2fbacbb8400a/out -L dependency=/opt/rustwide/target/debug/build/libloading/59b46bb83d2266f4/out -L dependency=/opt/rustwide/target/debug/build/memchr/1479ae024ac081f3/out -L dependency=/opt/rustwide/target/debug/build/minimal-lexical/b988ba17985965f5/out -L dependency=/opt/rustwide/target/debug/build/nom/1bf4654f2dfe64a1/out -L dependency=/opt/rustwide/target/debug/build/proc-macro2/bbadbc11d3b11949/out -L dependency=/opt/rustwide/target/debug/build/quote/7750c9aab3354696/out -L dependency=/opt/rustwide/target/debug/build/regex-automata/db9df676b752f016/out -L dependency=/opt/rustwide/target/debug/build/regex-syntax/d6035ef07d2234e2/out -L dependency=/opt/rustwide/target/debug/build/syn/e19be37d9b0f0e9f/out -L dependency=/opt/rustwide/target/debug/build/unicode-ident/f0c80b31b30c1d71/out --extern bitflags=/opt/rustwide/target/debug/build/bitflags/e668ad76624d8b4f/out/libbitflags-e668ad76624d8b4f.rmeta --extern cexpr=/opt/rustwide/target/debug/build/cexpr/40a3da638e968870/out/libcexpr-40a3da638e968870.rmeta --extern clang_sys=/opt/rustwide/target/debug/build/clang-sys/94fc9bcc0429957b/out/libclang_sys-94fc9bcc0429957b.rmeta --extern log=/opt/rustwide/target/debug/build/log/2285cdf6cdb2482f/out/liblog-2285cdf6cdb2482f.rmeta --extern prettyplease=/opt/rustwide/target/debug/build/prettyplease/08cdf8a1bfc473e9/out/libprettyplease-08cdf8a1bfc473e9.rmeta --extern proc_macro2=/opt/rustwide/target/debug/build/proc-macro2/bbadbc11d3b11949/out/libproc_macro2-bbadbc11d3b11949.rmeta --extern quote=/opt/rustwide/target/debug/build/quote/7750c9aab3354696/out/libquote-7750c9aab3354696.rmeta --extern regex=/opt/rustwide/target/debug/build/regex/4c4ee1e69a400c11/out/libregex-4c4ee1e69a400c11.rmeta --extern rustc_hash=/opt/rustwide/target/debug/build/rustc-hash/9f55c8acc6427e18/out/librustc_hash-9f55c8acc6427e18.rmeta --extern shlex=/opt/rustwide/target/debug/build/shlex/db389a47939b1036/out/libshlex-db389a47939b1036.rmeta --extern syn=/opt/rustwide/target/debug/build/syn/e19be37d9b0f0e9f/out/libsyn-e19be37d9b0f0e9f.rmeta --cap-lints allow --cap-lints=forbid --force-warn=unused_crate_dependencies` (signal: 9, SIGKILL: kill)
[INFO] [stderr] warning: build failed, waiting for other jobs to finish...
[INFO] [stderr] warning: ctt-astcenc@0.6.1: c++: fatal error: Killed signal terminated program cc1plus
[INFO] [stderr] warning: ctt-astcenc@0.6.1: compilation terminated.
[INFO] [stderr] warning: ctt-astcenc@0.6.1: ToolExecError: command did not execute successfully (status code exit status: 1): "c++" "-O0" "-ffunction-sections" "-fdata-sections" "-fPIC" "-g" "-gdwarf-4" "-fno-omit-frame-pointer" "-mno-omit-leaf-frame-pointer" "-m64" "-std=c++14" "-I" "cpp" "-w" "-msse4.1" "-mpopcnt" "-ffp-contract=fast" "-DASTCENC_SSE=41" "-DASTCENC_AVX=0" "-DASTCENC_NEON=0" "-DASTCENC_SVE=0" "-DASTCENC_POPCNT=1" "-DASTCENC_F16C=0" "-DASTCENC_X86_GATHERS=0" "-DASTCENC_NO_INVARIANCE=1" "-DASTCENC_DYNAMIC_LIBRARY" "-Dastcenc_config_init=astcenc_sse41_config_init" "-Dastcenc_context_alloc=astcenc_sse41_context_alloc" "-Dastcenc_context_free=astcenc_sse41_context_free" "-Dastcenc_compress_image=astcenc_sse41_compress_image" "-Dastcenc_compress_reset=astcenc_sse41_compress_reset" "-Dastcenc_compress_cancel=astcenc_sse41_compress_cancel" "-Dastcenc_decompress_image=astcenc_sse41_decompress_image" "-Dastcenc_decompress_reset=astcenc_sse41_decompress_reset" "-Dastcenc_get_block_info=astcenc_sse41_get_block_info" "-Dastcenc_get_error_string=astcenc_sse41_get_error_string" "-o" "/opt/rustwide/target/debug/build/ctt-astcenc/c2fa62b8c73a1f92/out/sse41/6b47d1b4b6742318-astcenc_block_sizes.o" "-c" "/opt/rustwide/target/debug/build/ctt-astcenc/c2fa62b8c73a1f92/out/sse41/astcenc_block_sizes.cpp"
[INFO] [stderr] warning: ctt-astcenc@0.6.1: c++: fatal error: Killed signal terminated program cc1plus
[INFO] [stderr] warning: ctt-astcenc@0.6.1: compilation terminated.
[INFO] [stderr] warning: ctt-astcenc@0.6.1: ToolExecError: command did not execute successfully (status code exit status: 1): "c++" "-O0" "-ffunction-sections" "-fdata-sections" "-fPIC" "-g" "-gdwarf-4" "-fno-omit-frame-pointer" "-mno-omit-leaf-frame-pointer" "-m64" "-std=c++14" "-I" "cpp" "-w" "-msse4.1" "-mpopcnt" "-ffp-contract=fast" "-DASTCENC_SSE=41" "-DASTCENC_AVX=0" "-DASTCENC_NEON=0" "-DASTCENC_SVE=0" "-DASTCENC_POPCNT=1" "-DASTCENC_F16C=0" "-DASTCENC_X86_GATHERS=0" "-DASTCENC_NO_INVARIANCE=1" "-DASTCENC_DYNAMIC_LIBRARY" "-Dastcenc_config_init=astcenc_sse41_config_init" "-Dastcenc_context_alloc=astcenc_sse41_context_alloc" "-Dastcenc_context_free=astcenc_sse41_context_free" "-Dastcenc_compress_image=astcenc_sse41_compress_image" "-Dastcenc_compress_reset=astcenc_sse41_compress_reset" "-Dastcenc_compress_cancel=astcenc_sse41_compress_cancel" "-Dastcenc_decompress_image=astcenc_sse41_decompress_image" "-Dastcenc_decompress_reset=astcenc_sse41_decompress_reset" "-Dastcenc_get_block_info=astcenc_sse41_get_block_info" "-Dastcenc_get_error_string=astcenc_sse41_get_error_string" "-o" "/opt/rustwide/target/debug/build/ctt-astcenc/c2fa62b8c73a1f92/out/sse41/6b47d1b4b6742318-astcenc_image.o" "-c" "/opt/rustwide/target/debug/build/ctt-astcenc/c2fa62b8c73a1f92/out/sse41/astcenc_image.cpp"
[INFO] [stderr] warning: ctt-astcenc@0.6.1: c++: fatal error: Killed signal terminated program cc1plus
[INFO] [stderr] warning: ctt-astcenc@0.6.1: compilation terminated.
[INFO] [stderr] warning: ctt-astcenc@0.6.1: ToolExecError: command did not execute successfully (status code exit status: 1): "c++" "-O0" "-ffunction-sections" "-fdata-sections" "-fPIC" "-g" "-gdwarf-4" "-fno-omit-frame-pointer" "-mno-omit-leaf-frame-pointer" "-m64" "-std=c++14" "-I" "cpp" "-w" "-msse4.1" "-mpopcnt" "-ffp-contract=fast" "-DASTCENC_SSE=41" "-DASTCENC_AVX=0" "-DASTCENC_NEON=0" "-DASTCENC_SVE=0" "-DASTCENC_POPCNT=1" "-DASTCENC_F16C=0" "-DASTCENC_X86_GATHERS=0" "-DASTCENC_NO_INVARIANCE=1" "-DASTCENC_DYNAMIC_LIBRARY" "-Dastcenc_config_init=astcenc_sse41_config_init" "-Dastcenc_context_alloc=astcenc_sse41_context_alloc" "-Dastcenc_context_free=astcenc_sse41_context_free" "-Dastcenc_compress_image=astcenc_sse41_compress_image" "-Dastcenc_compress_reset=astcenc_sse41_compress_reset" "-Dastcenc_compress_cancel=astcenc_sse41_compress_cancel" "-Dastcenc_decompress_image=astcenc_sse41_decompress_image" "-Dastcenc_decompress_reset=astcenc_sse41_decompress_reset" "-Dastcenc_get_block_info=astcenc_sse41_get_block_info" "-Dastcenc_get_error_string=astcenc_sse41_get_error_string" "-o" "/opt/rustwide/target/debug/build/ctt-astcenc/c2fa62b8c73a1f92/out/sse41/6b47d1b4b6742318-astcenc_entry.o" "-c" "/opt/rustwide/target/debug/build/ctt-astcenc/c2fa62b8c73a1f92/out/sse41/astcenc_entry.cpp"
[INFO] [stderr] error: failed to run custom build command for `ctt-astcenc v0.6.1 (/opt/rustwide/workdir/crates/ctt-astcenc)`
[INFO] [stderr] note: To improve backtraces for build dependencies, set the CARGO_PROFILE_DEV_BUILD_OVERRIDE_DEBUG=true environment variable to enable debug information generation.
[INFO] [stderr] 
[INFO] [stderr] Caused by:
[INFO] [stderr]   process didn't exit successfully: `/opt/rustwide/target/debug/build/ctt-astcenc/22aa3940faf8c2d3/out/build_script_build` (exit status: 1)
[INFO] [stderr]   --- stdout
[INFO] [stderr]   cargo:rerun-if-changed=cpp
[INFO] [stderr]   cargo:rerun-if-env-changed=CC_FORCE_DISABLE
[INFO] [stderr]   CC_FORCE_DISABLE = None
[INFO] [stderr]   cargo:rerun-if-env-changed=CXX_x86_64-unknown-linux-gnu
[INFO] [stderr]   CXX_x86_64-unknown-linux-gnu = None
[INFO] [stderr]   cargo:rerun-if-env-changed=CXX_x86_64_unknown_linux_gnu
[INFO] [stderr]   CXX_x86_64_unknown_linux_gnu = None
[INFO] [stderr]   cargo:rerun-if-env-changed=HOST_CXX
[INFO] [stderr]   HOST_CXX = None
[INFO] [stderr]   cargo:rerun-if-env-changed=CXX
[INFO] [stderr]   CXX = None
[INFO] [stderr]   cargo:rerun-if-env-changed=CC_ENABLE_DEBUG_OUTPUT
[INFO] [stderr]   cargo:rerun-if-env-changed=CPATH
[INFO] [stderr]   cargo:rerun-if-env-changed=C_INCLUDE_PATH
[INFO] [stderr]   cargo:rerun-if-env-changed=CPLUS_INCLUDE_PATH
[INFO] [stderr]   cargo:rerun-if-env-changed=OBJC_INCLUDE_PATH
[INFO] [stderr]   cargo:rerun-if-env-changed=OBJCPLUS_INCLUDE_PATH
[INFO] [stderr]   cargo:rerun-if-env-changed=COMPILER_PATH
[INFO] [stderr]   cargo:rerun-if-env-changed=SOURCE_DATE_EPOCH
[INFO] [stderr]   cargo:rerun-if-env-changed=GCC_EXEC_PREFIX
[INFO] [stderr]   cargo:rerun-if-env-changed=CRATE_CC_NO_DEFAULTS
[INFO] [stderr]   CRATE_CC_NO_DEFAULTS = None
[INFO] [stderr]   CRATE_CC_NO_DEFAULTS = None
[INFO] [stderr]   cargo:rerun-if-env-changed=CXXFLAGS
[INFO] [stderr]   CXXFLAGS = None
[INFO] [stderr]   cargo:rerun-if-env-changed=HOST_CXXFLAGS
[INFO] [stderr]   HOST_CXXFLAGS = None
[INFO] [stderr]   cargo:rerun-if-env-changed=CXXFLAGS_x86_64_unknown_linux_gnu
[INFO] [stderr]   CXXFLAGS_x86_64_unknown_linux_gnu = None
[INFO] [stderr]   cargo:rerun-if-env-changed=CXXFLAGS_x86_64-unknown-linux-gnu
[INFO] [stderr]   CXXFLAGS_x86_64-unknown-linux-gnu = None
[INFO] [stderr]   CXXFLAGS = None
[INFO] [stderr]   HOST_CXXFLAGS = None
[INFO] [stderr]   CXXFLAGS_x86_64_unknown_linux_gnu = None
[INFO] [stderr]   CXXFLAGS_x86_64-unknown-linux-gnu = None
[INFO] [stderr]   CC_FORCE_DISABLE = None
[INFO] [stderr]   cargo:rerun-if-env-changed=AR_x86_64-unknown-linux-gnu
[INFO] [stderr]   AR_x86_64-unknown-linux-gnu = None
[INFO] [stderr]   cargo:rerun-if-env-changed=AR_x86_64_unknown_linux_gnu
[INFO] [stderr]   AR_x86_64_unknown_linux_gnu = None
[INFO] [stderr]   cargo:rerun-if-env-changed=HOST_AR
[INFO] [stderr]   HOST_AR = None
[INFO] [stderr]   cargo:rerun-if-env-changed=AR
[INFO] [stderr]   AR = None
[INFO] [stderr]   cargo:rerun-if-env-changed=ARFLAGS
[INFO] [stderr]   ARFLAGS = None
[INFO] [stderr]   cargo:rerun-if-env-changed=HOST_ARFLAGS
[INFO] [stderr]   HOST_ARFLAGS = None
[INFO] [stderr]   cargo:rerun-if-env-changed=ARFLAGS_x86_64_unknown_linux_gnu
[INFO] [stderr]   ARFLAGS_x86_64_unknown_linux_gnu = None
[INFO] [stderr]   cargo:rerun-if-env-changed=ARFLAGS_x86_64-unknown-linux-gnu
[INFO] [stderr]   ARFLAGS_x86_64-unknown-linux-gnu = None
[INFO] [stderr]   AR_x86_64-unknown-linux-gnu = None
[INFO] [stderr]   AR_x86_64_unknown_linux_gnu = None
[INFO] [stderr]   HOST_AR = None
[INFO] [stderr]   AR = None
[INFO] [stderr]   ARFLAGS = None
[INFO] [stderr]   HOST_ARFLAGS = None
[INFO] [stderr]   ARFLAGS_x86_64_unknown_linux_gnu = None
[INFO] [stderr]   ARFLAGS_x86_64-unknown-linux-gnu = None
[INFO] [stderr]   AR_x86_64-unknown-linux-gnu = None
[INFO] [stderr]   AR_x86_64_unknown_linux_gnu = None
[INFO] [stderr]   HOST_AR = None
[INFO] [stderr]   AR = None
[INFO] [stderr]   ARFLAGS = None
[INFO] [stderr]   HOST_ARFLAGS = None
[INFO] [stderr]   ARFLAGS_x86_64_unknown_linux_gnu = None
[INFO] [stderr]   ARFLAGS_x86_64-unknown-linux-gnu = None
[INFO] [stderr]   cargo:rustc-link-lib=static=astcenc_sse2
[INFO] [stderr]   cargo:rustc-link-search=native=/opt/rustwide/target/debug/build/ctt-astcenc/c2fa62b8c73a1f92/out/sse2
[INFO] [stderr]   cargo:rerun-if-env-changed=CXXSTDLIB_x86_64-unknown-linux-gnu
[INFO] [stderr]   CXXSTDLIB_x86_64-unknown-linux-gnu = None
[INFO] [stderr]   cargo:rerun-if-env-changed=CXXSTDLIB_x86_64_unknown_linux_gnu
[INFO] [stderr]   CXXSTDLIB_x86_64_unknown_linux_gnu = None
[INFO] [stderr]   cargo:rerun-if-env-changed=HOST_CXXSTDLIB
[INFO] [stderr]   HOST_CXXSTDLIB = None
[INFO] [stderr]   cargo:rerun-if-env-changed=CXXSTDLIB
[INFO] [stderr]   CXXSTDLIB = None
[INFO] [stderr]   cargo:rerun-if-env-changed=CXXSTDLIB_STATIC_x86_64-unknown-linux-gnu
[INFO] [stderr]   CXXSTDLIB_STATIC_x86_64-unknown-linux-gnu = None
[INFO] [stderr]   cargo:rerun-if-env-changed=CXXSTDLIB_STATIC_x86_64_unknown_linux_gnu
[INFO] [stderr]   CXXSTDLIB_STATIC_x86_64_unknown_linux_gnu = None
[INFO] [stderr]   cargo:rerun-if-env-changed=HOST_CXXSTDLIB_STATIC
[INFO] [stderr]   HOST_CXXSTDLIB_STATIC = None
[INFO] [stderr]   cargo:rerun-if-env-changed=CXXSTDLIB_STATIC
[INFO] [stderr]   CXXSTDLIB_STATIC = None
[INFO] [stderr]   cargo:rustc-link-lib=stdc++
[INFO] [stderr]   cargo:rerun-if-env-changed=CC_FORCE_DISABLE
[INFO] [stderr]   CC_FORCE_DISABLE = None
[INFO] [stderr]   cargo:rerun-if-env-changed=CXX_x86_64-unknown-linux-gnu
[INFO] [stderr]   CXX_x86_64-unknown-linux-gnu = None
[INFO] [stderr]   cargo:rerun-if-env-changed=CXX_x86_64_unknown_linux_gnu
[INFO] [stderr]   CXX_x86_64_unknown_linux_gnu = None
[INFO] [stderr]   cargo:rerun-if-env-changed=HOST_CXX
[INFO] [stderr]   HOST_CXX = None
[INFO] [stderr]   cargo:rerun-if-env-changed=CXX
[INFO] [stderr]   CXX = None
[INFO] [stderr]   cargo:rerun-if-env-changed=CC_ENABLE_DEBUG_OUTPUT
[INFO] [stderr]   cargo:rerun-if-env-changed=CPATH
[INFO] [stderr]   cargo:rerun-if-env-changed=C_INCLUDE_PATH
[INFO] [stderr]   cargo:rerun-if-env-changed=CPLUS_INCLUDE_PATH
[INFO] [stderr]   cargo:rerun-if-env-changed=OBJC_INCLUDE_PATH
[INFO] [stderr]   cargo:rerun-if-env-changed=OBJCPLUS_INCLUDE_PATH
[INFO] [stderr]   cargo:rerun-if-env-changed=COMPILER_PATH
[INFO] [stderr]   cargo:rerun-if-env-changed=SOURCE_DATE_EPOCH
[INFO] [stderr]   cargo:rerun-if-env-changed=GCC_EXEC_PREFIX
[INFO] [stderr]   cargo:rerun-if-env-changed=CRATE_CC_NO_DEFAULTS
[INFO] [stderr]   CRATE_CC_NO_DEFAULTS = None
[INFO] [stderr]   CRATE_CC_NO_DEFAULTS = None
[INFO] [stderr]   cargo:rerun-if-env-changed=CXXFLAGS
[INFO] [stderr]   CXXFLAGS = None
[INFO] [stderr]   cargo:rerun-if-env-changed=HOST_CXXFLAGS
[INFO] [stderr]   HOST_CXXFLAGS = None
[INFO] [stderr]   cargo:rerun-if-env-changed=CXXFLAGS_x86_64_unknown_linux_gnu
[INFO] [stderr]   CXXFLAGS_x86_64_unknown_linux_gnu = None
[INFO] [stderr]   cargo:rerun-if-env-changed=CXXFLAGS_x86_64-unknown-linux-gnu
[INFO] [stderr]   CXXFLAGS_x86_64-unknown-linux-gnu = None
[INFO] [stderr]   CXXFLAGS = None
[INFO] [stderr]   HOST_CXXFLAGS = None
[INFO] [stderr]   CXXFLAGS_x86_64_unknown_linux_gnu = None
[INFO] [stderr]   CXXFLAGS_x86_64-unknown-linux-gnu = None
[INFO] [stderr]   cargo:warning=c++: fatal error: Killed signal terminated program cc1plus
[INFO] [stderr]   cargo:warning=compilation terminated.
[INFO] [stderr]   cargo:warning=ToolExecError: command did not execute successfully (status code exit status: 1): "c++" "-O0" "-ffunction-sections" "-fdata-sections" "-fPIC" "-g" "-gdwarf-4" "-fno-omit-frame-pointer" "-mno-omit-leaf-frame-pointer" "-m64" "-std=c++14" "-I" "cpp" "-w" "-msse4.1" "-mpopcnt" "-ffp-contract=fast" "-DASTCENC_SSE=41" "-DASTCENC_AVX=0" "-DASTCENC_NEON=0" "-DASTCENC_SVE=0" "-DASTCENC_POPCNT=1" "-DASTCENC_F16C=0" "-DASTCENC_X86_GATHERS=0" "-DASTCENC_NO_INVARIANCE=1" "-DASTCENC_DYNAMIC_LIBRARY" "-Dastcenc_config_init=astcenc_sse41_config_init" "-Dastcenc_context_alloc=astcenc_sse41_context_alloc" "-Dastcenc_context_free=astcenc_sse41_context_free" "-Dastcenc_compress_image=astcenc_sse41_compress_image" "-Dastcenc_compress_reset=astcenc_sse41_compress_reset" "-Dastcenc_compress_cancel=astcenc_sse41_compress_cancel" "-Dastcenc_decompress_image=astcenc_sse41_decompress_image" "-Dastcenc_decompress_reset=astcenc_sse41_decompress_reset" "-Dastcenc_get_block_info=astcenc_sse41_get_block_info" "-Dastcenc_get_error_string=astcenc_sse41_get_error_string" "-o" "/opt/rustwide/target/debug/build/ctt-astcenc/c2fa62b8c73a1f92/out/sse41/6b47d1b4b6742318-astcenc_block_sizes.o" "-c" "/opt/rustwide/target/debug/build/ctt-astcenc/c2fa62b8c73a1f92/out/sse41/astcenc_block_sizes.cpp"
[INFO] [stderr]   cargo:warning=c++: fatal error: Killed signal terminated program cc1plus
[INFO] [stderr]   cargo:warning=compilation terminated.
[INFO] [stderr]   cargo:warning=ToolExecError: command did not execute successfully (status code exit status: 1): "c++" "-O0" "-ffunction-sections" "-fdata-sections" "-fPIC" "-g" "-gdwarf-4" "-fno-omit-frame-pointer" "-mno-omit-leaf-frame-pointer" "-m64" "-std=c++14" "-I" "cpp" "-w" "-msse4.1" "-mpopcnt" "-ffp-contract=fast" "-DASTCENC_SSE=41" "-DASTCENC_AVX=0" "-DASTCENC_NEON=0" "-DASTCENC_SVE=0" "-DASTCENC_POPCNT=1" "-DASTCENC_F16C=0" "-DASTCENC_X86_GATHERS=0" "-DASTCENC_NO_INVARIANCE=1" "-DASTCENC_DYNAMIC_LIBRARY" "-Dastcenc_config_init=astcenc_sse41_config_init" "-Dastcenc_context_alloc=astcenc_sse41_context_alloc" "-Dastcenc_context_free=astcenc_sse41_context_free" "-Dastcenc_compress_image=astcenc_sse41_compress_image" "-Dastcenc_compress_reset=astcenc_sse41_compress_reset" "-Dastcenc_compress_cancel=astcenc_sse41_compress_cancel" "-Dastcenc_decompress_image=astcenc_sse41_decompress_image" "-Dastcenc_decompress_reset=astcenc_sse41_decompress_reset" "-Dastcenc_get_block_info=astcenc_sse41_get_block_info" "-Dastcenc_get_error_string=astcenc_sse41_get_error_string" "-o" "/opt/rustwide/target/debug/build/ctt-astcenc/c2fa62b8c73a1f92/out/sse41/6b47d1b4b6742318-astcenc_image.o" "-c" "/opt/rustwide/target/debug/build/ctt-astcenc/c2fa62b8c73a1f92/out/sse41/astcenc_image.cpp"
[INFO] [stderr]   cargo:warning=c++: fatal error: Killed signal terminated program cc1plus
[INFO] [stderr]   cargo:warning=compilation terminated.
[INFO] [stderr]   cargo:warning=ToolExecError: command did not execute successfully (status code exit status: 1): "c++" "-O0" "-ffunction-sections" "-fdata-sections" "-fPIC" "-g" "-gdwarf-4" "-fno-omit-frame-pointer" "-mno-omit-leaf-frame-pointer" "-m64" "-std=c++14" "-I" "cpp" "-w" "-msse4.1" "-mpopcnt" "-ffp-contract=fast" "-DASTCENC_SSE=41" "-DASTCENC_AVX=0" "-DASTCENC_NEON=0" "-DASTCENC_SVE=0" "-DASTCENC_POPCNT=1" "-DASTCENC_F16C=0" "-DASTCENC_X86_GATHERS=0" "-DASTCENC_NO_INVARIANCE=1" "-DASTCENC_DYNAMIC_LIBRARY" "-Dastcenc_config_init=astcenc_sse41_config_init" "-Dastcenc_context_alloc=astcenc_sse41_context_alloc" "-Dastcenc_context_free=astcenc_sse41_context_free" "-Dastcenc_compress_image=astcenc_sse41_compress_image" "-Dastcenc_compress_reset=astcenc_sse41_compress_reset" "-Dastcenc_compress_cancel=astcenc_sse41_compress_cancel" "-Dastcenc_decompress_image=astcenc_sse41_decompress_image" "-Dastcenc_decompress_reset=astcenc_sse41_decompress_reset" "-Dastcenc_get_block_info=astcenc_sse41_get_block_info" "-Dastcenc_get_error_string=astcenc_sse41_get_error_string" "-o" "/opt/rustwide/target/debug/build/ctt-astcenc/c2fa62b8c73a1f92/out/sse41/6b47d1b4b6742318-astcenc_entry.o" "-c" "/opt/rustwide/target/debug/build/ctt-astcenc/c2fa62b8c73a1f92/out/sse41/astcenc_entry.cpp"
[INFO] [stderr] 
[INFO] [stderr]   --- stderr
[INFO] [stderr] 
[INFO] [stderr] 
[INFO] [stderr]   error occurred in cc-rs: command did not execute successfully (status code exit status: 1): "c++" "-O0" "-ffunction-sections" "-fdata-sections" "-fPIC" "-g" "-gdwarf-4" "-fno-omit-frame-pointer" "-mno-omit-leaf-frame-pointer" "-m64" "-std=c++14" "-I" "cpp" "-w" "-msse4.1" "-mpopcnt" "-ffp-contract=fast" "-DASTCENC_SSE=41" "-DASTCENC_AVX=0" "-DASTCENC_NEON=0" "-DASTCENC_SVE=0" "-DASTCENC_POPCNT=1" "-DASTCENC_F16C=0" "-DASTCENC_X86_GATHERS=0" "-DASTCENC_NO_INVARIANCE=1" "-DASTCENC_DYNAMIC_LIBRARY" "-Dastcenc_config_init=astcenc_sse41_config_init" "-Dastcenc_context_alloc=astcenc_sse41_context_alloc" "-Dastcenc_context_free=astcenc_sse41_context_free" "-Dastcenc_compress_image=astcenc_sse41_compress_image" "-Dastcenc_compress_reset=astcenc_sse41_compress_reset" "-Dastcenc_compress_cancel=astcenc_sse41_compress_cancel" "-Dastcenc_decompress_image=astcenc_sse41_decompress_image" "-Dastcenc_decompress_reset=astcenc_sse41_decompress_reset" "-Dastcenc_get_block_info=astcenc_sse41_get_block_info" "-Dastcenc_get_error_string=astcenc_sse41_get_error_string" "-o" "/opt/rustwide/target/debug/build/ctt-astcenc/c2fa62b8c73a1f92/out/sse41/6b47d1b4b6742318-astcenc_entry.o" "-c" "/opt/rustwide/target/debug/build/ctt-astcenc/c2fa62b8c73a1f92/out/sse41/astcenc_entry.cpp"
[INFO] [stderr] 
[INFO] [stderr] 
[INFO] [stderr] warning: unused dependency `ispc-build-utils`
[INFO] [stderr]   --> crates/ctt-bc7enc-rdo/Cargo.toml:24:1
[INFO] [stderr]    |
[INFO] [stderr] 24 | ispc-build-utils = { workspace = true }
[INFO] [stderr]    | ^^^^^^^^^^^^^^^^^^^^^^^^^^^^^^^^^^^^^^^
[INFO] [stderr]    |
[INFO] [stderr]    = note: `cargo::unused_dependencies` is set to `warn` by default
[INFO] [stderr] help: consider removing the dependency on `ispc-build-utils`
[INFO] [stderr] warning: `ctt-bc7enc-rdo` (manifest) generated 1 warning
[INFO] [stderr] warning: unused dependency `cc`
[INFO] [stderr]   --> crates/ctt-intel-texture-compressor/Cargo.toml:29:1
[INFO] [stderr]    |
[INFO] [stderr] 29 | cc = "1"
[INFO] [stderr]    | ^^^^^^^^
[INFO] [stderr]    |
[INFO] [stderr]    = note: `cargo::unused_dependencies` is set to `warn` by default
[INFO] [stderr] help: consider removing the dependency on `cc`
[INFO] [stderr] warning: unused dependency `ispc-build-utils`
[INFO] [stderr]   --> crates/ctt-intel-texture-compressor/Cargo.toml:30:1
[INFO] [stderr]    |
[INFO] [stderr] 30 | ispc-build-utils = { workspace = true }
[INFO] [stderr]    | ^^^^^^^^^^^^^^^^^^^^^^^^^^^^^^^^^^^^^^^
[INFO] [stderr]    |
[INFO] [stderr] help: consider removing the dependency on `ispc-build-utils`
[INFO] [stderr] warning: `ctt-intel-texture-compressor` (manifest) generated 2 warnings
[INFO] running `Command { std: "docker" "inspect" "4863f766ed7d726627974f09c76ab1b8b4d5e8723be39d9d7ae7def1714294f0", kill_on_drop: false }`
[INFO] running `Command { std: "docker" "rm" "-f" "4863f766ed7d726627974f09c76ab1b8b4d5e8723be39d9d7ae7def1714294f0", kill_on_drop: false }`
[INFO] [stdout] 4863f766ed7d726627974f09c76ab1b8b4d5e8723be39d9d7ae7def1714294f0
