[INFO] cloning repository https://github.com/amsatrio/axum_file_management_service
[INFO] running `Command { std: "git" "-c" "credential.helper=" "-c" "credential.helper=/workspace/cargo-home/bin/git-credential-null" "clone" "--bare" "https://github.com/amsatrio/axum_file_management_service" "/workspace/cache/git-repos/https%3A%2F%2Fgithub.com%2Famsatrio%2Faxum_file_management_service", kill_on_drop: false }`
[INFO] [stderr] Cloning into bare repository '/workspace/cache/git-repos/https%3A%2F%2Fgithub.com%2Famsatrio%2Faxum_file_management_service'...
[INFO] running `Command { std: "git" "rev-parse" "HEAD", kill_on_drop: false }`
[INFO] [stdout] 593c8c5069c69e6acbc822c2fb9077e9ace5a4c7
[INFO] checking amsatrio/axum_file_management_service against 0cefa27fe3deee26fc98ee44249406358d9f0d26 for pr-164789
[INFO] running `Command { std: "git" "clone" "/workspace/cache/git-repos/https%3A%2F%2Fgithub.com%2Famsatrio%2Faxum_file_management_service" "/workspace/builds/worker-0-tc1/source", kill_on_drop: false }`
[INFO] [stderr] Cloning into '/workspace/builds/worker-0-tc1/source'...
[INFO] [stderr] done.
[INFO] started tweaking git repo https://github.com/amsatrio/axum_file_management_service
[INFO] finished tweaking git repo https://github.com/amsatrio/axum_file_management_service
[INFO] tweaked toml for git repo https://github.com/amsatrio/axum_file_management_service written to /workspace/builds/worker-0-tc1/source/Cargo.toml
[INFO] validating manifest of git repo https://github.com/amsatrio/axum_file_management_service on toolchain 0cefa27fe3deee26fc98ee44249406358d9f0d26
[INFO] running `Command { std: CARGO_HOME="/workspace/cargo-home" RUSTUP_HOME="/workspace/rustup-home" "/workspace/cargo-home/bin/cargo" "+0cefa27fe3deee26fc98ee44249406358d9f0d26" "metadata" "--manifest-path" "Cargo.toml" "--no-deps", kill_on_drop: false }`
[INFO] crate git repo https://github.com/amsatrio/axum_file_management_service already has a lockfile, it will not be regenerated
[INFO] running `Command { std: CARGO_HOME="/workspace/cargo-home" RUSTUP_HOME="/workspace/rustup-home" "/workspace/cargo-home/bin/cargo" "+0cefa27fe3deee26fc98ee44249406358d9f0d26" "fetch" "--manifest-path" "Cargo.toml", kill_on_drop: false }`
[INFO] [stderr]     Updating crates.io index
[INFO] [stderr]  Downloading crates ...
[INFO] [stderr]   Downloaded compression-codecs v0.4.30
[INFO] [stderr]   Downloaded thread-id v5.0.0
[INFO] [stderr]   Downloaded time-macros v0.2.23
[INFO] [stderr]   Downloaded time v0.3.42
[INFO] [stderr]   Downloaded slog-scope v4.4.0
[INFO] [stderr]   Downloaded slog-stdlog v4.1.1
[INFO] [stderr]   Downloaded async-compression v0.4.30
[INFO] [stderr]   Downloaded slog-term v2.9.2
[INFO] [stderr]   Downloaded wasm-array-cp v0.1.1
[INFO] [stderr]   Downloaded toml_edit v0.23.4
[INFO] [stderr]   Downloaded mock_instant v0.6.0
[INFO] [stderr]   Downloaded envy v0.4.2
[INFO] [stderr]   Downloaded time-core v0.1.5
[INFO] [stderr]   Downloaded erased-serde v0.4.8
[INFO] [stderr]   Downloaded slog-async v2.8.0
[INFO] [stderr]   Downloaded term v1.1.0
[INFO] [stderr]   Downloaded log4rs v1.4.0
[INFO] [stderr]   Downloaded diesel_derives v2.3.2
[INFO] [stderr]   Downloaded rdkafka v0.38.0
[INFO] [stderr]   Downloaded slog v2.8.0
[INFO] [stderr]   Downloaded diesel v2.3.2
[INFO] [stderr]   Downloaded libz-sys v1.1.22
[INFO] [stderr]   Downloaded mysqlclient-sys v0.4.7
[INFO] [stderr]   Downloaded libsqlite3-sys v0.35.0
[INFO] [stderr]   Downloaded rdkafka-sys v4.9.0+2.10.0
[INFO] [stderr]   Downloaded sqlite-wasm-rs v0.4.3
[INFO] running `Command { std: "docker" "create" "-v" "/var/lib/crater-agent-workspace/builds/worker-0-tc1/source:/opt/rustwide/workdir:ro,Z" "-v" "/var/lib/crater-agent-workspace/builds/worker-0-tc1/target:/opt/rustwide/target:rw,Z" "-v" "/var/lib/crater-agent-workspace/cargo-home:/opt/rustwide/cargo-home:ro,Z" "-v" "/var/lib/crater-agent-workspace/rustup-home:/opt/rustwide/rustup-home:ro,Z" "-m" "1610612736" "--network" "none" "ghcr.io/rust-lang/crates-build-env/linux@sha256:c0af3998e971868164375a7dfb646c9933ddd1a3bdb00fa2041266763dc1eeab" "sleep" "infinity", kill_on_drop: false }`
[INFO] [stdout] 5be353d372f06f44e5b9dc2fa286e9674c4a2200aa8bbe620014aa2c58c33a92
[INFO] running `Command { std: "docker" "start" "5be353d372f06f44e5b9dc2fa286e9674c4a2200aa8bbe620014aa2c58c33a92", kill_on_drop: false }`
[INFO] running `Command { std: "docker" "inspect" "5be353d372f06f44e5b9dc2fa286e9674c4a2200aa8bbe620014aa2c58c33a92", kill_on_drop: false }`
[INFO] running `Command { std: "docker" "exec" "-e" "SOURCE_DIR=/opt/rustwide/workdir" "-e" "CARGO_HOME=/opt/rustwide/cargo-home" "-e" "RUSTUP_HOME=/opt/rustwide/rustup-home" "-e" "CARGO_TARGET_DIR=/opt/rustwide/target" "-w" "/opt/rustwide/workdir" "--user" "0:0" "5be353d372f06f44e5b9dc2fa286e9674c4a2200aa8bbe620014aa2c58c33a92" "/opt/rustwide/cargo-home/bin/cargo" "+0cefa27fe3deee26fc98ee44249406358d9f0d26" "metadata" "--no-deps" "--format-version=1", kill_on_drop: false }`
[INFO] running `Command { std: "docker" "inspect" "5be353d372f06f44e5b9dc2fa286e9674c4a2200aa8bbe620014aa2c58c33a92", kill_on_drop: false }`
[INFO] running `Command { std: "docker" "exec" "-e" "SOURCE_DIR=/opt/rustwide/workdir" "-e" "CARGO_HOME=/opt/rustwide/cargo-home" "-e" "RUSTUP_HOME=/opt/rustwide/rustup-home" "-e" "CARGO_TARGET_DIR=/opt/rustwide/target" "-e" "CARGO_INCREMENTAL=0" "-e" "RUST_BACKTRACE=full" "-e" "RUSTFLAGS=--cap-lints=forbid" "-e" "RUSTDOCFLAGS=--cap-lints=forbid" "-w" "/opt/rustwide/workdir" "--user" "0:0" "5be353d372f06f44e5b9dc2fa286e9674c4a2200aa8bbe620014aa2c58c33a92" "/opt/rustwide/cargo-home/bin/cargo" "+0cefa27fe3deee26fc98ee44249406358d9f0d26" "check" "--frozen" "--all" "--all-targets" "--message-format=json", kill_on_drop: false }`
[INFO] [stderr]    Compiling syn v2.0.106
[INFO] [stderr]    Compiling num-traits v0.2.19
[INFO] [stderr]    Compiling typeid v1.0.3
[INFO] [stderr]     Checking parking_lot_core v0.9.11
[INFO] [stderr]    Compiling jobserver v0.1.34
[INFO] [stderr]     Checking mio v1.0.4
[INFO] [stderr]    Compiling winnow v0.7.13
[INFO] [stderr]    Compiling erased-serde v0.4.8
[INFO] [stderr]    Compiling hashbrown v0.15.5
[INFO] [stderr]     Checking futures-util v0.3.31
[INFO] [stderr]    Compiling slog v2.8.0
[INFO] [stderr]     Checking regex-syntax v0.8.6
[INFO] [stderr]    Compiling toml_datetime v0.7.0
[INFO] [stderr]    Compiling semver v1.0.26
[INFO] [stderr]     Checking getrandom v0.3.3
[INFO] [stderr]     Checking serde_json v1.0.145
[INFO] [stderr]     Checking crc32fast v1.5.0
[INFO] [stderr]    Compiling cc v1.2.34
[INFO] [stderr]     Checking parking_lot v0.12.4
[INFO] [stderr]    Compiling time-core v0.1.5
[INFO] [stderr]     Checking deranged v0.5.3
[INFO] [stderr]    Compiling multer v3.1.0
[INFO] [stderr]     Checking flate2 v1.1.2
[INFO] [stderr]    Compiling mysqlclient-sys v0.4.7
[INFO] [stderr]     Checking rand_core v0.9.3
[INFO] [stderr]    Compiling libsqlite3-sys v0.35.0
[INFO] [stderr]    Compiling rdkafka-sys v4.9.0+2.10.0
[INFO] [stderr]    Compiling time-macros v0.2.23
[INFO] [stderr]    Compiling proc-macro-error-attr2 v2.0.0
[INFO] [stderr]    Compiling indexmap v2.11.0
[INFO] [stderr]     Checking compression-core v0.4.29
[INFO] [stderr]    Compiling either v1.15.0
[INFO] [stderr]    Compiling diesel_derives v2.3.2
[INFO] [stderr]     Checking destructure_traitobject v0.2.0
[INFO] [stderr]    Compiling pq-sys v0.7.2
[INFO] [stderr]    Compiling thiserror v2.0.16
[INFO] [stderr]     Checking arc-swap v1.7.1
[INFO] [stderr]     Checking unsafe-any-ors v1.0.0
[INFO] [stderr]     Checking rand_chacha v0.9.0
[INFO] [stderr]     Checking crossbeam-channel v0.5.15
[INFO] [stderr]     Checking scheduled-thread-pool v0.2.7
[INFO] [stderr]     Checking encoding_rs v0.8.35
[INFO] [stderr]     Checking nu-ansi-term v0.50.1
[INFO] [stderr]     Checking spin v0.9.8
[INFO] [stderr]    Compiling slog-async v2.8.0
[INFO] [stderr]     Checking bitflags v2.9.3
[INFO] [stderr]     Checking slog-scope v4.4.0
[INFO] [stderr]     Checking rand v0.9.2
[INFO] [stderr]     Checking typemap-ors v1.0.0
[INFO] [stderr]     Checking thread-id v5.0.0
[INFO] [stderr]     Checking is-terminal v0.4.16
[INFO] [stderr]     Checking take_mut v0.2.2
[INFO] [stderr]     Checking term v1.1.0
[INFO] [stderr]     Checking sha1_smol v1.0.1
[INFO] [stderr]     Checking log-mdc v0.1.0
[INFO] [stderr]     Checking mock_instant v0.6.0
[INFO] [stderr]     Checking downcast-rs v2.0.2
[INFO] [stderr]     Checking num-integer v0.1.46
[INFO] [stderr]     Checking ordered-float v2.10.1
[INFO] [stderr]     Checking humantime v2.2.0
[INFO] [stderr]     Checking uuid v1.18.1
[INFO] [stderr]     Checking num-bigint v0.4.6
[INFO] [stderr]    Compiling zstd-sys v2.0.15+zstd.1.5.7
[INFO] [stderr]    Compiling libz-sys v1.1.22
[INFO] [stderr]     Checking time v0.3.42
[INFO] [stderr]     Checking regex-automata v0.4.11
[INFO] [stderr]    Compiling toml_parser v1.0.3
[INFO] [stderr]    Compiling toml_edit v0.23.4
[INFO] [stderr]    Compiling proc-macro-crate v3.4.0
[INFO] [stderr]    Compiling synstructure v0.13.2
[INFO] [stderr]    Compiling darling_core v0.21.3
[INFO] [stderr]    Compiling darling_core v0.20.11
[INFO] [stderr]    Compiling diesel_table_macro_syntax v0.3.0
[INFO] [stderr]    Compiling proc-macro-error2 v2.0.1
[INFO] [stderr]    Compiling serde_derive v1.0.228
[INFO] [stderr]    Compiling zerofrom-derive v0.1.6
[INFO] [stderr]    Compiling yoke-derive v0.8.0
[INFO] [stderr]    Compiling zerovec-derive v0.11.1
[INFO] [stderr]    Compiling displaydoc v0.2.5
[INFO] [stderr]    Compiling tokio-macros v2.5.0
[INFO] [stderr]    Compiling tracing-attributes v0.1.30
[INFO] [stderr]    Compiling num_enum_derive v0.7.4
[INFO] [stderr]    Compiling derive_more-impl v2.0.1
[INFO] [stderr]    Compiling thiserror-impl v2.0.16
[INFO] [stderr]     Checking matchers v0.2.0
[INFO] [stderr]    Compiling thiserror-impl v1.0.69
[INFO] [stderr]     Checking regex v1.11.3
[INFO] [stderr]     Checking tokio v1.47.1
[INFO] [stderr]    Compiling zstd-safe v7.2.4
[INFO] [stderr]     Checking num_enum v0.7.4
[INFO] [stderr]     Checking zstd v0.13.3
[INFO] [stderr]     Checking thiserror v1.0.69
[INFO] [stderr]     Checking zerofrom v0.1.6
[INFO] [stderr]     Checking yoke v0.8.0
[INFO] [stderr]     Checking compression-codecs v0.4.30
[INFO] [stderr]     Checking zerovec v0.11.4
[INFO] [stderr]     Checking zerotrie v0.2.2
[INFO] [stderr]     Checking derive_more v2.0.1
[INFO] [stderr]    Compiling darling_macro v0.21.3
[INFO] [stderr]    Compiling darling v0.21.3
[INFO] [stderr]    Compiling dsl_auto_type v0.2.0
[INFO] [stderr]    Compiling darling_macro v0.20.11
[INFO] [stderr]    Compiling darling v0.20.11
[INFO] [stderr]    Compiling validator_derive v0.20.0
[INFO] [stderr]     Checking serde v1.0.228
[INFO] [stderr]     Checking tinystr v0.8.1
[INFO] [stderr]     Checking icu_locale_core v2.0.0
[INFO] [stderr]     Checking log v0.4.28
[INFO] [stderr]     Checking potential_utf v0.1.3
[INFO] [stderr]     Checking chrono v0.4.42
[INFO] [stderr]     Checking icu_collections v2.0.0
[INFO] [stderr]     Checking tracing v0.1.41
[INFO] [stderr]     Checking tracing-log v0.2.0
[INFO] [stderr]     Checking axum-core v0.5.5
[INFO] [stderr]     Checking tracing-subscriber v0.3.20
[INFO] [stderr]     Checking r2d2 v0.8.10
[INFO] [stderr]     Checking serde_urlencoded v0.7.1
[INFO] [stderr]     Checking icu_provider v2.0.0
[INFO] [stderr]     Checking serde_yaml v0.9.34+deprecated
[INFO] [stderr]     Checking serde_path_to_error v0.1.17
[INFO] [stderr]     Checking serde-value v0.7.0
[INFO] [stderr]     Checking icu_properties v2.0.1
[INFO] [stderr]     Checking icu_normalizer v2.0.0
[INFO] [stderr]     Checking slog-stdlog v4.1.1
[INFO] [stderr]     Checking envy v0.4.2
[INFO] [stderr]     Checking slog-term v2.9.2
[INFO] [stderr]     Checking tracing-appender v0.2.3
[INFO] [stderr]     Checking idna_adapter v1.2.1
[INFO] [stderr]     Checking idna v1.1.0
[INFO] [stderr]     Checking log4rs v1.4.0
[INFO] [stderr]     Checking url v2.5.7
[INFO] [stderr]     Checking validator v0.20.0
[INFO] [stderr]     Checking tokio-util v0.7.16
[INFO] [stderr]     Checking hyper v1.7.0
[INFO] [stderr]     Checking tower v0.5.2
[INFO] [stderr]     Checking async-compression v0.4.30
[INFO] [stderr]     Checking combine v4.6.7
[INFO] [stderr]     Checking diesel v2.3.2
[INFO] [stderr]     Checking tower-http v0.6.6
[INFO] [stderr]     Checking bb8 v0.9.0
[INFO] [stderr]     Checking hyper-util v0.1.16
[INFO] [stderr]     Checking axum v0.8.6
[INFO] [stderr]     Checking redis v0.32.7
[INFO] [stderr] error: could not compile `redis` (lib)
[INFO] [stderr] 
[INFO] [stderr] Caused by:
[INFO] [stderr]   process didn't exit successfully: `/opt/rustwide/rustup-home/toolchains/0cefa27fe3deee26fc98ee44249406358d9f0d26/bin/rustc --crate-name redis --edition=2021 /opt/rustwide/cargo-home/registry/src/index.crates.io-1949cf8c6b5b557f/redis-0.32.7/src/lib.rs --error-format=json --json=diagnostic-rendered-ansi,artifacts,future-incompat,unused-externs-silent --crate-type lib --emit=dep-info,metadata -C embed-bitcode=no -C debuginfo=2 --cfg 'feature="acl"' --cfg 'feature="aio"' --cfg 'feature="bytes"' --cfg 'feature="default"' --cfg 'feature="geospatial"' --cfg 'feature="keep-alive"' --cfg 'feature="num-bigint"' --cfg 'feature="script"' --cfg 'feature="streams"' --cfg 'feature="tokio-comp"' --check-cfg 'cfg(docsrs,test)' --check-cfg 'cfg(feature, values("acl", "ahash", "aio", "async-std-comp", "async-std-native-tls-comp", "async-std-rustls-comp", "async-std-tls-comp", "bb8", "bigdecimal", "bytes", "cache-aio", "cluster", "cluster-async", "connection-manager", "default", "disable-client-setinfo", "geospatial", "hashbrown", "json", "keep-alive", "num-bigint", "r2d2", "rust_decimal", "safe_iterators", "script", "sentinel", "smol-comp", "smol-native-tls-comp", "smol-rustls-comp", "streams", "tcp_nodelay", "tls", "tls-native-tls", "tls-rustls", "tls-rustls-insecure", "tls-rustls-webpki-roots", "tokio-comp", "tokio-native-tls-comp", "tokio-rustls-comp", "uuid", "vector-sets"))' -C metadata=88de65dca82830e8 -C extra-filename=-73211353a14618e0 --out-dir /opt/rustwide/target/debug/build/redis/73211353a14618e0/out -L dependency=/opt/rustwide/target/debug/build/bytes/696d9749778e1593/out -L dependency=/opt/rustwide/target/debug/build/cfg-if/bc4975430b4eb7b9/out -L dependency=/opt/rustwide/target/debug/build/displaydoc/c71b60618865e7d9/out -L dependency=/opt/rustwide/target/debug/build/form_urlencoded/a0709cb2f4e6749a/out -L dependency=/opt/rustwide/target/debug/build/futures-core/756e876442dee363/out -L dependency=/opt/rustwide/target/debug/build/futures-sink/e7bd2ffb932e7c3a/out -L dependency=/opt/rustwide/target/debug/build/futures-task/011073701ea3a715/out -L dependency=/opt/rustwide/target/debug/build/icu_collections/ba41fa041aeb3cac/out -L dependency=/opt/rustwide/target/debug/build/icu_locale_core/3370415cd2399bd8/out -L dependency=/opt/rustwide/target/debug/build/icu_normalizer/2bd2062b3f473f72/out -L dependency=/opt/rustwide/target/debug/build/icu_normalizer_data/ff48f19fbd9e2e6e/out -L dependency=/opt/rustwide/target/debug/build/icu_properties/9cf84bb39e13a84d/out -L dependency=/opt/rustwide/target/debug/build/icu_properties_data/fdfd55c8c12819de/out -L dependency=/opt/rustwide/target/debug/build/icu_provider/8fd2a2dc6613118f/out -L dependency=/opt/rustwide/target/debug/build/idna/92ce6a58213c3d08/out -L dependency=/opt/rustwide/target/debug/build/idna_adapter/f2d33d3ec48e2840/out -L dependency=/opt/rustwide/target/debug/build/libc/7cb8a163e7d964d6/out -L dependency=/opt/rustwide/target/debug/build/litemap/41c2a5c65f6d548a/out -L dependency=/opt/rustwide/target/debug/build/lock_api/ce64f762e2cb385e/out -L dependency=/opt/rustwide/target/debug/build/memchr/2998dc56ed90fbb0/out -L dependency=/opt/rustwide/target/debug/build/mio/527e1dcc372a7d63/out -L dependency=/opt/rustwide/target/debug/build/num-integer/b2caa93ba1cfcb6b/out -L dependency=/opt/rustwide/target/debug/build/num-traits/61629c13bdf879e1/out -L dependency=/opt/rustwide/target/debug/build/parking_lot/9c145eeb991e4341/out -L dependency=/opt/rustwide/target/debug/build/parking_lot_core/9d65936797de6cef/out -L dependency=/opt/rustwide/target/debug/build/percent-encoding/f0f3780066f274e0/out -L dependency=/opt/rustwide/target/debug/build/pin-project-lite/dccf8aabedbf6d41/out -L dependency=/opt/rustwide/target/debug/build/pin-utils/db1de871cd8706a6/out -L dependency=/opt/rustwide/target/debug/build/potential_utf/793f2e7adfec4704/out -L dependency=/opt/rustwide/target/debug/build/scopeguard/e7d227cb308b3799/out -L dependency=/opt/rustwide/target/debug/build/serde/df3c1d3ebf68e350/out -L dependency=/opt/rustwide/target/debug/build/serde_core/4eaec148b7690d44/out -L dependency=/opt/rustwide/target/debug/build/serde_derive/e582ff301c37125c/out -L dependency=/opt/rustwide/target/debug/build/signal-hook-registry/8b80527c21a6f036/out -L dependency=/opt/rustwide/target/debug/build/slab/ab20fc0822f5e3c5/out -L dependency=/opt/rustwide/target/debug/build/smallvec/dd4339173f24a482/out -L dependency=/opt/rustwide/target/debug/build/socket2/8a1898152f38311f/out -L dependency=/opt/rustwide/target/debug/build/stable_deref_trait/72a60ad2f278f0cf/out -L dependency=/opt/rustwide/target/debug/build/tinystr/4a38ba08a2ed927d/out -L dependency=/opt/rustwide/target/debug/build/tokio-macros/c686b2ff9dd41b07/out -L dependency=/opt/rustwide/target/debug/build/tokio-util/0f08fa7a6ebd7949/out -L dependency=/opt/rustwide/target/debug/build/tokio/b36b24e84ff08b30/out -L dependency=/opt/rustwide/target/debug/build/utf8_iter/88f5a358869389d3/out -L dependency=/opt/rustwide/target/debug/build/writeable/eaf4b1e9bf4d5b4d/out -L dependency=/opt/rustwide/target/debug/build/yoke-derive/68196c57d9baf4c3/out -L dependency=/opt/rustwide/target/debug/build/yoke/95939c1d14743600/out -L dependency=/opt/rustwide/target/debug/build/zerofrom-derive/33db56107d84e67c/out -L dependency=/opt/rustwide/target/debug/build/zerofrom/33e702620a21540d/out -L dependency=/opt/rustwide/target/debug/build/zerotrie/824c929ed952e0b8/out -L dependency=/opt/rustwide/target/debug/build/zerovec-derive/62652a20c5353726/out -L dependency=/opt/rustwide/target/debug/build/zerovec/b74a0a714ff75913/out --extern bytes=/opt/rustwide/target/debug/build/bytes/696d9749778e1593/out/libbytes-696d9749778e1593.rmeta --extern cfg_if=/opt/rustwide/target/debug/build/cfg-if/bc4975430b4eb7b9/out/libcfg_if-bc4975430b4eb7b9.rmeta --extern combine=/opt/rustwide/target/debug/build/combine/e297f0665622f7d0/out/libcombine-e297f0665622f7d0.rmeta --extern futures_util=/opt/rustwide/target/debug/build/futures-util/23fd5bcd54c37bb4/out/libfutures_util-23fd5bcd54c37bb4.rmeta --extern itoa=/opt/rustwide/target/debug/build/itoa/aa1c64fbdc4f12a7/out/libitoa-aa1c64fbdc4f12a7.rmeta --extern num_bigint=/opt/rustwide/target/debug/build/num-bigint/7a34f26e732036e0/out/libnum_bigint-7a34f26e732036e0.rmeta --extern percent_encoding=/opt/rustwide/target/debug/build/percent-encoding/f0f3780066f274e0/out/libpercent_encoding-f0f3780066f274e0.rmeta --extern pin_project_lite=/opt/rustwide/target/debug/build/pin-project-lite/dccf8aabedbf6d41/out/libpin_project_lite-dccf8aabedbf6d41.rmeta --extern ryu=/opt/rustwide/target/debug/build/ryu/e5cf39b0424d7e5c/out/libryu-e5cf39b0424d7e5c.rmeta --extern sha1_smol=/opt/rustwide/target/debug/build/sha1_smol/4e2b7f6914ec1690/out/libsha1_smol-4e2b7f6914ec1690.rmeta --extern socket2=/opt/rustwide/target/debug/build/socket2/8a1898152f38311f/out/libsocket2-8a1898152f38311f.rmeta --extern tokio=/opt/rustwide/target/debug/build/tokio/b36b24e84ff08b30/out/libtokio-b36b24e84ff08b30.rmeta --extern tokio_util=/opt/rustwide/target/debug/build/tokio-util/0f08fa7a6ebd7949/out/libtokio_util-0f08fa7a6ebd7949.rmeta --extern url=/opt/rustwide/target/debug/build/url/d4de0b796c538aed/out/liburl-d4de0b796c538aed.rmeta --cap-lints allow --cap-lints=forbid --force-warn=unused_crate_dependencies` (signal: 9, SIGKILL: kill)
[INFO] [stderr] warning: build failed, waiting for other jobs to finish...
[INFO] [stderr] error: could not compile `diesel` (lib)
[INFO] [stderr] 
[INFO] [stderr] Caused by:
[INFO] [stderr]   process didn't exit successfully: `/opt/rustwide/rustup-home/toolchains/0cefa27fe3deee26fc98ee44249406358d9f0d26/bin/rustc --crate-name diesel --edition=2021 /opt/rustwide/cargo-home/registry/src/index.crates.io-1949cf8c6b5b557f/diesel-2.3.2/src/lib.rs --error-format=json --json=diagnostic-rendered-ansi,artifacts,future-incompat,unused-externs-silent --crate-type lib --emit=dep-info,metadata -C embed-bitcode=no -C debuginfo=2 --cfg 'feature="32-column-tables"' --cfg 'feature="chrono"' --cfg 'feature="default"' --cfg 'feature="mysql"' --cfg 'feature="mysql_backend"' --cfg 'feature="postgres"' --cfg 'feature="postgres_backend"' --cfg 'feature="r2d2"' --cfg 'feature="returning_clauses_for_sqlite_3_35"' --cfg 'feature="sqlite"' --cfg 'feature="with-deprecated"' --check-cfg 'cfg(docsrs,test)' --check-cfg 'cfg(feature, values("128-column-tables", "32-column-tables", "64-column-tables", "__with_asan_tests", "chrono", "default", "extras", "huge-tables", "i-implement-a-third-party-backend-and-opt-into-breaking-changes", "ipnet-address", "large-tables", "mysql", "mysql_backend", "mysqlclient-src", "network-address", "numeric", "postgres", "postgres_backend", "pq-src", "quickcheck", "r2d2", "returning_clauses_for_sqlite_3_35", "serde_json", "sqlite", "time", "unstable", "uuid", "with-deprecated", "without-deprecated"))' -C metadata=10f81f016ad7e53c -C extra-filename=-b7efa9db92744ef3 --out-dir /opt/rustwide/target/debug/build/diesel/b7efa9db92744ef3/out -L dependency=/opt/rustwide/target/debug/build/cfg-if/bc4975430b4eb7b9/out -L dependency=/opt/rustwide/target/debug/build/displaydoc/c71b60618865e7d9/out -L dependency=/opt/rustwide/target/debug/build/form_urlencoded/a0709cb2f4e6749a/out -L dependency=/opt/rustwide/target/debug/build/iana-time-zone/c1ed282b0b4f66e4/out -L dependency=/opt/rustwide/target/debug/build/icu_collections/ba41fa041aeb3cac/out -L dependency=/opt/rustwide/target/debug/build/icu_locale_core/3370415cd2399bd8/out -L dependency=/opt/rustwide/target/debug/build/icu_normalizer/2bd2062b3f473f72/out -L dependency=/opt/rustwide/target/debug/build/icu_normalizer_data/ff48f19fbd9e2e6e/out -L dependency=/opt/rustwide/target/debug/build/icu_properties/9cf84bb39e13a84d/out -L dependency=/opt/rustwide/target/debug/build/icu_properties_data/fdfd55c8c12819de/out -L dependency=/opt/rustwide/target/debug/build/icu_provider/8fd2a2dc6613118f/out -L dependency=/opt/rustwide/target/debug/build/idna/92ce6a58213c3d08/out -L dependency=/opt/rustwide/target/debug/build/idna_adapter/f2d33d3ec48e2840/out -L dependency=/opt/rustwide/target/debug/build/libc/7cb8a163e7d964d6/out -L dependency=/opt/rustwide/target/debug/build/litemap/41c2a5c65f6d548a/out -L dependency=/opt/rustwide/target/debug/build/lock_api/ce64f762e2cb385e/out -L dependency=/opt/rustwide/target/debug/build/log/5046de5633c41466/out -L dependency=/opt/rustwide/target/debug/build/num-traits/61629c13bdf879e1/out -L dependency=/opt/rustwide/target/debug/build/parking_lot/9c145eeb991e4341/out -L dependency=/opt/rustwide/target/debug/build/parking_lot_core/9d65936797de6cef/out -L dependency=/opt/rustwide/target/debug/build/percent-encoding/f0f3780066f274e0/out -L dependency=/opt/rustwide/target/debug/build/potential_utf/793f2e7adfec4704/out -L dependency=/opt/rustwide/target/debug/build/scheduled-thread-pool/5afaf658f71d9727/out -L dependency=/opt/rustwide/target/debug/build/scopeguard/e7d227cb308b3799/out -L dependency=/opt/rustwide/target/debug/build/serde/df3c1d3ebf68e350/out -L dependency=/opt/rustwide/target/debug/build/serde_core/4eaec148b7690d44/out -L dependency=/opt/rustwide/target/debug/build/serde_derive/e582ff301c37125c/out -L dependency=/opt/rustwide/target/debug/build/smallvec/dd4339173f24a482/out -L dependency=/opt/rustwide/target/debug/build/stable_deref_trait/72a60ad2f278f0cf/out -L dependency=/opt/rustwide/target/debug/build/tinystr/4a38ba08a2ed927d/out -L dependency=/opt/rustwide/target/debug/build/utf8_iter/88f5a358869389d3/out -L dependency=/opt/rustwide/target/debug/build/writeable/eaf4b1e9bf4d5b4d/out -L dependency=/opt/rustwide/target/debug/build/yoke-derive/68196c57d9baf4c3/out -L dependency=/opt/rustwide/target/debug/build/yoke/95939c1d14743600/out -L dependency=/opt/rustwide/target/debug/build/zerofrom-derive/33db56107d84e67c/out -L dependency=/opt/rustwide/target/debug/build/zerofrom/33e702620a21540d/out -L dependency=/opt/rustwide/target/debug/build/zerotrie/824c929ed952e0b8/out -L dependency=/opt/rustwide/target/debug/build/zerovec-derive/62652a20c5353726/out -L dependency=/opt/rustwide/target/debug/build/zerovec/b74a0a714ff75913/out --extern bitflags=/opt/rustwide/target/debug/build/bitflags/fd45c12cf0996330/out/libbitflags-fd45c12cf0996330.rmeta --extern byteorder=/opt/rustwide/target/debug/build/byteorder/d92705dd1d5353b1/out/libbyteorder-d92705dd1d5353b1.rmeta --extern chrono=/opt/rustwide/target/debug/build/chrono/11326555be73a60b/out/libchrono-11326555be73a60b.rmeta --extern diesel_derives=/opt/rustwide/target/debug/build/diesel_derives/a37ba1aea0444759/out/libdiesel_derives-a37ba1aea0444759.so --extern downcast_rs=/opt/rustwide/target/debug/build/downcast-rs/c1f83e1ccd938312/out/libdowncast_rs-c1f83e1ccd938312.rmeta --extern itoa=/opt/rustwide/target/debug/build/itoa/aa1c64fbdc4f12a7/out/libitoa-aa1c64fbdc4f12a7.rmeta --extern libsqlite3_sys=/opt/rustwide/target/debug/build/libsqlite3-sys/6067cfa237039540/out/liblibsqlite3_sys-6067cfa237039540.rmeta --extern mysqlclient_sys=/opt/rustwide/target/debug/build/mysqlclient-sys/4caaf1de50b80c55/out/libmysqlclient_sys-4caaf1de50b80c55.rmeta --extern percent_encoding=/opt/rustwide/target/debug/build/percent-encoding/f0f3780066f274e0/out/libpercent_encoding-f0f3780066f274e0.rmeta --extern pq_sys=/opt/rustwide/target/debug/build/pq-sys/8f148f531e4b971f/out/libpq_sys-8f148f531e4b971f.rmeta --extern r2d2=/opt/rustwide/target/debug/build/r2d2/b4875343f0c25320/out/libr2d2-b4875343f0c25320.rmeta --extern url=/opt/rustwide/target/debug/build/url/d4de0b796c538aed/out/liburl-d4de0b796c538aed.rmeta --cap-lints allow --cap-lints=forbid --force-warn=unused_crate_dependencies -L native=/usr/lib/x86_64-linux-gnu/ -L native=/usr/lib/x86_64-linux-gnu` (signal: 9, SIGKILL: kill)
[INFO] [stderr] error: failed to run custom build command for `rdkafka-sys v4.9.0+2.10.0`
[INFO] [stderr] note: To improve backtraces for build dependencies, set the CARGO_PROFILE_DEV_BUILD_OVERRIDE_DEBUG=true environment variable to enable debug information generation.
[INFO] [stderr] 
[INFO] [stderr] Caused by:
[INFO] [stderr]   process didn't exit successfully: `/opt/rustwide/target/debug/build/rdkafka-sys/c282cb87db455653/out/build_script_build` (exit status: 101)
[INFO] [stderr]   --- stdout
[INFO] [stderr]   Cloning librdkafka
[INFO] [stderr]   Configuring librdkafka
[INFO] [stderr]   checking for OS or distribution... ok (ubuntu)
[INFO] [stderr]   checking for C compiler from CC env... failed
[INFO] [stderr]   checking for gcc (by command)... ok
[INFO] [stderr]   checking for C++ compiler from CXX env... failed
[INFO] [stderr]   checking for C++ compiler (g++)... ok
[INFO] [stderr]   checking executable ld... ok
[INFO] [stderr]   checking executable nm... ok
[INFO] [stderr]   checking executable objdump... ok
[INFO] [stderr]   checking executable strip... ok
[INFO] [stderr]   checking executable libtool... ok
[INFO] [stderr]   checking executable ranlib... ok
[INFO] [stderr]   checking for pkgconfig (by command)... ok
[INFO] [stderr]   checking for install (by command)... ok
[INFO] [stderr]   checking for GNU ar... ok
[INFO] [stderr]   checking for PIC (by compile)... ok
[INFO] [stderr]   checking for GNU-compatible linker options... ok
[INFO] [stderr]   checking for GNU linker-script ld flag... ok
[INFO] [stderr]   checking for __atomic_32 (by compile)... ok
[INFO] [stderr]   checking for __atomic_64 (by compile)... ok
[INFO] [stderr]   checking for socket (by compile)... ok
[INFO] [stderr]   parsing version '0x020a00ff'... ok (2.10.0)
[INFO] [stderr]   checking for librt (by pkg-config)... failed
[INFO] [stderr]   checking for librt (by compile)... ok
[INFO] [stderr]   checking for libpthread (by pkg-config)... failed
[INFO] [stderr]   checking for libpthread (by compile)... ok
[INFO] [stderr]   checking for c11threads (by pkg-config)... failed
[INFO] [stderr]   checking for c11threads (by compile)... ok
[INFO] [stderr]   checking for libdl (by pkg-config)... failed
[INFO] [stderr]   checking for libdl (by compile)... ok
[INFO] [stderr]   checking for zlib (by pkg-config)... ok
[INFO] [stderr]   checking for libm (by pkg-config)... failed
[INFO] [stderr]   checking for libm (by compile)... ok
[INFO] [stderr]   checking for syslog (by compile)... ok
[INFO] [stderr]   checking for rapidjson (by compile)... failed (disable)
[INFO] [stderr]   checking for crc32chw (by compile)... ok
[INFO] [stderr]   checking for regex (by compile)... ok
[INFO] [stderr]   checking for rand_r (by compile)... ok
[INFO] [stderr]   checking for strndup (by compile)... ok
[INFO] [stderr]   checking for strlcpy (by compile)... ok
[INFO] [stderr]   checking for strerror_r (by compile)... ok
[INFO] [stderr]   checking for strcasestr (by compile)... ok
[INFO] [stderr]   checking for pthread_setname_gnu (by compile)... ok
[INFO] [stderr]   checking for nm (by env NM)... ok (cached)
[INFO] [stderr]   checking for python3 (by command)... ok
[INFO] [stderr]   checking for getrusage (by compile)... ok
[INFO] [stderr]   Generated Makefile.config
[INFO] [stderr]   Generated config.h
[INFO] [stderr] 
[INFO] [stderr]   Configuration summary:
[INFO] [stderr]     prefix                   /usr/local
[INFO] [stderr]     MKL_DISTRO               ubuntu
[INFO] [stderr]     SOLIB_EXT                .so
[INFO] [stderr]     ARCH                     x86_64
[INFO] [stderr]     CPU                      generic
[INFO] [stderr]     GEN_PKG_CONFIG           y
[INFO] [stderr]     MKL_APP_NAME             librdkafka
[INFO] [stderr]     MKL_APP_DESC_ONELINE     The Apache Kafka C/C++ library
[INFO] [stderr]     CC                       gcc
[INFO] [stderr]     CXX                      g++
[INFO] [stderr]     LD                       ld
[INFO] [stderr]     NM                       nm
[INFO] [stderr]     OBJDUMP                  objdump
[INFO] [stderr]     STRIP                    strip
[INFO] [stderr]     LIBTOOL                  libtool
[INFO] [stderr]     RANLIB                   ranlib
[INFO] [stderr]     CPPFLAGS                 -g -O2 -fPIC -Wall -Wsign-compare -Wfloat-equal -Wpointer-arith -Wcast-align
[INFO] [stderr]     PKG_CONFIG               pkg-config
[INFO] [stderr]     INSTALL                  /usr/bin/install
[INFO] [stderr]     HAS_GNU_AR               y
[INFO] [stderr]     LIB_LDFLAGS              -shared -Wl,-soname,$(LIBFILENAME)
[INFO] [stderr]     LDFLAG_LINKERSCRIPT      -Wl,--version-script=
[INFO] [stderr]     RDKAFKA_VERSION_STR      2.10.0
[INFO] [stderr]     MKL_APP_VERSION          2.10.0
[INFO] [stderr]     LIBS                     -lm -lz -ldl -lpthread -lrt -lpthread -lrt
[INFO] [stderr]     MKL_PKGCONFIG_LIBS_PRIVATE -lm -ldl -lpthread -lrt -lpthread -lrt
[INFO] [stderr]     MKL_PKGCONFIG_REQUIRES_PRIVATE zlib
[INFO] [stderr]     CFLAGS                   
[INFO] [stderr]     MKL_PKGCONFIG_REQUIRES   zlib
[INFO] [stderr]     CXXFLAGS                 -Wno-non-virtual-dtor
[INFO] [stderr]     SYMDUMPER                $(NM) -D
[INFO] [stderr]     MKL_DYNAMIC_LIBS         -lm -lz -ldl -lpthread -lrt -lpthread -lrt
[INFO] [stderr]     exec_prefix              /usr/local
[INFO] [stderr]     bindir                   /usr/local/bin
[INFO] [stderr]     sbindir                  /usr/local/sbin
[INFO] [stderr]     libexecdir               /usr/local/libexec
[INFO] [stderr]     datadir                  /usr/local/share
[INFO] [stderr]     sysconfdir               /usr/local/etc
[INFO] [stderr]     sharedstatedir           /usr/local/com
[INFO] [stderr]     localstatedir            /usr/local/var
[INFO] [stderr]     runstatedir              /usr/local/var/run
[INFO] [stderr]     libdir                   /usr/local/lib
[INFO] [stderr]     includedir               /usr/local/include
[INFO] [stderr]     infodir                  /usr/local/info
[INFO] [stderr]     mandir                   /usr/local/man
[INFO] [stderr]     BUILT_WITH               GCC GXX PKGCONFIG INSTALL GNULD LDS C11THREADS LIBDL PLUGINS ZLIB HDRHISTOGRAM SYSLOG SNAPPY SOCKEM CRC32C_HW
[INFO] [stderr]   Generated config.cache
[INFO] [stderr] 
[INFO] [stderr]   Now type 'make' to build
[INFO] [stderr]   Compiling librdkafka
[INFO] [stderr]   make[1]: Entering directory '/opt/rustwide/target/debug/build/rdkafka-sys/561c42b50e41f2f1/out/src'
[INFO] [stderr]   gcc -MD -MP -g -O2 -fPIC -Wall -Wsign-compare -Wfloat-equal -Wpointer-arith -Wcast-align -I.  -c rdkafka.c -o rdkafka.o
[INFO] [stderr]   gcc -MD -MP -g -O2 -fPIC -Wall -Wsign-compare -Wfloat-equal -Wpointer-arith -Wcast-align -I.  -c rdkafka_broker.c -o rdkafka_broker.o
[INFO] [stderr]   gcc -MD -MP -g -O2 -fPIC -Wall -Wsign-compare -Wfloat-equal -Wpointer-arith -Wcast-align -I.  -c rdkafka_msg.c -o rdkafka_msg.o
[INFO] [stderr]   gcc -MD -MP -g -O2 -fPIC -Wall -Wsign-compare -Wfloat-equal -Wpointer-arith -Wcast-align -I.  -c rdkafka_topic.c -o rdkafka_topic.o
[INFO] [stderr]   gcc -MD -MP -g -O2 -fPIC -Wall -Wsign-compare -Wfloat-equal -Wpointer-arith -Wcast-align -I.  -c rdkafka_conf.c -o rdkafka_conf.o
[INFO] [stderr]   gcc -MD -MP -g -O2 -fPIC -Wall -Wsign-compare -Wfloat-equal -Wpointer-arith -Wcast-align -I.  -c rdkafka_timer.c -o rdkafka_timer.o
[INFO] [stderr]   gcc -MD -MP -g -O2 -fPIC -Wall -Wsign-compare -Wfloat-equal -Wpointer-arith -Wcast-align -I.  -c rdkafka_offset.c -o rdkafka_offset.o
[INFO] [stderr]   gcc -MD -MP -g -O2 -fPIC -Wall -Wsign-compare -Wfloat-equal -Wpointer-arith -Wcast-align -I.  -c rdkafka_transport.c -o rdkafka_transport.o
[INFO] [stderr]   gcc -MD -MP -g -O2 -fPIC -Wall -Wsign-compare -Wfloat-equal -Wpointer-arith -Wcast-align -I.  -c rdkafka_buf.c -o rdkafka_buf.o
[INFO] [stderr]   gcc -MD -MP -g -O2 -fPIC -Wall -Wsign-compare -Wfloat-equal -Wpointer-arith -Wcast-align -I.  -c rdkafka_queue.c -o rdkafka_queue.o
[INFO] [stderr]   gcc -MD -MP -g -O2 -fPIC -Wall -Wsign-compare -Wfloat-equal -Wpointer-arith -Wcast-align -I.  -c rdkafka_op.c -o rdkafka_op.o
[INFO] [stderr]   gcc -MD -MP -g -O2 -fPIC -Wall -Wsign-compare -Wfloat-equal -Wpointer-arith -Wcast-align -I.  -c rdkafka_request.c -o rdkafka_request.o
[INFO] [stderr]   gcc -MD -MP -g -O2 -fPIC -Wall -Wsign-compare -Wfloat-equal -Wpointer-arith -Wcast-align -I.  -c rdkafka_cgrp.c -o rdkafka_cgrp.o
[INFO] [stderr]   gcc -MD -MP -g -O2 -fPIC -Wall -Wsign-compare -Wfloat-equal -Wpointer-arith -Wcast-align -I.  -c rdkafka_pattern.c -o rdkafka_pattern.o
[INFO] [stderr]   gcc -MD -MP -g -O2 -fPIC -Wall -Wsign-compare -Wfloat-equal -Wpointer-arith -Wcast-align -I.  -c rdkafka_partition.c -o rdkafka_partition.o
[INFO] [stderr]   gcc -MD -MP -g -O2 -fPIC -Wall -Wsign-compare -Wfloat-equal -Wpointer-arith -Wcast-align -I.  -c rdkafka_subscription.c -o rdkafka_subscription.o
[INFO] [stderr]   gcc -MD -MP -g -O2 -fPIC -Wall -Wsign-compare -Wfloat-equal -Wpointer-arith -Wcast-align -I.  -c rdkafka_assignment.c -o rdkafka_assignment.o
[INFO] [stderr]   gcc -MD -MP -g -O2 -fPIC -Wall -Wsign-compare -Wfloat-equal -Wpointer-arith -Wcast-align -I.  -c rdkafka_assignor.c -o rdkafka_assignor.o
[INFO] [stderr]   gcc -MD -MP -g -O2 -fPIC -Wall -Wsign-compare -Wfloat-equal -Wpointer-arith -Wcast-align -I.  -c rdkafka_range_assignor.c -o rdkafka_range_assignor.o
[INFO] [stderr]   gcc -MD -MP -g -O2 -fPIC -Wall -Wsign-compare -Wfloat-equal -Wpointer-arith -Wcast-align -I.  -c rdkafka_roundrobin_assignor.c -o rdkafka_roundrobin_assignor.o
[INFO] [stderr]   gcc -MD -MP -g -O2 -fPIC -Wall -Wsign-compare -Wfloat-equal -Wpointer-arith -Wcast-align -I.  -c rdkafka_sticky_assignor.c -o rdkafka_sticky_assignor.o
[INFO] [stderr]   gcc -MD -MP -g -O2 -fPIC -Wall -Wsign-compare -Wfloat-equal -Wpointer-arith -Wcast-align -I.  -c rdkafka_feature.c -o rdkafka_feature.o
[INFO] [stderr]   gcc -MD -MP -g -O2 -fPIC -Wall -Wsign-compare -Wfloat-equal -Wpointer-arith -Wcast-align -I.  -c rdcrc32.c -o rdcrc32.o
[INFO] [stderr]   gcc -MD -MP -g -O2 -fPIC -Wall -Wsign-compare -Wfloat-equal -Wpointer-arith -Wcast-align -I.  -c crc32c.c -o crc32c.o
[INFO] [stderr]   gcc -MD -MP -g -O2 -fPIC -Wall -Wsign-compare -Wfloat-equal -Wpointer-arith -Wcast-align -I.  -c rdmurmur2.c -o rdmurmur2.o
[INFO] [stderr]   gcc -MD -MP -g -O2 -fPIC -Wall -Wsign-compare -Wfloat-equal -Wpointer-arith -Wcast-align -I.  -c rdfnv1a.c -o rdfnv1a.o
[INFO] [stderr]   gcc -MD -MP -g -O2 -fPIC -Wall -Wsign-compare -Wfloat-equal -Wpointer-arith -Wcast-align -I.  -c cJSON.c -o cJSON.o
[INFO] [stderr]   gcc -MD -MP -g -O2 -fPIC -Wall -Wsign-compare -Wfloat-equal -Wpointer-arith -Wcast-align -I.  -c rdaddr.c -o rdaddr.o
[INFO] [stderr]   gcc -MD -MP -g -O2 -fPIC -Wall -Wsign-compare -Wfloat-equal -Wpointer-arith -Wcast-align -I.  -c rdrand.c -o rdrand.o
[INFO] [stderr]   gcc -MD -MP -g -O2 -fPIC -Wall -Wsign-compare -Wfloat-equal -Wpointer-arith -Wcast-align -I.  -c rdlist.c -o rdlist.o
[INFO] [stderr]   gcc -MD -MP -g -O2 -fPIC -Wall -Wsign-compare -Wfloat-equal -Wpointer-arith -Wcast-align -I.  -c tinycthread.c -o tinycthread.o
[INFO] [stderr]   gcc -MD -MP -g -O2 -fPIC -Wall -Wsign-compare -Wfloat-equal -Wpointer-arith -Wcast-align -I.  -c tinycthread_extra.c -o tinycthread_extra.o
[INFO] [stderr]   gcc -MD -MP -g -O2 -fPIC -Wall -Wsign-compare -Wfloat-equal -Wpointer-arith -Wcast-align -I.  -c rdlog.c -o rdlog.o
[INFO] [stderr]   gcc -MD -MP -g -O2 -fPIC -Wall -Wsign-compare -Wfloat-equal -Wpointer-arith -Wcast-align -I.  -c rdstring.c -o rdstring.o
[INFO] [stderr]   gcc -MD -MP -g -O2 -fPIC -Wall -Wsign-compare -Wfloat-equal -Wpointer-arith -Wcast-align -I.  -c rdkafka_event.c -o rdkafka_event.o
[INFO] [stderr]   gcc -MD -MP -g -O2 -fPIC -Wall -Wsign-compare -Wfloat-equal -Wpointer-arith -Wcast-align -I.  -c rdkafka_metadata.c -o rdkafka_metadata.o
[INFO] [stderr]   gcc -MD -MP -g -O2 -fPIC -Wall -Wsign-compare -Wfloat-equal -Wpointer-arith -Wcast-align -I.  -c rdregex.c -o rdregex.o
[INFO] [stderr]   gcc -MD -MP -g -O2 -fPIC -Wall -Wsign-compare -Wfloat-equal -Wpointer-arith -Wcast-align -I.  -c rdports.c -o rdports.o
[INFO] [stderr]   gcc -MD -MP -g -O2 -fPIC -Wall -Wsign-compare -Wfloat-equal -Wpointer-arith -Wcast-align -I.  -c rdkafka_metadata_cache.c -o rdkafka_metadata_cache.o
[INFO] [stderr]   gcc -MD -MP -g -O2 -fPIC -Wall -Wsign-compare -Wfloat-equal -Wpointer-arith -Wcast-align -I.  -c rdavl.c -o rdavl.o
[INFO] [stderr]   gcc -MD -MP -g -O2 -fPIC -Wall -Wsign-compare -Wfloat-equal -Wpointer-arith -Wcast-align -I.  -c rdkafka_sasl.c -o rdkafka_sasl.o
[INFO] [stderr]   gcc -MD -MP -g -O2 -fPIC -Wall -Wsign-compare -Wfloat-equal -Wpointer-arith -Wcast-align -I.  -c rdkafka_sasl_plain.c -o rdkafka_sasl_plain.o
[INFO] [stderr]   gcc -MD -MP -g -O2 -fPIC -Wall -Wsign-compare -Wfloat-equal -Wpointer-arith -Wcast-align -I.  -c rdkafka_interceptor.c -o rdkafka_interceptor.o
[INFO] [stderr]   gcc -MD -MP -g -O2 -fPIC -Wall -Wsign-compare -Wfloat-equal -Wpointer-arith -Wcast-align -I.  -c rdkafka_msgset_writer.c -o rdkafka_msgset_writer.o
[INFO] [stderr]   gcc -MD -MP -g -O2 -fPIC -Wall -Wsign-compare -Wfloat-equal -Wpointer-arith -Wcast-align -I.  -c rdkafka_msgset_reader.c -o rdkafka_msgset_reader.o
[INFO] [stderr]   gcc -MD -MP -g -O2 -fPIC -Wall -Wsign-compare -Wfloat-equal -Wpointer-arith -Wcast-align -I.  -c rdkafka_header.c -o rdkafka_header.o
[INFO] [stderr]   gcc -MD -MP -g -O2 -fPIC -Wall -Wsign-compare -Wfloat-equal -Wpointer-arith -Wcast-align -I.  -c rdkafka_admin.c -o rdkafka_admin.o
[INFO] [stderr]   gcc -MD -MP -g -O2 -fPIC -Wall -Wsign-compare -Wfloat-equal -Wpointer-arith -Wcast-align -I.  -c rdkafka_aux.c -o rdkafka_aux.o
[INFO] [stderr]   gcc -MD -MP -g -O2 -fPIC -Wall -Wsign-compare -Wfloat-equal -Wpointer-arith -Wcast-align -I.  -c rdkafka_background.c -o rdkafka_background.o
[INFO] [stderr]   gcc -MD -MP -g -O2 -fPIC -Wall -Wsign-compare -Wfloat-equal -Wpointer-arith -Wcast-align -I.  -c rdkafka_idempotence.c -o rdkafka_idempotence.o
[INFO] [stderr]   gcc -MD -MP -g -O2 -fPIC -Wall -Wsign-compare -Wfloat-equal -Wpointer-arith -Wcast-align -I.  -c rdkafka_cert.c -o rdkafka_cert.o
[INFO] [stderr]   gcc -MD -MP -g -O2 -fPIC -Wall -Wsign-compare -Wfloat-equal -Wpointer-arith -Wcast-align -I.  -c rdkafka_txnmgr.c -o rdkafka_txnmgr.o
[INFO] [stderr]   gcc -MD -MP -g -O2 -fPIC -Wall -Wsign-compare -Wfloat-equal -Wpointer-arith -Wcast-align -I.  -c rdkafka_coord.c -o rdkafka_coord.o
[INFO] [stderr]   gcc -MD -MP -g -O2 -fPIC -Wall -Wsign-compare -Wfloat-equal -Wpointer-arith -Wcast-align -I.  -c rdbase64.c -o rdbase64.o
[INFO] [stderr]   gcc -MD -MP -g -O2 -fPIC -Wall -Wsign-compare -Wfloat-equal -Wpointer-arith -Wcast-align -I.  -c rdvarint.c -o rdvarint.o
[INFO] [stderr]   gcc -MD -MP -g -O2 -fPIC -Wall -Wsign-compare -Wfloat-equal -Wpointer-arith -Wcast-align -I.  -c rdbuf.c -o rdbuf.o
[INFO] [stderr]   gcc -MD -MP -g -O2 -fPIC -Wall -Wsign-compare -Wfloat-equal -Wpointer-arith -Wcast-align -I.  -c rdmap.c -o rdmap.o
[INFO] [stderr]   gcc -MD -MP -g -O2 -fPIC -Wall -Wsign-compare -Wfloat-equal -Wpointer-arith -Wcast-align -I.  -c rdunittest.c -o rdunittest.o
[INFO] [stderr]   gcc -MD -MP -g -O2 -fPIC -Wall -Wsign-compare -Wfloat-equal -Wpointer-arith -Wcast-align -I.  -c rdkafka_mock.c -o rdkafka_mock.o
[INFO] [stderr]   gcc -MD -MP -g -O2 -fPIC -Wall -Wsign-compare -Wfloat-equal -Wpointer-arith -Wcast-align -I.  -c rdkafka_mock_handlers.c -o rdkafka_mock_handlers.o
[INFO] [stderr]   gcc -MD -MP -g -O2 -fPIC -Wall -Wsign-compare -Wfloat-equal -Wpointer-arith -Wcast-align -I.  -c rdkafka_mock_cgrp.c -o rdkafka_mock_cgrp.o
[INFO] [stderr]   gcc -MD -MP -g -O2 -fPIC -Wall -Wsign-compare -Wfloat-equal -Wpointer-arith -Wcast-align -I.  -c rdkafka_error.c -o rdkafka_error.o
[INFO] [stderr]   gcc -MD -MP -g -O2 -fPIC -Wall -Wsign-compare -Wfloat-equal -Wpointer-arith -Wcast-align -I.  -c rdkafka_fetcher.c -o rdkafka_fetcher.o
[INFO] [stderr]   gcc -MD -MP -g -O2 -fPIC -Wall -Wsign-compare -Wfloat-equal -Wpointer-arith -Wcast-align -I.  -c rdkafka_telemetry.c -o rdkafka_telemetry.o
[INFO] [stderr]   gcc -MD -MP -g -O2 -fPIC -Wall -Wsign-compare -Wfloat-equal -Wpointer-arith -Wcast-align -I.  -c rdkafka_telemetry_encode.c -o rdkafka_telemetry_encode.o
[INFO] [stderr]   gcc -MD -MP -g -O2 -fPIC -Wall -Wsign-compare -Wfloat-equal -Wpointer-arith -Wcast-align -I.  -c rdkafka_telemetry_decode.c -o rdkafka_telemetry_decode.o
[INFO] [stderr]   gcc -MD -MP -g -O2 -fPIC -Wall -Wsign-compare -Wfloat-equal -Wpointer-arith -Wcast-align -I.  -c nanopb/pb_encode.c -o nanopb/pb_encode.o
[INFO] [stderr]   gcc -MD -MP -g -O2 -fPIC -Wall -Wsign-compare -Wfloat-equal -Wpointer-arith -Wcast-align -I.  -c nanopb/pb_decode.c -o nanopb/pb_decode.o
[INFO] [stderr]   gcc -MD -MP -g -O2 -fPIC -Wall -Wsign-compare -Wfloat-equal -Wpointer-arith -Wcast-align -I.  -c nanopb/pb_common.c -o nanopb/pb_common.o
[INFO] [stderr]   gcc -MD -MP -g -O2 -fPIC -Wall -Wsign-compare -Wfloat-equal -Wpointer-arith -Wcast-align -I.  -c opentelemetry/metrics.pb.c -o opentelemetry/metrics.pb.o
[INFO] [stderr]   gcc -MD -MP -g -O2 -fPIC -Wall -Wsign-compare -Wfloat-equal -Wpointer-arith -Wcast-align -I.  -c opentelemetry/common.pb.c -o opentelemetry/common.pb.o
[INFO] [stderr]   gcc -MD -MP -g -O2 -fPIC -Wall -Wsign-compare -Wfloat-equal -Wpointer-arith -Wcast-align -I.  -c opentelemetry/resource.pb.c -o opentelemetry/resource.pb.o
[INFO] [stderr]   gcc -MD -MP -g -O2 -fPIC -Wall -Wsign-compare -Wfloat-equal -Wpointer-arith -Wcast-align -I.  -c snappy.c -o snappy.o
[INFO] [stderr]   gcc -MD -MP -g -O2 -fPIC -Wall -Wsign-compare -Wfloat-equal -Wpointer-arith -Wcast-align -I.  -c rdgz.c -o rdgz.o
[INFO] [stderr]   gcc -MD -MP -g -O2 -fPIC -Wall -Wsign-compare -Wfloat-equal -Wpointer-arith -Wcast-align -I.  -c rdhdrhistogram.c -o rdhdrhistogram.o
[INFO] [stderr]   gcc -MD -MP -g -O2 -fPIC -Wall -Wsign-compare -Wfloat-equal -Wpointer-arith -Wcast-align -I.  -c rdkafka_lz4.c -o rdkafka_lz4.o
[INFO] [stderr]   gcc -MD -MP -g -O2 -fPIC -Wall -Wsign-compare -Wfloat-equal -Wpointer-arith -Wcast-align -I.  -O3 -c rdxxhash.c -o rdxxhash.o
[INFO] [stderr]   gcc -MD -MP -g -O2 -fPIC -Wall -Wsign-compare -Wfloat-equal -Wpointer-arith -Wcast-align -I.  -O3 -c lz4.c -o lz4.o
[INFO] [stderr]   gcc -MD -MP -g -O2 -fPIC -Wall -Wsign-compare -Wfloat-equal -Wpointer-arith -Wcast-align -I.  -O3 -c lz4frame.c -o lz4frame.o
[INFO] [stderr]   gcc -MD -MP -g -O2 -fPIC -Wall -Wsign-compare -Wfloat-equal -Wpointer-arith -Wcast-align -I.  -O3 -c lz4hc.c -o lz4hc.o
[INFO] [stderr]   gcc -MD -MP -g -O2 -fPIC -Wall -Wsign-compare -Wfloat-equal -Wpointer-arith -Wcast-align -I.  -c rddl.c -o rddl.o
[INFO] [stderr]   gcc -MD -MP -g -O2 -fPIC -Wall -Wsign-compare -Wfloat-equal -Wpointer-arith -Wcast-align -I.  -c rdkafka_plugin.c -o rdkafka_plugin.o
[INFO] [stderr]   Generating linker script librdkafka.lds from rdkafka.h rdkafka_mock.h
[INFO] [stderr]   Generating pkg-config file rdkafka.pc
[INFO] [stderr]   Creating static library librdkafka.a
[INFO] [stderr]   Creating shared library librdkafka.so.1
[INFO] [stderr]   gcc  -shared -Wl,-soname,librdkafka.so.1 -Wl,--version-script=librdkafka.lds rdkafka.o rdkafka_broker.o rdkafka_msg.o rdkafka_topic.o rdkafka_conf.o rdkafka_timer.o rdkafka_offset.o rdkafka_transport.o rdkafka_buf.o rdkafka_queue.o rdkafka_op.o rdkafka_request.o rdkafka_cgrp.o rdkafka_pattern.o rdkafka_partition.o rdkafka_subscription.o rdkafka_assignment.o rdkafka_assignor.o rdkafka_range_assignor.o rdkafka_roundrobin_assignor.o rdkafka_sticky_assignor.o rdkafka_feature.o rdcrc32.o crc32c.o rdmurmur2.o rdfnv1a.o cJSON.o rdaddr.o rdrand.o rdlist.o tinycthread.o tinycthread_extra.o rdlog.o rdstring.o rdkafka_event.o rdkafka_metadata.o rdregex.o rdports.o rdkafka_metadata_cache.o rdavl.o rdkafka_sasl.o rdkafka_sasl_plain.o rdkafka_interceptor.o rdkafka_msgset_writer.o rdkafka_msgset_reader.o rdkafka_header.o rdkafka_admin.o rdkafka_aux.o rdkafka_background.o rdkafka_idempotence.o rdkafka_cert.o rdkafka_txnmgr.o rdkafka_coord.o rdbase64.o rdvarint.o rdbuf.o rdmap.o rdunittest.o rdkafka_mock.o rdkafka_mock_handlers.o rdkafka_mock_cgrp.o rdkafka_error.o rdkafka_fetcher.o rdkafka_telemetry.o rdkafka_telemetry_encode.o rdkafka_telemetry_decode.o nanopb/pb_encode.o nanopb/pb_decode.o nanopb/pb_common.o opentelemetry/metrics.pb.o opentelemetry/common.pb.o opentelemetry/resource.pb.o snappy.o rdgz.o rdhdrhistogram.o rdkafka_lz4.o rdxxhash.o lz4.o lz4frame.o lz4hc.o rddl.o rdkafka_plugin.o -o librdkafka.so.1 -lm -lz -ldl -lpthread -lrt -lpthread -lrt
[INFO] [stderr]   ar rcs librdkafka.a rdkafka.o rdkafka_broker.o rdkafka_msg.o rdkafka_topic.o rdkafka_conf.o rdkafka_timer.o rdkafka_offset.o rdkafka_transport.o rdkafka_buf.o rdkafka_queue.o rdkafka_op.o rdkafka_request.o rdkafka_cgrp.o rdkafka_pattern.o rdkafka_partition.o rdkafka_subscription.o rdkafka_assignment.o rdkafka_assignor.o rdkafka_range_assignor.o rdkafka_roundrobin_assignor.o rdkafka_sticky_assignor.o rdkafka_feature.o rdcrc32.o crc32c.o rdmurmur2.o rdfnv1a.o cJSON.o rdaddr.o rdrand.o rdlist.o tinycthread.o tinycthread_extra.o rdlog.o rdstring.o rdkafka_event.o rdkafka_metadata.o rdregex.o rdports.o rdkafka_metadata_cache.o rdavl.o rdkafka_sasl.o rdkafka_sasl_plain.o rdkafka_interceptor.o rdkafka_msgset_writer.o rdkafka_msgset_reader.o rdkafka_header.o rdkafka_admin.o rdkafka_aux.o rdkafka_background.o rdkafka_idempotence.o rdkafka_cert.o rdkafka_txnmgr.o rdkafka_coord.o rdbase64.o rdvarint.o rdbuf.o rdmap.o rdunittest.o rdkafka_mock.o rdkafka_mock_handlers.o rdkafka_mock_cgrp.o rdkafka_error.o rdkafka_fetcher.o rdkafka_telemetry.o rdkafka_telemetry_encode.o rdkafka_telemetry_decode.o nanopb/pb_encode.o nanopb/pb_decode.o nanopb/pb_common.o opentelemetry/metrics.pb.o opentelemetry/common.pb.o opentelemetry/resource.pb.o snappy.o rdgz.o rdhdrhistogram.o rdkafka_lz4.o rdxxhash.o lz4.o lz4frame.o lz4hc.o rddl.o rdkafka_plugin.o
[INFO] [stderr]   cp librdkafka.a librdkafka-dbg.a
[INFO] [stderr]   WARNING: librdkafka-static.a: No static libraries available/enabled for inclusion in self-contained static library librdkafka-static.a: this library will be identical to librdkafka.a
[INFO] [stderr]   WARNING: librdkafka-static.a: The following libraries were not available as static libraries and need to be linked dynamically: -lm -lz -ldl -lpthread -lrt -lpthread -lrt
[INFO] [stderr]   cp librdkafka.a librdkafka-static.a
[INFO] [stderr]   cp librdkafka-dbg.a librdkafka-static-dbg.a
[INFO] [stderr]   cp librdkafka.so.1 librdkafka-dbg.so.1
[INFO] [stderr]   Creating librdkafka.so symlink
[INFO] [stderr]   rm -f "librdkafka.so" && ln -s "librdkafka.so.1" "librdkafka.so"
[INFO] [stderr]   cp librdkafka-static.a librdkafka-static-dbg.a
[INFO] [stderr]   Generating pkg-config file rdkafka-static.pc
[INFO] [stderr]   Checking librdkafka integrity
[INFO] [stderr]   librdkafka.so.1                OK
[INFO] [stderr]   librdkafka.a                   OK
[INFO] [stderr]   Symbol visibility              OK
[INFO] [stderr]   make[1]: Leaving directory '/opt/rustwide/target/debug/build/rdkafka-sys/561c42b50e41f2f1/out/src'
[INFO] [stderr]   make[1]: Entering directory '/opt/rustwide/target/debug/build/rdkafka-sys/561c42b50e41f2f1/out/src-cpp'
[INFO] [stderr]   g++ -MD -MP -g -O2 -fPIC -Wall -Wsign-compare -Wfloat-equal -Wpointer-arith -Wcast-align -Wno-non-virtual-dtor -c RdKafka.cpp -o RdKafka.o
[INFO] [stderr]   g++ -MD -MP -g -O2 -fPIC -Wall -Wsign-compare -Wfloat-equal -Wpointer-arith -Wcast-align -Wno-non-virtual-dtor -c ConfImpl.cpp -o ConfImpl.o
[INFO] [stderr]   g++ -MD -MP -g -O2 -fPIC -Wall -Wsign-compare -Wfloat-equal -Wpointer-arith -Wcast-align -Wno-non-virtual-dtor -c HandleImpl.cpp -o HandleImpl.o
[INFO] [stderr]   g++ -MD -MP -g -O2 -fPIC -Wall -Wsign-compare -Wfloat-equal -Wpointer-arith -Wcast-align -Wno-non-virtual-dtor -c ConsumerImpl.cpp -o ConsumerImpl.o
[INFO] [stderr]   g++ -MD -MP -g -O2 -fPIC -Wall -Wsign-compare -Wfloat-equal -Wpointer-arith -Wcast-align -Wno-non-virtual-dtor -c ProducerImpl.cpp -o ProducerImpl.o
[INFO] [stderr]   g++ -MD -MP -g -O2 -fPIC -Wall -Wsign-compare -Wfloat-equal -Wpointer-arith -Wcast-align -Wno-non-virtual-dtor -c KafkaConsumerImpl.cpp -o KafkaConsumerImpl.o
[INFO] [stderr]   g++ -MD -MP -g -O2 -fPIC -Wall -Wsign-compare -Wfloat-equal -Wpointer-arith -Wcast-align -Wno-non-virtual-dtor -c TopicImpl.cpp -o TopicImpl.o
[INFO] [stderr]   g++ -MD -MP -g -O2 -fPIC -Wall -Wsign-compare -Wfloat-equal -Wpointer-arith -Wcast-align -Wno-non-virtual-dtor -c TopicPartitionImpl.cpp -o TopicPartitionImpl.o
[INFO] [stderr]   g++ -MD -MP -g -O2 -fPIC -Wall -Wsign-compare -Wfloat-equal -Wpointer-arith -Wcast-align -Wno-non-virtual-dtor -c MessageImpl.cpp -o MessageImpl.o
[INFO] [stderr]   g++ -MD -MP -g -O2 -fPIC -Wall -Wsign-compare -Wfloat-equal -Wpointer-arith -Wcast-align -Wno-non-virtual-dtor -c HeadersImpl.cpp -o HeadersImpl.o
[INFO] [stderr]   g++ -MD -MP -g -O2 -fPIC -Wall -Wsign-compare -Wfloat-equal -Wpointer-arith -Wcast-align -Wno-non-virtual-dtor -c QueueImpl.cpp -o QueueImpl.o
[INFO] [stderr]   g++ -MD -MP -g -O2 -fPIC -Wall -Wsign-compare -Wfloat-equal -Wpointer-arith -Wcast-align -Wno-non-virtual-dtor -c MetadataImpl.cpp -o MetadataImpl.o
[INFO] [stderr]   Generating pkg-config file rdkafka++.pc
[INFO] [stderr]   Generating pkg-config file rdkafka++-static.pc
[INFO] [stderr]   make[1]: Leaving directory '/opt/rustwide/target/debug/build/rdkafka-sys/561c42b50e41f2f1/out/src-cpp'
[INFO] [stderr] 
[INFO] [stderr]   --- stderr
[INFO] [stderr]   Building and linking librdkafka statically
[INFO] [stderr]   Running command: "cp -a librdkafka/. /opt/rustwide/target/debug/build/rdkafka-sys/561c42b50e41f2f1/out" in dir: .
[INFO] [stderr]   Running command: "/opt/rustwide/target/debug/build/rdkafka-sys/561c42b50e41f2f1/out/configure --disable-ssl --disable-gssapi --disable-curl --disable-zstd --disable-lz4-ext" in dir: /opt/rustwide/target/debug/build/rdkafka-sys/561c42b50e41f2f1/out
[INFO] [stderr]   Running command: "make libs" in dir: /opt/rustwide/target/debug/build/rdkafka-sys/561c42b50e41f2f1/out
[INFO] [stderr]   rdkafka_aux.c: In function 'rd_kafka_Node_new_from_brokers':
[INFO] [stderr]   rdkafka_aux.c:270:13: warning: initialization discards 'const' qualifier from pointer target type [-Wdiscarded-qualifiers]
[INFO] [stderr]     270 |             bsearch(&key_sorted, brokers_sorted, broker_cnt,
[INFO] [stderr]         |             ^~~~~~~
[INFO] [stderr]   rdkafka_aux.c:275:13: warning: initialization discards 'const' qualifier from pointer target type [-Wdiscarded-qualifiers]
[INFO] [stderr]     275 |             bsearch(&key_internal, brokers_internal, broker_cnt,
[INFO] [stderr]         |             ^~~~~~~
[INFO] [stderr]   rdkafka_mock.c:1604:1: warning: conflicting types for 'rd_kafka_mock_broker_decommission' due to enum/integer mismatch; have 'rd_kafka_resp_err_t(rd_kafka_mock_cluster_t *, int32_t)' {aka 'rd_kafka_resp_err_t(struct rd_kafka_mock_cluster_s *, int)'} [-Wenum-int-mismatch]
[INFO] [stderr]    1604 | rd_kafka_mock_broker_decommission(rd_kafka_mock_cluster_t *mcluster,
[INFO] [stderr]         | ^~~~~~~~~~~~~~~~~~~~~~~~~~~~~~~~~
[INFO] [stderr]   In file included from rdkafka_int.h:121,
[INFO] [stderr]                    from rdkafka_mock.c:35:
[INFO] [stderr]   rdkafka_mock.h:387:1: note: previous declaration of 'rd_kafka_mock_broker_decommission' with type 'int(rd_kafka_mock_cluster_t *, int32_t)' {aka 'int(struct rd_kafka_mock_cluster_s *, int)'}
[INFO] [stderr]     387 | rd_kafka_mock_broker_decommission(rd_kafka_mock_cluster_t *cluster,
[INFO] [stderr]         | ^~~~~~~~~~~~~~~~~~~~~~~~~~~~~~~~~
[INFO] [stderr]   g++: fatal error: Killed signal terminated program cc1plus
[INFO] [stderr]   compilation terminated.
[INFO] [stderr]   make[1]: *** [../mklove/Makefile.base:100: TopicImpl.o] Error 1
[INFO] [stderr]   make[1]: *** Waiting for unfinished jobs....
[INFO] [stderr]   make: *** [Makefile:27: libs] Error 2
[INFO] [stderr] 
[INFO] [stderr]   thread 'main' (840) panicked at /opt/rustwide/cargo-home/registry/src/index.crates.io-1949cf8c6b5b557f/rdkafka-sys-4.9.0+2.10.0/build.rs:36:33:
[INFO] [stderr]   Command failed with error code 2
[INFO] [stderr]   stack backtrace:
[INFO] [stderr]      0:     0x565ce6f3f151 - std[d54af4b6f8a28972]::backtrace_rs::backtrace::libunwind::trace
[INFO] [stderr]                                  at /rustc/0cefa27fe3deee26fc98ee44249406358d9f0d26/library/std/src/../../backtrace/src/backtrace/libunwind.rs:117:9
[INFO] [stderr]      1:     0x565ce6f3f151 - std[d54af4b6f8a28972]::backtrace_rs::backtrace::trace_unsynchronized::<std[d54af4b6f8a28972]::sys::backtrace::_print_fmt::{closure#1}>
[INFO] [stderr]                                  at /rustc/0cefa27fe3deee26fc98ee44249406358d9f0d26/library/std/src/../../backtrace/src/backtrace/mod.rs:66:14
[INFO] [stderr]      2:     0x565ce6f3f151 - std[d54af4b6f8a28972]::sys::backtrace::_print_fmt
[INFO] [stderr]                                  at /rustc/0cefa27fe3deee26fc98ee44249406358d9f0d26/library/std/src/sys/backtrace.rs:74:9
[INFO] [stderr]      3:     0x565ce6f3f151 - <<std[d54af4b6f8a28972]::sys::backtrace::BacktraceLock>::print::DisplayBacktrace as core[cbc10812dc19a79d]::fmt::Display>::fmt
[INFO] [stderr]                                  at /rustc/0cefa27fe3deee26fc98ee44249406358d9f0d26/library/std/src/sys/backtrace.rs:44:26
[INFO] [stderr]      4:     0x565ce6f5095a - <core[cbc10812dc19a79d]::fmt::rt::Argument>::fmt
[INFO] [stderr]                                  at /rustc/0cefa27fe3deee26fc98ee44249406358d9f0d26/library/core/src/fmt/rt.rs:152:76
[INFO] [stderr]      5:     0x565ce6f5095a - core[cbc10812dc19a79d]::fmt::write
[INFO] [stderr]      6:     0x565ce6f4344c - core[cbc10812dc19a79d]::io::write::default_write_fmt::<std[d54af4b6f8a28972]::sys::stdio::unix::Stderr>
[INFO] [stderr]                                  at /rustc/0cefa27fe3deee26fc98ee44249406358d9f0d26/library/core/src/io/write.rs:402:11
[INFO] [stderr]      7:     0x565ce6f4344c - <std[d54af4b6f8a28972]::sys::stdio::unix::Stderr as core[cbc10812dc19a79d]::io::write::Write>::write_fmt
[INFO] [stderr]                                  at /rustc/0cefa27fe3deee26fc98ee44249406358d9f0d26/library/core/src/io/write.rs:335:13
[INFO] [stderr]      8:     0x565ce6f201a6 - <std[d54af4b6f8a28972]::sys::backtrace::BacktraceLock>::print
[INFO] [stderr]                                  at /rustc/0cefa27fe3deee26fc98ee44249406358d9f0d26/library/std/src/sys/backtrace.rs:47:9
[INFO] [stderr]      9:     0x565ce6f201a6 - std[d54af4b6f8a28972]::panicking::default_hook::{closure#0}
[INFO] [stderr]                                  at /rustc/0cefa27fe3deee26fc98ee44249406358d9f0d26/library/std/src/panicking.rs:289:27
[INFO] [stderr]     10:     0x565ce6f3a521 - std[d54af4b6f8a28972]::panicking::default_hook
[INFO] [stderr]                                  at /rustc/0cefa27fe3deee26fc98ee44249406358d9f0d26/library/std/src/panicking.rs:316:9
[INFO] [stderr]     11:     0x565ce6f3a6db - std[d54af4b6f8a28972]::panicking::panic_with_hook
[INFO] [stderr]                                  at /rustc/0cefa27fe3deee26fc98ee44249406358d9f0d26/library/std/src/panicking.rs:811:13
[INFO] [stderr]     12:     0x565ce6f20252 - std[d54af4b6f8a28972]::panicking::panic_handler::{closure#0}
[INFO] [stderr]                                  at /rustc/0cefa27fe3deee26fc98ee44249406358d9f0d26/library/std/src/panicking.rs:685:13
[INFO] [stderr]     13:     0x565ce6f18d49 - std[d54af4b6f8a28972]::sys::backtrace::__rust_end_short_backtrace::<std[d54af4b6f8a28972]::panicking::panic_handler::{closure#0}, !>
[INFO] [stderr]                                  at /rustc/0cefa27fe3deee26fc98ee44249406358d9f0d26/library/std/src/sys/backtrace.rs:182:18
[INFO] [stderr]     14:     0x565ce6f20add - __rustc[94f29652302a4bf4]::rust_begin_unwind
[INFO] [stderr]                                  at /rustc/0cefa27fe3deee26fc98ee44249406358d9f0d26/library/std/src/panicking.rs:676:5
[INFO] [stderr]     15:     0x565ce6f5108c - core[cbc10812dc19a79d]::panicking::panic_fmt
[INFO] [stderr]                                  at /rustc/0cefa27fe3deee26fc98ee44249406358d9f0d26/library/core/src/panicking.rs:80:14
[INFO] [stderr]     16:     0x565ce6ee87ed - build_script_build[f8f940da0dada044]::run_command_or_fail::<&str, &str>
[INFO] [stderr]     17:     0x565ce6eeb868 - build_script_build[f8f940da0dada044]::build_librdkafka
[INFO] [stderr]     18:     0x565ce6eebd26 - build_script_build[f8f940da0dada044]::main
[INFO] [stderr]     19:     0x565ce6eecca3 - <fn() as core[cbc10812dc19a79d]::ops::function::FnOnce<()>>::call_once
[INFO] [stderr]     20:     0x565ce6ee98e6 - std[d54af4b6f8a28972]::sys::backtrace::__rust_begin_short_backtrace::<fn(), ()>
[INFO] [stderr]     21:     0x565ce6ee9a79 - std[d54af4b6f8a28972]::rt::lang_start::<()>::{closure#0}
[INFO] [stderr]     22:     0x565ce6f39928 - <&dyn core[cbc10812dc19a79d]::ops::function::Fn<(), Output = i32> + core[cbc10812dc19a79d]::marker::Sync + core[cbc10812dc19a79d]::panic::unwind_safe::RefUnwindSafe as core[cbc10812dc19a79d]::ops::function::FnOnce<()>>::call_once
[INFO] [stderr]                                  at /rustc/0cefa27fe3deee26fc98ee44249406358d9f0d26/library/core/src/ops/function.rs:287:21
[INFO] [stderr]     23:     0x565ce6f39928 - std[d54af4b6f8a28972]::panicking::catch_unwind::do_call::<&dyn core[cbc10812dc19a79d]::ops::function::Fn<(), Output = i32> + core[cbc10812dc19a79d]::marker::Sync + core[cbc10812dc19a79d]::panic::unwind_safe::RefUnwindSafe, i32>
[INFO] [stderr]                                  at /rustc/0cefa27fe3deee26fc98ee44249406358d9f0d26/library/std/src/panicking.rs:573:43
[INFO] [stderr]     24:     0x565ce6f39928 - std[d54af4b6f8a28972]::panicking::catch_unwind::<i32, &dyn core[cbc10812dc19a79d]::ops::function::Fn<(), Output = i32> + core[cbc10812dc19a79d]::marker::Sync + core[cbc10812dc19a79d]::panic::unwind_safe::RefUnwindSafe>
[INFO] [stderr]                                  at /rustc/0cefa27fe3deee26fc98ee44249406358d9f0d26/library/std/src/panicking.rs:541:19
[INFO] [stderr]     25:     0x565ce6f39928 - std[d54af4b6f8a28972]::panic::catch_unwind::<&dyn core[cbc10812dc19a79d]::ops::function::Fn<(), Output = i32> + core[cbc10812dc19a79d]::marker::Sync + core[cbc10812dc19a79d]::panic::unwind_safe::RefUnwindSafe, i32>
[INFO] [stderr]                                  at /rustc/0cefa27fe3deee26fc98ee44249406358d9f0d26/library/std/src/panic.rs:359:14
[INFO] [stderr]     26:     0x565ce6f39928 - std[d54af4b6f8a28972]::rt::lang_start_internal::{closure#0}
[INFO] [stderr]                                  at /rustc/0cefa27fe3deee26fc98ee44249406358d9f0d26/library/std/src/rt.rs:175:24
[INFO] [stderr]     27:     0x565ce6f39928 - std[d54af4b6f8a28972]::panicking::catch_unwind::do_call::<std[d54af4b6f8a28972]::rt::lang_start_internal::{closure#0}, isize>
[INFO] [stderr]                                  at /rustc/0cefa27fe3deee26fc98ee44249406358d9f0d26/library/std/src/panicking.rs:573:43
[INFO] [stderr]     28:     0x565ce6f39928 - std[d54af4b6f8a28972]::panicking::catch_unwind::<isize, std[d54af4b6f8a28972]::rt::lang_start_internal::{closure#0}>
[INFO] [stderr]                                  at /rustc/0cefa27fe3deee26fc98ee44249406358d9f0d26/library/std/src/panicking.rs:541:19
[INFO] [stderr]     29:     0x565ce6f39928 - std[d54af4b6f8a28972]::panic::catch_unwind::<std[d54af4b6f8a28972]::rt::lang_start_internal::{closure#0}, isize>
[INFO] [stderr]                                  at /rustc/0cefa27fe3deee26fc98ee44249406358d9f0d26/library/std/src/panic.rs:359:14
[INFO] [stderr]     30:     0x565ce6f39928 - std[d54af4b6f8a28972]::rt::lang_start_internal
[INFO] [stderr]                                  at /rustc/0cefa27fe3deee26fc98ee44249406358d9f0d26/library/std/src/rt.rs:171:5
[INFO] [stderr]     31:     0x565ce6ee9651 - std[d54af4b6f8a28972]::rt::lang_start::<()>
[INFO] [stderr]     32:     0x565ce6eeccf5 - main
[INFO] [stderr]     33:     0x76626f0dc601 - <unknown>
[INFO] [stderr]     34:     0x76626f0dc718 - __libc_start_main
[INFO] [stderr]     35:     0x565ce6ee80b5 - _start
[INFO] [stderr]     36:                0x0 - <unknown>
[INFO] running `Command { std: "docker" "inspect" "5be353d372f06f44e5b9dc2fa286e9674c4a2200aa8bbe620014aa2c58c33a92", kill_on_drop: false }`
[INFO] running `Command { std: "docker" "rm" "-f" "5be353d372f06f44e5b9dc2fa286e9674c4a2200aa8bbe620014aa2c58c33a92", kill_on_drop: false }`
[INFO] [stdout] 5be353d372f06f44e5b9dc2fa286e9674c4a2200aa8bbe620014aa2c58c33a92
